185.93.230.19 - - [06/May/2025:17:02:17 +0200] "GET /index.php/component/content/27-2016-12-02-22-03-13/cp/cp/cp/img/slide-1.jpg HTTP/1.1" 200 78553 "https://www.utripoli.edu.ly/index.php/component/content/27-2016-12-02-22-03-13/cp/cp/cp/single-news.php?id=301" "Mozilla/5.0 (compatible; Bytespider; spider-feedback@bytedance.com) AppleWebKit/537.36 (KHTML, like Gecko) Chrome/70.0.0.0 Safari/537.36"
185.93.230.19 - - [06/May/2025:17:02:17 +0200] "GET /index.php/component/content/27-2016-12-02-22-03-13/cp/cp/cp/img/icons/classroom.png HTTP/1.1" 200 78553 "https://www.utripoli.edu.ly/index.php/component/content/27-2016-12-02-22-03-13/cp/cp/cp/single-news.php?id=301" "Mozilla/5.0 (compatible; Bytespider; spider-feedback@bytedance.com) AppleWebKit/537.36 (KHTML, like Gecko) Chrome/70.0.0.0 Safari/537.36"
185.93.230.19 - - [06/May/2025:17:02:17 +0200] "GET /index.php/component/content/27-2016-12-02-22-03-13/cp/cp/cp/img/icons/employee.png HTTP/1.1" 200 78553 "https://www.utripoli.edu.ly/index.php/component/content/27-2016-12-02-22-03-13/cp/cp/cp/single-news.php?id=301" "Mozilla/5.0 (compatible; Bytespider; spider-feedback@bytedance.com) AppleWebKit/537.36 (KHTML, like Gecko) Chrome/70.0.0.0 Safari/537.36"
185.93.230.19 - - [06/May/2025:17:02:17 +0200] "GET /index.php/component/content/27-2016-12-02-22-03-13/cp/cp/cp/img/slide-2.jpg HTTP/1.1" 200 78553 "https://www.utripoli.edu.ly/index.php/component/content/27-2016-12-02-22-03-13/cp/cp/cp/single-news.php?id=301" "Mozilla/5.0 (compatible; Bytespider; spider-feedback@bytedance.com) AppleWebKit/537.36 (KHTML, like Gecko) Chrome/70.0.0.0 Safari/537.36"
185.93.230.19 - - [06/May/2025:17:02:17 +0200] "GET /index.php/component/content/27-2016-12-02-22-03-13/cp/cp/cp/img/icons/student.png HTTP/1.1" 200 78553 "https://www.utripoli.edu.ly/index.php/component/content/27-2016-12-02-22-03-13/cp/cp/cp/single-news.php?id=301" "Mozilla/5.0 (compatible; Bytespider; spider-feedback@bytedance.com) AppleWebKit/537.36 (KHTML, like Gecko) Chrome/70.0.0.0 Safari/537.36"
185.93.230.19 - - [06/May/2025:17:02:17 +0200] "GET /index.php/component/content/27-2016-12-02-22-03-13/cp/cp/cp/img/icons/graduate.png HTTP/1.1" 200 78553 "https://www.utripoli.edu.ly/index.php/component/content/27-2016-12-02-22-03-13/cp/cp/cp/single-news.php?id=301" "Mozilla/5.0 (compatible; Bytespider; spider-feedback@bytedance.com) AppleWebKit/537.36 (KHTML, like Gecko) Chrome/70.0.0.0 Safari/537.36"
185.93.230.19 - - [06/May/2025:17:02:17 +0200] "GET /index.php/component/content/27-2016-12-02-22-03-13/cp/cp/cp/img/logo_r.png HTTP/1.1" 200 78553 "https://www.utripoli.edu.ly/index.php/component/content/27-2016-12-02-22-03-13/cp/cp/cp/single-news.php?id=301" "Mozilla/5.0 (compatible; Bytespider; spider-feedback@bytedance.com) AppleWebKit/537.36 (KHTML, like Gecko) Chrome/70.0.0.0 Safari/537.36"
185.93.230.19 - - [06/May/2025:17:02:17 +0200] "GET /index.php/component/content/27-2016-12-02-22-03-13/cp/cp/cp/cp/uploads/activities/481194164_1044460221061603_1037927010955694530_n.jpg HTTP/1.1" 200 78553 "https://www.utripoli.edu.ly/index.php/component/content/27-2016-12-02-22-03-13/cp/cp/cp/single-news.php?id=301" "Mozilla/5.0 (compatible; Bytespider; spider-feedback@bytedance.com) AppleWebKit/537.36 (KHTML, like Gecko) Chrome/70.0.0.0 Safari/537.36"
185.93.230.19 - - [06/May/2025:17:02:17 +0200] "GET /index.php/component/content/27-2016-12-02-22-03-13/cp/cp/cp/cp/uploads/activities/476457247_1301209910964579_6056489596862577291_n.jpg HTTP/1.1" 200 78553 "https://www.utripoli.edu.ly/index.php/component/content/27-2016-12-02-22-03-13/cp/cp/cp/single-news.php?id=301" "Mozilla/5.0 (compatible; Bytespider; spider-feedback@bytedance.com) AppleWebKit/537.36 (KHTML, like Gecko) Chrome/70.0.0.0 Safari/537.36"
185.93.230.19 - - [06/May/2025:17:02:17 +0200] "GET /index.php/component/content/27-2016-12-02-22-03-13/cp/cp/cp/cp/uploads/news/494181703_1093456566161968_5056605548044216759_n.jpg HTTP/1.1" 200 78553 "https://www.utripoli.edu.ly/index.php/component/content/27-2016-12-02-22-03-13/cp/cp/cp/single-news.php?id=301" "Mozilla/5.0 (compatible; Bytespider; spider-feedback@bytedance.com) AppleWebKit/537.36 (KHTML, like Gecko) Chrome/70.0.0.0 Safari/537.36"
185.93.230.19 - - [06/May/2025:17:02:17 +0200] "GET /index.php/component/content/27-2016-12-02-22-03-13/cp/cp/cp/cp/uploads/news/495161245_1094928226014802_2446482707916467827_n.jpg HTTP/1.1" 200 78553 "https://www.utripoli.edu.ly/index.php/component/content/27-2016-12-02-22-03-13/cp/cp/cp/single-news.php?id=301" "Mozilla/5.0 (compatible; Bytespider; spider-feedback@bytedance.com) AppleWebKit/537.36 (KHTML, like Gecko) Chrome/70.0.0.0 Safari/537.36"
185.93.230.19 - - [06/May/2025:17:02:17 +0200] "GET /index.php/component/content/27-2016-12-02-22-03-13/cp/cp/cp/img/icons/online-library.png HTTP/1.1" 200 78553 "https://www.utripoli.edu.ly/index.php/component/content/27-2016-12-02-22-03-13/cp/cp/cp/single-news.php?id=301" "Mozilla/5.0 (compatible; Bytespider; spider-feedback@bytedance.com) AppleWebKit/537.36 (KHTML, like Gecko) Chrome/70.0.0.0 Safari/537.36"
185.93.230.19 - - [06/May/2025:17:02:17 +0200] "GET /index.php/component/content/27-2016-12-02-22-03-13/cp/cp/cp/cp/uploads/activities/481214850_1040842181423407_6231038517308051259_n.jpg HTTP/1.1" 200 78553 "https://www.utripoli.edu.ly/index.php/component/content/27-2016-12-02-22-03-13/cp/cp/cp/single-news.php?id=301" "Mozilla/5.0 (compatible; Bytespider; spider-feedback@bytedance.com) AppleWebKit/537.36 (KHTML, like Gecko) Chrome/70.0.0.0 Safari/537.36"
185.93.230.19 - - [06/May/2025:17:02:17 +0200] "GET /index.php/component/content/27-2016-12-02-22-03-13/cp/cp/cp/img/icons/structure.png HTTP/1.1" 200 78553 "https://www.utripoli.edu.ly/index.php/component/content/27-2016-12-02-22-03-13/cp/cp/cp/single-news.php?id=301" "Mozilla/5.0 (compatible; Bytespider; spider-feedback@bytedance.com) AppleWebKit/537.36 (KHTML, like Gecko) Chrome/70.0.0.0 Safari/537.36"
185.93.230.19 - - [06/May/2025:17:02:17 +0200] "GET /index.php/component/content/27-2016-12-02-22-03-13/cp/cp/cp/cp/uploads/news/494648227_1094935569347401_3122463604882329_n.jpg HTTP/1.1" 200 78553 "https://www.utripoli.edu.ly/index.php/component/content/27-2016-12-02-22-03-13/cp/cp/cp/single-news.php?id=301" "Mozilla/5.0 (compatible; Bytespider; spider-feedback@bytedance.com) AppleWebKit/537.36 (KHTML, like Gecko) Chrome/70.0.0.0 Safari/537.36"
185.93.230.19 - - [06/May/2025:17:02:18 +0200] "GET /index.php/component/content/27-2016-12-02-22-03-13/cp/cp/cp/img/icons/list.png HTTP/1.1" 200 78553 "https://www.utripoli.edu.ly/index.php/component/content/27-2016-12-02-22-03-13/cp/cp/cp/single-news.php?id=301" "Mozilla/5.0 (compatible; Bytespider; spider-feedback@bytedance.com) AppleWebKit/537.36 (KHTML, like Gecko) Chrome/70.0.0.0 Safari/537.36"
185.93.230.19 - - [06/May/2025:17:02:18 +0200] "GET /index.php/component/content/27-2016-12-02-22-03-13/cp/cp/cp/img/logo_s.png HTTP/1.1" 200 78553 "https://www.utripoli.edu.ly/index.php/component/content/27-2016-12-02-22-03-13/cp/cp/cp/single-news.php?id=301" "Mozilla/5.0 (compatible; Bytespider; spider-feedback@bytedance.com) AppleWebKit/537.36 (KHTML, like Gecko) Chrome/70.0.0.0 Safari/537.36"
185.93.230.19 - - [06/May/2025:17:02:18 +0200] "GET /index.php/component/content/27-2016-12-02-22-03-13/cp/cp/cp/img/icons/agreement.png HTTP/1.1" 200 78553 "https://www.utripoli.edu.ly/index.php/component/content/27-2016-12-02-22-03-13/cp/cp/cp/single-news.php?id=301" "Mozilla/5.0 (compatible; Bytespider; spider-feedback@bytedance.com) AppleWebKit/537.36 (KHTML, like Gecko) Chrome/70.0.0.0 Safari/537.36"
185.93.229.19 - - [06/May/2025:17:02:20 +0200] "GET /teacher_list.php?pageNum_news_index=0&pageNum_news_index=1&pageNum_news_index=1&pageNum_news_index=5&pageNum_news_index=5&pageNum_news_index=6&pageNum_news_index=6&pageNum_news_index=6&pageNum_news_index=8 HTTP/1.1" 200 9478 "-" "Mozilla/5.0 (compatible; SemrushBot/7~bl; +http://www.semrush.com/bot.html)"
66.248.200.6 - - [06/May/2025:17:02:21 +0200] "GET /journal/index.php/Alqalam/article/view/858?articlesBySimilarityPage=5 HTTP/1.1" 200 7998 "-" "Mozilla/5.0 (Linux; Android 6.0.1; Nexus 5X Build/MMB29P) AppleWebKit/537.36 (KHTML, like Gecko) Chrome/136.0.7103.59 Mobile Safari/537.36 (compatible; Googlebot/2.1; +http://www.google.com/bot.html)"
185.191.171.3 - - [06/May/2025:17:02:26 +0200] "GET /teacher_list.php?pageNum_news_index=0&pageNum_news_index=0&pageNum_news_index=0&pageNum_news_index=0&pageNum_news_index=1&pageNum_news_index=3&pageNum_news_index=3&pageNum_news_index=4&pageNum_news_index=4&pageNum_news_index=7&pageNum_news_index=7&pageNum_news_index=9 HTTP/1.1" 200 9492 "-" "Mozilla/5.0 (compatible; SemrushBot/7~bl; +http://www.semrush.com/bot.html)"
185.93.229.19 - - [06/May/2025:17:02:28 +0200] "GET /teacher_list.php?pageNum_news_index=0&pageNum_news_index=1&pageNum_news_index=2&pageNum_news_index=3&pageNum_news_index=3&pageNum_news_index=3&pageNum_news_index=3&pageNum_news_index=4&pageNum_news_index=5&pageNum_news_index=7&pageNum_news_index=8 HTTP/1.1" 200 9519 "-" "Mozilla/5.0 (compatible; SemrushBot/7~bl; +http://www.semrush.com/bot.html)"
185.191.171.15 - - [06/May/2025:17:02:29 +0200] "GET /teacher_list.php?pageNum_news_index=0&pageNum_news_index=1&pageNum_news_index=2&pageNum_news_index=4&pageNum_news_index=5&pageNum_news_index=5&pageNum_news_index=8&pageNum_news_index=8&pageNum_news_index=8&pageNum_news_index=8&pageNum_news_index=8&pageNum_news_index=8 HTTP/1.1" 200 9518 "-" "Mozilla/5.0 (compatible; SemrushBot/7~bl; +http://www.semrush.com/bot.html)"
185.93.230.6 - - [06/May/2025:17:02:32 +0200] "GET /journal/index.php/Alqalam/citationstylelanguage/download/ris?submissionId=513&publicationId=513 HTTP/1.1" 200 1709 "-" "Mozilla/5.0 (Windows NT 10.0; Win64; x64) AppleWebKit/537.36 (KHTML, like Gecko) Chrome/100.0.8157.692 Safari/537.36"
185.93.229.19 - - [06/May/2025:17:02:32 +0200] "GET /teacher_list.php?pageNum_news_index=0&pageNum_news_index=3&pageNum_news_index=3&pageNum_news_index=4&pageNum_news_index=4&pageNum_news_index=5&pageNum_news_index=6&pageNum_news_index=7&pageNum_news_index=8&pageNum_news_index=8&pageNum_news_index=8&pageNum_news_index=8&pageNum_news_index=9 HTTP/1.1" 200 9519 "-" "Mozilla/5.0 (compatible; SemrushBot/7~bl; +http://www.semrush.com/bot.html)"
185.191.171.15 - - [06/May/2025:17:02:39 +0200] "GET /teacher_list.php?pageNum_news_index=0&pageNum_news_index=1&pageNum_news_index=1&pageNum_news_index=3&pageNum_news_index=3&pageNum_news_index=4&pageNum_news_index=8&pageNum_news_index=9 HTTP/1.1" 200 9434 "-" "Mozilla/5.0 (compatible; SemrushBot/7~bl; +http://www.semrush.com/bot.html)"
185.93.229.6 - - [06/May/2025:17:02:44 +0200] "GET /teacher_list.php?pageNum_news_index=4&pageNum_news_index=6&pageNum_news_index=6&pageNum_news_index=7&pageNum_news_index=7&pageNum_news_index=7&pageNum_news_index=7&pageNum_news_index=7&pageNum_news_index=7&pageNum_news_index=8&pageNum_news_index=8&pageNum_news_index=8&pageNum_news_index=8 HTTP/1.1" 200 9533 "-" "Mozilla/5.0 (compatible; SemrushBot/7~bl; +http://www.semrush.com/bot.html)"
66.248.200.6 - - [06/May/2025:17:02:46 +0200] "GET /journal/public/journals/1/styleSheet.css?d=2024-01-03+17%3A34%3A30 HTTP/1.1" 404 3913 "https://uta.edu.ly/journal/index.php/Alqalam/article/view/858?articlesBySimilarityPage=5" "Mozilla/5.0 (Linux; Android 6.0.1; Nexus 5X Build/MMB29P) AppleWebKit/537.36 (KHTML, like Gecko) Chrome/135.0.7049.114 Mobile Safari/537.36 (compatible; Googlebot/2.1; +http://www.google.com/bot.html)"
185.93.229.19 - - [06/May/2025:17:02:51 +0200] "GET /teacher_list.php?pageNum_news_index=1&pageNum_news_index=2&pageNum_news_index=2&pageNum_news_index=2&pageNum_news_index=3&pageNum_news_index=4&pageNum_news_index=6&pageNum_news_index=6&pageNum_news_index=7&pageNum_news_index=8&pageNum_news_index=8&pageNum_news_index=9 HTTP/1.1" 200 9498 "-" "Mozilla/5.0 (compatible; SemrushBot/7~bl; +http://www.semrush.com/bot.html)"
185.191.171.5 - - [06/May/2025:17:02:56 +0200] "GET /teacher_list.php?pageNum_news_index=1&pageNum_news_index=3&pageNum_news_index=3&pageNum_news_index=3&pageNum_news_index=3&pageNum_news_index=3&pageNum_news_index=3&pageNum_news_index=3&pageNum_news_index=7&pageNum_news_index=7&pageNum_news_index=7&pageNum_news_index=7 HTTP/1.1" 200 9488 "-" "Mozilla/5.0 (compatible; SemrushBot/7~bl; +http://www.semrush.com/bot.html)"
66.248.200.6 - - [06/May/2025:17:02:57 +0200] "GET /journal/index.php/Alqalam/article/view/396?articlesBySimilarityPage=40 HTTP/1.1" 200 8538 "-" "Mozilla/5.0 AppleWebKit/537.36 (KHTML, like Gecko; compatible; ClaudeBot/1.0; +claudebot@anthropic.com)"
85.208.96.207 - - [06/May/2025:17:03:02 +0200] "GET /teacher_list.php?pageNum_news_index=1&pageNum_news_index=5&pageNum_news_index=7&pageNum_news_index=7&pageNum_news_index=7&pageNum_news_index=8&pageNum_news_index=8&pageNum_news_index=8&pageNum_news_index=8&pageNum_news_index=8&pageNum_news_index=9 HTTP/1.1" 200 9486 "-" "Mozilla/5.0 (compatible; SemrushBot/7~bl; +http://www.semrush.com/bot.html)"
185.191.171.7 - - [06/May/2025:17:03:04 +0200] "GET /teacher_list.php?pageNum_news_index=0&pageNum_news_index=1&pageNum_news_index=2&pageNum_news_index=2&pageNum_news_index=4&pageNum_news_index=4&pageNum_news_index=4&pageNum_news_index=4&pageNum_news_index=5 HTTP/1.1" 200 9524 "-" "Mozilla/5.0 (compatible; SemrushBot/7~bl; +http://www.semrush.com/bot.html)"
192.88.135.19 - - [06/May/2025:17:03:10 +0200] "GET /cp/uploads/teacher/cv%20tarek%20Arabic%20(12.2).pdf HTTP/1.1" 404 3913 "-" "Mozilla/5.0 (Linux; Android 5.0) AppleWebKit/537.36 (KHTML, like Gecko) Mobile Safari/537.36 (compatible; Bytespider; spider-feedback@bytedance.com)"
185.93.228.19 - - [06/May/2025:17:03:27 +0200] "GET /?fbclid=IwZXh0bgNhZW0CMTEAYnJpZBEwRnMybU5IVFhKNFZRSkJHTgEeQ4dKF3sJG6E9003cZXeXIje7e-zgnWGaCTXJ2aC4xqmYbhFAEmjGt4k3jVQ_aem_hvBrctJs6kQknodYO3SOgw HTTP/1.1" 200 16207 "https://l.facebook.com/" "Mozilla/5.0 (Linux; Android 15; REA-NX9 Build/HONORREA-N39; wv) AppleWebKit/537.36 (KHTML, like Gecko) Version/4.0 Chrome/136.0.7103.57 Mobile Safari/537.36 [FB_IAB/FB4A;FBAV/511.0.0.73.36;IABMV/1;]"
185.191.171.7 - - [06/May/2025:17:03:38 +0200] "GET /teacher_list.php?pageNum_news_index=1&pageNum_news_index=1&pageNum_news_index=1&pageNum_news_index=3&pageNum_news_index=5&pageNum_news_index=5&pageNum_news_index=7&pageNum_news_index=7&pageNum_news_index=7&pageNum_news_index=9 HTTP/1.1" 200 9465 "-" "Mozilla/5.0 (compatible; SemrushBot/7~bl; +http://www.semrush.com/bot.html)"
185.93.229.19 - - [06/May/2025:17:03:49 +0200] "GET /teacher_list.php?pageNum_news_index=0&pageNum_news_index=1&pageNum_news_index=2&pageNum_news_index=4&pageNum_news_index=4&pageNum_news_index=4&pageNum_news_index=4&pageNum_news_index=5&pageNum_news_index=5&pageNum_news_index=8&pageNum_news_index=8 HTTP/1.1" 200 9514 "-" "Mozilla/5.0 (compatible; SemrushBot/7~bl; +http://www.semrush.com/bot.html)"
185.93.230.6 - - [06/May/2025:17:03:52 +0200] "GET /journal/index.php/Alqalam/article/view/754?articlesBySimilarityPage=13 HTTP/1.1" 200 8867 "https://uta.edu.ly/journal/index.php/Alqalam/article/view/754?articlesBySimilarityPage=14" "Mozilla/5.0 (Linux; Android 7.0;) AppleWebKit/537.36 (KHTML, like Gecko) Mobile Safari/537.36 (compatible; PetalBot;+https://webmaster.petalsearch.com/site/petalbot)"
185.191.171.16 - - [06/May/2025:17:03:56 +0200] "GET /teacher_list.php?pageNum_news_index=1&pageNum_news_index=5&pageNum_news_index=5&pageNum_news_index=5&pageNum_news_index=8&pageNum_news_index=8&pageNum_news_index=8&pageNum_news_index=8&pageNum_news_index=9 HTTP/1.1" 200 9449 "-" "Mozilla/5.0 (compatible; SemrushBot/7~bl; +http://www.semrush.com/bot.html)"
185.191.171.11 - - [06/May/2025:17:04:04 +0200] "GET /teacher_list.php?pageNum_news_index=2&pageNum_news_index=2&pageNum_news_index=4&pageNum_news_index=4&pageNum_news_index=4&pageNum_news_index=6&pageNum_news_index=6&pageNum_news_index=8&pageNum_news_index=8 HTTP/1.1" 200 9477 "-" "Mozilla/5.0 (compatible; SemrushBot/7~bl; +http://www.semrush.com/bot.html)"
85.208.96.194 - - [06/May/2025:17:04:07 +0200] "GET /teacher_list.php?pageNum_news_index=0&pageNum_news_index=0&pageNum_news_index=1&pageNum_news_index=2&pageNum_news_index=2&pageNum_news_index=3&pageNum_news_index=4&pageNum_news_index=4&pageNum_news_index=7&pageNum_news_index=7&pageNum_news_index=7&pageNum_news_index=9 HTTP/1.1" 200 9494 "-" "Mozilla/5.0 (compatible; SemrushBot/7~bl; +http://www.semrush.com/bot.html)"
85.208.96.210 - - [06/May/2025:17:04:17 +0200] "GET /teacher_list.php?pageNum_news_index=1&pageNum_news_index=1&pageNum_news_index=4&pageNum_news_index=4&pageNum_news_index=4&pageNum_news_index=7&pageNum_news_index=7&pageNum_news_index=8&pageNum_news_index=8 HTTP/1.1" 200 9475 "-" "Mozilla/5.0 (compatible; SemrushBot/7~bl; +http://www.semrush.com/bot.html)"
85.208.96.210 - - [06/May/2025:17:04:23 +0200] "GET /teacher_list.php?pageNum_news_index=0&pageNum_news_index=1&pageNum_news_index=1&pageNum_news_index=2&pageNum_news_index=2&pageNum_news_index=3&pageNum_news_index=4&pageNum_news_index=4&pageNum_news_index=7&pageNum_news_index=8 HTTP/1.1" 200 9501 "-" "Mozilla/5.0 (compatible; SemrushBot/7~bl; +http://www.semrush.com/bot.html)"
66.248.200.6 - - [06/May/2025:17:04:30 +0200] "GET /journal/index.php/Alqalam/article/view/396?articlesBySimilarityPage=42 HTTP/1.1" 200 8510 "-" "Mozilla/5.0 AppleWebKit/537.36 (KHTML, like Gecko; compatible; ClaudeBot/1.0; +claudebot@anthropic.com)"
192.88.135.19 - - [06/May/2025:17:04:32 +0200] "GET /robots.txt HTTP/1.1" 404 3913 "-" "Mozilla/5.0 AppleWebKit/537.36 (KHTML, like Gecko; compatible; GPTBot/1.0; +https://openai.com/gptbot)"
66.248.200.6 - - [06/May/2025:17:04:48 +0200] "GET /journal/index.php/Alqalam/article/download/759/652 HTTP/1.1" 200 641208 "-" "Googlebot/2.1 (+http://www.google.com/bot.html)"
85.208.96.200 - - [06/May/2025:17:04:49 +0200] "GET /teacher_list.php?pageNum_news_index=0&pageNum_news_index=1&pageNum_news_index=1&pageNum_news_index=1&pageNum_news_index=3&pageNum_news_index=4&pageNum_news_index=4&pageNum_news_index=4&pageNum_news_index=8&pageNum_news_index=8 HTTP/1.1" 200 9496 "-" "Mozilla/5.0 (compatible; SemrushBot/7~bl; +http://www.semrush.com/bot.html)"
185.93.228.19 - - [06/May/2025:17:04:51 +0200] "GET /departmen.php?id=21 HTTP/1.1" 200 13671 "https://www.bing.com/" "Mozilla/5.0 (Windows NT 10.0; Win64; x64) AppleWebKit/537.36 (KHTML, like Gecko) Chrome/136.0.0.0 Safari/537.36 Edg/136.0.0.0"
185.93.228.19 - - [06/May/2025:17:04:51 +0200] "GET /img/icons/table.png HTTP/1.1" 200 24255 "https://utripoli.edu.ly/departmen.php?id=21" "Mozilla/5.0 (Windows NT 10.0; Win64; x64) AppleWebKit/537.36 (KHTML, like Gecko) Chrome/136.0.0.0 Safari/537.36 Edg/136.0.0.0"
185.93.228.19 - - [06/May/2025:17:04:51 +0200] "GET /cp/uploads/news/494181703_1093456566161968_5056605548044216759_n.jpg HTTP/1.1" 304 - "https://utripoli.edu.ly/departmen.php?id=21" "Mozilla/5.0 (Windows NT 10.0; Win64; x64) AppleWebKit/537.36 (KHTML, like Gecko) Chrome/136.0.0.0 Safari/537.36 Edg/136.0.0.0"
185.93.228.19 - - [06/May/2025:17:04:51 +0200] "GET /cp/uploads/activities/438085752_838227645018196_1878730743347549065_n.jpg HTTP/1.1" 200 35319 "https://utripoli.edu.ly/departmen.php?id=21" "Mozilla/5.0 (Windows NT 10.0; Win64; x64) AppleWebKit/537.36 (KHTML, like Gecko) Chrome/136.0.0.0 Safari/537.36 Edg/136.0.0.0"
185.93.228.19 - - [06/May/2025:17:04:51 +0200] "GET /cp/uploads/news/464806148_959950409512585_4302884374289839951_n1.jpg HTTP/1.1" 200 66248 "https://utripoli.edu.ly/departmen.php?id=21" "Mozilla/5.0 (Windows NT 10.0; Win64; x64) AppleWebKit/537.36 (KHTML, like Gecko) Chrome/136.0.0.0 Safari/537.36 Edg/136.0.0.0"
185.93.228.19 - - [06/May/2025:17:04:51 +0200] "GET /cp/uploads/activities/454879203_903031571871136_4872503977919162397_n.jpg HTTP/1.1" 200 93538 "https://utripoli.edu.ly/departmen.php?id=21" "Mozilla/5.0 (Windows NT 10.0; Win64; x64) AppleWebKit/537.36 (KHTML, like Gecko) Chrome/136.0.0.0 Safari/537.36 Edg/136.0.0.0"
185.93.228.19 - - [06/May/2025:17:04:51 +0200] "GET /cp/uploads/news/463969590_1066323065287108_8340800985488431858_n.jpg HTTP/1.1" 200 279401 "https://utripoli.edu.ly/departmen.php?id=21" "Mozilla/5.0 (Windows NT 10.0; Win64; x64) AppleWebKit/537.36 (KHTML, like Gecko) Chrome/136.0.0.0 Safari/537.36 Edg/136.0.0.0"
185.93.228.19 - - [06/May/2025:17:04:51 +0200] "GET /cp/uploads/activities/%20%D8%B9%D9%85%D9%84%20%20-%2027%20%D9%8A%D9%88%D9%86%D9%8A%D9%88%20-4.jpg HTTP/1.1" 200 1552537 "https://utripoli.edu.ly/departmen.php?id=21" "Mozilla/5.0 (Windows NT 10.0; Win64; x64) AppleWebKit/537.36 (KHTML, like Gecko) Chrome/136.0.0.0 Safari/537.36 Edg/136.0.0.0"
85.208.96.204 - - [06/May/2025:17:04:56 +0200] "GET /teacher_list.php?pageNum_news_index=0&pageNum_news_index=2&pageNum_news_index=2&pageNum_news_index=3&pageNum_news_index=6&pageNum_news_index=6&pageNum_news_index=6&pageNum_news_index=7&pageNum_news_index=8&pageNum_news_index=8 HTTP/1.1" 200 9499 "-" "Mozilla/5.0 (compatible; SemrushBot/7~bl; +http://www.semrush.com/bot.html)"
185.93.229.19 - - [06/May/2025:17:04:59 +0200] "GET /robots.txt HTTP/1.1" 404 3913 "-" "Mozilla/5.0 AppleWebKit/537.36 (KHTML, like Gecko); compatible; ChatGPT-User/1.0; +https://openai.com/bot"
185.191.171.1 - - [06/May/2025:17:05:08 +0200] "GET /teacher_list.php?pageNum_news_index=2&pageNum_news_index=2&pageNum_news_index=2&pageNum_news_index=2&pageNum_news_index=3&pageNum_news_index=5&pageNum_news_index=6&pageNum_news_index=6&pageNum_news_index=7&pageNum_news_index=8&pageNum_news_index=8 HTTP/1.1" 200 9515 "-" "Mozilla/5.0 (compatible; SemrushBot/7~bl; +http://www.semrush.com/bot.html)"
185.93.230.6 - - [06/May/2025:17:05:15 +0200] "GET /journal/index.php/Alqalam/article/view/75/74 HTTP/1.1" 302 20 "https://uta.edu.ly/journal/index.php/Alqalam/article/view/75?articlesBySimilarityPage=47" "Mozilla/5.0 (Linux; Android 7.0;) AppleWebKit/537.36 (KHTML, like Gecko) Mobile Safari/537.36 (compatible; PetalBot;+https://webmaster.petalsearch.com/site/petalbot)"
185.93.230.6 - - [06/May/2025:17:05:16 +0200] "GET /journal/index.php/Alqalam/article/download/75/74 HTTP/1.1" 200 515161 "https://uta.edu.ly/journal/index.php/Alqalam/article/view/75?articlesBySimilarityPage=47" "Mozilla/5.0 (Linux; Android 7.0;) AppleWebKit/537.36 (KHTML, like Gecko) Mobile Safari/537.36 (compatible; PetalBot;+https://webmaster.petalsearch.com/site/petalbot)"
192.88.135.6 - - [06/May/2025:17:05:21 +0200] "GET /index.php/2016-12-07-18-47-18/89-2016-12-02-21-36-12/2017-07-23-11-32-28/cp/single-news.php?id=330 HTTP/1.1" 200 78553 "-" "Mozilla/5.0 (compatible; DotBot/1.2; +https://opensiteexplorer.org/dotbot; help@moz.com)"
185.191.171.6 - - [06/May/2025:17:05:27 +0200] "GET /teacher_list.php?pageNum_news_index=0&pageNum_news_index=0&pageNum_news_index=0&pageNum_news_index=0&pageNum_news_index=1&pageNum_news_index=2&pageNum_news_index=2&pageNum_news_index=2&pageNum_news_index=4&pageNum_news_index=8 HTTP/1.1" 200 9495 "-" "Mozilla/5.0 (compatible; SemrushBot/7~bl; +http://www.semrush.com/bot.html)"
185.93.228.19 - - [06/May/2025:17:05:28 +0200] "GET /cp/uploads/department/%20%D8%A7%D9%84%D8%AF%D8%B1%D8%A7%D8%B3%D9%8A%D8%A9%20%D9%84%D9%82%D8%B3%D9%85%20%D8%A7%D9%84%D8%AA%D8%B5%D9%85%D9%8A%D9%852.pdf HTTP/1.1" 200 736070 "https://utripoli.edu.ly/departmen.php?id=21" "Mozilla/5.0 (Windows NT 10.0; Win64; x64) AppleWebKit/537.36 (KHTML, like Gecko) Chrome/136.0.0.0 Safari/537.36 Edg/136.0.0.0"
185.93.228.19 - - [06/May/2025:17:05:29 +0200] "GET /favicon.ico HTTP/1.1" 404 3913 "https://utripoli.edu.ly/cp/uploads/department/%20%D8%A7%D9%84%D8%AF%D8%B1%D8%A7%D8%B3%D9%8A%D8%A9%20%D9%84%D9%82%D8%B3%D9%85%20%D8%A7%D9%84%D8%AA%D8%B5%D9%85%D9%8A%D9%852.pdf" "Mozilla/5.0 (Windows NT 10.0; Win64; x64) AppleWebKit/537.36 (KHTML, like Gecko) Chrome/136.0.0.0 Safari/537.36 Edg/136.0.0.0"
192.88.135.6 - - [06/May/2025:17:05:31 +0200] "GET /journal/index.php/Alqalam/search/search?query=prostate%20cancer%20androgen%20deprivation%20therapy%20pattern%20presentation HTTP/1.1" 200 18748 "-" "Mozilla/5.0 (compatible; DotBot/1.2; +https://opensiteexplorer.org/dotbot; help@moz.com)"
85.208.96.195 - - [06/May/2025:17:05:39 +0200] "GET /teacher_list.php?pageNum_news_index=1&pageNum_news_index=1&pageNum_news_index=1&pageNum_news_index=2&pageNum_news_index=2&pageNum_news_index=4&pageNum_news_index=4&pageNum_news_index=5&pageNum_news_index=6&pageNum_news_index=9 HTTP/1.1" 200 9468 "-" "Mozilla/5.0 (compatible; SemrushBot/7~bl; +http://www.semrush.com/bot.html)"
66.248.200.6 - - [06/May/2025:17:05:42 +0200] "GET /journal/index.php/Alqalam/article/view/774/651 HTTP/1.1" 302 20 "-" "Googlebot/2.1 (+http://www.google.com/bot.html)"
66.248.200.6 - - [06/May/2025:17:05:51 +0200] "GET /cp/uploads/guide/%D9%84%D8%A7%D8%A6%D8%AD%D8%A9%20%D8%A7%D9%84%D8%AF%D8%B1%D8%A7%D8%B3%D8%A9%20%D9%88%D8%A7%D9%84%D8%A5%D9%85%D8%AA%D8%AD%D8%A7%D9%86%D8%A7%D8%AA%20%20%D9%84%D8%B3%D9%86%D8%A9%202023-2022.pdf HTTP/1.1" 200 2126833 "-" "Mozilla/5.0 (Linux; Android 6.0.1; Nexus 5X Build/MMB29P) AppleWebKit/537.36 (KHTML, like Gecko) Chrome/136.0.7103.59 Mobile Safari/537.36 (compatible; GoogleOther)"
66.248.200.6 - - [06/May/2025:17:05:54 +0200] "GET /journal/index.php/Alqalam/article/download/774/651 HTTP/1.1" 200 287952 "-" "Googlebot/2.1 (+http://www.google.com/bot.html)"
185.93.228.19 - - [06/May/2025:17:06:02 +0200] "GET /cp/uploads/department/default.jpg HTTP/1.1" 404 3913 "https://utripoli.edu.ly/departmen.php?id=21" "Mozilla/5.0 (Windows NT 10.0; Win64; x64) AppleWebKit/537.36 (KHTML, like Gecko) Chrome/136.0.0.0 Safari/537.36 Edg/136.0.0.0"
85.208.96.194 - - [06/May/2025:17:06:08 +0200] "GET /teacher_list.php?pageNum_news_index=1&pageNum_news_index=2&pageNum_news_index=6&pageNum_news_index=6&pageNum_news_index=6&pageNum_news_index=7&pageNum_news_index=7&pageNum_news_index=7&pageNum_news_index=7 HTTP/1.1" 200 9454 "-" "Mozilla/5.0 (compatible; SemrushBot/7~bl; +http://www.semrush.com/bot.html)"
66.248.200.6 - - [06/May/2025:17:06:06 +0200] "GET /journal/index.php/Alqalam/article/view/861?articlesBySimilarityPage=19 HTTP/1.1" 200 8127 "-" "Mozilla/5.0 AppleWebKit/537.36 (KHTML, like Gecko; compatible; ClaudeBot/1.0; +claudebot@anthropic.com)"
185.191.171.1 - - [06/May/2025:17:06:14 +0200] "GET /teacher_list.php?pageNum_news_index=1&pageNum_news_index=3&pageNum_news_index=3&pageNum_news_index=4&pageNum_news_index=4&pageNum_news_index=4&pageNum_news_index=4&pageNum_news_index=6&pageNum_news_index=6&pageNum_news_index=7&pageNum_news_index=7&pageNum_news_index=8 HTTP/1.1" 200 9517 "-" "Mozilla/5.0 (compatible; SemrushBot/7~bl; +http://www.semrush.com/bot.html)"
185.93.229.19 - - [06/May/2025:17:06:15 +0200] "GET /teacher_list.php?pageNum_news_index=2&pageNum_news_index=2&pageNum_news_index=2&pageNum_news_index=3&pageNum_news_index=5&pageNum_news_index=6&pageNum_news_index=7&pageNum_news_index=7&pageNum_news_index=7&pageNum_news_index=7&pageNum_news_index=7&pageNum_news_index=7 HTTP/1.1" 200 9493 "-" "Mozilla/5.0 (compatible; SemrushBot/7~bl; +http://www.semrush.com/bot.html)"
185.191.171.16 - - [06/May/2025:17:06:29 +0200] "GET /teacher_list.php?pageNum_news_index=3&pageNum_news_index=3&pageNum_news_index=3&pageNum_news_index=3&pageNum_news_index=4&pageNum_news_index=4&pageNum_news_index=5&pageNum_news_index=5&pageNum_news_index=6&pageNum_news_index=7&pageNum_news_index=7&pageNum_news_index=9 HTTP/1.1" 200 9492 "-" "Mozilla/5.0 (compatible; SemrushBot/7~bl; +http://www.semrush.com/bot.html)"
85.208.96.199 - - [06/May/2025:17:06:31 +0200] "GET /teacher_list.php?pageNum_news_index=2&pageNum_news_index=2&pageNum_news_index=4&pageNum_news_index=5&pageNum_news_index=7&pageNum_news_index=7&pageNum_news_index=7&pageNum_news_index=7&pageNum_news_index=7&pageNum_news_index=7&pageNum_news_index=7&pageNum_news_index=9 HTTP/1.1" 200 9489 "-" "Mozilla/5.0 (compatible; SemrushBot/7~bl; +http://www.semrush.com/bot.html)"
185.191.171.11 - - [06/May/2025:17:06:33 +0200] "GET /teacher_list.php?pageNum_news_index=5&pageNum_news_index=5&pageNum_news_index=5&pageNum_news_index=5&pageNum_news_index=6&pageNum_news_index=7&pageNum_news_index=7&pageNum_news_index=7&pageNum_news_index=8 HTTP/1.1" 200 9476 "-" "Mozilla/5.0 (compatible; SemrushBot/7~bl; +http://www.semrush.com/bot.html)"
185.93.230.6 - - [06/May/2025:17:06:39 +0200] "GET /journal/index.php/Alqalam/article/view/74?articlesBySimilarityPage=3 HTTP/1.1" 200 7720 "https://uta.edu.ly/journal/index.php/Alqalam/article/view/74?articlesBySimilarityPage=4" "Mozilla/5.0 (Linux; Android 7.0;) AppleWebKit/537.36 (KHTML, like Gecko) Mobile Safari/537.36 (compatible; PetalBot;+https://webmaster.petalsearch.com/site/petalbot)"
192.88.135.19 - - [06/May/2025:17:06:38 +0200] "GET /index.php/72-2016-12-02-23-01-27/cp/departmen.php?id=13 HTTP/1.1" 200 16203 "https://www.utripoli.edu.ly/index.php/72-2016-12-02-23-01-27/cp/departmen.php?id=13" "Mozilla/5.0 (Windows NT 10.0; Win64; x64) AppleWebKit/537.36 (KHTML, like Gecko) Chrome/107.0.0.0 Safari/537.36"
66.248.200.6 - - [06/May/2025:17:06:39 +0200] "GET /journal/index.php/Alqalam/article/view/24?articlesBySimilarityPage=58 HTTP/1.1" 200 7066 "-" "Mozilla/5.0 (Linux; Android 6.0.1; Nexus 5X Build/MMB29P) AppleWebKit/537.36 (KHTML, like Gecko) Chrome/136.0.7103.59 Mobile Safari/537.36 (compatible; Googlebot/2.1; +http://www.google.com/bot.html)"
185.191.171.4 - - [06/May/2025:17:06:44 +0200] "GET /teacher_list.php?pageNum_news_index=0&pageNum_news_index=3&pageNum_news_index=3&pageNum_news_index=3&pageNum_news_index=3&pageNum_news_index=3&pageNum_news_index=4&pageNum_news_index=4&pageNum_news_index=6&pageNum_news_index=9 HTTP/1.1" 200 9467 "-" "Mozilla/5.0 (compatible; SemrushBot/7~bl; +http://www.semrush.com/bot.html)"
185.93.229.19 - - [06/May/2025:17:06:46 +0200] "GET /cp/uploads/news/WhatsApp%20Image%202023-10-24%20at%2015.10.55_1e6d6376.jpg HTTP/1.1" 200 315179 "-" "Googlebot-Image/1.0"
85.208.96.211 - - [06/May/2025:17:06:58 +0200] "GET /teacher_list.php?pageNum_news_index=0&pageNum_news_index=0&pageNum_news_index=0&pageNum_news_index=2&pageNum_news_index=2&pageNum_news_index=4&pageNum_news_index=6&pageNum_news_index=6&pageNum_news_index=6 HTTP/1.1" 200 9497 "-" "Mozilla/5.0 (compatible; SemrushBot/7~bl; +http://www.semrush.com/bot.html)"
185.93.229.19 - - [06/May/2025:17:07:09 +0200] "GET /teacher_list.php?pageNum_news_index=0&pageNum_news_index=2&pageNum_news_index=3&pageNum_news_index=3&pageNum_news_index=3&pageNum_news_index=5&pageNum_news_index=5&pageNum_news_index=7&pageNum_news_index=7&pageNum_news_index=7&pageNum_news_index=7&pageNum_news_index=7&pageNum_news_index=7 HTTP/1.1" 200 9514 "-" "Mozilla/5.0 (compatible; SemrushBot/7~bl; +http://www.semrush.com/bot.html)"
185.191.171.12 - - [06/May/2025:17:07:09 +0200] "GET /teacher_list.php?pageNum_news_index=2&pageNum_news_index=3&pageNum_news_index=3&pageNum_news_index=4&pageNum_news_index=4&pageNum_news_index=4&pageNum_news_index=6&pageNum_news_index=7&pageNum_news_index=7&pageNum_news_index=8 HTTP/1.1" 200 9499 "-" "Mozilla/5.0 (compatible; SemrushBot/7~bl; +http://www.semrush.com/bot.html)"
185.93.229.19 - - [06/May/2025:17:07:16 +0200] "GET /teacher_list.php?pageNum_news_index=0&pageNum_news_index=3&pageNum_news_index=3&pageNum_news_index=3&pageNum_news_index=3&pageNum_news_index=5&pageNum_news_index=5&pageNum_news_index=6&pageNum_news_index=6&pageNum_news_index=6&pageNum_news_index=7 HTTP/1.1" 200 9488 "-" "Mozilla/5.0 (compatible; SemrushBot/7~bl; +http://www.semrush.com/bot.html)"
85.208.96.204 - - [06/May/2025:17:07:18 +0200] "GET /teacher_list.php?pageNum_news_index=0&pageNum_news_index=0&pageNum_news_index=0&pageNum_news_index=2&pageNum_news_index=6&pageNum_news_index=6&pageNum_news_index=7&pageNum_news_index=7&pageNum_news_index=7&pageNum_news_index=7&pageNum_news_index=7&pageNum_news_index=9 HTTP/1.1" 200 9490 "-" "Mozilla/5.0 (compatible; SemrushBot/7~bl; +http://www.semrush.com/bot.html)"
185.93.228.19 - - [06/May/2025:17:07:33 +0200] "GET /result.php HTTP/1.1" 200 7289 "https://www.google.com/" "Mozilla/5.0 (iPhone; CPU iPhone OS 18_3_2 like Mac OS X) AppleWebKit/605.1.15 (KHTML, like Gecko) CriOS/136.0.7103.56 Mobile/15E148 Safari/604.1"
85.208.96.204 - - [06/May/2025:17:07:40 +0200] "GET /teacher_list.php?pageNum_news_index=0&pageNum_news_index=1&pageNum_news_index=1&pageNum_news_index=1&pageNum_news_index=1&pageNum_news_index=3&pageNum_news_index=3&pageNum_news_index=5 HTTP/1.1" 200 9519 "-" "Mozilla/5.0 (compatible; SemrushBot/7~bl; +http://www.semrush.com/bot.html)"
185.93.230.19 - - [06/May/2025:17:07:40 +0200] "GET /teacher_list.php?pageNum_news_index=3&pageNum_news_index=6 HTTP/1.1" 200 9138 "-" "Mozilla/5.0 (compatible; Bytespider; spider-feedback@bytedance.com) AppleWebKit/537.36 (KHTML, like Gecko) Chrome/70.0.0.0 Safari/537.36"
185.93.230.19 - - [06/May/2025:17:07:41 +0200] "GET /cp/uploads/teacher/1684658764269.jpg HTTP/1.1" 404 3913 "https://www.utripoli.edu.ly/teacher_list.php?pageNum_news_index=3&pageNum_news_index=6" "Mozilla/5.0 (compatible; Bytespider; spider-feedback@bytedance.com) AppleWebKit/537.36 (KHTML, like Gecko) Chrome/70.0.0.0 Safari/537.36"
185.93.228.19 - - [06/May/2025:17:07:42 +0200] "GET /getresult.php?id=2010240 HTTP/1.1" 200 1724 "https://utripoli.edu.ly/result.php" "Mozilla/5.0 (iPhone; CPU iPhone OS 18_3_2 like Mac OS X) AppleWebKit/605.1.15 (KHTML, like Gecko) CriOS/136.0.7103.56 Mobile/15E148 Safari/604.1"
66.248.200.6 - - [06/May/2025:17:07:39 +0200] "GET /journal/index.php/Alqalam/article/view/861?articlesBySimilarityPage=20 HTTP/1.1" 200 8261 "-" "Mozilla/5.0 AppleWebKit/537.36 (KHTML, like Gecko; compatible; ClaudeBot/1.0; +claudebot@anthropic.com)"
85.208.96.206 - - [06/May/2025:17:07:57 +0200] "GET /teacher_list.php?pageNum_news_index=1&pageNum_news_index=1&pageNum_news_index=3&pageNum_news_index=5&pageNum_news_index=5&pageNum_news_index=5&pageNum_news_index=5 HTTP/1.1" 200 9482 "-" "Mozilla/5.0 (compatible; SemrushBot/7~bl; +http://www.semrush.com/bot.html)"
185.93.228.6 - - [06/May/2025:17:07:55 +0200] "GET / HTTP/1.1" 200 16204 "-" "Mozilla/5.0 (Windows NT 10.0; Win64; x64) AppleWebKit/537.36 (KHTML, like Gecko) Chrome/135.0.0.0 Safari/537.36"
185.93.228.6 - - [06/May/2025:17:07:58 +0200] "GET / HTTP/1.1" 200 16204 "-" "Mozilla/5.0 (Windows NT 10.0; Win64; x64) AppleWebKit/537.36 (KHTML, like Gecko) Chrome/135.0.0.0 Safari/537.36"
185.93.230.6 - - [06/May/2025:17:08:01 +0200] "GET /journal/index.php/Alqalam/citationstylelanguage/get/vancouver?submissionId=616&publicationId=616 HTTP/1.1" 200 369 "https://uta.edu.ly/journal/index.php/Alqalam/article/view/616" "Mozilla/5.0 (Linux; Android 7.0;) AppleWebKit/537.36 (KHTML, like Gecko) Mobile Safari/537.36 (compatible; PetalBot;+https://webmaster.petalsearch.com/site/petalbot)"
185.93.228.19 - - [06/May/2025:17:08:08 +0200] "GET /getresult.php?id=2010865 HTTP/1.1" 200 1483 "https://utripoli.edu.ly/result.php" "Mozilla/5.0 (iPhone; CPU iPhone OS 18_3_2 like Mac OS X) AppleWebKit/605.1.15 (KHTML, like Gecko) CriOS/136.0.7103.56 Mobile/15E148 Safari/604.1"
185.191.171.15 - - [06/May/2025:17:08:09 +0200] "GET /teacher_list.php?pageNum_news_index=0&pageNum_news_index=0&pageNum_news_index=1&pageNum_news_index=2&pageNum_news_index=4&pageNum_news_index=4&pageNum_news_index=6&pageNum_news_index=6&pageNum_news_index=8&pageNum_news_index=8&pageNum_news_index=9 HTTP/1.1" 200 9490 "-" "Mozilla/5.0 (compatible; SemrushBot/7~bl; +http://www.semrush.com/bot.html)"
185.191.171.15 - - [06/May/2025:17:08:12 +0200] "GET /teacher_list.php?pageNum_news_index=0&pageNum_news_index=0&pageNum_news_index=0&pageNum_news_index=0&pageNum_news_index=1&pageNum_news_index=1&pageNum_news_index=3&pageNum_news_index=3&pageNum_news_index=3&pageNum_news_index=5 HTTP/1.1" 200 9544 "-" "Mozilla/5.0 (compatible; SemrushBot/7~bl; +http://www.semrush.com/bot.html)"
85.208.96.207 - - [06/May/2025:17:08:17 +0200] "GET /teacher_list.php?pageNum_news_index=0&pageNum_news_index=1&pageNum_news_index=1&pageNum_news_index=2&pageNum_news_index=2&pageNum_news_index=6&pageNum_news_index=7&pageNum_news_index=7&pageNum_news_index=7&pageNum_news_index=8 HTTP/1.1" 200 9499 "-" "Mozilla/5.0 (compatible; SemrushBot/7~bl; +http://www.semrush.com/bot.html)"
185.191.171.13 - - [06/May/2025:17:08:25 +0200] "GET /teacher_list.php?pageNum_news_index=2&pageNum_news_index=3&pageNum_news_index=5&pageNum_news_index=6&pageNum_news_index=6&pageNum_news_index=6&pageNum_news_index=6&pageNum_news_index=6&pageNum_news_index=7&pageNum_news_index=9 HTTP/1.1" 200 9469 "-" "Mozilla/5.0 (compatible; SemrushBot/7~bl; +http://www.semrush.com/bot.html)"
185.93.228.6 - - [06/May/2025:17:08:36 +0200] "GET /cp/main-login.php HTTP/1.1" 200 1886 "https://uta.edu.ly/" "Mozilla/5.0 (Windows NT 10.0; Win64; x64) AppleWebKit/537.36 (KHTML, like Gecko) Chrome/135.0.0.0 Safari/537.36"
185.93.229.19 - - [06/May/2025:17:08:50 +0200] "GET /robots.txt HTTP/1.1" 404 3913 "-" "Mozilla/5.0 (compatible; SemrushBot/7~bl; +http://www.semrush.com/bot.html)"
185.93.229.19 - - [06/May/2025:17:09:01 +0200] "GET /teacher_list.php?pageNum_news_index=0&pageNum_news_index=0&pageNum_news_index=1&pageNum_news_index=1&pageNum_news_index=2&pageNum_news_index=3&pageNum_news_index=4&pageNum_news_index=4&pageNum_news_index=7&pageNum_news_index=8&pageNum_news_index=8 HTTP/1.1" 200 9517 "-" "Mozilla/5.0 (compatible; SemrushBot/7~bl; +http://www.semrush.com/bot.html)"
66.248.200.6 - - [06/May/2025:17:09:06 +0200] "GET /journal/index.php/Alqalam/article/download/657/544 HTTP/1.1" 200 260656 "-" "Googlebot/2.1 (+http://www.google.com/bot.html)"
85.208.96.204 - - [06/May/2025:17:09:07 +0200] "GET /teacher_list.php?pageNum_news_index=1&pageNum_news_index=1&pageNum_news_index=2&pageNum_news_index=3&pageNum_news_index=3&pageNum_news_index=3&pageNum_news_index=3&pageNum_news_index=3&pageNum_news_index=7&pageNum_news_index=9 HTTP/1.1" 200 9466 "-" "Mozilla/5.0 (compatible; SemrushBot/7~bl; +http://www.semrush.com/bot.html)"
85.208.96.208 - - [06/May/2025:17:09:10 +0200] "GET /teacher_list.php?pageNum_news_index=0&pageNum_news_index=1&pageNum_news_index=1&pageNum_news_index=5&pageNum_news_index=6&pageNum_news_index=7&pageNum_news_index=7&pageNum_news_index=7&pageNum_news_index=7&pageNum_news_index=8&pageNum_news_index=8 HTTP/1.1" 200 9515 "-" "Mozilla/5.0 (compatible; SemrushBot/7~bl; +http://www.semrush.com/bot.html)"
85.208.96.210 - - [06/May/2025:17:09:12 +0200] "GET /teacher_list.php?pageNum_news_index=1&pageNum_news_index=1&pageNum_news_index=3&pageNum_news_index=5&pageNum_news_index=5&pageNum_news_index=5&pageNum_news_index=6&pageNum_news_index=6&pageNum_news_index=6&pageNum_news_index=7&pageNum_news_index=8 HTTP/1.1" 200 9512 "-" "Mozilla/5.0 (compatible; SemrushBot/7~bl; +http://www.semrush.com/bot.html)"
185.93.230.19 - - [06/May/2025:17:09:18 +0200] "GET / HTTP/1.1" 200 16204 "https://utripoli.edu.ly" "Mozilla/5.0+(compatible; UptimeRobot/2.0; http://www.uptimerobot.com/)"
185.93.228.6 - - [06/May/2025:17:09:21 +0200] "GET /cp/student/login.php HTTP/1.1" 200 1895 "https://uta.edu.ly/cp/main-login.php" "Mozilla/5.0 (Windows NT 10.0; Win64; x64) AppleWebKit/537.36 (KHTML, like Gecko) Chrome/135.0.0.0 Safari/537.36"
185.93.230.19 - - [06/May/2025:17:09:21 +0200] "GET /journal/index.php/Alqalam/citationstylelanguage/get/apa?submissionId=658&publicationId=658 HTTP/1.1" 200 288 "-" "Mozilla/5.0 (Windows NT 10.0; Win64; x64) AppleWebKit/537.36 (KHTML, like Gecko) Chrome/100.0.9995.664 Safari/537.36"
185.93.228.19 - - [06/May/2025:17:09:23 +0200] "GET /getresult.php?id=2010940 HTTP/1.1" 200 1768 "https://utripoli.edu.ly/result.php" "Mozilla/5.0 (iPhone; CPU iPhone OS 18_3_2 like Mac OS X) AppleWebKit/605.1.15 (KHTML, like Gecko) CriOS/136.0.7103.56 Mobile/15E148 Safari/604.1"
185.93.230.6 - - [06/May/2025:17:09:26 +0200] "GET /journal/index.php/Alqalam/citationstylelanguage/get/chicago-author-date?submissionId=154&publicationId=154 HTTP/1.1" 200 246 "https://uta.edu.ly/journal/index.php/Alqalam/article/view/154" "Mozilla/5.0 (Linux; Android 7.0;) AppleWebKit/537.36 (KHTML, like Gecko) Mobile Safari/537.36 (compatible; PetalBot;+https://webmaster.petalsearch.com/site/petalbot)"
185.191.171.18 - - [06/May/2025:17:09:28 +0200] "GET /teacher_list.php?pageNum_news_index=0&pageNum_news_index=0&pageNum_news_index=1&pageNum_news_index=3&pageNum_news_index=4&pageNum_news_index=5&pageNum_news_index=5&pageNum_news_index=5&pageNum_news_index=5&pageNum_news_index=5&pageNum_news_index=6 HTTP/1.1" 200 9533 "-" "Mozilla/5.0 (compatible; SemrushBot/7~bl; +http://www.semrush.com/bot.html)"
185.93.229.19 - - [06/May/2025:17:09:29 +0200] "GET / HTTP/1.1" 200 16207 "-" "Mozilla/5.0 AppleWebKit/537.36 (KHTML, like Gecko); compatible; ChatGPT-User/1.0; +https://openai.com/bot"
185.93.228.6 - - [06/May/2025:17:09:34 +0200] "GET /cp/student/startcourse.php?&pageNum_activite=2&pageNum_activite=1&pageNum_activite=0&pageNum_activite=2&pageNum_activite=3&pageNum_activite=2&pageNum_activite=1&pageNum_activite=0 HTTP/1.1" 302 2352 "https://uta.edu.ly/cp/student/startcourse.php?&pageNum_activite=2&pageNum_activite=1&pageNum_activite=0&pageNum_activite=2&pageNum_activite=3&pageNum_activite=2&pageNum_activite=1" "Mozilla/5.0 (iPhone; CPU iPhone OS 18_4_1 like Mac OS X) AppleWebKit/605.1.15 (KHTML, like Gecko) Version/18.4 Mobile/15E148 Safari/604.1"
185.93.228.6 - - [06/May/2025:17:09:34 +0200] "GET /cp/student/login.php?accesscheck=%2Fcp%2Fstudent%2Fstartcourse.php%3F%26pageNum_activite%3D2%26pageNum_activite%3D1%26pageNum_activite%3D0%26pageNum_activite%3D2%26pageNum_activite%3D3%26pageNum_activite%3D2%26pageNum_activite%3D1%26pageNum_activite%3D0 HTTP/1.1" 200 1895 "https://uta.edu.ly/cp/student/startcourse.php?&pageNum_activite=2&pageNum_activite=1&pageNum_activite=0&pageNum_activite=2&pageNum_activite=3&pageNum_activite=2&pageNum_activite=1" "Mozilla/5.0 (iPhone; CPU iPhone OS 18_4_1 like Mac OS X) AppleWebKit/605.1.15 (KHTML, like Gecko) Version/18.4 Mobile/15E148 Safari/604.1"
185.93.228.6 - - [06/May/2025:17:09:34 +0200] "GET /cp/student/assets/vendor/css/theme-default.css HTTP/1.1" 304 - "https://uta.edu.ly/cp/student/login.php?accesscheck=%2Fcp%2Fstudent%2Fstartcourse.php%3F%26pageNum_activite%3D2%26pageNum_activite%3D1%26pageNum_activite%3D0%26pageNum_activite%3D2%26pageNum_activite%3D3%26pageNum_activite%3D2%26pageNum_activite%3D1%26pageNum_activite%3D0" "Mozilla/5.0 (iPhone; CPU iPhone OS 18_4_1 like Mac OS X) AppleWebKit/605.1.15 (KHTML, like Gecko) Version/18.4 Mobile/15E148 Safari/604.1"
185.93.228.6 - - [06/May/2025:17:09:34 +0200] "GET /cp/student/assets/vendor/fonts/boxicons.css HTTP/1.1" 304 - "https://uta.edu.ly/cp/student/login.php?accesscheck=%2Fcp%2Fstudent%2Fstartcourse.php%3F%26pageNum_activite%3D2%26pageNum_activite%3D1%26pageNum_activite%3D0%26pageNum_activite%3D2%26pageNum_activite%3D3%26pageNum_activite%3D2%26pageNum_activite%3D1%26pageNum_activite%3D0" "Mozilla/5.0 (iPhone; CPU iPhone OS 18_4_1 like Mac OS X) AppleWebKit/605.1.15 (KHTML, like Gecko) Version/18.4 Mobile/15E148 Safari/604.1"
185.93.228.6 - - [06/May/2025:17:09:34 +0200] "GET /cp/student/assets/vendor/libs/jquery/jquery.js HTTP/1.1" 304 - "https://uta.edu.ly/cp/student/login.php?accesscheck=%2Fcp%2Fstudent%2Fstartcourse.php%3F%26pageNum_activite%3D2%26pageNum_activite%3D1%26pageNum_activite%3D0%26pageNum_activite%3D2%26pageNum_activite%3D3%26pageNum_activite%3D2%26pageNum_activite%3D1%26pageNum_activite%3D0" "Mozilla/5.0 (iPhone; CPU iPhone OS 18_4_1 like Mac OS X) AppleWebKit/605.1.15 (KHTML, like Gecko) Version/18.4 Mobile/15E148 Safari/604.1"
185.93.228.6 - - [06/May/2025:17:09:34 +0200] "GET /cp/student/assets/vendor/js/menu.js HTTP/1.1" 304 - "https://uta.edu.ly/cp/student/login.php?accesscheck=%2Fcp%2Fstudent%2Fstartcourse.php%3F%26pageNum_activite%3D2%26pageNum_activite%3D1%26pageNum_activite%3D0%26pageNum_activite%3D2%26pageNum_activite%3D3%26pageNum_activite%3D2%26pageNum_activite%3D1%26pageNum_activite%3D0" "Mozilla/5.0 (iPhone; CPU iPhone OS 18_4_1 like Mac OS X) AppleWebKit/605.1.15 (KHTML, like Gecko) Version/18.4 Mobile/15E148 Safari/604.1"
185.93.228.6 - - [06/May/2025:17:09:34 +0200] "GET /cp/student/assets/js/main.js HTTP/1.1" 304 - "https://uta.edu.ly/cp/student/login.php?accesscheck=%2Fcp%2Fstudent%2Fstartcourse.php%3F%26pageNum_activite%3D2%26pageNum_activite%3D1%26pageNum_activite%3D0%26pageNum_activite%3D2%26pageNum_activite%3D3%26pageNum_activite%3D2%26pageNum_activite%3D1%26pageNum_activite%3D0" "Mozilla/5.0 (iPhone; CPU iPhone OS 18_4_1 like Mac OS X) AppleWebKit/605.1.15 (KHTML, like Gecko) Version/18.4 Mobile/15E148 Safari/604.1"
185.93.228.6 - - [06/May/2025:17:09:34 +0200] "GET /cp/student/assets/vendor/libs/perfect-scrollbar/perfect-scrollbar.js HTTP/1.1" 304 - "https://uta.edu.ly/cp/student/login.php?accesscheck=%2Fcp%2Fstudent%2Fstartcourse.php%3F%26pageNum_activite%3D2%26pageNum_activite%3D1%26pageNum_activite%3D0%26pageNum_activite%3D2%26pageNum_activite%3D3%26pageNum_activite%3D2%26pageNum_activite%3D1%26pageNum_activite%3D0" "Mozilla/5.0 (iPhone; CPU iPhone OS 18_4_1 like Mac OS X) AppleWebKit/605.1.15 (KHTML, like Gecko) Version/18.4 Mobile/15E148 Safari/604.1"
185.93.228.6 - - [06/May/2025:17:09:34 +0200] "GET /cp/student/assets/vendor/js/bootstrap.js HTTP/1.1" 304 - "https://uta.edu.ly/cp/student/login.php?accesscheck=%2Fcp%2Fstudent%2Fstartcourse.php%3F%26pageNum_activite%3D2%26pageNum_activite%3D1%26pageNum_activite%3D0%26pageNum_activite%3D2%26pageNum_activite%3D3%26pageNum_activite%3D2%26pageNum_activite%3D1%26pageNum_activite%3D0" "Mozilla/5.0 (iPhone; CPU iPhone OS 18_4_1 like Mac OS X) AppleWebKit/605.1.15 (KHTML, like Gecko) Version/18.4 Mobile/15E148 Safari/604.1"
185.93.228.6 - - [06/May/2025:17:09:34 +0200] "GET /cp/student/assets/vendor/css/pages/page-auth.css HTTP/1.1" 304 - "https://uta.edu.ly/cp/student/login.php?accesscheck=%2Fcp%2Fstudent%2Fstartcourse.php%3F%26pageNum_activite%3D2%26pageNum_activite%3D1%26pageNum_activite%3D0%26pageNum_activite%3D2%26pageNum_activite%3D3%26pageNum_activite%3D2%26pageNum_activite%3D1%26pageNum_activite%3D0" "Mozilla/5.0 (iPhone; CPU iPhone OS 18_4_1 like Mac OS X) AppleWebKit/605.1.15 (KHTML, like Gecko) Version/18.4 Mobile/15E148 Safari/604.1"
185.93.228.6 - - [06/May/2025:17:09:34 +0200] "GET /cp/student/assets/vendor/libs/perfect-scrollbar/perfect-scrollbar.css HTTP/1.1" 304 - "https://uta.edu.ly/cp/student/login.php?accesscheck=%2Fcp%2Fstudent%2Fstartcourse.php%3F%26pageNum_activite%3D2%26pageNum_activite%3D1%26pageNum_activite%3D0%26pageNum_activite%3D2%26pageNum_activite%3D3%26pageNum_activite%3D2%26pageNum_activite%3D1%26pageNum_activite%3D0" "Mozilla/5.0 (iPhone; CPU iPhone OS 18_4_1 like Mac OS X) AppleWebKit/605.1.15 (KHTML, like Gecko) Version/18.4 Mobile/15E148 Safari/604.1"
185.93.228.6 - - [06/May/2025:17:09:34 +0200] "GET /cp/student/assets/vendor/js/helpers.js HTTP/1.1" 304 - "https://uta.edu.ly/cp/student/login.php?accesscheck=%2Fcp%2Fstudent%2Fstartcourse.php%3F%26pageNum_activite%3D2%26pageNum_activite%3D1%26pageNum_activite%3D0%26pageNum_activite%3D2%26pageNum_activite%3D3%26pageNum_activite%3D2%26pageNum_activite%3D1%26pageNum_activite%3D0" "Mozilla/5.0 (iPhone; CPU iPhone OS 18_4_1 like Mac OS X) AppleWebKit/605.1.15 (KHTML, like Gecko) Version/18.4 Mobile/15E148 Safari/604.1"
185.93.228.6 - - [06/May/2025:17:09:35 +0200] "GET /cp/student/assets/vendor/fonts/boxicons/boxicons.woff2 HTTP/1.1" 304 - "https://uta.edu.ly/cp/student/login.php?accesscheck=%2Fcp%2Fstudent%2Fstartcourse.php%3F%26pageNum_activite%3D2%26pageNum_activite%3D1%26pageNum_activite%3D0%26pageNum_activite%3D2%26pageNum_activite%3D3%26pageNum_activite%3D2%26pageNum_activite%3D1%26pageNum_activite%3D0" "Mozilla/5.0 (iPhone; CPU iPhone OS 18_4_1 like Mac OS X) AppleWebKit/605.1.15 (KHTML, like Gecko) Version/18.4 Mobile/15E148 Safari/604.1"
185.191.171.19 - - [06/May/2025:17:09:45 +0200] "GET /teacher_list.php?pageNum_news_index=0&pageNum_news_index=1&pageNum_news_index=3&pageNum_news_index=6&pageNum_news_index=6&pageNum_news_index=8&pageNum_news_index=8 HTTP/1.1" 200 9438 "-" "Mozilla/5.0 (compatible; SemrushBot/7~bl; +http://www.semrush.com/bot.html)"
185.93.228.6 - - [06/May/2025:17:09:53 +0200] "GET /about.php HTTP/1.1" 200 13794 "https://uta.edu.ly/" "Mozilla/5.0 (Linux; Android 10; K) AppleWebKit/537.36 (KHTML, like Gecko) Chrome/135.0.0.0 Mobile Safari/537.36"
185.93.228.6 - - [06/May/2025:17:09:53 +0200] "GET /img/besm.jpg HTTP/1.1" 200 9838 "https://uta.edu.ly/about.php" "Mozilla/5.0 (Linux; Android 10; K) AppleWebKit/537.36 (KHTML, like Gecko) Chrome/135.0.0.0 Mobile Safari/537.36"
185.93.228.6 - - [06/May/2025:17:09:53 +0200] "GET /img/boss.jpg HTTP/1.1" 200 139998 "https://uta.edu.ly/about.php" "Mozilla/5.0 (Linux; Android 10; K) AppleWebKit/537.36 (KHTML, like Gecko) Chrome/135.0.0.0 Mobile Safari/537.36"
185.93.229.19 - - [06/May/2025:17:10:07 +0200] "GET /teacher_list.php?pageNum_news_index=2&pageNum_news_index=3&pageNum_news_index=3&pageNum_news_index=3&pageNum_news_index=3&pageNum_news_index=4&pageNum_news_index=6&pageNum_news_index=6&pageNum_news_index=6&pageNum_news_index=6&pageNum_news_index=7&pageNum_news_index=8 HTTP/1.1" 200 9521 "-" "Mozilla/5.0 (compatible; SemrushBot/7~bl; +http://www.semrush.com/bot.html)"
185.93.229.19 - - [06/May/2025:17:10:11 +0200] "GET /teacher_list.php?pageNum_news_index=0&pageNum_news_index=0&pageNum_news_index=1&pageNum_news_index=1&pageNum_news_index=1&pageNum_news_index=2&pageNum_news_index=3&pageNum_news_index=3&pageNum_news_index=4 HTTP/1.1" 200 9450 "-" "Mozilla/5.0 (compatible; SemrushBot/7~bl; +http://www.semrush.com/bot.html)"
85.208.96.210 - - [06/May/2025:17:10:12 +0200] "GET /robots.txt HTTP/1.1" 404 3913 "-" "Mozilla/5.0 (compatible; SemrushBot/7~bl; +http://www.semrush.com/bot.html)"
