185.93.230.19 - - [06/May/2025:18:57:39 +0200] "GET /departmen.php?id=16 HTTP/1.1" 200 13102 "-" "Mozilla/5.0 AppleWebKit/537.36 (KHTML, like Gecko); compatible; ChatGPT-User/1.0; +https://openai.com/bot"
185.93.230.6 - - [06/May/2025:18:57:40 +0200] "GET /departmen.php?id=20 HTTP/1.1" 200 12301 "-" "Mozilla/5.0 AppleWebKit/537.36 (KHTML, like Gecko); compatible; ChatGPT-User/1.0; +https://openai.com/bot"
185.191.171.17 - - [06/May/2025:18:57:42 +0200] "GET /teacher_list.php?pageNum_news_index=1&pageNum_news_index=2&pageNum_news_index=3&pageNum_news_index=3&pageNum_news_index=3&pageNum_news_index=5&pageNum_news_index=6&pageNum_news_index=7&pageNum_news_index=7&pageNum_news_index=7&pageNum_news_index=7 HTTP/1.1" 200 9490 "-" "Mozilla/5.0 (compatible; SemrushBot/7~bl; +http://www.semrush.com/bot.html)"
85.208.96.206 - - [06/May/2025:18:57:44 +0200] "GET /teacher_list.php?pageNum_news_index=3&pageNum_news_index=3&pageNum_news_index=4&pageNum_news_index=4&pageNum_news_index=4&pageNum_news_index=6&pageNum_news_index=6&pageNum_news_index=6&pageNum_news_index=8 HTTP/1.1" 200 9477 "-" "Mozilla/5.0 (compatible; SemrushBot/7~bl; +http://www.semrush.com/bot.html)"
66.248.200.6 - - [06/May/2025:18:57:42 +0200] "GET /journal/index.php/Alqalam/article/view/861?articlesBySimilarityPage=56 HTTP/1.1" 200 8110 "-" "Mozilla/5.0 AppleWebKit/537.36 (KHTML, like Gecko; compatible; ClaudeBot/1.0; +claudebot@anthropic.com)"
185.93.229.6 - - [06/May/2025:18:57:56 +0200] "GET /journal/index.php/Alqalam/article/view/174?articlesBySimilarityPage=25 HTTP/1.1" 200 7122 "-" "Mozilla/5.0 AppleWebKit/537.36 (KHTML, like Gecko); compatible; ChatGPT-User/1.0; +https://openai.com/bot"
185.93.229.6 - - [06/May/2025:18:57:58 +0200] "GET / HTTP/1.1" 200 16204 "-" "Mozilla/5.0 AppleWebKit/537.36 (KHTML, like Gecko); compatible; ChatGPT-User/1.0; +https://openai.com/bot"
185.93.230.6 - - [06/May/2025:18:58:01 +0200] "GET /single-news.php?id=89 HTTP/1.1" 200 8191 "https://uta.edu.ly/news_last.php?pageNum_news_index=27" "Mozilla/5.0 (Linux; Android 7.0;) AppleWebKit/537.36 (KHTML, like Gecko) Mobile Safari/537.36 (compatible; PetalBot;+https://webmaster.petalsearch.com/site/petalbot)"
66.248.203.19 - - [06/May/2025:18:58:06 +0200] "GET /wp-content/uploads/2019/12/UTripolilogo3.png HTTP/1.1" 404 3913 "-" "facebookexternalhit/1.1 (+http://www.facebook.com/externalhit_uatext.php)"
85.208.96.194 - - [06/May/2025:18:58:30 +0200] "GET /teacher_list.php?pageNum_news_index=0&pageNum_news_index=1&pageNum_news_index=2&pageNum_news_index=2&pageNum_news_index=4&pageNum_news_index=5&pageNum_news_index=5&pageNum_news_index=9 HTTP/1.1" 200 9434 "-" "Mozilla/5.0 (compatible; SemrushBot/7~bl; +http://www.semrush.com/bot.html)"
66.248.202.12 - - [06/May/2025:18:58:43 +0200] "GET /index.php/departmen.php?id=20 HTTP/1.1" 200 16203 "https://www.google.ae/" "Mozilla/5.0 (Windows NT 10.0; Win64; x64) AppleWebKit/537.36 (KHTML, like Gecko) Chrome/136.0.0.0 Safari/537.36 Edg/136.0.0.0"
66.248.202.12 - - [06/May/2025:18:58:46 +0200] "GET /index.php/lib/lightbox//css/lightbox.min.css HTTP/1.1" 200 16202 "https://utripoli.edu.ly/index.php/departmen.php?id=20" "Mozilla/5.0 (Windows NT 10.0; Win64; x64) AppleWebKit/537.36 (KHTML, like Gecko) Chrome/136.0.0.0 Safari/537.36 Edg/136.0.0.0"
66.248.202.12 - - [06/May/2025:18:58:46 +0200] "GET /index.php/lib/animate/animate.min.css HTTP/1.1" 200 16203 "https://utripoli.edu.ly/index.php/departmen.php?id=20" "Mozilla/5.0 (Windows NT 10.0; Win64; x64) AppleWebKit/537.36 (KHTML, like Gecko) Chrome/136.0.0.0 Safari/537.36 Edg/136.0.0.0"
185.93.228.6 - - [06/May/2025:18:58:46 +0200] "GET / HTTP/1.1" 200 16204 "https://www.google.com/" "Mozilla/5.0 (Linux; Android 10; K) AppleWebKit/537.36 (KHTML, like Gecko) Chrome/136.0.0.0 Mobile Safari/537.36"
66.248.202.12 - - [06/May/2025:18:58:46 +0200] "GET /index.php/lib/owlcarousel/assets/owl.carousel.min.css HTTP/1.1" 200 16204 "https://utripoli.edu.ly/index.php/departmen.php?id=20" "Mozilla/5.0 (Windows NT 10.0; Win64; x64) AppleWebKit/537.36 (KHTML, like Gecko) Chrome/136.0.0.0 Safari/537.36 Edg/136.0.0.0"
66.248.202.12 - - [06/May/2025:18:58:47 +0200] "GET /index.php/css/bootstrap.min.css HTTP/1.1" 200 16204 "https://utripoli.edu.ly/index.php/departmen.php?id=20" "Mozilla/5.0 (Windows NT 10.0; Win64; x64) AppleWebKit/537.36 (KHTML, like Gecko) Chrome/136.0.0.0 Safari/537.36 Edg/136.0.0.0"
66.248.202.12 - - [06/May/2025:18:58:47 +0200] "GET /index.php/css/style.css HTTP/1.1" 200 16204 "https://utripoli.edu.ly/index.php/departmen.php?id=20" "Mozilla/5.0 (Windows NT 10.0; Win64; x64) AppleWebKit/537.36 (KHTML, like Gecko) Chrome/136.0.0.0 Safari/537.36 Edg/136.0.0.0"
66.248.202.12 - - [06/May/2025:18:58:48 +0200] "GET /index.php/assets/fonts/fontawesome-all.min.css HTTP/1.1" 200 16206 "https://utripoli.edu.ly/index.php/departmen.php?id=20" "Mozilla/5.0 (Windows NT 10.0; Win64; x64) AppleWebKit/537.36 (KHTML, like Gecko) Chrome/136.0.0.0 Safari/537.36 Edg/136.0.0.0"
66.248.202.12 - - [06/May/2025:18:58:48 +0200] "GET /index.php/assets/css/Article-Clean.css HTTP/1.1" 200 16204 "https://utripoli.edu.ly/index.php/departmen.php?id=20" "Mozilla/5.0 (Windows NT 10.0; Win64; x64) AppleWebKit/537.36 (KHTML, like Gecko) Chrome/136.0.0.0 Safari/537.36 Edg/136.0.0.0"
66.248.202.12 - - [06/May/2025:18:58:48 +0200] "GET /index.php/assets/css/Brands.css HTTP/1.1" 200 16206 "https://utripoli.edu.ly/index.php/departmen.php?id=20" "Mozilla/5.0 (Windows NT 10.0; Win64; x64) AppleWebKit/537.36 (KHTML, like Gecko) Chrome/136.0.0.0 Safari/537.36 Edg/136.0.0.0"
66.248.202.12 - - [06/May/2025:18:58:49 +0200] "GET /index.php/assets/css/Features-Blue.css HTTP/1.1" 200 16206 "https://utripoli.edu.ly/index.php/departmen.php?id=20" "Mozilla/5.0 (Windows NT 10.0; Win64; x64) AppleWebKit/537.36 (KHTML, like Gecko) Chrome/136.0.0.0 Safari/537.36 Edg/136.0.0.0"
66.248.202.12 - - [06/May/2025:18:58:49 +0200] "GET /index.php/assets/css/Contact-Form-Clean.css HTTP/1.1" 200 16202 "https://utripoli.edu.ly/index.php/departmen.php?id=20" "Mozilla/5.0 (Windows NT 10.0; Win64; x64) AppleWebKit/537.36 (KHTML, like Gecko) Chrome/136.0.0.0 Safari/537.36 Edg/136.0.0.0"
66.248.202.12 - - [06/May/2025:18:58:49 +0200] "GET /index.php/assets/css/Projects-Horizontal.css HTTP/1.1" 200 16203 "https://utripoli.edu.ly/index.php/departmen.php?id=20" "Mozilla/5.0 (Windows NT 10.0; Win64; x64) AppleWebKit/537.36 (KHTML, like Gecko) Chrome/136.0.0.0 Safari/537.36 Edg/136.0.0.0"
66.248.202.12 - - [06/May/2025:18:58:50 +0200] "GET /index.php/assets/css/Simple-Slider.css HTTP/1.1" 200 16204 "https://utripoli.edu.ly/index.php/departmen.php?id=20" "Mozilla/5.0 (Windows NT 10.0; Win64; x64) AppleWebKit/537.36 (KHTML, like Gecko) Chrome/136.0.0.0 Safari/537.36 Edg/136.0.0.0"
66.248.202.12 - - [06/May/2025:18:58:50 +0200] "GET /index.php/img/logo_r.png HTTP/1.1" 200 16204 "https://utripoli.edu.ly/index.php/departmen.php?id=20" "Mozilla/5.0 (Windows NT 10.0; Win64; x64) AppleWebKit/537.36 (KHTML, like Gecko) Chrome/136.0.0.0 Safari/537.36 Edg/136.0.0.0"
66.248.202.12 - - [06/May/2025:18:58:50 +0200] "GET /index.php/img/slide-1.jpg HTTP/1.1" 200 16204 "https://utripoli.edu.ly/index.php/departmen.php?id=20" "Mozilla/5.0 (Windows NT 10.0; Win64; x64) AppleWebKit/537.36 (KHTML, like Gecko) Chrome/136.0.0.0 Safari/537.36 Edg/136.0.0.0"
66.248.202.12 - - [06/May/2025:18:58:50 +0200] "GET /index.php/img/slide-2.jpg HTTP/1.1" 200 16204 "https://utripoli.edu.ly/index.php/departmen.php?id=20" "Mozilla/5.0 (Windows NT 10.0; Win64; x64) AppleWebKit/537.36 (KHTML, like Gecko) Chrome/136.0.0.0 Safari/537.36 Edg/136.0.0.0"
66.248.202.12 - - [06/May/2025:18:58:50 +0200] "GET /index.php/img/about.jpg HTTP/1.1" 200 16204 "https://utripoli.edu.ly/index.php/departmen.php?id=20" "Mozilla/5.0 (Windows NT 10.0; Win64; x64) AppleWebKit/537.36 (KHTML, like Gecko) Chrome/136.0.0.0 Safari/537.36 Edg/136.0.0.0"
66.248.202.12 - - [06/May/2025:18:58:50 +0200] "GET /index.php/lib/wow/wow.min.js HTTP/1.1" 200 16204 "https://utripoli.edu.ly/index.php/departmen.php?id=20" "Mozilla/5.0 (Windows NT 10.0; Win64; x64) AppleWebKit/537.36 (KHTML, like Gecko) Chrome/136.0.0.0 Safari/537.36 Edg/136.0.0.0"
66.248.202.12 - - [06/May/2025:18:58:50 +0200] "GET /index.php/lib/easing/easing.min.js HTTP/1.1" 200 16207 "https://utripoli.edu.ly/index.php/departmen.php?id=20" "Mozilla/5.0 (Windows NT 10.0; Win64; x64) AppleWebKit/537.36 (KHTML, like Gecko) Chrome/136.0.0.0 Safari/537.36 Edg/136.0.0.0"
66.248.202.12 - - [06/May/2025:18:58:51 +0200] "GET /index.php/lib/counterup/counterup.min.js HTTP/1.1" 200 16203 "https://utripoli.edu.ly/index.php/departmen.php?id=20" "Mozilla/5.0 (Windows NT 10.0; Win64; x64) AppleWebKit/537.36 (KHTML, like Gecko) Chrome/136.0.0.0 Safari/537.36 Edg/136.0.0.0"
66.248.202.12 - - [06/May/2025:18:58:51 +0200] "GET /index.php/lib/waypoints/waypoints.min.js HTTP/1.1" 200 16203 "https://utripoli.edu.ly/index.php/departmen.php?id=20" "Mozilla/5.0 (Windows NT 10.0; Win64; x64) AppleWebKit/537.36 (KHTML, like Gecko) Chrome/136.0.0.0 Safari/537.36 Edg/136.0.0.0"
66.248.202.12 - - [06/May/2025:18:58:51 +0200] "GET /index.php/lib/owlcarousel/owl.carousel.min.js HTTP/1.1" 200 16203 "https://utripoli.edu.ly/index.php/departmen.php?id=20" "Mozilla/5.0 (Windows NT 10.0; Win64; x64) AppleWebKit/537.36 (KHTML, like Gecko) Chrome/136.0.0.0 Safari/537.36 Edg/136.0.0.0"
66.248.202.12 - - [06/May/2025:18:58:51 +0200] "GET /index.php/lib/lightbox/js/lightbox.min.js HTTP/1.1" 200 16203 "https://utripoli.edu.ly/index.php/departmen.php?id=20" "Mozilla/5.0 (Windows NT 10.0; Win64; x64) AppleWebKit/537.36 (KHTML, like Gecko) Chrome/136.0.0.0 Safari/537.36 Edg/136.0.0.0"
66.248.202.12 - - [06/May/2025:18:58:51 +0200] "GET /index.php/assets/bootstrap/js/bootstrap.min.js HTTP/1.1" 200 16204 "https://utripoli.edu.ly/index.php/departmen.php?id=20" "Mozilla/5.0 (Windows NT 10.0; Win64; x64) AppleWebKit/537.36 (KHTML, like Gecko) Chrome/136.0.0.0 Safari/537.36 Edg/136.0.0.0"
66.248.202.12 - - [06/May/2025:18:58:51 +0200] "GET /index.php/assets/js/bs-init.js HTTP/1.1" 200 16204 "https://utripoli.edu.ly/index.php/departmen.php?id=20" "Mozilla/5.0 (Windows NT 10.0; Win64; x64) AppleWebKit/537.36 (KHTML, like Gecko) Chrome/136.0.0.0 Safari/537.36 Edg/136.0.0.0"
66.248.202.12 - - [06/May/2025:18:58:52 +0200] "GET /index.php/assets/js/Simple-Slider.js HTTP/1.1" 200 16204 "https://utripoli.edu.ly/index.php/departmen.php?id=20" "Mozilla/5.0 (Windows NT 10.0; Win64; x64) AppleWebKit/537.36 (KHTML, like Gecko) Chrome/136.0.0.0 Safari/537.36 Edg/136.0.0.0"
66.248.202.12 - - [06/May/2025:18:58:52 +0200] "GET /index.php/js/main.js HTTP/1.1" 200 16204 "https://utripoli.edu.ly/index.php/departmen.php?id=20" "Mozilla/5.0 (Windows NT 10.0; Win64; x64) AppleWebKit/537.36 (KHTML, like Gecko) Chrome/136.0.0.0 Safari/537.36 Edg/136.0.0.0"
66.248.202.12 - - [06/May/2025:18:58:52 +0200] "GET /index.php/img/icons/student.png HTTP/1.1" 200 16203 "https://utripoli.edu.ly/index.php/departmen.php?id=20" "Mozilla/5.0 (Windows NT 10.0; Win64; x64) AppleWebKit/537.36 (KHTML, like Gecko) Chrome/136.0.0.0 Safari/537.36 Edg/136.0.0.0"
66.248.202.12 - - [06/May/2025:18:58:52 +0200] "GET /index.php/img/icons/classroom.png HTTP/1.1" 200 16207 "https://utripoli.edu.ly/index.php/departmen.php?id=20" "Mozilla/5.0 (Windows NT 10.0; Win64; x64) AppleWebKit/537.36 (KHTML, like Gecko) Chrome/136.0.0.0 Safari/537.36 Edg/136.0.0.0"
66.248.202.12 - - [06/May/2025:18:58:52 +0200] "GET /index.php/img/icons/graduate.png HTTP/1.1" 200 16203 "https://utripoli.edu.ly/index.php/departmen.php?id=20" "Mozilla/5.0 (Windows NT 10.0; Win64; x64) AppleWebKit/537.36 (KHTML, like Gecko) Chrome/136.0.0.0 Safari/537.36 Edg/136.0.0.0"
66.248.202.12 - - [06/May/2025:18:58:52 +0200] "GET /index.php/img/icons/employee.png HTTP/1.1" 200 16203 "https://utripoli.edu.ly/index.php/departmen.php?id=20" "Mozilla/5.0 (Windows NT 10.0; Win64; x64) AppleWebKit/537.36 (KHTML, like Gecko) Chrome/136.0.0.0 Safari/537.36 Edg/136.0.0.0"
66.248.202.12 - - [06/May/2025:18:58:52 +0200] "GET /index.php/cp/uploads/news/495161245_1094928226014802_2446482707916467827_n.jpg HTTP/1.1" 200 16203 "https://utripoli.edu.ly/index.php/departmen.php?id=20" "Mozilla/5.0 (Windows NT 10.0; Win64; x64) AppleWebKit/537.36 (KHTML, like Gecko) Chrome/136.0.0.0 Safari/537.36 Edg/136.0.0.0"
66.248.202.12 - - [06/May/2025:18:58:53 +0200] "GET /index.php/cp/uploads/news/494648227_1094935569347401_3122463604882329_n.jpg HTTP/1.1" 200 16204 "https://utripoli.edu.ly/index.php/departmen.php?id=20" "Mozilla/5.0 (Windows NT 10.0; Win64; x64) AppleWebKit/537.36 (KHTML, like Gecko) Chrome/136.0.0.0 Safari/537.36 Edg/136.0.0.0"
66.248.202.12 - - [06/May/2025:18:58:53 +0200] "GET /index.php/cp/uploads/news/494181703_1093456566161968_5056605548044216759_n.jpg HTTP/1.1" 200 16204 "https://utripoli.edu.ly/index.php/departmen.php?id=20" "Mozilla/5.0 (Windows NT 10.0; Win64; x64) AppleWebKit/537.36 (KHTML, like Gecko) Chrome/136.0.0.0 Safari/537.36 Edg/136.0.0.0"
66.248.202.12 - - [06/May/2025:18:58:53 +0200] "GET /index.php/cp/uploads/activities/476457247_1301209910964579_6056489596862577291_n.jpg HTTP/1.1" 200 16204 "https://utripoli.edu.ly/index.php/departmen.php?id=20" "Mozilla/5.0 (Windows NT 10.0; Win64; x64) AppleWebKit/537.36 (KHTML, like Gecko) Chrome/136.0.0.0 Safari/537.36 Edg/136.0.0.0"
66.248.202.12 - - [06/May/2025:18:58:53 +0200] "GET /index.php/cp/uploads/activities/481194164_1044460221061603_1037927010955694530_n.jpg HTTP/1.1" 200 16203 "https://utripoli.edu.ly/index.php/departmen.php?id=20" "Mozilla/5.0 (Windows NT 10.0; Win64; x64) AppleWebKit/537.36 (KHTML, like Gecko) Chrome/136.0.0.0 Safari/537.36 Edg/136.0.0.0"
66.248.202.12 - - [06/May/2025:18:58:53 +0200] "GET /index.php/cp/uploads/activities/481214850_1040842181423407_6231038517308051259_n.jpg HTTP/1.1" 200 16204 "https://utripoli.edu.ly/index.php/departmen.php?id=20" "Mozilla/5.0 (Windows NT 10.0; Win64; x64) AppleWebKit/537.36 (KHTML, like Gecko) Chrome/136.0.0.0 Safari/537.36 Edg/136.0.0.0"
66.248.202.12 - - [06/May/2025:18:58:53 +0200] "GET /index.php/img/icons/online-library.png HTTP/1.1" 200 16204 "https://utripoli.edu.ly/index.php/departmen.php?id=20" "Mozilla/5.0 (Windows NT 10.0; Win64; x64) AppleWebKit/537.36 (KHTML, like Gecko) Chrome/136.0.0.0 Safari/537.36 Edg/136.0.0.0"
66.248.202.12 - - [06/May/2025:18:58:53 +0200] "GET /index.php/img/icons/agreement.png HTTP/1.1" 200 16206 "https://utripoli.edu.ly/index.php/departmen.php?id=20" "Mozilla/5.0 (Windows NT 10.0; Win64; x64) AppleWebKit/537.36 (KHTML, like Gecko) Chrome/136.0.0.0 Safari/537.36 Edg/136.0.0.0"
66.248.202.12 - - [06/May/2025:18:58:53 +0200] "GET /index.php/img/icons/structure.png HTTP/1.1" 200 16203 "https://utripoli.edu.ly/index.php/departmen.php?id=20" "Mozilla/5.0 (Windows NT 10.0; Win64; x64) AppleWebKit/537.36 (KHTML, like Gecko) Chrome/136.0.0.0 Safari/537.36 Edg/136.0.0.0"
66.248.202.12 - - [06/May/2025:18:58:54 +0200] "GET /index.php/img/icons/list.png HTTP/1.1" 200 16203 "https://utripoli.edu.ly/index.php/departmen.php?id=20" "Mozilla/5.0 (Windows NT 10.0; Win64; x64) AppleWebKit/537.36 (KHTML, like Gecko) Chrome/136.0.0.0 Safari/537.36 Edg/136.0.0.0"
66.248.202.12 - - [06/May/2025:18:58:54 +0200] "GET /index.php/img/logo_s.png HTTP/1.1" 200 16203 "https://utripoli.edu.ly/index.php/departmen.php?id=20" "Mozilla/5.0 (Windows NT 10.0; Win64; x64) AppleWebKit/537.36 (KHTML, like Gecko) Chrome/136.0.0.0 Safari/537.36 Edg/136.0.0.0"
66.248.202.12 - - [06/May/2025:18:58:55 +0200] "GET /index.php/img/logo.png HTTP/1.1" 200 16203 "https://utripoli.edu.ly/index.php/departmen.php?id=20" "Mozilla/5.0 (Windows NT 10.0; Win64; x64) AppleWebKit/537.36 (KHTML, like Gecko) Chrome/136.0.0.0 Safari/537.36 Edg/136.0.0.0"
185.191.171.7 - - [06/May/2025:18:58:59 +0200] "GET /teacher_list.php?pageNum_news_index=1&pageNum_news_index=1&pageNum_news_index=2&pageNum_news_index=2&pageNum_news_index=2&pageNum_news_index=2&pageNum_news_index=2&pageNum_news_index=2&pageNum_news_index=2&pageNum_news_index=6&pageNum_news_index=9 HTTP/1.1" 200 9481 "-" "Mozilla/5.0 (compatible; SemrushBot/7~bl; +http://www.semrush.com/bot.html)"
185.191.171.16 - - [06/May/2025:18:59:01 +0200] "GET /teacher_list.php?pageNum_news_index=0&pageNum_news_index=1&pageNum_news_index=1&pageNum_news_index=1&pageNum_news_index=1&pageNum_news_index=1&pageNum_news_index=1&pageNum_news_index=6&pageNum_news_index=7&pageNum_news_index=7&pageNum_news_index=8&pageNum_news_index=9 HTTP/1.1" 200 9492 "-" "Mozilla/5.0 (compatible; SemrushBot/7~bl; +http://www.semrush.com/bot.html)"
185.93.228.6 - - [06/May/2025:18:59:02 +0200] "GET /cp/main-login.php HTTP/1.1" 200 1886 "https://uta.edu.ly/" "Mozilla/5.0 (Linux; Android 10; K) AppleWebKit/537.36 (KHTML, like Gecko) Chrome/136.0.0.0 Mobile Safari/537.36"
185.93.230.19 - - [06/May/2025:18:59:04 +0200] "GET /cp/uploads/libary/Fox-Sym/FoxRoot/r00t/sbin/pvdisplay HTTP/1.1" 404 3913 "https://www.utripoli.edu.ly/cp/uploads/libary/Fox-Sym/FoxRoot/r00t/sbin/" "Mozilla/5.0 (Linux; Android 7.0;) AppleWebKit/537.36 (KHTML, like Gecko) Mobile Safari/537.36 (compatible; PetalBot;+https://webmaster.petalsearch.com/site/petalbot)"
47.128.17.159 - - [06/May/2025:18:59:05 +0200] "GET /robots.txt HTTP/1.1" 404 3913 "-" "Mozilla/5.0 (Linux; Android 5.0) AppleWebKit/537.36 (KHTML, like Gecko) Mobile Safari/537.36 (compatible; Bytespider; spider-feedback@bytedance.com)"
185.93.228.6 - - [06/May/2025:18:59:05 +0200] "GET /cp/assets/img/%D9%85%D9%88%D8%B8%D9%811.jpg HTTP/1.1" 304 - "https://uta.edu.ly/cp/main-login.php" "Mozilla/5.0 (Linux; Android 10; K) AppleWebKit/537.36 (KHTML, like Gecko) Chrome/136.0.0.0 Mobile Safari/537.36"
185.191.171.16 - - [06/May/2025:18:59:05 +0200] "GET /teacher_list.php?pageNum_news_index=0&pageNum_news_index=1&pageNum_news_index=2&pageNum_news_index=4&pageNum_news_index=4&pageNum_news_index=4&pageNum_news_index=6&pageNum_news_index=7&pageNum_news_index=8&pageNum_news_index=8 HTTP/1.1" 200 9502 "-" "Mozilla/5.0 (compatible; SemrushBot/7~bl; +http://www.semrush.com/bot.html)"
185.93.228.6 - - [06/May/2025:18:59:05 +0200] "GET /cp/assets/img/%D8%A7%D8%B3%D8%A7%D8%AA%D8%AF%D9%87.png HTTP/1.1" 304 - "https://uta.edu.ly/cp/main-login.php" "Mozilla/5.0 (Linux; Android 10; K) AppleWebKit/537.36 (KHTML, like Gecko) Chrome/136.0.0.0 Mobile Safari/537.36"
185.93.228.6 - - [06/May/2025:18:59:05 +0200] "GET /cp/assets/vendor/libs/jquery/jquery.js HTTP/1.1" 304 - "https://uta.edu.ly/cp/main-login.php" "Mozilla/5.0 (Linux; Android 10; K) AppleWebKit/537.36 (KHTML, like Gecko) Chrome/136.0.0.0 Mobile Safari/537.36"
185.93.228.6 - - [06/May/2025:18:59:05 +0200] "GET /cp/assets/vendor/libs/perfect-scrollbar/perfect-scrollbar.js HTTP/1.1" 304 - "https://uta.edu.ly/cp/main-login.php" "Mozilla/5.0 (Linux; Android 10; K) AppleWebKit/537.36 (KHTML, like Gecko) Chrome/136.0.0.0 Mobile Safari/537.36"
185.93.228.6 - - [06/May/2025:18:59:09 +0200] "GET /cp/student/login.php HTTP/1.1" 200 1895 "https://uta.edu.ly/cp/main-login.php" "Mozilla/5.0 (Linux; Android 10; K) AppleWebKit/537.36 (KHTML, like Gecko) Chrome/136.0.0.0 Mobile Safari/537.36"
185.93.229.6 - - [06/May/2025:18:59:09 +0200] "GET /cp/student/startcourse.php?search=%D1%81%D0%BF%D0%B5%D1%86%D0%B8%D0%B0%D0%BB%D1%8C%D0%BD%D1%8B%D0%B5+%D0%B2%D0%BE%D0%BF%D1%80%D0%BE%D1%81%D1%8B+%D0%B2+%D0%B0%D0%BD%D0%B3%D0%BB%D0%B8%D0%B9%D1%81%D0%BA%D0%BE%D0%BC+%D1%8F%D0%B7%D1%8B%D0%BA%D0%B5+%D0%BF%D1%80%D0%B0%D0%B2%D0%B8%D0%BB%D0%BE HTTP/1.1" 302 2352 "-" "Mozilla/5.0 AppleWebKit/537.36 (KHTML, like Gecko; compatible; bingbot/2.0; +http://www.bing.com/bingbot.htm) Chrome/116.0.1938.76 Safari/537.36"
185.93.229.6 - - [06/May/2025:18:59:10 +0200] "GET /cp/student/startcourse.php?search=%D1%80%D0%B0%D0%B7%D0%B4%D0%B5%D0%BB%D0%B8%D1%82%D0%B5%D0%BB%D1%8C%D0%BD%D1%8B%D0%B5+%D0%BF%D1%80%D0%B5%D0%B4%D0%BB%D0%BE%D0%B6%D0%B5%D0%BD%D0%B8%D1%8F+%D0%B2+%D0%B0%D0%BD%D0%B3%D0%BB%D0%B8%D0%B9%D1%81%D0%BA%D0%BE%D0%BC+%D1%8F%D0%B7%D1%8B%D0%BA%D0%B5 HTTP/1.1" 302 2352 "-" "Mozilla/5.0 AppleWebKit/537.36 (KHTML, like Gecko; compatible; bingbot/2.0; +http://www.bing.com/bingbot.htm) Chrome/116.0.1938.76 Safari/537.36"
66.248.200.6 - - [06/May/2025:18:59:13 +0200] "GET /journal/index.php/Alqalam/article/view/396?articlesBySimilarityPage=41 HTTP/1.1" 200 8550 "-" "Mozilla/5.0 AppleWebKit/537.36 (KHTML, like Gecko; compatible; ClaudeBot/1.0; +claudebot@anthropic.com)"
66.248.200.6 - - [06/May/2025:18:59:13 +0200] "GET /journal/index.php/Alqalam/article/view/861?articlesBySimilarityPage=55 HTTP/1.1" 200 7922 "-" "Mozilla/5.0 AppleWebKit/537.36 (KHTML, like Gecko; compatible; ClaudeBot/1.0; +claudebot@anthropic.com)"
185.191.171.17 - - [06/May/2025:18:59:19 +0200] "GET /teacher_list.php?pageNum_news_index=0&pageNum_news_index=4&pageNum_news_index=4&pageNum_news_index=4&pageNum_news_index=4&pageNum_news_index=4&pageNum_news_index=4&pageNum_news_index=5&pageNum_news_index=5&pageNum_news_index=6&pageNum_news_index=9 HTTP/1.1" 200 9485 "-" "Mozilla/5.0 (compatible; SemrushBot/7~bl; +http://www.semrush.com/bot.html)"
185.93.230.6 - - [06/May/2025:18:59:24 +0200] "GET /single-news.php?id=277 HTTP/1.1" 200 7921 "https://uta.edu.ly/single-news.php?id=277" "Mozilla/5.0 (Linux; Android 7.0;) AppleWebKit/537.36 (KHTML, like Gecko) Mobile Safari/537.36 (compatible; PetalBot;+https://webmaster.petalsearch.com/site/petalbot)"
185.93.228.6 - - [06/May/2025:18:59:28 +0200] "POST /cp/student/login.php HTTP/1.1" 302 1895 "https://uta.edu.ly/cp/student/login.php" "Mozilla/5.0 (Linux; Android 10; K) AppleWebKit/537.36 (KHTML, like Gecko) Chrome/136.0.0.0 Mobile Safari/537.36"
185.93.228.6 - - [06/May/2025:18:59:29 +0200] "GET /cp/student/index.php HTTP/1.1" 200 3795 "https://uta.edu.ly/cp/student/login.php" "Mozilla/5.0 (Linux; Android 10; K) AppleWebKit/537.36 (KHTML, like Gecko) Chrome/136.0.0.0 Mobile Safari/537.36"
185.93.229.6 - - [06/May/2025:18:59:29 +0200] "GET /cp/student/login.php?accesscheck=%2Fcp%2Fstudent%2Fstartcourse.php%3Fsearch%3D%25D1%2581%25D0%25BF%25D0%25B5%25D1%2586%25D0%25B8%25D0%25B0%25D0%25BB%25D1%258C%25D0%25BD%25D1%258B%25D0%25B5%2B%25D0%25B2%25D0%25BE%25D0%25BF%25D1%2580%25D0%25BE%25D1%2581%25D1%258B%2B%25D0%25B2%2B%25D0%25B0%25D0%25BD%25D0%25B3%25D0%25BB%25D0%25B8%25D0%25B9%25D1%2581%25D0%25BA%25D0%25BE%25D0%25BC%2B%25D1%258F%25D0%25B7%25D1%258B%25D0%25BA%25D0%25B5%2B%25D0%25BF%25D1%2580%25D0%25B0%25D0%25B2%25D0%25B8%25D0%25BB%25D0%25BE HTTP/1.1" 200 1895 "-" "Mozilla/5.0 AppleWebKit/537.36 (KHTML, like Gecko; compatible; bingbot/2.0; +http://www.bing.com/bingbot.htm) Chrome/116.0.1938.76 Safari/537.36"
185.93.229.6 - - [06/May/2025:18:59:29 +0200] "GET /cp/student/startcourse.php?search=to+infinitive+or+ing+form+%D0%BF%D1%80%D0%B0%D0%B2%D0%B8%D0%BB%D0%BE HTTP/1.1" 302 2352 "-" "Mozilla/5.0 AppleWebKit/537.36 (KHTML, like Gecko; compatible; bingbot/2.0; +http://www.bing.com/bingbot.htm) Chrome/116.0.1938.76 Safari/537.36"
185.93.228.6 - - [06/May/2025:18:59:30 +0200] "GET /cp/student/assets/vendor/libs/apex-charts/apex-charts.css HTTP/1.1" 200 2925 "https://uta.edu.ly/cp/student/index.php" "Mozilla/5.0 (Linux; Android 10; K) AppleWebKit/537.36 (KHTML, like Gecko) Chrome/136.0.0.0 Mobile Safari/537.36"
185.93.229.19 - - [06/May/2025:18:59:33 +0200] "GET /teacher_list.php?pageNum_news_index=0&pageNum_news_index=0&pageNum_news_index=3&pageNum_news_index=3&pageNum_news_index=3&pageNum_news_index=3&pageNum_news_index=3&pageNum_news_index=5&pageNum_news_index=6&pageNum_news_index=8&pageNum_news_index=8 HTTP/1.1" 200 9513 "-" "Mozilla/5.0 (compatible; SemrushBot/7~bl; +http://www.semrush.com/bot.html)"
185.93.228.6 - - [06/May/2025:18:59:37 +0200] "GET /cp/student/index.php HTTP/1.1" 302 2339 "-" "Mozilla/5.0 (Linux; Android 7.0; SM-G930V Build/NRD90M) AppleWebKit/537.36 (KHTML, like Gecko) Chrome/59.0.3071.125 Mobile Safari/537.36 (compatible; Google-Read-Aloud; +https://support.google.com/webmasters/answer/1061943)"
185.93.228.6 - - [06/May/2025:18:59:37 +0200] "GET /cp/student/login.php?accesscheck=%2Fcp%2Fstudent%2Findex.php HTTP/1.1" 200 1895 "-" "Mozilla/5.0 (Linux; Android 7.0; SM-G930V Build/NRD90M) AppleWebKit/537.36 (KHTML, like Gecko) Chrome/59.0.3071.125 Mobile Safari/537.36 (compatible; Google-Read-Aloud; +https://support.google.com/webmasters/answer/1061943)"
85.208.96.194 - - [06/May/2025:18:59:40 +0200] "GET /teacher_list.php?pageNum_news_index=0&pageNum_news_index=0&pageNum_news_index=2&pageNum_news_index=4&pageNum_news_index=4&pageNum_news_index=4&pageNum_news_index=4&pageNum_news_index=6&pageNum_news_index=6&pageNum_news_index=7 HTTP/1.1" 200 9467 "-" "Mozilla/5.0 (compatible; SemrushBot/7~bl; +http://www.semrush.com/bot.html)"
185.191.171.15 - - [06/May/2025:18:59:43 +0200] "GET /teacher_list.php?pageNum_news_index=0&pageNum_news_index=1&pageNum_news_index=1&pageNum_news_index=2&pageNum_news_index=2&pageNum_news_index=2&pageNum_news_index=2&pageNum_news_index=2&pageNum_news_index=3&pageNum_news_index=7&pageNum_news_index=8 HTTP/1.1" 200 9514 "-" "Mozilla/5.0 (compatible; SemrushBot/7~bl; +http://www.semrush.com/bot.html)"
185.191.171.5 - - [06/May/2025:18:59:46 +0200] "GET /teacher_list.php?pageNum_news_index=0&pageNum_news_index=0&pageNum_news_index=2&pageNum_news_index=3&pageNum_news_index=5&pageNum_news_index=6&pageNum_news_index=6&pageNum_news_index=8&pageNum_news_index=9 HTTP/1.1" 200 9457 "-" "Mozilla/5.0 (compatible; SemrushBot/7~bl; +http://www.semrush.com/bot.html)"
85.208.96.201 - - [06/May/2025:18:59:47 +0200] "GET /teacher_list.php?pageNum_news_index=0&pageNum_news_index=0&pageNum_news_index=1&pageNum_news_index=1&pageNum_news_index=2&pageNum_news_index=2&pageNum_news_index=4&pageNum_news_index=7&pageNum_news_index=7 HTTP/1.1" 200 9456 "-" "Mozilla/5.0 (compatible; SemrushBot/7~bl; +http://www.semrush.com/bot.html)"
185.93.229.6 - - [06/May/2025:18:59:49 +0200] "GET /cp/student/login.php?accesscheck=%2Fcp%2Fstudent%2Fstartcourse.php%3Fsearch%3D%25D1%2580%25D0%25B0%25D0%25B7%25D0%25B4%25D0%25B5%25D0%25BB%25D0%25B8%25D1%2582%25D0%25B5%25D0%25BB%25D1%258C%25D0%25BD%25D1%258B%25D0%25B5%2B%25D0%25BF%25D1%2580%25D0%25B5%25D0%25B4%25D0%25BB%25D0%25BE%25D0%25B6%25D0%25B5%25D0%25BD%25D0%25B8%25D1%258F%2B%25D0%25B2%2B%25D0%25B0%25D0%25BD%25D0%25B3%25D0%25BB%25D0%25B8%25D0%25B9%25D1%2581%25D0%25BA%25D0%25BE%25D0%25BC%2B%25D1%258F%25D0%25B7%25D1%258B%25D0%25BA%25D0%25B5 HTTP/1.1" 200 1895 "-" "Mozilla/5.0 AppleWebKit/537.36 (KHTML, like Gecko; compatible; bingbot/2.0; +http://www.bing.com/bingbot.htm) Chrome/116.0.1938.76 Safari/537.36"
185.93.229.6 - - [06/May/2025:18:59:50 +0200] "GET /cp/student/login.php?accesscheck=%2Fcp%2Fstudent%2Fstartcourse.php%3Fsearch%3Dto%2Binfinitive%2Bor%2Bing%2Bform%2B%25D0%25BF%25D1%2580%25D0%25B0%25D0%25B2%25D0%25B8%25D0%25BB%25D0%25BE HTTP/1.1" 200 1895 "-" "Mozilla/5.0 AppleWebKit/537.36 (KHTML, like Gecko; compatible; bingbot/2.0; +http://www.bing.com/bingbot.htm) Chrome/116.0.1938.76 Safari/537.36"
185.93.230.19 - - [06/May/2025:18:59:58 +0200] "GET /robots.txt HTTP/1.1" 404 3913 "-" "Mozilla/5.0 (Linux; Android 5.0) AppleWebKit/537.36 (KHTML, like Gecko) Mobile Safari/537.36 (compatible; Bytespider; spider-feedback@bytedance.com)"
185.93.228.6 - - [06/May/2025:19:00:03 +0200] "GET /cp/student/index.php HTTP/1.1" 200 3795 "https://uta.edu.ly/cp/student/index.php" "Mozilla/5.0 (Linux; Android 10; K) AppleWebKit/537.36 (KHTML, like Gecko) Chrome/136.0.0.0 Mobile Safari/537.36"
185.93.229.19 - - [06/May/2025:19:00:04 +0200] "GET /teacher_list.php?pageNum_news_index=3&pageNum_news_index=3&pageNum_news_index=3&pageNum_news_index=5&pageNum_news_index=6&pageNum_news_index=6&pageNum_news_index=7&pageNum_news_index=8&pageNum_news_index=8 HTTP/1.1" 200 9479 "-" "Mozilla/5.0 (compatible; SemrushBot/7~bl; +http://www.semrush.com/bot.html)"
185.191.171.12 - - [06/May/2025:19:00:06 +0200] "GET /teacher_list.php?pageNum_news_index=1&pageNum_news_index=2&pageNum_news_index=3&pageNum_news_index=5&pageNum_news_index=6&pageNum_news_index=6&pageNum_news_index=8&pageNum_news_index=9 HTTP/1.1" 200 9437 "-" "Mozilla/5.0 (compatible; SemrushBot/7~bl; +http://www.semrush.com/bot.html)"
185.191.171.17 - - [06/May/2025:19:00:15 +0200] "GET /teacher_list.php?pageNum_news_index=0&pageNum_news_index=0&pageNum_news_index=0&pageNum_news_index=2&pageNum_news_index=2&pageNum_news_index=3&pageNum_news_index=3&pageNum_news_index=4&pageNum_news_index=5&pageNum_news_index=5&pageNum_news_index=9 HTTP/1.1" 200 9488 "-" "Mozilla/5.0 (compatible; SemrushBot/7~bl; +http://www.semrush.com/bot.html)"
192.88.135.6 - - [06/May/2025:19:00:27 +0200] "GET /cp/student/startcourse.php?search=%D1%80%D0%B0%D0%B7%D0%B4%D0%B5%D0%BB%D0%B8%D1%82%D0%B5%D0%BB%D1%8C%D0%BD%D1%8B%D0%B5+%D0%BF%D1%80%D0%B5%D0%B4%D0%BB%D0%BE%D0%B6%D0%B5%D0%BD%D0%B8%D1%8F+%D0%B2+%D0%B0%D0%BD%D0%B3%D0%BB%D0%B8%D0%B9%D1%81%D0%BA%D0%BE%D0%BC+%D1%8F%D0%B7%D1%8B%D0%BA%D0%B5 HTTP/1.1" 302 2352 "-" "Mozilla/5.0 AppleWebKit/537.36 (KHTML, like Gecko; compatible; bingbot/2.0; +http://www.bing.com/bingbot.htm) Chrome/116.0.1938.76 Safari/537.36"
185.191.171.15 - - [06/May/2025:19:00:28 +0200] "GET /teacher_list.php?pageNum_news_index=1&pageNum_news_index=1&pageNum_news_index=1&pageNum_news_index=2&pageNum_news_index=2&pageNum_news_index=2&pageNum_news_index=3&pageNum_news_index=5&pageNum_news_index=7&pageNum_news_index=9 HTTP/1.1" 200 9468 "-" "Mozilla/5.0 (compatible; SemrushBot/7~bl; +http://www.semrush.com/bot.html)"
185.191.171.4 - - [06/May/2025:19:00:30 +0200] "GET /teacher_list.php?pageNum_news_index=0&pageNum_news_index=3&pageNum_news_index=4&pageNum_news_index=4&pageNum_news_index=4&pageNum_news_index=5&pageNum_news_index=5&pageNum_news_index=7&pageNum_news_index=7&pageNum_news_index=8 HTTP/1.1" 200 9499 "-" "Mozilla/5.0 (compatible; SemrushBot/7~bl; +http://www.semrush.com/bot.html)"
185.93.229.19 - - [06/May/2025:19:00:38 +0200] "GET /journal/index.php/Alqalam/citationstylelanguage/get/chicago-author-date?submissionId=202&publicationId=202 HTTP/1.1" 200 386 "-" "meta-externalagent/1.1 (+https://developers.facebook.com/docs/sharing/webmasters/crawler)"
185.93.229.19 - - [06/May/2025:19:00:40 +0200] "GET /robots.txt HTTP/1.1" 404 3913 "-" "Mozilla/5.0 (compatible; SemrushBot/7~bl; +http://www.semrush.com/bot.html)"
185.93.230.6 - - [06/May/2025:19:00:48 +0200] "GET /single-news.php?id=101 HTTP/1.1" 200 8230 "https://uta.edu.ly/single-news.php?id=101" "Mozilla/5.0 (Linux; Android 7.0;) AppleWebKit/537.36 (KHTML, like Gecko) Mobile Safari/537.36 (compatible; PetalBot;+https://webmaster.petalsearch.com/site/petalbot)"
185.93.229.6 - - [06/May/2025:19:01:01 +0200] "GET /journal/index.php/Alqalam/article/view/468 HTTP/1.1" 200 8736 "-" "Mozilla/5.0 AppleWebKit/537.36 (KHTML, like Gecko; compatible; Amazonbot/0.1; +https://developer.amazon.com/support/amazonbot) Chrome/119.0.6045.214 Safari/537.36"
85.208.96.201 - - [06/May/2025:19:01:11 +0200] "GET /teacher_list.php?pageNum_news_index=0&pageNum_news_index=1&pageNum_news_index=3&pageNum_news_index=3&pageNum_news_index=3&pageNum_news_index=4&pageNum_news_index=4&pageNum_news_index=4&pageNum_news_index=5&pageNum_news_index=5&pageNum_news_index=5&pageNum_news_index=5 HTTP/1.1" 200 9567 "-" "Mozilla/5.0 (compatible; SemrushBot/7~bl; +http://www.semrush.com/bot.html)"
85.208.96.196 - - [06/May/2025:19:01:13 +0200] "GET /teacher_list.php?pageNum_news_index=1&pageNum_news_index=1&pageNum_news_index=1&pageNum_news_index=3&pageNum_news_index=4&pageNum_news_index=5&pageNum_news_index=6&pageNum_news_index=6&pageNum_news_index=6&pageNum_news_index=8 HTTP/1.1" 200 9499 "-" "Mozilla/5.0 (compatible; SemrushBot/7~bl; +http://www.semrush.com/bot.html)"
185.191.171.8 - - [06/May/2025:19:01:27 +0200] "GET /teacher_list.php?pageNum_news_index=2&pageNum_news_index=2&pageNum_news_index=2&pageNum_news_index=3&pageNum_news_index=3&pageNum_news_index=3&pageNum_news_index=5&pageNum_news_index=6&pageNum_news_index=6&pageNum_news_index=7&pageNum_news_index=8&pageNum_news_index=8 HTTP/1.1" 200 9519 "-" "Mozilla/5.0 (compatible; SemrushBot/7~bl; +http://www.semrush.com/bot.html)"
85.208.96.194 - - [06/May/2025:19:01:30 +0200] "GET /teacher_list.php?pageNum_news_index=0&pageNum_news_index=0&pageNum_news_index=0&pageNum_news_index=0&pageNum_news_index=0&pageNum_news_index=4&pageNum_news_index=4&pageNum_news_index=4&pageNum_news_index=6&pageNum_news_index=8 HTTP/1.1" 200 9494 "-" "Mozilla/5.0 (compatible; SemrushBot/7~bl; +http://www.semrush.com/bot.html)"
185.93.229.19 - - [06/May/2025:19:01:35 +0200] "GET /teacher_list.php?pageNum_news_index=0&pageNum_news_index=0&pageNum_news_index=0&pageNum_news_index=0&pageNum_news_index=3&pageNum_news_index=3&pageNum_news_index=3&pageNum_news_index=3&pageNum_news_index=5&pageNum_news_index=8 HTTP/1.1" 200 9495 "-" "Mozilla/5.0 (compatible; SemrushBot/7~bl; +http://www.semrush.com/bot.html)"
85.208.96.210 - - [06/May/2025:19:01:42 +0200] "GET /teacher_list.php?pageNum_news_index=3&pageNum_news_index=3&pageNum_news_index=4&pageNum_news_index=4&pageNum_news_index=4&pageNum_news_index=4&pageNum_news_index=4&pageNum_news_index=8 HTTP/1.1" 200 9466 "-" "Mozilla/5.0 (compatible; SemrushBot/7~bl; +http://www.semrush.com/bot.html)"
85.208.96.201 - - [06/May/2025:19:01:44 +0200] "GET /teacher_list.php?pageNum_news_index=1&pageNum_news_index=1&pageNum_news_index=3&pageNum_news_index=3&pageNum_news_index=4&pageNum_news_index=4&pageNum_news_index=6&pageNum_news_index=6&pageNum_news_index=6&pageNum_news_index=6 HTTP/1.1" 200 9521 "-" "Mozilla/5.0 (compatible; SemrushBot/7~bl; +http://www.semrush.com/bot.html)"
185.93.229.6 - - [06/May/2025:19:01:53 +0200] "GET /teacher_list.php?pageNum_news_index=6&&pageNum_news_index=4&&pageNum_news_index=26&&pageNum_news_index=23&&pageNum_news_index=24&&pageNum_news_index=22&&pageNum_news_index=25&&pageNum_news_index=24&&pageNum_news_index=26&&pageNum_news_index=21&&pageNum_news_index=24 HTTP/1.1" 200 9491 "-" "Mozilla/5.0 AppleWebKit/537.36 (KHTML, like Gecko; compatible; bingbot/2.0; +http://www.bing.com/bingbot.htm) Chrome/116.0.1938.76 Safari/537.36"
185.93.228.6 - - [06/May/2025:19:02:00 +0200] "GET /cp/student/index.php HTTP/1.1" 200 3795 "https://uta.edu.ly/cp/student/index.php" "Mozilla/5.0 (Linux; Android 10; K) AppleWebKit/537.36 (KHTML, like Gecko) Chrome/136.0.0.0 Mobile Safari/537.36"
185.93.229.19 - - [06/May/2025:19:02:06 +0200] "GET /teacher_list.php?pageNum_news_index=0&pageNum_news_index=0&pageNum_news_index=0&pageNum_news_index=2&pageNum_news_index=2&pageNum_news_index=4&pageNum_news_index=4&pageNum_news_index=7&pageNum_news_index=7&pageNum_news_index=7&pageNum_news_index=7&pageNum_news_index=7&pageNum_news_index=7 HTTP/1.1" 200 9511 "-" "Mozilla/5.0 (compatible; SemrushBot/7~bl; +http://www.semrush.com/bot.html)"
185.191.171.9 - - [06/May/2025:19:02:06 +0200] "GET /teacher_list.php?pageNum_news_index=4&pageNum_news_index=5&pageNum_news_index=5&pageNum_news_index=5&pageNum_news_index=5&pageNum_news_index=5&pageNum_news_index=5&pageNum_news_index=8&pageNum_news_index=8&pageNum_news_index=9 HTTP/1.1" 200 9464 "-" "Mozilla/5.0 (compatible; SemrushBot/7~bl; +http://www.semrush.com/bot.html)"
185.93.230.6 - - [06/May/2025:19:02:11 +0200] "GET /single-event.php?id=53 HTTP/1.1" 200 7864 "https://uta.edu.ly/last_active.php?pageNum_news_index=2" "Mozilla/5.0 (Linux; Android 7.0;) AppleWebKit/537.36 (KHTML, like Gecko) Mobile Safari/537.36 (compatible; PetalBot;+https://webmaster.petalsearch.com/site/petalbot)"
185.191.171.8 - - [06/May/2025:19:02:31 +0200] "GET /teacher_list.php?pageNum_news_index=2&pageNum_news_index=2&pageNum_news_index=2&pageNum_news_index=2&pageNum_news_index=2&pageNum_news_index=3&pageNum_news_index=3&pageNum_news_index=3&pageNum_news_index=5&pageNum_news_index=5 HTTP/1.1" 200 9543 "-" "Mozilla/5.0 (compatible; SemrushBot/7~bl; +http://www.semrush.com/bot.html)"
66.248.200.6 - - [06/May/2025:19:02:47 +0200] "GET /journal/index.php/Alqalam/article/view/99/98 HTTP/1.1" 302 20 "-" "Googlebot/2.1 (+http://www.google.com/bot.html)"
185.93.230.19 - - [06/May/2025:19:02:57 +0200] "GET /robots.txt HTTP/1.1" 404 3913 "-" "Mozilla/5.0 AppleWebKit/537.36 (KHTML, like Gecko); compatible; ChatGPT-User/1.0; +https://openai.com/bot"
185.93.230.19 - - [06/May/2025:19:02:57 +0200] "GET / HTTP/1.1" 200 16203 "-" "Mozilla/5.0 AppleWebKit/537.36 (KHTML, like Gecko); compatible; ChatGPT-User/1.0; +https://openai.com/bot"
66.248.200.6 - - [06/May/2025:19:03:00 +0200] "GET /journal/index.php/Alqalam/article/download/99/98 HTTP/1.1" 200 518284 "-" "Googlebot/2.1 (+http://www.google.com/bot.html)"
185.191.171.6 - - [06/May/2025:19:03:03 +0200] "GET /teacher_list.php?pageNum_news_index=0&pageNum_news_index=0&pageNum_news_index=0&pageNum_news_index=0&pageNum_news_index=0&pageNum_news_index=4&pageNum_news_index=4&pageNum_news_index=5&pageNum_news_index=7&pageNum_news_index=8 HTTP/1.1" 200 9496 "-" "Mozilla/5.0 (compatible; SemrushBot/7~bl; +http://www.semrush.com/bot.html)"
185.191.171.16 - - [06/May/2025:19:03:05 +0200] "GET /teacher_list.php?pageNum_news_index=0&pageNum_news_index=1&pageNum_news_index=4&pageNum_news_index=6&pageNum_news_index=7&pageNum_news_index=7&pageNum_news_index=7&pageNum_news_index=7&pageNum_news_index=7&pageNum_news_index=8 HTTP/1.1" 200 9499 "-" "Mozilla/5.0 (compatible; SemrushBot/7~bl; +http://www.semrush.com/bot.html)"
185.191.171.15 - - [06/May/2025:19:03:18 +0200] "GET /teacher_list.php?pageNum_news_index=0&pageNum_news_index=0&pageNum_news_index=3&pageNum_news_index=3&pageNum_news_index=5&pageNum_news_index=7 HTTP/1.1" 200 9372 "-" "Mozilla/5.0 (compatible; SemrushBot/7~bl; +http://www.semrush.com/bot.html)"
185.93.229.19 - - [06/May/2025:19:03:22 +0200] "GET /teacher_list.php?pageNum_news_index=1&pageNum_news_index=2&pageNum_news_index=3&pageNum_news_index=3&pageNum_news_index=3&pageNum_news_index=3&pageNum_news_index=3&pageNum_news_index=4&pageNum_news_index=4&pageNum_news_index=4&pageNum_news_index=5 HTTP/1.1" 200 9555 "-" "Mozilla/5.0 (compatible; SemrushBot/7~bl; +http://www.semrush.com/bot.html)"
185.191.171.12 - - [06/May/2025:19:03:25 +0200] "GET /teacher_list.php?pageNum_news_index=2&pageNum_news_index=2&pageNum_news_index=6&pageNum_news_index=6&pageNum_news_index=9 HTTP/1.1" 200 9337 "-" "Mozilla/5.0 (compatible; SemrushBot/7~bl; +http://www.semrush.com/bot.html)"
185.93.230.6 - - [06/May/2025:19:03:35 +0200] "GET /single-event.php?id=42 HTTP/1.1" 200 8198 "https://uta.edu.ly/last_active.php?pageNum_news_index=2" "Mozilla/5.0 (Linux; Android 7.0;) AppleWebKit/537.36 (KHTML, like Gecko) Mobile Safari/537.36 (compatible; PetalBot;+https://webmaster.petalsearch.com/site/petalbot)"
66.248.202.12 - - [06/May/2025:19:03:37 +0200] "GET /index.php/registration_office.php HTTP/1.1" 200 16204 "https://utripoli.edu.ly/index.php/departmen.php?id=20" "Mozilla/5.0 (Windows NT 10.0; Win64; x64) AppleWebKit/537.36 (KHTML, like Gecko) Chrome/136.0.0.0 Safari/537.36 Edg/136.0.0.0"
66.248.202.12 - - [06/May/2025:19:03:39 +0200] "GET /index.php/lib/lightbox//css/lightbox.min.css HTTP/1.1" 200 16204 "https://utripoli.edu.ly/index.php/registration_office.php" "Mozilla/5.0 (Windows NT 10.0; Win64; x64) AppleWebKit/537.36 (KHTML, like Gecko) Chrome/136.0.0.0 Safari/537.36 Edg/136.0.0.0"
66.248.202.12 - - [06/May/2025:19:03:39 +0200] "GET /index.php/lib/animate/animate.min.css HTTP/1.1" 200 16204 "https://utripoli.edu.ly/index.php/registration_office.php" "Mozilla/5.0 (Windows NT 10.0; Win64; x64) AppleWebKit/537.36 (KHTML, like Gecko) Chrome/136.0.0.0 Safari/537.36 Edg/136.0.0.0"
66.248.202.12 - - [06/May/2025:19:03:39 +0200] "GET /index.php/lib/owlcarousel/assets/owl.carousel.min.css HTTP/1.1" 200 16207 "https://utripoli.edu.ly/index.php/registration_office.php" "Mozilla/5.0 (Windows NT 10.0; Win64; x64) AppleWebKit/537.36 (KHTML, like Gecko) Chrome/136.0.0.0 Safari/537.36 Edg/136.0.0.0"
66.248.202.12 - - [06/May/2025:19:03:39 +0200] "GET /index.php/css/bootstrap.min.css HTTP/1.1" 200 16203 "https://utripoli.edu.ly/index.php/registration_office.php" "Mozilla/5.0 (Windows NT 10.0; Win64; x64) AppleWebKit/537.36 (KHTML, like Gecko) Chrome/136.0.0.0 Safari/537.36 Edg/136.0.0.0"
66.248.202.12 - - [06/May/2025:19:03:39 +0200] "GET /index.php/assets/fonts/fontawesome-all.min.css HTTP/1.1" 200 16203 "https://utripoli.edu.ly/index.php/registration_office.php" "Mozilla/5.0 (Windows NT 10.0; Win64; x64) AppleWebKit/537.36 (KHTML, like Gecko) Chrome/136.0.0.0 Safari/537.36 Edg/136.0.0.0"
66.248.202.12 - - [06/May/2025:19:03:39 +0200] "GET /index.php/css/style.css HTTP/1.1" 200 16203 "https://utripoli.edu.ly/index.php/registration_office.php" "Mozilla/5.0 (Windows NT 10.0; Win64; x64) AppleWebKit/537.36 (KHTML, like Gecko) Chrome/136.0.0.0 Safari/537.36 Edg/136.0.0.0"
66.248.202.12 - - [06/May/2025:19:03:40 +0200] "GET /index.php/assets/css/Brands.css HTTP/1.1" 200 16203 "https://utripoli.edu.ly/index.php/registration_office.php" "Mozilla/5.0 (Windows NT 10.0; Win64; x64) AppleWebKit/537.36 (KHTML, like Gecko) Chrome/136.0.0.0 Safari/537.36 Edg/136.0.0.0"
66.248.202.12 - - [06/May/2025:19:03:40 +0200] "GET /index.php/assets/css/Article-Clean.css HTTP/1.1" 200 16204 "https://utripoli.edu.ly/index.php/registration_office.php" "Mozilla/5.0 (Windows NT 10.0; Win64; x64) AppleWebKit/537.36 (KHTML, like Gecko) Chrome/136.0.0.0 Safari/537.36 Edg/136.0.0.0"
66.248.202.12 - - [06/May/2025:19:03:40 +0200] "GET /index.php/assets/css/Contact-Form-Clean.css HTTP/1.1" 200 16204 "https://utripoli.edu.ly/index.php/registration_office.php" "Mozilla/5.0 (Windows NT 10.0; Win64; x64) AppleWebKit/537.36 (KHTML, like Gecko) Chrome/136.0.0.0 Safari/537.36 Edg/136.0.0.0"
66.248.202.12 - - [06/May/2025:19:03:40 +0200] "GET /index.php/assets/css/Features-Blue.css HTTP/1.1" 200 16204 "https://utripoli.edu.ly/index.php/registration_office.php" "Mozilla/5.0 (Windows NT 10.0; Win64; x64) AppleWebKit/537.36 (KHTML, like Gecko) Chrome/136.0.0.0 Safari/537.36 Edg/136.0.0.0"
66.248.202.12 - - [06/May/2025:19:03:40 +0200] "GET /index.php/assets/css/Projects-Horizontal.css HTTP/1.1" 200 16204 "https://utripoli.edu.ly/index.php/registration_office.php" "Mozilla/5.0 (Windows NT 10.0; Win64; x64) AppleWebKit/537.36 (KHTML, like Gecko) Chrome/136.0.0.0 Safari/537.36 Edg/136.0.0.0"
66.248.202.12 - - [06/May/2025:19:03:40 +0200] "GET /index.php/assets/css/Simple-Slider.css HTTP/1.1" 200 16204 "https://utripoli.edu.ly/index.php/registration_office.php" "Mozilla/5.0 (Windows NT 10.0; Win64; x64) AppleWebKit/537.36 (KHTML, like Gecko) Chrome/136.0.0.0 Safari/537.36 Edg/136.0.0.0"
66.248.202.12 - - [06/May/2025:19:03:41 +0200] "GET /index.php/img/slide-1.jpg HTTP/1.1" 200 16207 "https://utripoli.edu.ly/index.php/registration_office.php" "Mozilla/5.0 (Windows NT 10.0; Win64; x64) AppleWebKit/537.36 (KHTML, like Gecko) Chrome/136.0.0.0 Safari/537.36 Edg/136.0.0.0"
66.248.202.12 - - [06/May/2025:19:03:41 +0200] "GET /index.php/img/logo_r.png HTTP/1.1" 200 16203 "https://utripoli.edu.ly/index.php/registration_office.php" "Mozilla/5.0 (Windows NT 10.0; Win64; x64) AppleWebKit/537.36 (KHTML, like Gecko) Chrome/136.0.0.0 Safari/537.36 Edg/136.0.0.0"
66.248.202.12 - - [06/May/2025:19:03:41 +0200] "GET /index.php/img/slide-2.jpg HTTP/1.1" 200 16203 "https://utripoli.edu.ly/index.php/registration_office.php" "Mozilla/5.0 (Windows NT 10.0; Win64; x64) AppleWebKit/537.36 (KHTML, like Gecko) Chrome/136.0.0.0 Safari/537.36 Edg/136.0.0.0"
66.248.202.12 - - [06/May/2025:19:03:41 +0200] "GET /index.php/img/about.jpg HTTP/1.1" 200 16203 "https://utripoli.edu.ly/index.php/registration_office.php" "Mozilla/5.0 (Windows NT 10.0; Win64; x64) AppleWebKit/537.36 (KHTML, like Gecko) Chrome/136.0.0.0 Safari/537.36 Edg/136.0.0.0"
66.248.202.12 - - [06/May/2025:19:03:41 +0200] "GET /index.php/lib/easing/easing.min.js HTTP/1.1" 200 16203 "https://utripoli.edu.ly/index.php/registration_office.php" "Mozilla/5.0 (Windows NT 10.0; Win64; x64) AppleWebKit/537.36 (KHTML, like Gecko) Chrome/136.0.0.0 Safari/537.36 Edg/136.0.0.0"
66.248.202.12 - - [06/May/2025:19:03:41 +0200] "GET /index.php/lib/wow/wow.min.js HTTP/1.1" 200 16206 "https://utripoli.edu.ly/index.php/registration_office.php" "Mozilla/5.0 (Windows NT 10.0; Win64; x64) AppleWebKit/537.36 (KHTML, like Gecko) Chrome/136.0.0.0 Safari/537.36 Edg/136.0.0.0"
66.248.202.12 - - [06/May/2025:19:03:41 +0200] "GET /index.php/lib/waypoints/waypoints.min.js HTTP/1.1" 200 16204 "https://utripoli.edu.ly/index.php/registration_office.php" "Mozilla/5.0 (Windows NT 10.0; Win64; x64) AppleWebKit/537.36 (KHTML, like Gecko) Chrome/136.0.0.0 Safari/537.36 Edg/136.0.0.0"
66.248.202.12 - - [06/May/2025:19:03:41 +0200] "GET /index.php/lib/owlcarousel/owl.carousel.min.js HTTP/1.1" 200 16204 "https://utripoli.edu.ly/index.php/registration_office.php" "Mozilla/5.0 (Windows NT 10.0; Win64; x64) AppleWebKit/537.36 (KHTML, like Gecko) Chrome/136.0.0.0 Safari/537.36 Edg/136.0.0.0"
66.248.202.12 - - [06/May/2025:19:03:42 +0200] "GET /index.php/lib/counterup/counterup.min.js HTTP/1.1" 200 16204 "https://utripoli.edu.ly/index.php/registration_office.php" "Mozilla/5.0 (Windows NT 10.0; Win64; x64) AppleWebKit/537.36 (KHTML, like Gecko) Chrome/136.0.0.0 Safari/537.36 Edg/136.0.0.0"
66.248.202.12 - - [06/May/2025:19:03:42 +0200] "GET /index.php/assets/bootstrap/js/bootstrap.min.js HTTP/1.1" 200 16204 "https://utripoli.edu.ly/index.php/registration_office.php" "Mozilla/5.0 (Windows NT 10.0; Win64; x64) AppleWebKit/537.36 (KHTML, like Gecko) Chrome/136.0.0.0 Safari/537.36 Edg/136.0.0.0"
66.248.202.12 - - [06/May/2025:19:03:42 +0200] "GET /index.php/lib/lightbox/js/lightbox.min.js HTTP/1.1" 200 16207 "https://utripoli.edu.ly/index.php/registration_office.php" "Mozilla/5.0 (Windows NT 10.0; Win64; x64) AppleWebKit/537.36 (KHTML, like Gecko) Chrome/136.0.0.0 Safari/537.36 Edg/136.0.0.0"
66.248.202.12 - - [06/May/2025:19:03:42 +0200] "GET /index.php/js/main.js HTTP/1.1" 200 16203 "https://utripoli.edu.ly/index.php/registration_office.php" "Mozilla/5.0 (Windows NT 10.0; Win64; x64) AppleWebKit/537.36 (KHTML, like Gecko) Chrome/136.0.0.0 Safari/537.36 Edg/136.0.0.0"
66.248.202.12 - - [06/May/2025:19:03:42 +0200] "GET /index.php/assets/js/Simple-Slider.js HTTP/1.1" 200 16203 "https://utripoli.edu.ly/index.php/registration_office.php" "Mozilla/5.0 (Windows NT 10.0; Win64; x64) AppleWebKit/537.36 (KHTML, like Gecko) Chrome/136.0.0.0 Safari/537.36 Edg/136.0.0.0"
66.248.202.12 - - [06/May/2025:19:03:42 +0200] "GET /index.php/assets/js/bs-init.js HTTP/1.1" 200 16202 "https://utripoli.edu.ly/index.php/registration_office.php" "Mozilla/5.0 (Windows NT 10.0; Win64; x64) AppleWebKit/537.36 (KHTML, like Gecko) Chrome/136.0.0.0 Safari/537.36 Edg/136.0.0.0"
66.248.202.12 - - [06/May/2025:19:03:42 +0200] "GET /index.php/img/icons/student.png HTTP/1.1" 200 16203 "https://utripoli.edu.ly/index.php/registration_office.php" "Mozilla/5.0 (Windows NT 10.0; Win64; x64) AppleWebKit/537.36 (KHTML, like Gecko) Chrome/136.0.0.0 Safari/537.36 Edg/136.0.0.0"
66.248.202.12 - - [06/May/2025:19:03:43 +0200] "GET /index.php/img/icons/graduate.png HTTP/1.1" 200 16203 "https://utripoli.edu.ly/index.php/registration_office.php" "Mozilla/5.0 (Windows NT 10.0; Win64; x64) AppleWebKit/537.36 (KHTML, like Gecko) Chrome/136.0.0.0 Safari/537.36 Edg/136.0.0.0"
66.248.202.12 - - [06/May/2025:19:03:43 +0200] "GET /index.php/img/icons/classroom.png HTTP/1.1" 200 16204 "https://utripoli.edu.ly/index.php/registration_office.php" "Mozilla/5.0 (Windows NT 10.0; Win64; x64) AppleWebKit/537.36 (KHTML, like Gecko) Chrome/136.0.0.0 Safari/537.36 Edg/136.0.0.0"
66.248.202.12 - - [06/May/2025:19:03:43 +0200] "GET /index.php/img/icons/employee.png HTTP/1.1" 200 16204 "https://utripoli.edu.ly/index.php/registration_office.php" "Mozilla/5.0 (Windows NT 10.0; Win64; x64) AppleWebKit/537.36 (KHTML, like Gecko) Chrome/136.0.0.0 Safari/537.36 Edg/136.0.0.0"
66.248.202.12 - - [06/May/2025:19:03:43 +0200] "GET /index.php/cp/uploads/news/495161245_1094928226014802_2446482707916467827_n.jpg HTTP/1.1" 200 16204 "https://utripoli.edu.ly/index.php/registration_office.php" "Mozilla/5.0 (Windows NT 10.0; Win64; x64) AppleWebKit/537.36 (KHTML, like Gecko) Chrome/136.0.0.0 Safari/537.36 Edg/136.0.0.0"
66.248.202.12 - - [06/May/2025:19:03:43 +0200] "GET /index.php/cp/uploads/news/494648227_1094935569347401_3122463604882329_n.jpg HTTP/1.1" 200 16204 "https://utripoli.edu.ly/index.php/registration_office.php" "Mozilla/5.0 (Windows NT 10.0; Win64; x64) AppleWebKit/537.36 (KHTML, like Gecko) Chrome/136.0.0.0 Safari/537.36 Edg/136.0.0.0"
66.248.202.12 - - [06/May/2025:19:03:43 +0200] "GET /index.php/cp/uploads/news/494181703_1093456566161968_5056605548044216759_n.jpg HTTP/1.1" 200 16207 "https://utripoli.edu.ly/index.php/registration_office.php" "Mozilla/5.0 (Windows NT 10.0; Win64; x64) AppleWebKit/537.36 (KHTML, like Gecko) Chrome/136.0.0.0 Safari/537.36 Edg/136.0.0.0"
66.248.202.12 - - [06/May/2025:19:03:44 +0200] "GET /index.php/cp/uploads/activities/476457247_1301209910964579_6056489596862577291_n.jpg HTTP/1.1" 200 16203 "https://utripoli.edu.ly/index.php/registration_office.php" "Mozilla/5.0 (Windows NT 10.0; Win64; x64) AppleWebKit/537.36 (KHTML, like Gecko) Chrome/136.0.0.0 Safari/537.36 Edg/136.0.0.0"
66.248.202.12 - - [06/May/2025:19:03:44 +0200] "GET /index.php/cp/uploads/activities/481194164_1044460221061603_1037927010955694530_n.jpg HTTP/1.1" 200 16203 "https://utripoli.edu.ly/index.php/registration_office.php" "Mozilla/5.0 (Windows NT 10.0; Win64; x64) AppleWebKit/537.36 (KHTML, like Gecko) Chrome/136.0.0.0 Safari/537.36 Edg/136.0.0.0"
66.248.202.12 - - [06/May/2025:19:03:44 +0200] "GET /index.php/cp/uploads/activities/481214850_1040842181423407_6231038517308051259_n.jpg HTTP/1.1" 200 16203 "https://utripoli.edu.ly/index.php/registration_office.php" "Mozilla/5.0 (Windows NT 10.0; Win64; x64) AppleWebKit/537.36 (KHTML, like Gecko) Chrome/136.0.0.0 Safari/537.36 Edg/136.0.0.0"
