185.93.228.6 - - [06/May/2025:18:50:21 +0200] "GET /cp/student/fail.php HTTP/1.1" 200 1276 "https://uta.edu.ly/cp/student/login.php" "Mozilla/5.0 (Windows NT 10.0; Win64; x64) AppleWebKit/537.36 (KHTML, like Gecko) Chrome/109.0.0.0 Safari/537.36"
185.93.228.6 - - [06/May/2025:18:50:22 +0200] "GET /cp/student/assets/css/demo.css HTTP/1.1" 200 1308 "https://uta.edu.ly/cp/student/fail.php" "Mozilla/5.0 (Windows NT 10.0; Win64; x64) AppleWebKit/537.36 (KHTML, like Gecko) Chrome/109.0.0.0 Safari/537.36"
185.93.228.6 - - [06/May/2025:18:50:22 +0200] "GET /cp/student/assets/img/page-misc-error-light.png HTTP/1.1" 200 216684 "https://uta.edu.ly/cp/student/fail.php" "Mozilla/5.0 (Windows NT 10.0; Win64; x64) AppleWebKit/537.36 (KHTML, like Gecko) Chrome/109.0.0.0 Safari/537.36"
85.208.96.209 - - [06/May/2025:18:50:22 +0200] "GET /teacher_list.php?pageNum_news_index=0&pageNum_news_index=2&pageNum_news_index=2&pageNum_news_index=3&pageNum_news_index=3&pageNum_news_index=5&pageNum_news_index=6&pageNum_news_index=6&pageNum_news_index=6&pageNum_news_index=7&pageNum_news_index=9 HTTP/1.1" 200 9489 "-" "Mozilla/5.0 (compatible; SemrushBot/7~bl; +http://www.semrush.com/bot.html)"
185.93.229.19 - - [06/May/2025:18:50:24 +0200] "GET /teacher_list.php?pageNum_news_index=0&pageNum_news_index=2&pageNum_news_index=2&pageNum_news_index=2&pageNum_news_index=3&pageNum_news_index=3&pageNum_news_index=3&pageNum_news_index=6&pageNum_news_index=6&pageNum_news_index=6&pageNum_news_index=6&pageNum_news_index=6&pageNum_news_index=7 HTTP/1.1" 200 9512 "-" "Mozilla/5.0 (compatible; SemrushBot/7~bl; +http://www.semrush.com/bot.html)"
185.191.171.9 - - [06/May/2025:18:50:28 +0200] "GET /teacher_list.php?pageNum_news_index=2&pageNum_news_index=2&pageNum_news_index=2&pageNum_news_index=3&pageNum_news_index=3&pageNum_news_index=4&pageNum_news_index=4&pageNum_news_index=4&pageNum_news_index=7&pageNum_news_index=7&pageNum_news_index=7&pageNum_news_index=7 HTTP/1.1" 200 9490 "-" "Mozilla/5.0 (compatible; SemrushBot/7~bl; +http://www.semrush.com/bot.html)"
185.93.229.6 - - [06/May/2025:18:50:28 +0200] "GET /cp/student/login.php?accesscheck=%2Fcp%2Fstudent%2Fstartcourse.php%3Fsearch%3DTe%2BPuke%2BGolf%2BClub%2BReviews HTTP/1.1" 200 1895 "-" "Mozilla/5.0 AppleWebKit/537.36 (KHTML, like Gecko; compatible; bingbot/2.0; +http://www.bing.com/bingbot.htm) Chrome/116.0.1938.76 Safari/537.36"
185.93.228.6 - - [06/May/2025:18:50:34 +0200] "GET /cp/student/index.php HTTP/1.1" 302 2339 "https://uta.edu.ly/cp/student/fail.php" "Mozilla/5.0 (Windows NT 10.0; Win64; x64) AppleWebKit/537.36 (KHTML, like Gecko) Chrome/109.0.0.0 Safari/537.36"
185.93.228.6 - - [06/May/2025:18:50:34 +0200] "GET /cp/student/login.php?accesscheck=%2Fcp%2Fstudent%2Findex.php HTTP/1.1" 200 1895 "https://uta.edu.ly/cp/student/fail.php" "Mozilla/5.0 (Windows NT 10.0; Win64; x64) AppleWebKit/537.36 (KHTML, like Gecko) Chrome/109.0.0.0 Safari/537.36"
66.248.200.6 - - [06/May/2025:18:50:38 +0200] "GET /journal/index.php/Alqalam/article/view/396?articlesBySimilarityPage=38 HTTP/1.1" 200 8634 "-" "Mozilla/5.0 AppleWebKit/537.36 (KHTML, like Gecko; compatible; ClaudeBot/1.0; +claudebot@anthropic.com)"
185.191.171.7 - - [06/May/2025:18:50:43 +0200] "GET /teacher_list.php?pageNum_news_index=3&pageNum_news_index=3&pageNum_news_index=3&pageNum_news_index=3&pageNum_news_index=3&pageNum_news_index=6&pageNum_news_index=6&pageNum_news_index=7&pageNum_news_index=8&pageNum_news_index=8&pageNum_news_index=8 HTTP/1.1" 200 9509 "-" "Mozilla/5.0 (compatible; SemrushBot/7~bl; +http://www.semrush.com/bot.html)"
185.93.229.6 - - [06/May/2025:18:50:45 +0200] "GET /teacher_list.php?pageNum_news_index=0&pageNum_news_index=2&pageNum_news_index=2&pageNum_news_index=3&pageNum_news_index=6&pageNum_news_index=7&pageNum_news_index=7&pageNum_news_index=7&pageNum_news_index=7&pageNum_news_index=8&pageNum_news_index=8&pageNum_news_index=8 HTTP/1.1" 200 9517 "-" "Mozilla/5.0 (compatible; SemrushBot/7~bl; +http://www.semrush.com/bot.html)"
185.93.230.6 - - [06/May/2025:18:50:48 +0200] "GET /robots.txt HTTP/1.1" 404 3913 "-" "Mozilla/5.0 (compatible;PetalBot;+https://webmaster.petalsearch.com/site/petalbot)"
85.208.96.210 - - [06/May/2025:18:50:53 +0200] "GET /teacher_list.php?pageNum_news_index=2&pageNum_news_index=3&pageNum_news_index=3&pageNum_news_index=4&pageNum_news_index=4&pageNum_news_index=4&pageNum_news_index=4&pageNum_news_index=5&pageNum_news_index=6&pageNum_news_index=6&pageNum_news_index=9 HTTP/1.1" 200 9486 "-" "Mozilla/5.0 (compatible; SemrushBot/7~bl; +http://www.semrush.com/bot.html)"
185.93.230.19 - - [06/May/2025:18:50:56 +0200] "GET /journal/index.php/Alqalam/article/view/862?articlesBySimilarityPage=8 HTTP/1.1" 200 8035 "-" "Mozilla/5.0 (Linux; Android 5.0) AppleWebKit/537.36 (KHTML, like Gecko) Mobile Safari/537.36 (compatible; Bytespider; spider-feedback@bytedance.com)"
185.93.230.19 - - [06/May/2025:18:50:57 +0200] "GET /journal/public/journals/1/styleSheet.css?d=2024-01-03+17%3A34%3A30 HTTP/1.1" 404 3913 "https://utripoli.edu.ly/journal/index.php/Alqalam/article/view/862?articlesBySimilarityPage=8" "Mozilla/5.0 (Linux; Android 5.0) AppleWebKit/537.36 (KHTML, like Gecko) Mobile Safari/537.36 (compatible; Bytespider; spider-feedback@bytedance.com)"
185.93.230.6 - - [06/May/2025:18:51:02 +0200] "GET /journal/index.php/Alqalam/citationstylelanguage/get/turabian-fullnote-bibliography?submissionId=613&publicationId=613 HTTP/1.1" 200 277 "https://uta.edu.ly/journal/index.php/Alqalam/article/view/613" "Mozilla/5.0 (Linux; Android 7.0;) AppleWebKit/537.36 (KHTML, like Gecko) Mobile Safari/537.36 (compatible; PetalBot;+https://webmaster.petalsearch.com/site/petalbot)"
185.191.171.19 - - [06/May/2025:18:51:02 +0200] "GET /teacher_list.php?pageNum_news_index=0&pageNum_news_index=2&pageNum_news_index=2&pageNum_news_index=2&pageNum_news_index=3&pageNum_news_index=4&pageNum_news_index=5&pageNum_news_index=6&pageNum_news_index=6&pageNum_news_index=6&pageNum_news_index=7&pageNum_news_index=9 HTTP/1.1" 200 9496 "-" "Mozilla/5.0 (compatible; SemrushBot/7~bl; +http://www.semrush.com/bot.html)"
185.93.228.6 - - [06/May/2025:18:51:07 +0200] "POST /cp/student/login.php HTTP/1.1" 302 1895 "https://uta.edu.ly/cp/student/login.php?accesscheck=%2Fcp%2Fstudent%2Findex.php" "Mozilla/5.0 (Windows NT 10.0; Win64; x64) AppleWebKit/537.36 (KHTML, like Gecko) Chrome/109.0.0.0 Safari/537.36"
185.93.228.6 - - [06/May/2025:18:51:07 +0200] "GET /cp/student/fail.php HTTP/1.1" 200 1276 "https://uta.edu.ly/cp/student/login.php?accesscheck=%2Fcp%2Fstudent%2Findex.php" "Mozilla/5.0 (Windows NT 10.0; Win64; x64) AppleWebKit/537.36 (KHTML, like Gecko) Chrome/109.0.0.0 Safari/537.36"
185.93.229.6 - - [06/May/2025:18:51:09 +0200] "GET /teacher_list.php?pageNum_news_index=6&&pageNum_news_index=4&&pageNum_news_index=26&&pageNum_news_index=23&&pageNum_news_index=23&&pageNum_news_index=24&&pageNum_news_index=25&&pageNum_news_index=24&&pageNum_news_index=23&&pageNum_news_index=23 HTTP/1.1" 200 9527 "-" "Mozilla/5.0 AppleWebKit/537.36 (KHTML, like Gecko; compatible; bingbot/2.0; +http://www.bing.com/bingbot.htm) Chrome/116.0.1938.76 Safari/537.36"
185.93.229.6 - - [06/May/2025:18:51:10 +0200] "GET /teacher_list.php?pageNum_news_index=6&&pageNum_news_index=8&&pageNum_news_index=0&&pageNum_news_index=1&&pageNum_news_index=3&&pageNum_news_index=6&&pageNum_news_index=6&&pageNum_news_index=0&&pageNum_news_index=1&&pageNum_news_index=2&&pageNum_news_index=5&&pageNum_news_index=6&&pageNum_news_index=10&&pageNum_news_index=12&&pageNum_news_index=24&&pageNum_news_index=19&&pageNum_news_index=24&&pageNum_news_index=19&&pageNum_news_index=19&&pageNum_news_index=18&&pageNum_news_index=18&&pageNum_news_index=17&&pageNum_news_index=19&&pageNum_news_index=0&&pageNum_news_index=3 HTTP/1.1" 200 9613 "-" "Mozilla/5.0 AppleWebKit/537.36 (KHTML, like Gecko; compatible; bingbot/2.0; +http://www.bing.com/bingbot.htm) Chrome/116.0.1938.76 Safari/537.36"
185.93.229.6 - - [06/May/2025:18:51:10 +0200] "GET /teacher_list.php?pageNum_news_index=6&&pageNum_news_index=4&&pageNum_news_index=26&&pageNum_news_index=23&&pageNum_news_index=26&&pageNum_news_index=25&&pageNum_news_index=23 HTTP/1.1" 200 9478 "-" "Mozilla/5.0 AppleWebKit/537.36 (KHTML, like Gecko; compatible; bingbot/2.0; +http://www.bing.com/bingbot.htm) Chrome/116.0.1938.76 Safari/537.36"
185.93.228.6 - - [06/May/2025:18:51:12 +0200] "GET /cp/student/index.php HTTP/1.1" 302 2339 "https://uta.edu.ly/cp/student/fail.php" "Mozilla/5.0 (Windows NT 10.0; Win64; x64) AppleWebKit/537.36 (KHTML, like Gecko) Chrome/109.0.0.0 Safari/537.36"
185.93.228.6 - - [06/May/2025:18:51:12 +0200] "GET /cp/student/login.php?accesscheck=%2Fcp%2Fstudent%2Findex.php HTTP/1.1" 200 1895 "https://uta.edu.ly/cp/student/fail.php" "Mozilla/5.0 (Windows NT 10.0; Win64; x64) AppleWebKit/537.36 (KHTML, like Gecko) Chrome/109.0.0.0 Safari/537.36"
85.208.96.199 - - [06/May/2025:18:51:26 +0200] "GET /teacher_list.php?pageNum_news_index=0&pageNum_news_index=1&pageNum_news_index=1&pageNum_news_index=3&pageNum_news_index=3&pageNum_news_index=5&pageNum_news_index=6&pageNum_news_index=8&pageNum_news_index=8 HTTP/1.1" 200 9479 "-" "Mozilla/5.0 (compatible; SemrushBot/7~bl; +http://www.semrush.com/bot.html)"
85.208.96.193 - - [06/May/2025:18:51:27 +0200] "GET /teacher_list.php?pageNum_news_index=0&pageNum_news_index=1&pageNum_news_index=2&pageNum_news_index=3&pageNum_news_index=3&pageNum_news_index=3&pageNum_news_index=3&pageNum_news_index=3&pageNum_news_index=5&pageNum_news_index=6 HTTP/1.1" 200 9523 "-" "Mozilla/5.0 (compatible; SemrushBot/7~bl; +http://www.semrush.com/bot.html)"
85.208.96.199 - - [06/May/2025:18:51:29 +0200] "GET /teacher_list.php?pageNum_news_index=0&pageNum_news_index=2&pageNum_news_index=2&pageNum_news_index=2&pageNum_news_index=2&pageNum_news_index=3&pageNum_news_index=5&pageNum_news_index=5&pageNum_news_index=5&pageNum_news_index=6&pageNum_news_index=7&pageNum_news_index=8 HTTP/1.1" 200 9519 "-" "Mozilla/5.0 (compatible; SemrushBot/7~bl; +http://www.semrush.com/bot.html)"
185.93.229.19 - - [06/May/2025:18:51:34 +0200] "GET /departmen.php?id=8 HTTP/1.1" 200 14566 "-" "Mozilla/5.0 AppleWebKit/537.36 (KHTML, like Gecko); compatible; ChatGPT-User/1.0; +https://openai.com/bot"
185.93.229.19 - - [06/May/2025:18:51:35 +0200] "GET / HTTP/1.1" 200 16203 "-" "Mozilla/5.0 AppleWebKit/537.36 (KHTML, like Gecko); compatible; ChatGPT-User/1.0; +https://openai.com/bot"
185.93.230.6 - - [06/May/2025:18:51:37 +0200] "GET / HTTP/1.1" 200 16201 "-" "Mozilla/5.0 AppleWebKit/537.36 (KHTML, like Gecko); compatible; ChatGPT-User/1.0; +https://openai.com/bot"
85.208.96.200 - - [06/May/2025:18:51:44 +0200] "GET /teacher_list.php?pageNum_news_index=0&pageNum_news_index=1&pageNum_news_index=3&pageNum_news_index=5&pageNum_news_index=6&pageNum_news_index=6&pageNum_news_index=7&pageNum_news_index=7&pageNum_news_index=7&pageNum_news_index=7 HTTP/1.1" 200 9470 "-" "Mozilla/5.0 (compatible; SemrushBot/7~bl; +http://www.semrush.com/bot.html)"
185.93.229.19 - - [06/May/2025:18:51:55 +0200] "GET /teacher_list.php?pageNum_news_index=3&pageNum_news_index=3&pageNum_news_index=3&pageNum_news_index=5&pageNum_news_index=5&pageNum_news_index=6&pageNum_news_index=6&pageNum_news_index=6&pageNum_news_index=8&pageNum_news_index=8&pageNum_news_index=9 HTTP/1.1" 200 9484 "-" "Mozilla/5.0 (compatible; SemrushBot/7~bl; +http://www.semrush.com/bot.html)"
185.93.229.6 - - [06/May/2025:18:52:00 +0200] "GET /teacher_list.php?pageNum_news_index=6&&pageNum_news_index=4&&pageNum_news_index=26&&pageNum_news_index=23&&pageNum_news_index=21&&pageNum_news_index=26&&pageNum_news_index=25 HTTP/1.1" 200 9314 "-" "Mozilla/5.0 AppleWebKit/537.36 (KHTML, like Gecko; compatible; bingbot/2.0; +http://www.bing.com/bingbot.htm) Chrome/116.0.1938.76 Safari/537.36"
185.191.171.9 - - [06/May/2025:18:52:02 +0200] "GET /teacher_list.php?pageNum_news_index=1&pageNum_news_index=2&pageNum_news_index=2&pageNum_news_index=3&pageNum_news_index=4&pageNum_news_index=6&pageNum_news_index=8&pageNum_news_index=8&pageNum_news_index=8&pageNum_news_index=8 HTTP/1.1" 200 9497 "-" "Mozilla/5.0 (compatible; SemrushBot/7~bl; +http://www.semrush.com/bot.html)"
185.93.228.19 - - [06/May/2025:18:52:03 +0200] "GET /result.php HTTP/1.1" 200 7287 "https://www.google.com/" "Mozilla/5.0 (Windows NT 10.0; Win64; x64) AppleWebKit/537.36 (KHTML, like Gecko) Chrome/109.0.0.0 Safari/537.36"
185.93.228.19 - - [06/May/2025:18:52:05 +0200] "GET /img/results-icon-png-15.png HTTP/1.1" 200 44509 "https://utripoli.edu.ly/result.php" "Mozilla/5.0 (Windows NT 10.0; Win64; x64) AppleWebKit/537.36 (KHTML, like Gecko) Chrome/109.0.0.0 Safari/537.36"
185.191.171.7 - - [06/May/2025:18:52:12 +0200] "GET /teacher.php?id=260 HTTP/1.1" 200 7910 "-" "Mozilla/5.0 (compatible; SemrushBot/7~bl; +http://www.semrush.com/bot.html)"
185.93.230.6 - - [06/May/2025:18:52:12 +0200] "GET /cp/uploads/department/4.png HTTP/1.1" 200 172590 "https://www.bing.com/" "Mozilla/5.0 (Windows NT 10.0; Win64; x64) AppleWebKit/537.36 (KHTML, like Gecko) Chrome/136.0.0.0 Safari/537.36 Edg/136.0.0.0"
85.208.96.194 - - [06/May/2025:18:52:17 +0200] "GET /teacher_list.php?pageNum_news_index=1&pageNum_news_index=1&pageNum_news_index=1&pageNum_news_index=1&pageNum_news_index=1&pageNum_news_index=2&pageNum_news_index=3&pageNum_news_index=4&pageNum_news_index=4&pageNum_news_index=4&pageNum_news_index=5&pageNum_news_index=9 HTTP/1.1" 200 9490 "-" "Mozilla/5.0 (compatible; SemrushBot/7~bl; +http://www.semrush.com/bot.html)"
85.208.96.200 - - [06/May/2025:18:52:23 +0200] "GET /teacher_list.php?pageNum_news_index=2&pageNum_news_index=2&pageNum_news_index=2&pageNum_news_index=3&pageNum_news_index=3&pageNum_news_index=3&pageNum_news_index=3&pageNum_news_index=5&pageNum_news_index=5&pageNum_news_index=5&pageNum_news_index=6&pageNum_news_index=9 HTTP/1.1" 200 9488 "-" "Mozilla/5.0 (compatible; SemrushBot/7~bl; +http://www.semrush.com/bot.html)"
185.93.230.6 - - [06/May/2025:18:52:26 +0200] "GET /journal/index.php/Alqalam/citationstylelanguage/get/turabian-fullnote-bibliography?submissionId=170&publicationId=170 HTTP/1.1" 200 325 "https://uta.edu.ly/journal/index.php/Alqalam/article/view/170" "Mozilla/5.0 (Linux; Android 7.0;) AppleWebKit/537.36 (KHTML, like Gecko) Mobile Safari/537.36 (compatible; PetalBot;+https://webmaster.petalsearch.com/site/petalbot)"
185.93.228.19 - - [06/May/2025:18:52:27 +0200] "GET /cp/main-login.php HTTP/1.1" 200 1886 "https://utripoli.edu.ly/result.php" "Mozilla/5.0 (Windows NT 10.0; Win64; x64) AppleWebKit/537.36 (KHTML, like Gecko) Chrome/109.0.0.0 Safari/537.36"
185.93.228.19 - - [06/May/2025:18:52:27 +0200] "GET /cp/assets/vendor/fonts/boxicons.css HTTP/1.1" 200 12292 "https://utripoli.edu.ly/cp/main-login.php" "Mozilla/5.0 (Windows NT 10.0; Win64; x64) AppleWebKit/537.36 (KHTML, like Gecko) Chrome/109.0.0.0 Safari/537.36"
185.93.228.19 - - [06/May/2025:18:52:27 +0200] "GET /cp/assets/vendor/css/theme-default.css HTTP/1.1" 200 4093 "https://utripoli.edu.ly/cp/main-login.php" "Mozilla/5.0 (Windows NT 10.0; Win64; x64) AppleWebKit/537.36 (KHTML, like Gecko) Chrome/109.0.0.0 Safari/537.36"
185.93.228.19 - - [06/May/2025:18:52:27 +0200] "GET /cp/assets/vendor/css/core.css HTTP/1.1" 200 43747 "https://utripoli.edu.ly/cp/main-login.php" "Mozilla/5.0 (Windows NT 10.0; Win64; x64) AppleWebKit/537.36 (KHTML, like Gecko) Chrome/109.0.0.0 Safari/537.36"
185.93.228.19 - - [06/May/2025:18:52:27 +0200] "GET /cp/assets/css/demo.css HTTP/1.1" 200 1308 "https://utripoli.edu.ly/cp/main-login.php" "Mozilla/5.0 (Windows NT 10.0; Win64; x64) AppleWebKit/537.36 (KHTML, like Gecko) Chrome/109.0.0.0 Safari/537.36"
185.93.228.19 - - [06/May/2025:18:52:27 +0200] "GET /cp/assets/vendor/libs/perfect-scrollbar/perfect-scrollbar.css HTTP/1.1" 200 997 "https://utripoli.edu.ly/cp/main-login.php" "Mozilla/5.0 (Windows NT 10.0; Win64; x64) AppleWebKit/537.36 (KHTML, like Gecko) Chrome/109.0.0.0 Safari/537.36"
185.93.228.19 - - [06/May/2025:18:52:27 +0200] "GET /cp/assets/vendor/css/pages/page-auth.css HTTP/1.1" 200 9581 "https://utripoli.edu.ly/cp/main-login.php" "Mozilla/5.0 (Windows NT 10.0; Win64; x64) AppleWebKit/537.36 (KHTML, like Gecko) Chrome/109.0.0.0 Safari/537.36"
185.93.228.19 - - [06/May/2025:18:52:28 +0200] "GET /cp/assets/vendor/libs/jquery/jquery.js HTTP/1.1" 200 832974 "https://utripoli.edu.ly/cp/main-login.php" "Mozilla/5.0 (Windows NT 10.0; Win64; x64) AppleWebKit/537.36 (KHTML, like Gecko) Chrome/109.0.0.0 Safari/537.36"
185.93.228.19 - - [06/May/2025:18:52:29 +0200] "GET /cp/assets/vendor/libs/popper/popper.js HTTP/1.1" 200 57748 "https://utripoli.edu.ly/cp/main-login.php" "Mozilla/5.0 (Windows NT 10.0; Win64; x64) AppleWebKit/537.36 (KHTML, like Gecko) Chrome/109.0.0.0 Safari/537.36"
185.93.228.19 - - [06/May/2025:18:52:29 +0200] "GET /cp/assets/vendor/libs/perfect-scrollbar/perfect-scrollbar.js HTTP/1.1" 200 108747 "https://utripoli.edu.ly/cp/main-login.php" "Mozilla/5.0 (Windows NT 10.0; Win64; x64) AppleWebKit/537.36 (KHTML, like Gecko) Chrome/109.0.0.0 Safari/537.36"
185.93.228.19 - - [06/May/2025:18:52:29 +0200] "GET /cp/assets/vendor/js/menu.js HTTP/1.1" 200 80183 "https://utripoli.edu.ly/cp/main-login.php" "Mozilla/5.0 (Windows NT 10.0; Win64; x64) AppleWebKit/537.36 (KHTML, like Gecko) Chrome/109.0.0.0 Safari/537.36"
185.93.228.19 - - [06/May/2025:18:52:29 +0200] "GET /cp/assets/js/main.js HTTP/1.1" 200 3846 "https://utripoli.edu.ly/cp/main-login.php" "Mozilla/5.0 (Windows NT 10.0; Win64; x64) AppleWebKit/537.36 (KHTML, like Gecko) Chrome/109.0.0.0 Safari/537.36"
185.93.228.19 - - [06/May/2025:18:52:29 +0200] "GET /cp/assets/img/%D9%85%D9%88%D8%B8%D9%811.jpg HTTP/1.1" 200 125742 "https://utripoli.edu.ly/cp/main-login.php" "Mozilla/5.0 (Windows NT 10.0; Win64; x64) AppleWebKit/537.36 (KHTML, like Gecko) Chrome/109.0.0.0 Safari/537.36"
185.93.228.19 - - [06/May/2025:18:52:29 +0200] "GET /cp/assets/img/%D8%B7%D9%84%D8%A8%D9%87.png HTTP/1.1" 200 59878 "https://utripoli.edu.ly/cp/main-login.php" "Mozilla/5.0 (Windows NT 10.0; Win64; x64) AppleWebKit/537.36 (KHTML, like Gecko) Chrome/109.0.0.0 Safari/537.36"
185.93.228.19 - - [06/May/2025:18:52:29 +0200] "GET /cp/assets/img/%D8%A7%D8%B3%D8%A7%D8%AA%D8%AF%D9%87.png HTTP/1.1" 200 23438 "https://utripoli.edu.ly/cp/main-login.php" "Mozilla/5.0 (Windows NT 10.0; Win64; x64) AppleWebKit/537.36 (KHTML, like Gecko) Chrome/109.0.0.0 Safari/537.36"
185.93.228.19 - - [06/May/2025:18:52:32 +0200] "GET /cp/student/login.php HTTP/1.1" 200 1895 "https://utripoli.edu.ly/cp/main-login.php" "Mozilla/5.0 (Windows NT 10.0; Win64; x64) AppleWebKit/537.36 (KHTML, like Gecko) Chrome/109.0.0.0 Safari/537.36"
185.93.228.19 - - [06/May/2025:18:52:33 +0200] "GET /cp/student/login.php HTTP/1.1" 200 1895 "https://utripoli.edu.ly/cp/main-login.php" "Mozilla/5.0 (Windows NT 10.0; Win64; x64) AppleWebKit/537.36 (KHTML, like Gecko) Chrome/109.0.0.0 Safari/537.36"
185.93.228.19 - - [06/May/2025:18:52:33 +0200] "GET /cp/student/assets/vendor/libs/perfect-scrollbar/perfect-scrollbar.css HTTP/1.1" 200 997 "https://utripoli.edu.ly/cp/student/login.php" "Mozilla/5.0 (Windows NT 10.0; Win64; x64) AppleWebKit/537.36 (KHTML, like Gecko) Chrome/109.0.0.0 Safari/537.36"
185.93.228.19 - - [06/May/2025:18:52:33 +0200] "GET /cp/student/assets/vendor/css/pages/page-auth.css HTTP/1.1" 200 9581 "https://utripoli.edu.ly/cp/student/login.php" "Mozilla/5.0 (Windows NT 10.0; Win64; x64) AppleWebKit/537.36 (KHTML, like Gecko) Chrome/109.0.0.0 Safari/537.36"
185.93.228.19 - - [06/May/2025:18:52:33 +0200] "GET /cp/student/assets/vendor/fonts/boxicons.css HTTP/1.1" 200 12292 "https://utripoli.edu.ly/cp/student/login.php" "Mozilla/5.0 (Windows NT 10.0; Win64; x64) AppleWebKit/537.36 (KHTML, like Gecko) Chrome/109.0.0.0 Safari/537.36"
185.93.228.19 - - [06/May/2025:18:52:33 +0200] "GET /cp/student/assets/js/config.js HTTP/1.1" 200 714 "https://utripoli.edu.ly/cp/student/login.php" "Mozilla/5.0 (Windows NT 10.0; Win64; x64) AppleWebKit/537.36 (KHTML, like Gecko) Chrome/109.0.0.0 Safari/537.36"
185.93.228.19 - - [06/May/2025:18:52:33 +0200] "GET /cp/student/assets/vendor/css/core.css HTTP/1.1" 200 43737 "https://utripoli.edu.ly/cp/student/login.php" "Mozilla/5.0 (Windows NT 10.0; Win64; x64) AppleWebKit/537.36 (KHTML, like Gecko) Chrome/109.0.0.0 Safari/537.36"
185.93.228.19 - - [06/May/2025:18:52:33 +0200] "GET /cp/student/assets/vendor/css/theme-default.css HTTP/1.1" 200 4093 "https://utripoli.edu.ly/cp/student/login.php" "Mozilla/5.0 (Windows NT 10.0; Win64; x64) AppleWebKit/537.36 (KHTML, like Gecko) Chrome/109.0.0.0 Safari/537.36"
185.93.228.19 - - [06/May/2025:18:52:33 +0200] "GET /cp/student/assets/vendor/js/helpers.js HTTP/1.1" 200 103079 "https://utripoli.edu.ly/cp/student/login.php" "Mozilla/5.0 (Windows NT 10.0; Win64; x64) AppleWebKit/537.36 (KHTML, like Gecko) Chrome/109.0.0.0 Safari/537.36"
185.93.228.19 - - [06/May/2025:18:52:34 +0200] "GET /cp/student/assets/vendor/libs/popper/popper.js HTTP/1.1" 200 57748 "https://utripoli.edu.ly/cp/student/login.php" "Mozilla/5.0 (Windows NT 10.0; Win64; x64) AppleWebKit/537.36 (KHTML, like Gecko) Chrome/109.0.0.0 Safari/537.36"
185.93.228.19 - - [06/May/2025:18:52:34 +0200] "GET /cp/student/assets/img/logo.png HTTP/1.1" 200 21365 "https://utripoli.edu.ly/cp/student/login.php" "Mozilla/5.0 (Windows NT 10.0; Win64; x64) AppleWebKit/537.36 (KHTML, like Gecko) Chrome/109.0.0.0 Safari/537.36"
185.93.228.19 - - [06/May/2025:18:52:34 +0200] "GET /cp/student/assets/js/main.js HTTP/1.1" 200 3846 "https://utripoli.edu.ly/cp/student/login.php" "Mozilla/5.0 (Windows NT 10.0; Win64; x64) AppleWebKit/537.36 (KHTML, like Gecko) Chrome/109.0.0.0 Safari/537.36"
185.93.228.19 - - [06/May/2025:18:52:34 +0200] "GET /cp/student/assets/vendor/libs/perfect-scrollbar/perfect-scrollbar.js HTTP/1.1" 200 108747 "https://utripoli.edu.ly/cp/student/login.php" "Mozilla/5.0 (Windows NT 10.0; Win64; x64) AppleWebKit/537.36 (KHTML, like Gecko) Chrome/109.0.0.0 Safari/537.36"
185.93.228.19 - - [06/May/2025:18:52:34 +0200] "GET /cp/student/assets/vendor/js/menu.js HTTP/1.1" 200 80183 "https://utripoli.edu.ly/cp/student/login.php" "Mozilla/5.0 (Windows NT 10.0; Win64; x64) AppleWebKit/537.36 (KHTML, like Gecko) Chrome/109.0.0.0 Safari/537.36"
185.93.228.19 - - [06/May/2025:18:52:34 +0200] "GET /cp/student/assets/vendor/libs/jquery/jquery.js HTTP/1.1" 200 832974 "https://utripoli.edu.ly/cp/student/login.php" "Mozilla/5.0 (Windows NT 10.0; Win64; x64) AppleWebKit/537.36 (KHTML, like Gecko) Chrome/109.0.0.0 Safari/537.36"
185.93.228.19 - - [06/May/2025:18:52:34 +0200] "GET /cp/student/assets/vendor/js/bootstrap.js HTTP/1.1" 200 842340 "https://utripoli.edu.ly/cp/student/login.php" "Mozilla/5.0 (Windows NT 10.0; Win64; x64) AppleWebKit/537.36 (KHTML, like Gecko) Chrome/109.0.0.0 Safari/537.36"
185.93.228.19 - - [06/May/2025:18:52:35 +0200] "GET /cp/student/assets/vendor/fonts/boxicons/boxicons.woff2 HTTP/1.1" 200 102988 "https://utripoli.edu.ly/cp/student/assets/vendor/fonts/boxicons.css" "Mozilla/5.0 (Windows NT 10.0; Win64; x64) AppleWebKit/537.36 (KHTML, like Gecko) Chrome/109.0.0.0 Safari/537.36"
185.93.228.19 - - [06/May/2025:18:52:37 +0200] "GET /feed HTTP/1.1" 404 3913 "https://www.google.com" "Mozilla/5.0 (Windows NT 10.0; Win64; x64) AppleWebKit/537.36 (KHTML, like Gecko) Chrome/89.0.2437.56 Safari/537.36"
185.93.230.19 - - [06/May/2025:18:52:44 +0200] "GET /journal/index.php/Alqalam/citationstylelanguage/get/acs-nano?publicationId=862&submissionId=862 HTTP/1.1" 200 251 "-" "Mozilla/5.0 (Linux; Android 5.0) AppleWebKit/537.36 (KHTML, like Gecko) Mobile Safari/537.36 (compatible; Bytespider; spider-feedback@bytedance.com)"
192.88.135.6 - - [06/May/2025:18:52:53 +0200] "GET /index.php/88-2016-12-02-21-36-12/2/cp/single-news.php?id=273 HTTP/1.1" 200 78553 "-" "Mozilla/5.0 (compatible; DotBot/1.2; +https://opensiteexplorer.org/dotbot; help@moz.com)"
185.93.228.19 - - [06/May/2025:18:52:55 +0200] "POST /cp/student/login.php HTTP/1.1" 302 1895 "https://utripoli.edu.ly/cp/student/login.php" "Mozilla/5.0 (Windows NT 10.0; Win64; x64) AppleWebKit/537.36 (KHTML, like Gecko) Chrome/109.0.0.0 Safari/537.36"
185.93.228.19 - - [06/May/2025:18:52:55 +0200] "GET /cp/student/index.php HTTP/1.1" 200 3795 "https://utripoli.edu.ly/cp/student/login.php" "Mozilla/5.0 (Windows NT 10.0; Win64; x64) AppleWebKit/537.36 (KHTML, like Gecko) Chrome/109.0.0.0 Safari/537.36"
185.93.228.19 - - [06/May/2025:18:52:55 +0200] "GET /cp/student/assets/css/demo.css HTTP/1.1" 200 1308 "https://utripoli.edu.ly/cp/student/index.php" "Mozilla/5.0 (Windows NT 10.0; Win64; x64) AppleWebKit/537.36 (KHTML, like Gecko) Chrome/109.0.0.0 Safari/537.36"
185.93.228.19 - - [06/May/2025:18:52:55 +0200] "GET /cp/student/assets/vendor/libs/apex-charts/apex-charts.css HTTP/1.1" 200 2925 "https://utripoli.edu.ly/cp/student/index.php" "Mozilla/5.0 (Windows NT 10.0; Win64; x64) AppleWebKit/537.36 (KHTML, like Gecko) Chrome/109.0.0.0 Safari/537.36"
185.93.228.19 - - [06/May/2025:18:52:56 +0200] "GET /cp/student/assets/js/charts-apex.js HTTP/1.1" 200 10133 "https://utripoli.edu.ly/cp/student/index.php" "Mozilla/5.0 (Windows NT 10.0; Win64; x64) AppleWebKit/537.36 (KHTML, like Gecko) Chrome/109.0.0.0 Safari/537.36"
185.93.228.19 - - [06/May/2025:18:52:56 +0200] "GET /cp/student/assets/js/dashboards-analytics.js HTTP/1.1" 200 15032 "https://utripoli.edu.ly/cp/student/index.php" "Mozilla/5.0 (Windows NT 10.0; Win64; x64) AppleWebKit/537.36 (KHTML, like Gecko) Chrome/109.0.0.0 Safari/537.36"
185.93.228.19 - - [06/May/2025:18:52:56 +0200] "GET /cp/student/assets/vendor/libs/apex-charts/apexcharts.js HTTP/1.1" 200 1251181 "https://utripoli.edu.ly/cp/student/index.php" "Mozilla/5.0 (Windows NT 10.0; Win64; x64) AppleWebKit/537.36 (KHTML, like Gecko) Chrome/109.0.0.0 Safari/537.36"
185.93.229.6 - - [06/May/2025:18:52:55 +0200] "GET /journal/index.php/Alqalam/article/view/689?articlesBySimilarityPage=31 HTTP/1.1" 200 8959 "-" "Mozilla/5.0 (compatible; SemrushBot/7~bl; +http://www.semrush.com/bot.html)"
166.108.228.30 - - [06/May/2025:18:52:58 +0200] "GET / HTTP/1.1" 200 12359 "https://webmail.utripoli.edu.ly/" "Mozilla/5.0 (Windows NT 10.0; Win64; x64) AppleWebKit/537.36 (KHTML, like Gecko) Chrome/101.0.4951.64 Safari/537.36 Edg/101.0.1210.47"
185.93.228.19 - - [06/May/2025:18:52:58 +0200] "GET /cp/student/assets/img/avatars/user.png HTTP/1.1" 200 20803 "https://utripoli.edu.ly/cp/student/index.php" "Mozilla/5.0 (Windows NT 10.0; Win64; x64) AppleWebKit/537.36 (KHTML, like Gecko) Chrome/109.0.0.0 Safari/537.36"
185.93.228.19 - - [06/May/2025:18:52:58 +0200] "GET /cp/assets/img/illustrations/man-with-laptop-light.png HTTP/1.1" 200 8826 "https://utripoli.edu.ly/cp/student/index.php" "Mozilla/5.0 (Windows NT 10.0; Win64; x64) AppleWebKit/537.36 (KHTML, like Gecko) Chrome/109.0.0.0 Safari/537.36"
185.93.229.6 - - [06/May/2025:18:53:01 +0200] "GET /teacher_list.php?pageNum_news_index=5&pageNum_news_index=6&pageNum_news_index=7&pageNum_news_index=7&pageNum_news_index=7&pageNum_news_index=7&pageNum_news_index=7&pageNum_news_index=7&pageNum_news_index=7&pageNum_news_index=7&pageNum_news_index=7&pageNum_news_index=7 HTTP/1.1" 200 9488 "-" "Mozilla/5.0 (compatible; SemrushBot/7~bl; +http://www.semrush.com/bot.html)"
185.93.229.6 - - [06/May/2025:18:53:00 +0200] "GET /journal/index.php/Alqalam/article/view/741?articlesBySimilarityPage=22 HTTP/1.1" 200 9459 "-" "Mozilla/5.0 AppleWebKit/537.36 (KHTML, like Gecko; compatible; bingbot/2.0; +http://www.bing.com/bingbot.htm) Chrome/116.0.1938.76 Safari/537.36"
85.208.96.194 - - [06/May/2025:18:53:03 +0200] "GET /teacher_list.php?pageNum_news_index=0&pageNum_news_index=1&pageNum_news_index=1&pageNum_news_index=1&pageNum_news_index=1&pageNum_news_index=2&pageNum_news_index=2&pageNum_news_index=2&pageNum_news_index=2&pageNum_news_index=4 HTTP/1.1" 200 9454 "-" "Mozilla/5.0 (compatible; SemrushBot/7~bl; +http://www.semrush.com/bot.html)"
85.208.96.194 - - [06/May/2025:18:53:06 +0200] "GET /teacher_list.php?pageNum_news_index=0&pageNum_news_index=0&pageNum_news_index=3&pageNum_news_index=6&pageNum_news_index=6&pageNum_news_index=6&pageNum_news_index=6&pageNum_news_index=6&pageNum_news_index=8&pageNum_news_index=9 HTTP/1.1" 200 9467 "-" "Mozilla/5.0 (compatible; SemrushBot/7~bl; +http://www.semrush.com/bot.html)"
185.191.171.9 - - [06/May/2025:18:53:11 +0200] "GET /teacher_list.php?pageNum_news_index=2&pageNum_news_index=5&pageNum_news_index=6&pageNum_news_index=6&pageNum_news_index=6&pageNum_news_index=6&pageNum_news_index=6&pageNum_news_index=6&pageNum_news_index=6&pageNum_news_index=8 HTTP/1.1" 200 9494 "-" "Mozilla/5.0 (compatible; SemrushBot/7~bl; +http://www.semrush.com/bot.html)"
185.191.171.17 - - [06/May/2025:18:53:13 +0200] "GET /teacher_list.php?pageNum_news_index=0&pageNum_news_index=0&pageNum_news_index=0&pageNum_news_index=1&pageNum_news_index=2&pageNum_news_index=3&pageNum_news_index=3&pageNum_news_index=6&pageNum_news_index=6&pageNum_news_index=7 HTTP/1.1" 200 9471 "-" "Mozilla/5.0 (compatible; SemrushBot/7~bl; +http://www.semrush.com/bot.html)"
185.93.229.6 - - [06/May/2025:18:53:15 +0200] "GET /journal/index.php/Alqalam/article/view/338?articlesBySimilarityPage=13 HTTP/1.1" 200 8575 "-" "Mozilla/5.0 (compatible; SemrushBot/7~bl; +http://www.semrush.com/bot.html)"
185.191.171.16 - - [06/May/2025:18:53:21 +0200] "GET /teacher_list.php?pageNum_news_index=1&pageNum_news_index=3&pageNum_news_index=3&pageNum_news_index=4&pageNum_news_index=4&pageNum_news_index=5&pageNum_news_index=5&pageNum_news_index=5&pageNum_news_index=5&pageNum_news_index=5 HTTP/1.1" 200 9545 "-" "Mozilla/5.0 (compatible; SemrushBot/7~bl; +http://www.semrush.com/bot.html)"
192.88.135.6 - - [06/May/2025:18:53:25 +0200] "GET /journal/index.php/Alqalam/citationstylelanguage/download/bibtex?submissionId=843&publicationId=843 HTTP/1.1" 200 2152 "-" "Mozilla/5.0 (compatible; DotBot/1.2; +https://opensiteexplorer.org/dotbot; help@moz.com)"
85.208.96.194 - - [06/May/2025:18:53:27 +0200] "GET /teacher_list.php?pageNum_news_index=5&pageNum_news_index=5&pageNum_news_index=5&pageNum_news_index=5&pageNum_news_index=5&pageNum_news_index=6&pageNum_news_index=8&pageNum_news_index=8&pageNum_news_index=8&pageNum_news_index=8&pageNum_news_index=9 HTTP/1.1" 200 9483 "-" "Mozilla/5.0 (compatible; SemrushBot/7~bl; +http://www.semrush.com/bot.html)"
185.93.230.19 - - [06/May/2025:18:53:32 +0200] "GET /journal/index.php/Alqalam/citationstylelanguage/get/harvard-cite-them-right?submissionId=308&publicationId=308 HTTP/1.1" 200 312 "-" "Mozilla/5.0 (Windows NT 10.0; Win64; x64) AppleWebKit/537.36 (KHTML, like Gecko) Chrome/100.0.8215.612 Safari/537.36"
185.93.229.19 - - [06/May/2025:18:53:32 +0200] "GET /robots.txt HTTP/1.1" 404 3913 "-" "Mozilla/5.0 (compatible; SemrushBot/7~bl; +http://www.semrush.com/bot.html)"
185.93.229.6 - - [06/May/2025:18:53:38 +0200] "GET /cp/student/login.php?accesscheck=%2Fcp%2Fstudent%2Fstartcourse.php%3Fsearch%3Dobs%2B%25E5%2587%25BA%25E5%258A%259B%25E9%2596%258B%25E5%25A7%258B%25E3%2581%25AB%25E5%25A4%25B1%25E6%2595%2597%25E3%2581%2597%25E3%2581%25BE%25E3%2581%2597%25E3%2581%259F HTTP/1.1" 200 1895 "-" "Mozilla/5.0 AppleWebKit/537.36 (KHTML, like Gecko; compatible; bingbot/2.0; +http://www.bing.com/bingbot.htm) Chrome/116.0.1938.76 Safari/537.36"
185.191.171.4 - - [06/May/2025:18:53:46 +0200] "GET /teacher_list.php?pageNum_news_index=2&pageNum_news_index=2&pageNum_news_index=2&pageNum_news_index=3&pageNum_news_index=5&pageNum_news_index=6&pageNum_news_index=7&pageNum_news_index=9 HTTP/1.1" 200 9435 "-" "Mozilla/5.0 (compatible; SemrushBot/7~bl; +http://www.semrush.com/bot.html)"
185.93.229.6 - - [06/May/2025:18:53:49 +0200] "GET /teacher_list.php?pageNum_news_index=6&&pageNum_news_index=4&&pageNum_news_index=26&&pageNum_news_index=23&&pageNum_news_index=23&&pageNum_news_index=23&&pageNum_news_index=23&&pageNum_news_index=21&&pageNum_news_index=0 HTTP/1.1" 200 9292 "-" "Mozilla/5.0 AppleWebKit/537.36 (KHTML, like Gecko; compatible; bingbot/2.0; +http://www.bing.com/bingbot.htm) Chrome/116.0.1938.76 Safari/537.36"
192.88.135.6 - - [06/May/2025:18:53:53 +0200] "GET /journal/index.php/Alqalam/citationstylelanguage/get/apa?submissionId=851&publicationId=851 HTTP/1.1" 200 375 "-" "Mozilla/5.0 (compatible; DotBot/1.2; +https://opensiteexplorer.org/dotbot; help@moz.com)"
185.93.228.6 - - [06/May/2025:18:54:17 +0200] "GET /cp/teacher/index.php HTTP/1.1" 302 2503 "https://uta.edu.ly/cp/teacher/login.php" "Mozilla/5.0 (Windows NT 10.0; Win64; x64) AppleWebKit/537.36 (KHTML, like Gecko) Chrome/135.0.0.0 Safari/537.36"
185.93.228.6 - - [06/May/2025:18:54:19 +0200] "GET /cp/teacher/login.php HTTP/1.1" 200 1900 "https://uta.edu.ly/cp/teacher/login.php" "Mozilla/5.0 (Windows NT 10.0; Win64; x64) AppleWebKit/537.36 (KHTML, like Gecko) Chrome/135.0.0.0 Safari/537.36"
185.93.228.19 - - [06/May/2025:18:54:23 +0200] "GET /cp/student/index.php HTTP/1.1" 200 3795 "https://utripoli.edu.ly/cp/student/index.php" "Mozilla/5.0 (Windows NT 10.0; Win64; x64) AppleWebKit/537.36 (KHTML, like Gecko) Chrome/109.0.0.0 Safari/537.36"
185.93.229.19 - - [06/May/2025:18:54:24 +0200] "GET /teacher_list.php?pageNum_news_index=0&pageNum_news_index=0&pageNum_news_index=0&pageNum_news_index=0&pageNum_news_index=0&pageNum_news_index=0&pageNum_news_index=2&pageNum_news_index=2&pageNum_news_index=3&pageNum_news_index=5&pageNum_news_index=5&pageNum_news_index=6&pageNum_news_index=6 HTTP/1.1" 200 9557 "-" "Mozilla/5.0 (compatible; SemrushBot/7~bl; +http://www.semrush.com/bot.html)"
185.93.228.6 - - [06/May/2025:18:54:27 +0200] "GET /cp/teacher/login.php HTTP/1.1" 200 1900 "https://uta.edu.ly/cp/teacher/fail.php" "Mozilla/5.0 (Windows NT 10.0; Win64; x64) AppleWebKit/537.36 (KHTML, like Gecko) Chrome/135.0.0.0 Safari/537.36"
185.191.171.16 - - [06/May/2025:18:54:30 +0200] "GET /teacher_list.php?pageNum_news_index=0&pageNum_news_index=0&pageNum_news_index=1&pageNum_news_index=2&pageNum_news_index=3&pageNum_news_index=4&pageNum_news_index=5&pageNum_news_index=5&pageNum_news_index=5&pageNum_news_index=6 HTTP/1.1" 200 9527 "-" "Mozilla/5.0 (compatible; SemrushBot/7~bl; +http://www.semrush.com/bot.html)"
185.93.229.19 - - [06/May/2025:18:54:30 +0200] "GET /teacher_list.php?pageNum_news_index=0&pageNum_news_index=0&pageNum_news_index=2&pageNum_news_index=3&pageNum_news_index=5&pageNum_news_index=6&pageNum_news_index=6&pageNum_news_index=6&pageNum_news_index=7&pageNum_news_index=7 HTTP/1.1" 200 9472 "-" "Mozilla/5.0 (compatible; SemrushBot/7~bl; +http://www.semrush.com/bot.html)"
185.93.228.6 - - [06/May/2025:18:54:30 +0200] "POST /cp/teacher/login.php HTTP/1.1" 302 1900 "https://uta.edu.ly/cp/teacher/login.php" "Mozilla/5.0 (Windows NT 10.0; Win64; x64) AppleWebKit/537.36 (KHTML, like Gecko) Chrome/135.0.0.0 Safari/537.36"
185.93.228.6 - - [06/May/2025:18:54:31 +0200] "GET /cp/teacher/fail.php HTTP/1.1" 200 1276 "https://uta.edu.ly/cp/teacher/login.php" "Mozilla/5.0 (Windows NT 10.0; Win64; x64) AppleWebKit/537.36 (KHTML, like Gecko) Chrome/135.0.0.0 Safari/537.36"
185.93.228.6 - - [06/May/2025:18:54:33 +0200] "GET /cp/teacher/index.php HTTP/1.1" 302 2503 "https://uta.edu.ly/cp/teacher/fail.php" "Mozilla/5.0 (Windows NT 10.0; Win64; x64) AppleWebKit/537.36 (KHTML, like Gecko) Chrome/135.0.0.0 Safari/537.36"
185.93.228.6 - - [06/May/2025:18:54:33 +0200] "GET /cp/teacher/login.php HTTP/1.1" 200 1900 "https://uta.edu.ly/cp/teacher/fail.php" "Mozilla/5.0 (Windows NT 10.0; Win64; x64) AppleWebKit/537.36 (KHTML, like Gecko) Chrome/135.0.0.0 Safari/537.36"
185.93.229.19 - - [06/May/2025:18:54:33 +0200] "GET /teacher_list.php?pageNum_news_index=1&pageNum_news_index=1&pageNum_news_index=1&pageNum_news_index=2&pageNum_news_index=3&pageNum_news_index=3&pageNum_news_index=3&pageNum_news_index=5&pageNum_news_index=6&pageNum_news_index=7&pageNum_news_index=7&pageNum_news_index=7 HTTP/1.1" 200 9496 "-" "Mozilla/5.0 (compatible; SemrushBot/7~bl; +http://www.semrush.com/bot.html)"
185.93.228.19 - - [06/May/2025:18:54:34 +0200] "GET /cp/student/list_subject_s.php HTTP/1.1" 302 3291 "https://utripoli.edu.ly/cp/student/index.php" "Mozilla/5.0 (Windows NT 10.0; Win64; x64) AppleWebKit/537.36 (KHTML, like Gecko) Chrome/109.0.0.0 Safari/537.36"
185.93.228.19 - - [06/May/2025:18:54:34 +0200] "GET /cp/student/edit_my.php? HTTP/1.1" 200 3646 "https://utripoli.edu.ly/cp/student/index.php" "Mozilla/5.0 (Windows NT 10.0; Win64; x64) AppleWebKit/537.36 (KHTML, like Gecko) Chrome/109.0.0.0 Safari/537.36"
185.93.228.6 - - [06/May/2025:18:54:41 +0200] "POST /cp/teacher/login.php HTTP/1.1" 302 1900 "https://uta.edu.ly/cp/teacher/login.php" "Mozilla/5.0 (Windows NT 10.0; Win64; x64) AppleWebKit/537.36 (KHTML, like Gecko) Chrome/135.0.0.0 Safari/537.36"
185.93.228.6 - - [06/May/2025:18:54:41 +0200] "GET /cp/teacher/index.php HTTP/1.1" 200 3736 "https://uta.edu.ly/cp/teacher/login.php" "Mozilla/5.0 (Windows NT 10.0; Win64; x64) AppleWebKit/537.36 (KHTML, like Gecko) Chrome/135.0.0.0 Safari/537.36"
85.208.96.204 - - [06/May/2025:18:54:41 +0200] "GET /teacher_list.php?pageNum_news_index=0&pageNum_news_index=0&pageNum_news_index=1&pageNum_news_index=6&pageNum_news_index=7&pageNum_news_index=7&pageNum_news_index=7&pageNum_news_index=7&pageNum_news_index=9 HTTP/1.1" 200 9452 "-" "Mozilla/5.0 (compatible; SemrushBot/7~bl; +http://www.semrush.com/bot.html)"
85.208.96.200 - - [06/May/2025:18:54:46 +0200] "GET /teacher_list.php?pageNum_news_index=1&pageNum_news_index=3&pageNum_news_index=4&pageNum_news_index=4&pageNum_news_index=4&pageNum_news_index=5&pageNum_news_index=7&pageNum_news_index=8&pageNum_news_index=8 HTTP/1.1" 200 9481 "-" "Mozilla/5.0 (compatible; SemrushBot/7~bl; +http://www.semrush.com/bot.html)"
185.93.228.6 - - [06/May/2025:18:54:50 +0200] "GET / HTTP/1.1" 200 16203 "https://www.google.com/" "Mozilla/5.0 (Windows NT 10.0; Win64; x64) AppleWebKit/537.36 (KHTML, like Gecko) Chrome/135.0.0.0 Safari/537.36"
85.208.96.205 - - [06/May/2025:18:54:53 +0200] "GET /teacher_list.php?pageNum_news_index=1&pageNum_news_index=1&pageNum_news_index=1&pageNum_news_index=2&pageNum_news_index=2&pageNum_news_index=2&pageNum_news_index=3&pageNum_news_index=4&pageNum_news_index=4&pageNum_news_index=6&pageNum_news_index=7&pageNum_news_index=8 HTTP/1.1" 200 9520 "-" "Mozilla/5.0 (compatible; SemrushBot/7~bl; +http://www.semrush.com/bot.html)"
185.93.228.19 - - [06/May/2025:18:54:54 +0200] "GET /cp/student/list_subject_s.php HTTP/1.1" 302 3291 "https://utripoli.edu.ly/cp/student/edit_my.php?" "Mozilla/5.0 (Windows NT 10.0; Win64; x64) AppleWebKit/537.36 (KHTML, like Gecko) Chrome/109.0.0.0 Safari/537.36"
185.93.228.19 - - [06/May/2025:18:54:54 +0200] "GET /cp/student/edit_my.php? HTTP/1.1" 200 3646 "https://utripoli.edu.ly/cp/student/edit_my.php?" "Mozilla/5.0 (Windows NT 10.0; Win64; x64) AppleWebKit/537.36 (KHTML, like Gecko) Chrome/109.0.0.0 Safari/537.36"
66.248.200.6 - - [06/May/2025:18:54:56 +0200] "GET /journal/index.php/Alqalam/article/view/561/465 HTTP/1.1" 302 20 "-" "Googlebot/2.1 (+http://www.google.com/bot.html)"
185.93.228.6 - - [06/May/2025:18:54:58 +0200] "GET /cp/main-login.php HTTP/1.1" 200 1886 "https://uta.edu.ly/" "Mozilla/5.0 (Windows NT 10.0; Win64; x64) AppleWebKit/537.36 (KHTML, like Gecko) Chrome/135.0.0.0 Safari/537.36"
185.93.228.6 - - [06/May/2025:18:54:59 +0200] "GET /cp/teacher/login.php HTTP/1.1" 200 1900 "https://uta.edu.ly/cp/main-login.php" "Mozilla/5.0 (Windows NT 10.0; Win64; x64) AppleWebKit/537.36 (KHTML, like Gecko) Chrome/135.0.0.0 Safari/537.36"
185.191.171.4 - - [06/May/2025:18:55:04 +0200] "GET /robots.txt HTTP/1.1" 404 3913 "-" "Mozilla/5.0 (compatible; SemrushBot/7~bl; +http://www.semrush.com/bot.html)"
185.93.228.6 - - [06/May/2025:18:55:04 +0200] "POST /cp/teacher/login.php HTTP/1.1" 302 1900 "https://uta.edu.ly/cp/teacher/login.php" "Mozilla/5.0 (Windows NT 10.0; Win64; x64) AppleWebKit/537.36 (KHTML, like Gecko) Chrome/135.0.0.0 Safari/537.36"
185.191.171.5 - - [06/May/2025:18:55:04 +0200] "GET /teacher_list.php?pageNum_news_index=0&pageNum_news_index=0&pageNum_news_index=2&pageNum_news_index=3&pageNum_news_index=3&pageNum_news_index=3&pageNum_news_index=3&pageNum_news_index=3&pageNum_news_index=4&pageNum_news_index=5&pageNum_news_index=5&pageNum_news_index=5 HTTP/1.1" 200 9566 "-" "Mozilla/5.0 (compatible; SemrushBot/7~bl; +http://www.semrush.com/bot.html)"
185.93.228.6 - - [06/May/2025:18:55:05 +0200] "GET /cp/teacher/fail.php HTTP/1.1" 200 1276 "https://uta.edu.ly/cp/teacher/login.php" "Mozilla/5.0 (Windows NT 10.0; Win64; x64) AppleWebKit/537.36 (KHTML, like Gecko) Chrome/135.0.0.0 Safari/537.36"
185.93.228.6 - - [06/May/2025:18:55:07 +0200] "GET /cp/teacher/index.php HTTP/1.1" 200 3736 "https://uta.edu.ly/cp/teacher/fail.php" "Mozilla/5.0 (Windows NT 10.0; Win64; x64) AppleWebKit/537.36 (KHTML, like Gecko) Chrome/135.0.0.0 Safari/537.36"
185.191.171.7 - - [06/May/2025:18:55:27 +0200] "GET /teacher_list.php?pageNum_news_index=1&pageNum_news_index=2&pageNum_news_index=4&pageNum_news_index=4&pageNum_news_index=4&pageNum_news_index=4&pageNum_news_index=4&pageNum_news_index=5&pageNum_news_index=5&pageNum_news_index=7&pageNum_news_index=7&pageNum_news_index=7 HTTP/1.1" 200 9490 "-" "Mozilla/5.0 (compatible; SemrushBot/7~bl; +http://www.semrush.com/bot.html)"
185.93.230.6 - - [06/May/2025:18:55:33 +0200] "GET /journal/index.php/Alqalam/citationstylelanguage/get/modern-language-association?submissionId=608&publicationId=608 HTTP/1.1" 200 244 "https://uta.edu.ly/journal/index.php/Alqalam/article/view/608" "Mozilla/5.0 (Linux; Android 7.0;) AppleWebKit/537.36 (KHTML, like Gecko) Mobile Safari/537.36 (compatible; PetalBot;+https://webmaster.petalsearch.com/site/petalbot)"
85.208.96.199 - - [06/May/2025:18:55:36 +0200] "GET /teacher_list.php?pageNum_news_index=3&pageNum_news_index=3&pageNum_news_index=4&pageNum_news_index=5&pageNum_news_index=5&pageNum_news_index=6&pageNum_news_index=6&pageNum_news_index=9 HTTP/1.1" 200 9432 "-" "Mozilla/5.0 (compatible; SemrushBot/7~bl; +http://www.semrush.com/bot.html)"
66.248.200.6 - - [06/May/2025:18:55:40 +0200] "GET /journal/index.php/Alqalam/citationstylelanguage/get/modern-language-association?submissionId=43&publicationId=43 HTTP/1.1" 200 282 "-" "Mozilla/5.0 (Linux; Android 6.0.1; Nexus 5X Build/MMB29P) AppleWebKit/537.36 (KHTML, like Gecko) Chrome/136.0.7103.59 Mobile Safari/537.36 (compatible; Googlebot/2.1; +http://www.google.com/bot.html)"
185.191.171.5 - - [06/May/2025:18:55:40 +0200] "GET /teacher_list.php?pageNum_news_index=0&pageNum_news_index=2&pageNum_news_index=2&pageNum_news_index=5&pageNum_news_index=5&pageNum_news_index=5&pageNum_news_index=6&pageNum_news_index=6&pageNum_news_index=8&pageNum_news_index=8&pageNum_news_index=8 HTTP/1.1" 200 9507 "-" "Mozilla/5.0 (compatible; SemrushBot/7~bl; +http://www.semrush.com/bot.html)"
185.93.228.6 - - [06/May/2025:18:55:41 +0200] "POST /cp/teacher/login.php HTTP/1.1" 302 1900 "https://uta.edu.ly/cp/teacher/login.php" "Mozilla/5.0 (Windows NT 10.0; Win64; x64) AppleWebKit/537.36 (KHTML, like Gecko) Chrome/135.0.0.0 Safari/537.36"
185.93.228.6 - - [06/May/2025:18:55:41 +0200] "GET /cp/teacher/fail.php HTTP/1.1" 200 1276 "https://uta.edu.ly/cp/teacher/login.php" "Mozilla/5.0 (Windows NT 10.0; Win64; x64) AppleWebKit/537.36 (KHTML, like Gecko) Chrome/135.0.0.0 Safari/537.36"
185.93.228.6 - - [06/May/2025:18:55:43 +0200] "GET /cp/teacher/index.php HTTP/1.1" 200 3736 "https://uta.edu.ly/cp/teacher/fail.php" "Mozilla/5.0 (Windows NT 10.0; Win64; x64) AppleWebKit/537.36 (KHTML, like Gecko) Chrome/135.0.0.0 Safari/537.36"
185.191.171.14 - - [06/May/2025:18:55:43 +0200] "GET /teacher_list.php?pageNum_news_index=2&pageNum_news_index=2&pageNum_news_index=2&pageNum_news_index=5&pageNum_news_index=5&pageNum_news_index=5&pageNum_news_index=5&pageNum_news_index=7&pageNum_news_index=8&pageNum_news_index=8&pageNum_news_index=8&pageNum_news_index=8 HTTP/1.1" 200 9513 "-" "Mozilla/5.0 (compatible; SemrushBot/7~bl; +http://www.semrush.com/bot.html)"
66.248.200.6 - - [06/May/2025:18:55:51 +0200] "GET /journal/index.php/Alqalam/article/view/54 HTTP/1.1" 200 8102 "-" "Googlebot/2.1 (+http://www.google.com/bot.html)"
185.93.230.6 - - [06/May/2025:18:56:07 +0200] "GET /teacher_list.php?id_sec=%D9%82%D8%B3%D9%85%20%D8%A7%D9%84%D9%82%D8%A7%D9%86%D9%88%D9%86,&=2&pageNum_news_index=1 HTTP/1.1" 200 9124 "https://uta.edu.ly/teacher_list.php?id_sec=%D9%82%D8%B3%D9%85%20%D8%A7%D9%84%D9%82%D8%A7%D9%86%D9%88%D9%86%2C&=2&pageNum_news_index=0" "Mozilla/5.0 (Linux; Android 7.0;) AppleWebKit/537.36 (KHTML, like Gecko) Mobile Safari/537.36 (compatible; PetalBot;+https://webmaster.petalsearch.com/site/petalbot)"
185.191.171.14 - - [06/May/2025:18:56:07 +0200] "GET /teacher_list.php?pageNum_news_index=1&pageNum_news_index=2&pageNum_news_index=4&pageNum_news_index=5&pageNum_news_index=6&pageNum_news_index=8&pageNum_news_index=8&pageNum_news_index=9 HTTP/1.1" 200 9436 "-" "Mozilla/5.0 (compatible; SemrushBot/7~bl; +http://www.semrush.com/bot.html)"
192.88.135.6 - - [06/May/2025:18:56:10 +0200] "GET /robots.txt HTTP/1.1" 404 3913 "-" "Mozilla/5.0 (Macintosh; Intel Mac OS X 10_15_7) AppleWebKit/537.36 (KHTML, like Gecko) Chrome/131.0.0.0 Safari/537.36; compatible; OAI-SearchBot/1.0; +https://openai.com/searchbot"
85.208.96.210 - - [06/May/2025:18:56:12 +0200] "GET /teacher_list.php?pageNum_news_index=0&pageNum_news_index=0&pageNum_news_index=0&pageNum_news_index=3&pageNum_news_index=4&pageNum_news_index=7&pageNum_news_index=8&pageNum_news_index=8&pageNum_news_index=8&pageNum_news_index=8 HTTP/1.1" 200 9497 "-" "Mozilla/5.0 (compatible; SemrushBot/7~bl; +http://www.semrush.com/bot.html)"
85.208.96.210 - - [06/May/2025:18:56:27 +0200] "GET /teacher_list.php?pageNum_news_index=5&pageNum_news_index=5&pageNum_news_index=6&pageNum_news_index=6&pageNum_news_index=7&pageNum_news_index=7&pageNum_news_index=7&pageNum_news_index=7&pageNum_news_index=7&pageNum_news_index=8&pageNum_news_index=8 HTTP/1.1" 200 9511 "-" "Mozilla/5.0 (compatible; SemrushBot/7~bl; +http://www.semrush.com/bot.html)"
192.88.135.19 - - [06/May/2025:18:56:34 +0200] "GET /robots.txt HTTP/1.1" 404 3913 "-" "Mozilla/5.0 (Macintosh; Intel Mac OS X 10_15_7) AppleWebKit/537.36 (KHTML, like Gecko) Chrome/131.0.0.0 Safari/537.36; compatible; OAI-SearchBot/1.0; +https://openai.com/searchbot"
185.93.228.19 - - [06/May/2025:18:56:35 +0200] "GET /cp/student/startcourse.php HTTP/1.1" 200 3543 "https://utripoli.edu.ly/cp/student/index.php" "Mozilla/5.0 (Windows NT 10.0; Win64; x64) AppleWebKit/537.36 (KHTML, like Gecko) Chrome/109.0.0.0 Safari/537.36"
185.93.230.6 - - [06/May/2025:18:56:39 +0200] "GET /teacher.php?id=91 HTTP/1.1" 200 8232 "https://uta.edu.ly/teacher_list.php?id_sec=%D9%82%D8%B3%D9%85%20%D8%AA%D9%82%D9%86%D9%8A%D8%A9%20%D8%A7%D9%84%D9%85%D8%B9%D9%84%D9%88%D9%85%D8%A7%D8%AA%2C&=3&pageNum_news_index=3" "Mozilla/5.0 (Linux; Android 7.0;) AppleWebKit/537.36 (KHTML, like Gecko) Mobile Safari/537.36 (compatible; PetalBot;+https://webmaster.petalsearch.com/site/petalbot)"
85.208.96.206 - - [06/May/2025:18:56:44 +0200] "GET /teacher_list.php?pageNum_news_index=1&pageNum_news_index=2&pageNum_news_index=2&pageNum_news_index=5&pageNum_news_index=5&pageNum_news_index=5&pageNum_news_index=6&pageNum_news_index=7&pageNum_news_index=9 HTTP/1.1" 200 9456 "-" "Mozilla/5.0 (compatible; SemrushBot/7~bl; +http://www.semrush.com/bot.html)"
185.93.229.6 - - [06/May/2025:18:56:57 +0200] "GET /cp/student/startcourse.php?search=Khams+city+weather+forecast HTTP/1.1" 302 2352 "-" "Mozilla/5.0 (Windows NT 10.0; Win64; x64) AppleWebKit/537.36 (KHTML, like Gecko) Chrome/112.0.0.0 Safari/537.36 Edg/112.0.1722.68"
185.93.229.6 - - [06/May/2025:18:56:57 +0200] "GET /cp/student/login.php?accesscheck=%2Fcp%2Fstudent%2Fstartcourse.php%3Fsearch%3DKhams%2Bcity%2Bweather%2Bforecast HTTP/1.1" 200 1895 "-" "Mozilla/5.0 (Windows NT 10.0; Win64; x64) AppleWebKit/537.36 (KHTML, like Gecko) Chrome/112.0.0.0 Safari/537.36 Edg/112.0.1722.68"
185.191.171.16 - - [06/May/2025:18:57:11 +0200] "GET /teacher_list.php?pageNum_news_index=2&pageNum_news_index=4&pageNum_news_index=5&pageNum_news_index=6&pageNum_news_index=6&pageNum_news_index=6&pageNum_news_index=7&pageNum_news_index=7&pageNum_news_index=7&pageNum_news_index=7&pageNum_news_index=7&pageNum_news_index=7 HTTP/1.1" 200 9494 "-" "Mozilla/5.0 (compatible; SemrushBot/7~bl; +http://www.semrush.com/bot.html)"
85.208.96.210 - - [06/May/2025:18:57:13 +0200] "GET /teacher_list.php?pageNum_news_index=2&pageNum_news_index=3&pageNum_news_index=4&pageNum_news_index=4&pageNum_news_index=4&pageNum_news_index=6&pageNum_news_index=6&pageNum_news_index=6&pageNum_news_index=7&pageNum_news_index=7&pageNum_news_index=8&pageNum_news_index=9 HTTP/1.1" 200 9495 "-" "Mozilla/5.0 (compatible; SemrushBot/7~bl; +http://www.semrush.com/bot.html)"
185.191.171.6 - - [06/May/2025:18:57:17 +0200] "GET /teacher_list.php?pageNum_news_index=0&pageNum_news_index=2&pageNum_news_index=2&pageNum_news_index=2&pageNum_news_index=4&pageNum_news_index=4&pageNum_news_index=7&pageNum_news_index=7&pageNum_news_index=7&pageNum_news_index=8 HTTP/1.1" 200 9497 "-" "Mozilla/5.0 (compatible; SemrushBot/7~bl; +http://www.semrush.com/bot.html)"
85.208.96.210 - - [06/May/2025:18:57:20 +0200] "GET /teacher_list.php?pageNum_news_index=0&pageNum_news_index=1&pageNum_news_index=1&pageNum_news_index=1&pageNum_news_index=1&pageNum_news_index=2&pageNum_news_index=2&pageNum_news_index=4&pageNum_news_index=5&pageNum_news_index=6&pageNum_news_index=8 HTTP/1.1" 200 9517 "-" "Mozilla/5.0 (compatible; SemrushBot/7~bl; +http://www.semrush.com/bot.html)"
185.191.171.12 - - [06/May/2025:18:57:26 +0200] "GET /teacher_list.php?pageNum_news_index=0&pageNum_news_index=1&pageNum_news_index=1&pageNum_news_index=1&pageNum_news_index=2&pageNum_news_index=2&pageNum_news_index=2&pageNum_news_index=2&pageNum_news_index=5&pageNum_news_index=6&pageNum_news_index=6&pageNum_news_index=8 HTTP/1.1" 200 9518 "-" "Mozilla/5.0 (compatible; SemrushBot/7~bl; +http://www.semrush.com/bot.html)"
