JFIFICC_PROFILElcmsmntrRGB XYZ  acspMSFTsawsctrl-hand=@=@t," desc_cprt wtptrXYZ,gXYZ@bXYZTrTRCh`gTRCh`bTRCh`descuRGBtextCC0XYZ TXYZ o8XYZ bXYZ $curv*|uN  bj. C$)j.~39?FWM6Tv\dluV~,6۾ewC    #%$""!&+7/&)4)!"0A149;>>>%.DIC;C  ;("(;;;;;;;;;;;;;;;;;;;;;;;;;;;;;;;;;;;;;;;;;;;;;;;;;;<" }!1AQa"q2#BR$3br %&'()*456789:CDEFGHIJSTUVWXYZcdefghijstuvwxyz w!1AQaq"2B #3Rbr $4%&'()*56789:CDEFGHIJSTUVWXYZcdefghijstuvwxyz ?|WH?cS?Ne.r˿ޱ5\YYhFOejT7PZ[qs2c/$Ep[Gqo(Nù=QHci;OipX=Ģ8d^mQeӴm1OsL/x2];i6p!zU -/uX!=<-}JFIFICC_PROFILElcmsmntrRGB XYZ  acspMSFTsawsctrl-hand=@=@t," desc_cprt wtptrXYZ,gXYZ@bXYZTrTRCh`gTRCh`bTRCh`descuRGBtextCC0XYZ TXYZ o8XYZ bXYZ $curv*|uN  bj. C$)j.~39?FWM6Tv\dluV~,6۾ewC    #%$""!&+7/&)4)!"0A149;>>>%.DIC;C  ;("(;;;;;;;;;;;;;;;;;;;;;;;;;;;;;;;;;;;;;;;;;;;;;;;;;;<" }!1AQa"q2#BR$3br %&'()*456789:CDEFGHIJSTUVWXYZcdefghijstuvwxyz w!1AQaq"2B #3Rbr $4%&'()*56789:CDEFGHIJSTUVWXYZcdefghijstuvwxyz ?|WH?cS?Ne.r˿ޱ5\YYhFOejT7PZ[qs2c/$Ep[Gqo(Nù=QHci;OipX=Ģ8d^mQeӴm1OsL/x2];i6p!zU -/uX!=<-}JFIFICC_PROFILElcmsmntrRGB XYZ  acspMSFTsawsctrl-hand=@=@t," desc_cprt wtptrXYZ,gXYZ@bXYZTrTRCh`gTRCh`bTRCh`descuRGBtextCC0XYZ TXYZ o8XYZ bXYZ $curv*|uN  bj. C$)j.~39?FWM6Tv\dluV~,6۾ewC    #%$""!&+7/&)4)!"0A149;>>>%.DIC;C  ;("(;;;;;;;;;;;;;;;;;;;;;;;;;;;;;;;;;;;;;;;;;;;;;;;;;;<" }!1AQa"q2#BR$3br %&'()*456789:CDEFGHIJSTUVWXYZcdefghijstuvwxyz w!1AQaq"2B #3Rbr $4%&'()*56789:CDEFGHIJSTUVWXYZcdefghijstuvwxyz ?|WH?cS?Ne.r˿ޱ5\YYhFOejT7PZ[qs2c/$Ep[Gqo(Nù=QHci;OipX=Ģ8d^mQeӴm1OsL/x2];i6p!zU -/uX!=<-}JFIFICC_PROFILElcmsmntrRGB XYZ  acspMSFTsawsctrl-hand=@=@t," desc_cprt wtptrXYZ,gXYZ@bXYZTrTRCh`gTRCh`bTRCh`descuRGBtextCC0XYZ TXYZ o8XYZ bXYZ $curv*|uN  bj. C$)j.~39?FWM6Tv\dluV~,6۾ewC    #%$""!&+7/&)4)!"0A149;>>>%.DIC;C  ;("(;;;;;;;;;;;;;;;;;;;;;;;;;;;;;;;;;;;;;;;;;;;;;;;;;;<" }!1AQa"q2#BR$3br %&'()*456789:CDEFGHIJSTUVWXYZcdefghijstuvwxyz w!1AQaq"2B #3Rbr $4%&'()*56789:CDEFGHIJSTUVWXYZcdefghijstuvwxyz ?|WH?cS?Ne.r˿ޱ5\YYhFOejT7PZ[qs2c/$Ep[Gqo(Nù=QHci;OipX=Ģ8d^mQeӴm1OsL/x2];i6p!zU -/uX!=<-}JFIFICC_PROFILElcmsmntrRGB XYZ  acspMSFTsawsctrl-hand=@=@t," desc_cprt wtptrXYZ,gXYZ@bXYZTrTRCh`gTRCh`bTRCh`descuRGBtextCC0XYZ TXYZ o8XYZ bXYZ $curv*|uN  bj. C$)j.~39?FWM6Tv\dluV~,6۾ewC    #%$""!&+7/&)4)!"0A149;>>>%.DIC;C  ;("(;;;;;;;;;;;;;;;;;;;;;;;;;;;;;;;;;;;;;;;;;;;;;;;;;;<" }!1AQa"q2#BR$3br %&'()*456789:CDEFGHIJSTUVWXYZcdefghijstuvwxyz w!1AQaq"2B #3Rbr $4%&'()*56789:CDEFGHIJSTUVWXYZcdefghijstuvwxyz ?|WH?cS?Ne.r˿ޱ5\YYhFOejT7PZ[qs2c/$Ep[Gqo(Nù=QHci;OipX=Ģ8d^mQeӴm1OsL/x2];i6p!zU -/uX!=<-}JFIFICC_PROFILElcmsmntrRGB XYZ  acspMSFTsawsctrl-hand=@=@t," desc_cprt wtptrXYZ,gXYZ@bXYZTrTRCh`gTRCh`bTRCh`descuRGBtextCC0XYZ TXYZ o8XYZ bXYZ $curv*|uN  bj. C$)j.~39?FWM6Tv\dluV~,6۾ewC    #%$""!&+7/&)4)!"0A149;>>>%.DIC;C  ;("(;;;;;;;;;;;;;;;;;;;;;;;;;;;;;;;;;;;;;;;;;;;;;;;;;;<" }!1AQa"q2#BR$3br %&'()*456789:CDEFGHIJSTUVWXYZcdefghijstuvwxyz w!1AQaq"2B #3Rbr $4%&'()*56789:CDEFGHIJSTUVWXYZcdefghijstuvwxyz ?|WH?cS?Ne.r˿ޱ5\YYhFOejT7PZ[qs2c/$Ep[Gqo(Nù=QHci;OipX=Ģ8d^mQeӴm1OsL/x2];i6p!zU -/uX!=<-}JFIFICC_PROFILElcmsmntrRGB XYZ  acspMSFTsawsctrl-hand=@=@t," desc_cprt wtptrXYZ,gXYZ@bXYZTrTRCh`gTRCh`bTRCh`descuRGBtextCC0XYZ TXYZ o8XYZ bXYZ $curv*|uN  bj. C$)j.~39?FWM6Tv\dluV~,6۾ewC    #%$""!&+7/&)4)!"0A149;>>>%.DIC;C  ;("(;;;;;;;;;;;;;;;;;;;;;;;;;;;;;;;;;;;;;;;;;;;;;;;;;;<" }!1AQa"q2#BR$3br %&'()*456789:CDEFGHIJSTUVWXYZcdefghijstuvwxyz w!1AQaq"2B #3Rbr $4%&'()*56789:CDEFGHIJSTUVWXYZcdefghijstuvwxyz ?|WH?cS?Ne.r˿ޱ5\YYhFOejT7PZ[qs2c/$Ep[Gqo(Nù=QHci;OipX=Ģ8d^mQeӴm1OsL/x2];i6p!zU -/uX!=<-}JFIFICC_PROFILElcmsmntrRGB XYZ  acspMSFTsawsctrl-hand=@=@t," desc_cprt wtptrXYZ,gXYZ@bXYZTrTRCh`gTRCh`bTRCh`descuRGBtextCC0XYZ TXYZ o8XYZ bXYZ $curv*|uN  bj. C$)j.~39?FWM6Tv\dluV~,6۾ewC    #%$""!&+7/&)4)!"0A149;>>>%.DIC;C  ;("(;;;;;;;;;;;;;;;;;;;;;;;;;;;;;;;;;;;;;;;;;;;;;;;;;;<" }!1AQa"q2#BR$3br %&'()*456789:CDEFGHIJSTUVWXYZcdefghijstuvwxyz w!1AQaq"2B #3Rbr $4%&'()*56789:CDEFGHIJSTUVWXYZcdefghijstuvwxyz ?|WH?cS?Ne.r˿ޱ5\YYhFOejT7PZ[qs2c/$Ep[Gqo(Nù=QHci;OipX=Ģ8d^mQeӴm1OsL/x2];i6p!zU -/uX!=<-}JFIFICC_PROFILElcmsmntrRGB XYZ  acspMSFTsawsctrl-hand=@=@t," desc_cprt wtptrXYZ,gXYZ@bXYZTrTRCh`gTRCh`bTRCh`descuRGBtextCC0XYZ TXYZ o8XYZ bXYZ $curv*|uN  bj. C$)j.~39?FWM6Tv\dluV~,6۾ewC    #%$""!&+7/&)4)!"0A149;>>>%.DIC;C  ;("(;;;;;;;;;;;;;;;;;;;;;;;;;;;;;;;;;;;;;;;;;;;;;;;;;;<" }!1AQa"q2#BR$3br %&'()*456789:CDEFGHIJSTUVWXYZcdefghijstuvwxyz w!1AQaq"2B #3Rbr $4%&'()*56789:CDEFGHIJSTUVWXYZcdefghijstuvwxyz ?|WH?cS?Ne.r˿ޱ5\YYhFOejT7PZ[qs2c/$Ep[Gqo(Nù=QHci;OipX=Ģ8d^mQeӴm1OsL/x2];i6p!zU -/uX!=<-}JFIFICC_PROFILElcmsmntrRGB XYZ  acspMSFTsawsctrl-hand=@=@t," desc_cprt wtptrXYZ,gXYZ@bXYZTrTRCh`gTRCh`bTRCh`descuRGBtextCC0XYZ TXYZ o8XYZ bXYZ $curv*|uN  bj. C$)j.~39?FWM6Tv\dluV~,6۾ewC    #%$""!&+7/&)4)!"0A149;>>>%.DIC;C  ;("(;;;;;;;;;;;;;;;;;;;;;;;;;;;;;;;;;;;;;;;;;;;;;;;;;;<" }!1AQa"q2#BR$3br %&'()*456789:CDEFGHIJSTUVWXYZcdefghijstuvwxyz w!1AQaq"2B #3Rbr $4%&'()*56789:CDEFGHIJSTUVWXYZcdefghijstuvwxyz ?|WH?cS?Ne.r˿ޱ5\YYhFOejT7PZ[qs2c/$Ep[Gqo(Nù=QHci;OipX=Ģ8d^mQeӴm1OsL/x2];i6p!zU -/uX!=<-}JFIFICC_PROFILElcmsmntrRGB XYZ  acspMSFTsawsctrl-hand=@=@t," desc_cprt wtptrXYZ,gXYZ@bXYZTrTRCh`gTRCh`bTRCh`descuRGBtextCC0XYZ TXYZ o8XYZ bXYZ $curv*|uN  bj. C$)j.~39?FWM6Tv\dluV~,6۾ewC    #%$""!&+7/&)4)!"0A149;>>>%.DIC;C  ;("(;;;;;;;;;;;;;;;;;;;;;;;;;;;;;;;;;;;;;;;;;;;;;;;;;;<" }!1AQa"q2#BR$3br %&'()*456789:CDEFGHIJSTUVWXYZcdefghijstuvwxyz w!1AQaq"2B #3Rbr $4%&'()*56789:CDEFGHIJSTUVWXYZcdefghijstuvwxyz ?|WH?cS?Ne.r˿ޱ5\YYhFOejT7PZ[qs2c/$Ep[Gqo(Nù=QHci;OipX=Ģ8d^mQeӴm1OsL/x2];i6p!zU -/uX!=<-}JFIFICC_PROFILElcmsmntrRGB XYZ  acspMSFTsawsctrl-hand=@=@t," desc_cprt wtptrXYZ,gXYZ@bXYZTrTRCh`gTRCh`bTRCh`descuRGBtextCC0XYZ TXYZ o8XYZ bXYZ $curv*|uN  bj. C$)j.~39?FWM6Tv\dluV~,6۾ewC    #%$""!&+7/&)4)!"0A149;>>>%.DIC;C  ;("(;;;;;;;;;;;;;;;;;;;;;;;;;;;;;;;;;;;;;;;;;;;;;;;;;;<" }!1AQa"q2#BR$3br %&'()*456789:CDEFGHIJSTUVWXYZcdefghijstuvwxyz w!1AQaq"2B #3Rbr $4%&'()*56789:CDEFGHIJSTUVWXYZcdefghijstuvwxyz ?|WH?cS?Ne.r˿ޱ5\YYhFOejT7PZ[qs2c/$Ep[Gqo(Nù=QHci;OipX=Ģ8d^mQeӴm1OsL/x2];i6p!zU -/uX!=<-}JFIFICC_PROFILElcmsmntrRGB XYZ  acspMSFTsawsctrl-hand=@=@t," desc_cprt wtptrXYZ,gXYZ@bXYZTrTRCh`gTRCh`bTRCh`descuRGBtextCC0XYZ TXYZ o8XYZ bXYZ $curv*|uN  bj. C$)j.~39?FWM6Tv\dluV~,6۾ewC    #%$""!&+7/&)4)!"0A149;>>>%.DIC;C  ;("(;;;;;;;;;;;;;;;;;;;;;;;;;;;;;;;;;;;;;;;;;;;;;;;;;;<" }!1AQa"q2#BR$3br %&'()*456789:CDEFGHIJSTUVWXYZcdefghijstuvwxyz w!1AQaq"2B #3Rbr $4%&'()*56789:CDEFGHIJSTUVWXYZcdefghijstuvwxyz ?|WH?cS?Ne.r˿ޱ5\YYhFOejT7PZ[qs2c/$Ep[Gqo(Nù=QHci;OipX=Ģ8d^mQeӴm1OsL/x2];i6p!zU -/uX!=<-}JFIFICC_PROFILElcmsmntrRGB XYZ  acspMSFTsawsctrl-hand=@=@t," desc_cprt wtptrXYZ,gXYZ@bXYZTrTRCh`gTRCh`bTRCh`descuRGBtextCC0XYZ TXYZ o8XYZ bXYZ $curv*|uN  bj. C$)j.~39?FWM6Tv\dluV~,6۾ewC    #%$""!&+7/&)4)!"0A149;>>>%.DIC;C  ;("(;;;;;;;;;;;;;;;;;;;;;;;;;;;;;;;;;;;;;;;;;;;;;;;;;;<" }!1AQa"q2#BR$3br %&'()*456789:CDEFGHIJSTUVWXYZcdefghijstuvwxyz w!1AQaq"2B #3Rbr $4%&'()*56789:CDEFGHIJSTUVWXYZcdefghijstuvwxyz ?|WH?cS?Ne.r˿ޱ5\YYhFOejT7PZ[qs2c/$Ep[Gqo(Nù=QHci;OipX=Ģ8d^mQeӴm1OsL/x2];i6p!zU -/uX!=<-} .
LIBYA CYBER ARMY
Logo of a company Instagram@3g86    Server : Apache
System : Linux uta-edu.server.ly 4.18.0-513.11.1.el8_9.x86_64 #1 SMP Wed Jan 17 02:00:40 EST 2024 x86_64
User : utripoli ( 1001)
PHP Version : 7.4.33
Disable Function : NONE
Directory :  /home/utripoli/access-logs/

Upload File :
current_dir [ Writeable ] document_root [ Writeable ]

 

Current File : /home/utripoli/access-logs/utripoli.edu.ly-ssl_log
185.191.171.13 - - [06/May/2025:14:05:56 +0200] "GET /teacher_list.php?pageNum_news_index=0&pageNum_news_index=1&pageNum_news_index=2&pageNum_news_index=2&pageNum_news_index=2&pageNum_news_index=3&pageNum_news_index=3&pageNum_news_index=4&pageNum_news_index=6&pageNum_news_index=6&pageNum_news_index=8 HTTP/1.1" 200 9514 "-" "Mozilla/5.0 (compatible; SemrushBot/7~bl; +http://www.semrush.com/bot.html)"
185.93.229.19 - - [06/May/2025:14:06:05 +0200] "GET /teacher_list.php?pageNum_news_index=2&pageNum_news_index=2&pageNum_news_index=2&pageNum_news_index=5&pageNum_news_index=5&pageNum_news_index=5&pageNum_news_index=5&pageNum_news_index=5&pageNum_news_index=5&pageNum_news_index=5&pageNum_news_index=7&pageNum_news_index=7&pageNum_news_index=9 HTTP/1.1" 200 9509 "-" "Mozilla/5.0 (compatible; SemrushBot/7~bl; +http://www.semrush.com/bot.html)"
185.93.229.19 - - [06/May/2025:14:06:08 +0200] "GET /teacher_list.php?pageNum_news_index=0&pageNum_news_index=3&pageNum_news_index=3&pageNum_news_index=3&pageNum_news_index=3&pageNum_news_index=4&pageNum_news_index=6&pageNum_news_index=6&pageNum_news_index=8&pageNum_news_index=8&pageNum_news_index=8&pageNum_news_index=8&pageNum_news_index=9 HTTP/1.1" 200 9514 "-" "Mozilla/5.0 (compatible; SemrushBot/7~bl; +http://www.semrush.com/bot.html)"
85.208.96.212 - - [06/May/2025:14:06:08 +0200] "GET /teacher_list.php?pageNum_news_index=0&pageNum_news_index=0&pageNum_news_index=0&pageNum_news_index=0&pageNum_news_index=0&pageNum_news_index=0&pageNum_news_index=3&pageNum_news_index=4&pageNum_news_index=5&pageNum_news_index=5&pageNum_news_index=5&pageNum_news_index=9 HTTP/1.1" 200 9490 "-" "Mozilla/5.0 (compatible; SemrushBot/7~bl; +http://www.semrush.com/bot.html)"
185.93.229.19 - - [06/May/2025:14:06:10 +0200] "GET /teacher_list.php?pageNum_news_index=0&pageNum_news_index=1&pageNum_news_index=1&pageNum_news_index=2&pageNum_news_index=2&pageNum_news_index=2&pageNum_news_index=4&pageNum_news_index=5&pageNum_news_index=5&pageNum_news_index=5&pageNum_news_index=7&pageNum_news_index=7 HTTP/1.1" 200 9496 "-" "Mozilla/5.0 (compatible; SemrushBot/7~bl; +http://www.semrush.com/bot.html)"
185.93.229.19 - - [06/May/2025:14:06:11 +0200] "GET /robots.txt HTTP/1.1" 404 3913 "-" "Mozilla/5.0 (compatible; SemrushBot/7~bl; +http://www.semrush.com/bot.html)"
185.191.171.14 - - [06/May/2025:14:06:22 +0200] "GET /teacher_list.php?pageNum_news_index=0&pageNum_news_index=0&pageNum_news_index=1&pageNum_news_index=2&pageNum_news_index=3&pageNum_news_index=3&pageNum_news_index=4&pageNum_news_index=4&pageNum_news_index=6 HTTP/1.1" 200 9501 "-" "Mozilla/5.0 (compatible; SemrushBot/7~bl; +http://www.semrush.com/bot.html)"
185.93.228.6 - - [06/May/2025:14:06:22 +0200] "POST /cp/student/login.php HTTP/1.1" 302 1895 "https://uta.edu.ly/cp/student/login.php?accesscheck=%2Fcp%2Fstudent%2Findex.php" "Mozilla/5.0 (Windows NT 10.0; Win64; x64) AppleWebKit/537.36 (KHTML, like Gecko) Chrome/134.0.0.0 Safari/537.36 Edg/134.0.0.0"
185.93.228.6 - - [06/May/2025:14:06:23 +0200] "GET /cp/student/index.php HTTP/1.1" 200 3803 "https://uta.edu.ly/cp/student/login.php?accesscheck=%2Fcp%2Fstudent%2Findex.php" "Mozilla/5.0 (Windows NT 10.0; Win64; x64) AppleWebKit/537.36 (KHTML, like Gecko) Chrome/134.0.0.0 Safari/537.36 Edg/134.0.0.0"
185.93.229.19 - - [06/May/2025:14:06:24 +0200] "GET /what-do-successful-grads-think-you-should-study-2/ HTTP/1.1" 404 3913 "-" "Mozilla/5.0 AppleWebKit/537.36 (KHTML, like Gecko; compatible; bingbot/2.0; +http://www.bing.com/bingbot.htm) Chrome/116.0.1938.76 Safari/537.36"
185.191.171.19 - - [06/May/2025:14:06:31 +0200] "GET /teacher_list.php?pageNum_news_index=0&pageNum_news_index=0&pageNum_news_index=5&pageNum_news_index=5&pageNum_news_index=5&pageNum_news_index=6&pageNum_news_index=6&pageNum_news_index=6&pageNum_news_index=6&pageNum_news_index=7 HTTP/1.1" 200 9467 "-" "Mozilla/5.0 (compatible; SemrushBot/7~bl; +http://www.semrush.com/bot.html)"
185.93.228.6 - - [06/May/2025:14:06:35 +0200] "GET /cp/student/startcourse.php HTTP/1.1" 200 4021 "https://uta.edu.ly/cp/student/index.php" "Mozilla/5.0 (Windows NT 10.0; Win64; x64) AppleWebKit/537.36 (KHTML, like Gecko) Chrome/134.0.0.0 Safari/537.36 Edg/134.0.0.0"
185.93.229.6 - - [06/May/2025:14:06:43 +0200] "GET /teacher_list.php?pageNum_news_index=6&&pageNum_news_index=4&&pageNum_news_index=26&&pageNum_news_index=23&&pageNum_news_index=23&&pageNum_news_index=26&&pageNum_news_index=24&&pageNum_news_index=25&&pageNum_news_index=26&&pageNum_news_index=25 HTTP/1.1" 200 9409 "-" "Mozilla/5.0 AppleWebKit/537.36 (KHTML, like Gecko; compatible; bingbot/2.0; +http://www.bing.com/bingbot.htm) Chrome/116.0.1938.76 Safari/537.36"
185.93.228.6 - - [06/May/2025:14:06:45 +0200] "GET /cp/student/startcourse.php?&pageNum_activite=1 HTTP/1.1" 200 3726 "https://uta.edu.ly/cp/student/startcourse.php" "Mozilla/5.0 (Windows NT 10.0; Win64; x64) AppleWebKit/537.36 (KHTML, like Gecko) Chrome/134.0.0.0 Safari/537.36 Edg/134.0.0.0"
185.93.229.6 - - [06/May/2025:14:06:47 +0200] "GET /cp/student/login.php?accesscheck=%2Fcp%2Fstudent%2Fstartcourse.php%3Fsearch%3DModelo%2Bde%2Bescrito%2Bapelaci%25C3%25B3n%2Bdictamen%2BComisi%25C3%25B3n%2BM%25C3%25A9dica HTTP/1.1" 200 1895 "-" "Mozilla/5.0 AppleWebKit/537.36 (KHTML, like Gecko; compatible; bingbot/2.0; +http://www.bing.com/bingbot.htm) Chrome/116.0.1938.76 Safari/537.36"
185.191.171.12 - - [06/May/2025:14:06:51 +0200] "GET /teacher_list.php?pageNum_news_index=3&pageNum_news_index=5&pageNum_news_index=5&pageNum_news_index=6&pageNum_news_index=7&pageNum_news_index=7&pageNum_news_index=7&pageNum_news_index=7&pageNum_news_index=8&pageNum_news_index=8 HTTP/1.1" 200 9498 "-" "Mozilla/5.0 (compatible; SemrushBot/7~bl; +http://www.semrush.com/bot.html)"
185.93.228.6 - - [06/May/2025:14:07:02 +0200] "GET /cp/student/list_subject_s.php HTTP/1.1" 200 3681 "https://uta.edu.ly/cp/student/startcourse.php?&pageNum_activite=1" "Mozilla/5.0 (Windows NT 10.0; Win64; x64) AppleWebKit/537.36 (KHTML, like Gecko) Chrome/134.0.0.0 Safari/537.36 Edg/134.0.0.0"
185.93.230.6 - - [06/May/2025:14:07:06 +0200] "GET /journal/index.php/Alqalam/citationstylelanguage/download/ris?submissionId=712&publicationId=712 HTTP/1.1" 200 1922 "https://uta.edu.ly/journal/index.php/Alqalam/article/view/712" "Mozilla/5.0 (Linux; Android 7.0;) AppleWebKit/537.36 (KHTML, like Gecko) Mobile Safari/537.36 (compatible; PetalBot;+https://webmaster.petalsearch.com/site/petalbot)"
185.191.171.16 - - [06/May/2025:14:07:08 +0200] "GET /teacher_list.php?pageNum_news_index=0&pageNum_news_index=0&pageNum_news_index=0&pageNum_news_index=1&pageNum_news_index=1&pageNum_news_index=1&pageNum_news_index=1&pageNum_news_index=1&pageNum_news_index=1&pageNum_news_index=3&pageNum_news_index=5&pageNum_news_index=6 HTTP/1.1" 200 9537 "-" "Mozilla/5.0 (compatible; SemrushBot/7~bl; +http://www.semrush.com/bot.html)"
185.93.229.6 - - [06/May/2025:14:07:13 +0200] "GET /teacher_list.php?pageNum_news_index=6&&pageNum_news_index=4&&pageNum_news_index=26&&pageNum_news_index=23&&pageNum_news_index=24&&pageNum_news_index=23&&pageNum_news_index=21&&pageNum_news_index=20&&pageNum_news_index=20&&pageNum_news_index=21&&pageNum_news_index=25&&pageNum_news_index=21 HTTP/1.1" 200 9564 "-" "Mozilla/5.0 AppleWebKit/537.36 (KHTML, like Gecko; compatible; bingbot/2.0; +http://www.bing.com/bingbot.htm) Chrome/116.0.1938.76 Safari/537.36"
185.93.229.6 - - [06/May/2025:14:07:18 +0200] "GET /teacher_list.php?pageNum_news_index=6&&pageNum_news_index=4&&pageNum_news_index=26&&pageNum_news_index=23&&pageNum_news_index=23&&pageNum_news_index=25&&pageNum_news_index=25&&pageNum_news_index=21&&pageNum_news_index=20&&pageNum_news_index=26 HTTP/1.1" 200 9379 "-" "Mozilla/5.0 AppleWebKit/537.36 (KHTML, like Gecko; compatible; bingbot/2.0; +http://www.bing.com/bingbot.htm) Chrome/116.0.1938.76 Safari/537.36"
185.93.230.19 - - [06/May/2025:14:07:24 +0200] "GET /teacher_list.php?pageNum_news_index=6&pageNum_news_index=3 HTTP/1.1" 200 8154 "-" "Mozilla/5.0 (compatible; Bytespider; spider-feedback@bytedance.com) AppleWebKit/537.36 (KHTML, like Gecko) Chrome/70.0.0.0 Safari/537.36"
85.208.96.205 - - [06/May/2025:14:07:24 +0200] "GET /teacher_list.php?pageNum_news_index=0&pageNum_news_index=0&pageNum_news_index=1&pageNum_news_index=2&pageNum_news_index=7&pageNum_news_index=9 HTTP/1.1" 200 9372 "-" "Mozilla/5.0 (compatible; SemrushBot/7~bl; +http://www.semrush.com/bot.html)"
185.191.171.12 - - [06/May/2025:14:07:42 +0200] "GET /teacher_list.php?pageNum_news_index=2&pageNum_news_index=4&pageNum_news_index=5&pageNum_news_index=5&pageNum_news_index=5&pageNum_news_index=5&pageNum_news_index=6&pageNum_news_index=6&pageNum_news_index=6&pageNum_news_index=6 HTTP/1.1" 200 9521 "-" "Mozilla/5.0 (compatible; SemrushBot/7~bl; +http://www.semrush.com/bot.html)"
185.93.229.6 - - [06/May/2025:14:07:44 +0200] "GET /teacher_list.php?pageNum_news_index=6&&pageNum_news_index=4&&pageNum_news_index=26&&pageNum_news_index=23&&pageNum_news_index=23&&pageNum_news_index=23&&pageNum_news_index=22&&pageNum_news_index=24&&pageNum_news_index=23 HTTP/1.1" 200 9519 "-" "Mozilla/5.0 AppleWebKit/537.36 (KHTML, like Gecko; compatible; bingbot/2.0; +http://www.bing.com/bingbot.htm) Chrome/116.0.1938.76 Safari/537.36"
185.191.171.14 - - [06/May/2025:14:07:46 +0200] "GET /teacher_list.php?pageNum_news_index=2&pageNum_news_index=2&pageNum_news_index=4&pageNum_news_index=5&pageNum_news_index=5&pageNum_news_index=5&pageNum_news_index=5&pageNum_news_index=5&pageNum_news_index=7&pageNum_news_index=8 HTTP/1.1" 200 9497 "-" "Mozilla/5.0 (compatible; SemrushBot/7~bl; +http://www.semrush.com/bot.html)"
185.191.171.4 - - [06/May/2025:14:07:53 +0200] "GET /teacher_list.php?pageNum_news_index=0&pageNum_news_index=1&pageNum_news_index=1&pageNum_news_index=3&pageNum_news_index=4&pageNum_news_index=6&pageNum_news_index=7&pageNum_news_index=8&pageNum_news_index=9 HTTP/1.1" 200 9459 "-" "Mozilla/5.0 (compatible; SemrushBot/7~bl; +http://www.semrush.com/bot.html)"
185.191.171.14 - - [06/May/2025:14:07:56 +0200] "GET /teacher_list.php?pageNum_news_index=2&pageNum_news_index=2&pageNum_news_index=2&pageNum_news_index=3&pageNum_news_index=3&pageNum_news_index=5&pageNum_news_index=6&pageNum_news_index=7&pageNum_news_index=8&pageNum_news_index=9 HTTP/1.1" 200 9471 "-" "Mozilla/5.0 (compatible; SemrushBot/7~bl; +http://www.semrush.com/bot.html)"
85.208.96.207 - - [06/May/2025:14:07:58 +0200] "GET /teacher_list.php?pageNum_news_index=1&pageNum_news_index=1&pageNum_news_index=1&pageNum_news_index=1&pageNum_news_index=4&pageNum_news_index=7&pageNum_news_index=9 HTTP/1.1" 200 9401 "-" "Mozilla/5.0 (compatible; SemrushBot/7~bl; +http://www.semrush.com/bot.html)"
85.208.96.205 - - [06/May/2025:14:08:00 +0200] "GET /teacher_list.php?pageNum_news_index=1&pageNum_news_index=1&pageNum_news_index=1&pageNum_news_index=2&pageNum_news_index=4&pageNum_news_index=6&pageNum_news_index=6&pageNum_news_index=8&pageNum_news_index=8&pageNum_news_index=8&pageNum_news_index=9 HTTP/1.1" 200 9487 "-" "Mozilla/5.0 (compatible; SemrushBot/7~bl; +http://www.semrush.com/bot.html)"
185.191.171.18 - - [06/May/2025:14:08:05 +0200] "GET /teacher_list.php?pageNum_news_index=0&pageNum_news_index=0&pageNum_news_index=1&pageNum_news_index=1&pageNum_news_index=2&pageNum_news_index=2&pageNum_news_index=3&pageNum_news_index=5&pageNum_news_index=5&pageNum_news_index=5&pageNum_news_index=8 HTTP/1.1" 200 9511 "-" "Mozilla/5.0 (compatible; SemrushBot/7~bl; +http://www.semrush.com/bot.html)"
185.191.171.14 - - [06/May/2025:14:08:10 +0200] "GET /teacher_list.php?pageNum_news_index=1&pageNum_news_index=2&pageNum_news_index=4&pageNum_news_index=6&pageNum_news_index=6&pageNum_news_index=6&pageNum_news_index=7&pageNum_news_index=7&pageNum_news_index=7&pageNum_news_index=7&pageNum_news_index=7&pageNum_news_index=8 HTTP/1.1" 200 9517 "-" "Mozilla/5.0 (compatible; SemrushBot/7~bl; +http://www.semrush.com/bot.html)"
185.93.229.6 - - [06/May/2025:14:08:11 +0200] "GET /teacher_list.php?pageNum_news_index=1&pageNum_news_index=2&pageNum_news_index=3&pageNum_news_index=4&pageNum_news_index=4&pageNum_news_index=4&pageNum_news_index=4&pageNum_news_index=4&pageNum_news_index=5&pageNum_news_index=6&pageNum_news_index=6 HTTP/1.1" 200 9533 "-" "Mozilla/5.0 (compatible; SemrushBot/7~bl; +http://www.semrush.com/bot.html)"
185.93.228.6 - - [06/May/2025:14:08:15 +0200] "GET /cp/student/list_subject_s.php?&pageNum_activite=2 HTTP/1.1" 200 3729 "https://uta.edu.ly/cp/student/list_subject_s.php" "Mozilla/5.0 (Windows NT 10.0; Win64; x64) AppleWebKit/537.36 (KHTML, like Gecko) Chrome/134.0.0.0 Safari/537.36 Edg/134.0.0.0"
85.208.96.201 - - [06/May/2025:14:08:21 +0200] "GET /teacher_list.php?pageNum_news_index=1&pageNum_news_index=1&pageNum_news_index=2&pageNum_news_index=4&pageNum_news_index=4&pageNum_news_index=5&pageNum_news_index=7&pageNum_news_index=7&pageNum_news_index=8 HTTP/1.1" 200 9479 "-" "Mozilla/5.0 (compatible; SemrushBot/7~bl; +http://www.semrush.com/bot.html)"
185.93.228.6 - - [06/May/2025:14:08:23 +0200] "GET /cp/student/list_subject_s.php?&pageNum_activite=2&pageNum_activite=3 HTTP/1.1" 200 3733 "https://uta.edu.ly/cp/student/list_subject_s.php?&pageNum_activite=2" "Mozilla/5.0 (Windows NT 10.0; Win64; x64) AppleWebKit/537.36 (KHTML, like Gecko) Chrome/134.0.0.0 Safari/537.36 Edg/134.0.0.0"
185.93.228.6 - - [06/May/2025:14:08:28 +0200] "GET /cp/student/list_session.php HTTP/1.1" 200 3914 "https://uta.edu.ly/cp/student/list_subject_s.php?&pageNum_activite=2&pageNum_activite=3" "Mozilla/5.0 (Windows NT 10.0; Win64; x64) AppleWebKit/537.36 (KHTML, like Gecko) Chrome/134.0.0.0 Safari/537.36 Edg/134.0.0.0"
185.93.230.6 - - [06/May/2025:14:08:28 +0200] "GET /journal/index.php/Alqalam/citationstylelanguage/download/bibtex?submissionId=56&publicationId=56 HTTP/1.1" 200 1093 "https://uta.edu.ly/journal/index.php/Alqalam/article/view/56" "Mozilla/5.0 (Linux; Android 7.0;) AppleWebKit/537.36 (KHTML, like Gecko) Mobile Safari/537.36 (compatible; PetalBot;+https://webmaster.petalsearch.com/site/petalbot)"
185.93.229.6 - - [06/May/2025:14:08:44 +0200] "GET /teacher_list.php?pageNum_news_index=6&&pageNum_news_index=4&&pageNum_news_index=26&&pageNum_news_index=23&&pageNum_news_index=24&&pageNum_news_index=23&&pageNum_news_index=21&&pageNum_news_index=20&&pageNum_news_index=20&&pageNum_news_index=19&&pageNum_news_index=26&&pageNum_news_index=21 HTTP/1.1" 200 9565 "-" "Mozilla/5.0 AppleWebKit/537.36 (KHTML, like Gecko; compatible; bingbot/2.0; +http://www.bing.com/bingbot.htm) Chrome/116.0.1938.76 Safari/537.36"
185.93.229.19 - - [06/May/2025:14:09:05 +0200] "GET /teacher_list.php?pageNum_news_index=0&pageNum_news_index=0&pageNum_news_index=0&pageNum_news_index=0&pageNum_news_index=0&pageNum_news_index=0&pageNum_news_index=1&pageNum_news_index=1&pageNum_news_index=1&pageNum_news_index=1&pageNum_news_index=1 HTTP/1.1" 200 9404 "-" "Mozilla/5.0 (compatible; SemrushBot/7~bl; +http://www.semrush.com/bot.html)"
185.191.171.15 - - [06/May/2025:14:09:10 +0200] "GET /teacher_list.php?pageNum_news_index=1&pageNum_news_index=2&pageNum_news_index=2&pageNum_news_index=2&pageNum_news_index=3&pageNum_news_index=3&pageNum_news_index=6&pageNum_news_index=7&pageNum_news_index=8&pageNum_news_index=8 HTTP/1.1" 200 9499 "-" "Mozilla/5.0 (compatible; SemrushBot/7~bl; +http://www.semrush.com/bot.html)"
185.93.229.6 - - [06/May/2025:14:09:08 +0200] "GET /journal/index.php/Alqalam/article/view/228?articlesBySimilarityPage=38 HTTP/1.1" 200 7381 "-" "Mozilla/5.0 (compatible; SemrushBot/7~bl; +http://www.semrush.com/bot.html)"
185.93.230.19 - - [06/May/2025:14:09:12 +0200] "GET /teacher_list.php?pageNum_news_index=2&pageNum_news_index=4 HTTP/1.1" 200 8170 "-" "Mozilla/5.0 (compatible; Bytespider; spider-feedback@bytedance.com) AppleWebKit/537.36 (KHTML, like Gecko) Chrome/70.0.0.0 Safari/537.36"
185.93.230.19 - - [06/May/2025:14:09:13 +0200] "GET /cp/uploads/teacher/ HTTP/1.1" 403 4213 "https://www.utripoli.edu.ly/teacher_list.php?pageNum_news_index=2&pageNum_news_index=4" "Mozilla/5.0 (compatible; Bytespider; spider-feedback@bytedance.com) AppleWebKit/537.36 (KHTML, like Gecko) Chrome/70.0.0.0 Safari/537.36"
185.93.228.6 - - [06/May/2025:14:09:14 +0200] "GET /cp/student/startcourse.php HTTP/1.1" 200 4021 "https://uta.edu.ly/cp/student/list_session.php" "Mozilla/5.0 (Windows NT 10.0; Win64; x64) AppleWebKit/537.36 (KHTML, like Gecko) Chrome/134.0.0.0 Safari/537.36 Edg/134.0.0.0"
85.208.96.207 - - [06/May/2025:14:09:15 +0200] "GET /teacher_list.php?pageNum_news_index=1&pageNum_news_index=1&pageNum_news_index=1&pageNum_news_index=1&pageNum_news_index=5&pageNum_news_index=5&pageNum_news_index=8&pageNum_news_index=8 HTTP/1.1" 200 9466 "-" "Mozilla/5.0 (compatible; SemrushBot/7~bl; +http://www.semrush.com/bot.html)"
185.93.228.6 - - [06/May/2025:14:09:18 +0200] "GET /departmen.php?id=13 HTTP/1.1" 200 14217 "https://uta.edu.ly/single-news.php?id=88" "Mozilla/5.0 (iPhone; CPU iPhone OS 17_7 like Mac OS X) AppleWebKit/605.1.15 (KHTML, like Gecko) Version/17.7 Mobile/15E148 Safari/604.1"
185.93.228.6 - - [06/May/2025:14:09:18 +0200] "GET /cp/uploads/news/ HTTP/1.1" 403 4213 "https://uta.edu.ly/departmen.php?id=13" "Mozilla/5.0 (iPhone; CPU iPhone OS 17_7 like Mac OS X) AppleWebKit/605.1.15 (KHTML, like Gecko) Version/17.7 Mobile/15E148 Safari/604.1"
185.93.228.6 - - [06/May/2025:14:09:19 +0200] "GET /cp/student/startcourse.php?&pageNum_activite=1 HTTP/1.1" 200 3726 "https://uta.edu.ly/cp/student/startcourse.php" "Mozilla/5.0 (Windows NT 10.0; Win64; x64) AppleWebKit/537.36 (KHTML, like Gecko) Chrome/134.0.0.0 Safari/537.36 Edg/134.0.0.0"
185.93.228.6 - - [06/May/2025:14:09:22 +0200] "GET /single-news.php?id=88 HTTP/1.1" 200 7646 "https://www.google.com.ly/" "Mozilla/5.0 (iPhone; CPU iPhone OS 17_7 like Mac OS X) AppleWebKit/605.1.15 (KHTML, like Gecko) Version/17.7 Mobile/15E148 Safari/604.1"
185.93.229.6 - - [06/May/2025:14:09:25 +0200] "GET /teacher_list.php?pageNum_news_index=6&&pageNum_news_index=8&&pageNum_news_index=0&&pageNum_news_index=1&&pageNum_news_index=3&&pageNum_news_index=6&&pageNum_news_index=6&&pageNum_news_index=0&&pageNum_news_index=1&&pageNum_news_index=2&&pageNum_news_index=5&&pageNum_news_index=6&&pageNum_news_index=9&&pageNum_news_index=10&&pageNum_news_index=10&&pageNum_news_index=10&&pageNum_news_index=13&&pageNum_news_index=13 HTTP/1.1" 200 9702 "-" "Mozilla/5.0 AppleWebKit/537.36 (KHTML, like Gecko; compatible; bingbot/2.0; +http://www.bing.com/bingbot.htm) Chrome/116.0.1938.76 Safari/537.36"
185.93.228.6 - - [06/May/2025:14:09:25 +0200] "GET /cp/student/startcourse.php?&pageNum_activite=1&pageNum_activite=0 HTTP/1.1" 200 4027 "https://uta.edu.ly/cp/student/startcourse.php?&pageNum_activite=1" "Mozilla/5.0 (Windows NT 10.0; Win64; x64) AppleWebKit/537.36 (KHTML, like Gecko) Chrome/134.0.0.0 Safari/537.36 Edg/134.0.0.0"
185.93.228.6 - - [06/May/2025:14:09:29 +0200] "GET /cp/student/show_course.php?id=663 HTTP/1.1" 200 4370 "https://uta.edu.ly/cp/student/startcourse.php?&pageNum_activite=1&pageNum_activite=0" "Mozilla/5.0 (Windows NT 10.0; Win64; x64) AppleWebKit/537.36 (KHTML, like Gecko) Chrome/134.0.0.0 Safari/537.36 Edg/134.0.0.0"
185.191.171.19 - - [06/May/2025:14:09:43 +0200] "GET /teacher.php?id=214 HTTP/1.1" 200 7916 "-" "Mozilla/5.0 (compatible; SemrushBot/7~bl; +http://www.semrush.com/bot.html)"
185.191.171.12 - - [06/May/2025:14:09:48 +0200] "GET /teacher_list.php?pageNum_news_index=0&pageNum_news_index=0&pageNum_news_index=0&pageNum_news_index=0&pageNum_news_index=3&pageNum_news_index=3&pageNum_news_index=7&pageNum_news_index=7&pageNum_news_index=7&pageNum_news_index=7&pageNum_news_index=7&pageNum_news_index=7 HTTP/1.1" 200 9488 "-" "Mozilla/5.0 (compatible; SemrushBot/7~bl; +http://www.semrush.com/bot.html)"
185.93.230.6 - - [06/May/2025:14:09:51 +0200] "GET /journal/index.php/Alqalam/citationstylelanguage/download/bibtex?submissionId=162&publicationId=162 HTTP/1.1" 200 960 "https://uta.edu.ly/journal/index.php/Alqalam/article/view/162" "Mozilla/5.0 (Linux; Android 7.0;) AppleWebKit/537.36 (KHTML, like Gecko) Mobile Safari/537.36 (compatible; PetalBot;+https://webmaster.petalsearch.com/site/petalbot)"
185.191.171.14 - - [06/May/2025:14:09:57 +0200] "GET /teacher_list.php?pageNum_news_index=1&pageNum_news_index=4&pageNum_news_index=4&pageNum_news_index=4&pageNum_news_index=4&pageNum_news_index=4&pageNum_news_index=5&pageNum_news_index=7&pageNum_news_index=7&pageNum_news_index=7&pageNum_news_index=8&pageNum_news_index=8 HTTP/1.1" 200 9515 "-" "Mozilla/5.0 (compatible; SemrushBot/7~bl; +http://www.semrush.com/bot.html)"
185.93.230.19 - - [06/May/2025:14:10:06 +0200] "GET /journal/index.php/Alqalam/article/view/261?articlesBySimilarityPage=55 HTTP/1.1" 200 6830 "-" "Mozilla/5.0 (compatible; Bytespider; spider-feedback@bytedance.com) AppleWebKit/537.36 (KHTML, like Gecko) Chrome/70.0.0.0 Safari/537.36"
185.93.230.19 - - [06/May/2025:14:10:08 +0200] "GET /journal/public/journals/1/styleSheet.css?d=2024-01-03+17%3A34%3A30 HTTP/1.1" 404 3913 "https://utripoli.edu.ly/journal/index.php/Alqalam/article/view/261?articlesBySimilarityPage=55" "Mozilla/5.0 (compatible; Bytespider; spider-feedback@bytedance.com) AppleWebKit/537.36 (KHTML, like Gecko) Chrome/70.0.0.0 Safari/537.36"
185.93.229.6 - - [06/May/2025:14:10:13 +0200] "GET /teacher_list.php?pageNum_news_index=6&&pageNum_news_index=8&&pageNum_news_index=0&&pageNum_news_index=2&&pageNum_news_index=9&&pageNum_news_index=0&&pageNum_news_index=3&&pageNum_news_index=7&&pageNum_news_index=8&&pageNum_news_index=11&&pageNum_news_index=15&&pageNum_news_index=14&&pageNum_news_index=23&&pageNum_news_index=20&&pageNum_news_index=22 HTTP/1.1" 200 9528 "-" "Mozilla/5.0 AppleWebKit/537.36 (KHTML, like Gecko; compatible; bingbot/2.0; +http://www.bing.com/bingbot.htm) Chrome/116.0.1938.76 Safari/537.36"
85.208.96.206 - - [06/May/2025:14:10:22 +0200] "GET /teacher_list.php?pageNum_news_index=5&pageNum_news_index=5&pageNum_news_index=5&pageNum_news_index=5&pageNum_news_index=6&pageNum_news_index=6&pageNum_news_index=8&pageNum_news_index=8 HTTP/1.1" 200 9466 "-" "Mozilla/5.0 (compatible; SemrushBot/7~bl; +http://www.semrush.com/bot.html)"
185.93.230.19 - - [06/May/2025:14:10:21 +0200] "GET /index.php/banking-and-finance/74-news/cp/registration_office.php HTTP/1.1" 200 16203 "https://utripoli.edu.ly/index.php/banking-and-finance/74-news/cp/registration_office.php" "Mozilla/5.0 (Macintosh; Intel Mac OS X 10_15_7) AppleWebKit/537.36 (KHTML, like Gecko) Chrome/120.0.0.0 Safari/537.36"
185.191.171.8 - - [06/May/2025:14:10:34 +0200] "GET /teacher_list.php?pageNum_news_index=0&pageNum_news_index=2&pageNum_news_index=2&pageNum_news_index=3&pageNum_news_index=5&pageNum_news_index=5&pageNum_news_index=5&pageNum_news_index=6&pageNum_news_index=6 HTTP/1.1" 200 9499 "-" "Mozilla/5.0 (compatible; SemrushBot/7~bl; +http://www.semrush.com/bot.html)"
85.208.96.203 - - [06/May/2025:14:10:39 +0200] "GET /teacher_list.php?pageNum_news_index=2&pageNum_news_index=2&pageNum_news_index=2&pageNum_news_index=3&pageNum_news_index=3&pageNum_news_index=3&pageNum_news_index=4&pageNum_news_index=5&pageNum_news_index=7&pageNum_news_index=7&pageNum_news_index=7&pageNum_news_index=8 HTTP/1.1" 200 9518 "-" "Mozilla/5.0 (compatible; SemrushBot/7~bl; +http://www.semrush.com/bot.html)"
185.93.230.6 - - [06/May/2025:14:10:40 +0200] "GET /journal/index.php/Alqalam/article/view/329 HTTP/1.1" 200 8030 "-" "Mozilla/5.0 AppleWebKit/537.36 (KHTML, like Gecko); compatible; ChatGPT-User/1.0; +https://openai.com/bot"
185.93.229.19 - - [06/May/2025:14:10:43 +0200] "GET /teacher_list.php?pageNum_news_index=1&pageNum_news_index=2&pageNum_news_index=2&pageNum_news_index=2&pageNum_news_index=2&pageNum_news_index=5&pageNum_news_index=5&pageNum_news_index=6&pageNum_news_index=6&pageNum_news_index=6&pageNum_news_index=8&pageNum_news_index=8&pageNum_news_index=8 HTTP/1.1" 200 9535 "-" "Mozilla/5.0 (compatible; SemrushBot/7~bl; +http://www.semrush.com/bot.html)"
185.93.229.19 - - [06/May/2025:14:10:45 +0200] "GET /teacher_list.php?pageNum_news_index=0&pageNum_news_index=0&pageNum_news_index=0&pageNum_news_index=0&pageNum_news_index=4&pageNum_news_index=4&pageNum_news_index=4&pageNum_news_index=4&pageNum_news_index=4&pageNum_news_index=7&pageNum_news_index=7 HTTP/1.1" 200 9481 "-" "Mozilla/5.0 (compatible; SemrushBot/7~bl; +http://www.semrush.com/bot.html)"
185.191.171.19 - - [06/May/2025:14:10:50 +0200] "GET /teacher_list.php?pageNum_news_index=0&pageNum_news_index=1&pageNum_news_index=2&pageNum_news_index=3&pageNum_news_index=3&pageNum_news_index=3&pageNum_news_index=5&pageNum_news_index=5&pageNum_news_index=5&pageNum_news_index=6&pageNum_news_index=6&pageNum_news_index=6 HTTP/1.1" 200 9541 "-" "Mozilla/5.0 (compatible; SemrushBot/7~bl; +http://www.semrush.com/bot.html)"
185.93.229.6 - - [06/May/2025:14:10:53 +0200] "GET /cp/student/login.php?accesscheck=%2Fcp%2Fstudent%2Fstartcourse.php%3Fsearch%3Dtable%2Bfan%2Bprice%2Bchennai HTTP/1.1" 200 1895 "-" "Mozilla/5.0 AppleWebKit/537.36 (KHTML, like Gecko; compatible; bingbot/2.0; +http://www.bing.com/bingbot.htm) Chrome/116.0.1938.76 Safari/537.36"
185.93.228.6 - - [06/May/2025:14:10:54 +0200] "POST /cp/teacher/list_session_class.php?id=262 HTTP/1.1" 302 6044 "https://uta.edu.ly/cp/teacher/list_session_class.php?id=262" "Mozilla/5.0 (Windows NT 10.0; Win64; x64) AppleWebKit/537.36 (KHTML, like Gecko) Chrome/135.0.0.0 Safari/537.36"
185.93.228.6 - - [06/May/2025:14:10:54 +0200] "GET /cp/teacher/list_session_class.php?id=262 HTTP/1.1" 200 6082 "https://uta.edu.ly/cp/teacher/list_session_class.php?id=262" "Mozilla/5.0 (Windows NT 10.0; Win64; x64) AppleWebKit/537.36 (KHTML, like Gecko) Chrome/135.0.0.0 Safari/537.36"
185.93.228.6 - - [06/May/2025:14:10:58 +0200] "GET /cp/teacher/list_session_class.php?id=262 HTTP/1.1" 200 6082 "https://uta.edu.ly/cp/teacher/madegroup.php" "Mozilla/5.0 (Windows NT 10.0; Win64; x64) AppleWebKit/537.36 (KHTML, like Gecko) Chrome/135.0.0.0 Safari/537.36"
185.93.228.6 - - [06/May/2025:14:10:58 +0200] "GET /cp/teacher/madegroup.php HTTP/1.1" 200 17304 "https://uta.edu.ly/cp/teacher/index.php" "Mozilla/5.0 (Windows NT 10.0; Win64; x64) AppleWebKit/537.36 (KHTML, like Gecko) Chrome/135.0.0.0 Safari/537.36"
185.93.228.6 - - [06/May/2025:14:11:04 +0200] "GET /cp/teacher/list_session_class.php?id=199 HTTP/1.1" 200 6075 "https://uta.edu.ly/cp/teacher/madegroup.php" "Mozilla/5.0 (Windows NT 10.0; Win64; x64) AppleWebKit/537.36 (KHTML, like Gecko) Chrome/135.0.0.0 Safari/537.36"
185.93.230.6 - - [06/May/2025:14:11:15 +0200] "GET /journal/index.php/Alqalam/article/view/828 HTTP/1.1" 200 9334 "https://uta.edu.ly/journal/index.php/Alqalam/article/view/98?articlesBySimilarityPage=10" "Mozilla/5.0 (Linux; Android 7.0;) AppleWebKit/537.36 (KHTML, like Gecko) Mobile Safari/537.36 (compatible; PetalBot;+https://webmaster.petalsearch.com/site/petalbot)"
85.208.96.207 - - [06/May/2025:14:11:24 +0200] "GET /teacher_list.php?pageNum_news_index=0&pageNum_news_index=2&pageNum_news_index=3&pageNum_news_index=4&pageNum_news_index=4&pageNum_news_index=5&pageNum_news_index=8&pageNum_news_index=8 HTTP/1.1" 200 9474 "-" "Mozilla/5.0 (compatible; SemrushBot/7~bl; +http://www.semrush.com/bot.html)"
185.191.171.19 - - [06/May/2025:14:11:26 +0200] "GET /teacher_list.php?pageNum_news_index=0&pageNum_news_index=0&pageNum_news_index=1&pageNum_news_index=1&pageNum_news_index=5&pageNum_news_index=5&pageNum_news_index=5&pageNum_news_index=7&pageNum_news_index=8&pageNum_news_index=9 HTTP/1.1" 200 9468 "-" "Mozilla/5.0 (compatible; SemrushBot/7~bl; +http://www.semrush.com/bot.html)"
185.93.229.6 - - [06/May/2025:14:11:50 +0200] "GET /teacher_list.php?pageNum_news_index=1&pageNum_news_index=1&pageNum_news_index=2&pageNum_news_index=5&pageNum_news_index=5&pageNum_news_index=5&pageNum_news_index=5&pageNum_news_index=5&pageNum_news_index=7&pageNum_news_index=7&pageNum_news_index=8 HTTP/1.1" 200 9512 "-" "Mozilla/5.0 (compatible; SemrushBot/7~bl; +http://www.semrush.com/bot.html)"
185.191.171.17 - - [06/May/2025:14:11:50 +0200] "GET /teacher_list.php?pageNum_news_index=1&pageNum_news_index=1&pageNum_news_index=1&pageNum_news_index=1&pageNum_news_index=2&pageNum_news_index=3&pageNum_news_index=7&pageNum_news_index=7&pageNum_news_index=7&pageNum_news_index=8&pageNum_news_index=8&pageNum_news_index=8 HTTP/1.1" 200 9516 "-" "Mozilla/5.0 (compatible; SemrushBot/7~bl; +http://www.semrush.com/bot.html)"
185.191.171.9 - - [06/May/2025:14:11:52 +0200] "GET /teacher_list.php?pageNum_news_index=0&pageNum_news_index=2&pageNum_news_index=3&pageNum_news_index=3&pageNum_news_index=3&pageNum_news_index=5&pageNum_news_index=7&pageNum_news_index=7&pageNum_news_index=7&pageNum_news_index=8&pageNum_news_index=8&pageNum_news_index=8 HTTP/1.1" 200 9519 "-" "Mozilla/5.0 (compatible; SemrushBot/7~bl; +http://www.semrush.com/bot.html)"
185.93.229.6 - - [06/May/2025:14:11:54 +0200] "GET /cp/student/startcourse.php?search=%D0%BF%D0%B5%D1%81%D0%BD%D0%B8+%D0%BD%D0%B0+%D0%B0%D0%BD%D0%B3%D0%BB%D0%B8%D0%B9%D1%81%D0%BA%D0%BE%D0%BC+%D0%B4%D0%BB%D1%8F+%D0%B8%D0%B7%D1%83%D1%87%D0%B5%D0%BD%D0%B8%D1%8F+%D0%B0%D0%BD%D0%B3%D0%BB%D0%B8%D0%B9%D1%81%D0%BA%D0%BE%D0%B3%D0%BE HTTP/1.1" 302 2352 "-" "Mozilla/5.0 AppleWebKit/537.36 (KHTML, like Gecko; compatible; bingbot/2.0; +http://www.bing.com/bingbot.htm) Chrome/116.0.1938.76 Safari/537.36"
185.191.171.10 - - [06/May/2025:14:11:54 +0200] "GET /teacher_list.php?pageNum_news_index=3&pageNum_news_index=3&pageNum_news_index=7&pageNum_news_index=7&pageNum_news_index=7&pageNum_news_index=7&pageNum_news_index=8&pageNum_news_index=8&pageNum_news_index=8&pageNum_news_index=8 HTTP/1.1" 200 9492 "-" "Mozilla/5.0 (compatible; SemrushBot/7~bl; +http://www.semrush.com/bot.html)"
185.93.230.19 - - [06/May/2025:14:11:55 +0200] "GET /student-guide.php HTTP/1.1" 200 9911 "-" "Mozilla/5.0 (compatible; Bytespider; spider-feedback@bytedance.com) AppleWebKit/537.36 (KHTML, like Gecko) Chrome/70.0.0.0 Safari/537.36"
185.191.171.13 - - [06/May/2025:14:11:56 +0200] "GET /teacher_list.php?pageNum_news_index=0&pageNum_news_index=0&pageNum_news_index=2&pageNum_news_index=2&pageNum_news_index=2&pageNum_news_index=4&pageNum_news_index=4&pageNum_news_index=5&pageNum_news_index=5&pageNum_news_index=6&pageNum_news_index=8 HTTP/1.1" 200 9512 "-" "Mozilla/5.0 (compatible; SemrushBot/7~bl; +http://www.semrush.com/bot.html)"
185.191.171.10 - - [06/May/2025:14:12:00 +0200] "GET /teacher_list.php?pageNum_news_index=0&pageNum_news_index=0&pageNum_news_index=0&pageNum_news_index=0&pageNum_news_index=0&pageNum_news_index=1&pageNum_news_index=3&pageNum_news_index=7&pageNum_news_index=7&pageNum_news_index=8 HTTP/1.1" 200 9497 "-" "Mozilla/5.0 (compatible; SemrushBot/7~bl; +http://www.semrush.com/bot.html)"
85.208.96.202 - - [06/May/2025:14:12:03 +0200] "GET /teacher_list.php?pageNum_news_index=1&pageNum_news_index=1&pageNum_news_index=1&pageNum_news_index=2&pageNum_news_index=4&pageNum_news_index=8&pageNum_news_index=8&pageNum_news_index=8&pageNum_news_index=8&pageNum_news_index=9 HTTP/1.1" 200 9466 "-" "Mozilla/5.0 (compatible; SemrushBot/7~bl; +http://www.semrush.com/bot.html)"
85.208.96.201 - - [06/May/2025:14:12:07 +0200] "GET /teacher_list.php?pageNum_news_index=0&pageNum_news_index=0&pageNum_news_index=3&pageNum_news_index=4&pageNum_news_index=4&pageNum_news_index=4&pageNum_news_index=4&pageNum_news_index=5&pageNum_news_index=6&pageNum_news_index=8 HTTP/1.1" 200 9500 "-" "Mozilla/5.0 (compatible; SemrushBot/7~bl; +http://www.semrush.com/bot.html)"
185.93.229.6 - - [06/May/2025:14:12:11 +0200] "GET /cp/student/login.php?accesscheck=%2Fcp%2Fstudent%2Fstartcourse.php%3Fsearch%3D%25D0%25BF%25D0%25B5%25D1%2581%25D0%25BD%25D0%25B8%2B%25D0%25BD%25D0%25B0%2B%25D0%25B0%25D0%25BD%25D0%25B3%25D0%25BB%25D0%25B8%25D0%25B9%25D1%2581%25D0%25BA%25D0%25BE%25D0%25BC%2B%25D0%25B4%25D0%25BB%25D1%258F%2B%25D0%25B8%25D0%25B7%25D1%2583%25D1%2587%25D0%25B5%25D0%25BD%25D0%25B8%25D1%258F%2B%25D0%25B0%25D0%25BD%25D0%25B3%25D0%25BB%25D0%25B8%25D0%25B9%25D1%2581%25D0%25BA%25D0%25BE%25D0%25B3%25D0%25BE HTTP/1.1" 200 1895 "-" "Mozilla/5.0 AppleWebKit/537.36 (KHTML, like Gecko; compatible; bingbot/2.0; +http://www.bing.com/bingbot.htm) Chrome/116.0.1938.76 Safari/537.36"
85.208.96.205 - - [06/May/2025:14:12:12 +0200] "GET /teacher_list.php?pageNum_news_index=0&pageNum_news_index=2&pageNum_news_index=2&pageNum_news_index=2&pageNum_news_index=4&pageNum_news_index=4&pageNum_news_index=7&pageNum_news_index=7&pageNum_news_index=7&pageNum_news_index=9 HTTP/1.1" 200 9467 "-" "Mozilla/5.0 (compatible; SemrushBot/7~bl; +http://www.semrush.com/bot.html)"
185.93.229.6 - - [06/May/2025:14:12:16 +0200] "GET /journal/index.php/Alqalam/article/view/142?articlesBySimilarityPage=53 HTTP/1.1" 200 7256 "-" "Mozilla/5.0 AppleWebKit/537.36 (KHTML, like Gecko; compatible; Amazonbot/0.1; +https://developer.amazon.com/support/amazonbot) Chrome/119.0.6045.214 Safari/537.36"
85.208.96.212 - - [06/May/2025:14:12:20 +0200] "GET /teacher_list.php?pageNum_news_index=0&pageNum_news_index=1&pageNum_news_index=1&pageNum_news_index=3&pageNum_news_index=5&pageNum_news_index=5&pageNum_news_index=5&pageNum_news_index=5&pageNum_news_index=6&pageNum_news_index=7&pageNum_news_index=8&pageNum_news_index=8 HTTP/1.1" 200 9520 "-" "Mozilla/5.0 (compatible; SemrushBot/7~bl; +http://www.semrush.com/bot.html)"
66.248.200.6 - - [06/May/2025:14:12:37 +0200] "GET /journal/index.php/Alqalam/article/view/763?articlesBySimilarityPage=18 HTTP/1.1" 200 8272 "-" "Mozilla/5.0 AppleWebKit/537.36 (KHTML, like Gecko; compatible; ClaudeBot/1.0; +claudebot@anthropic.com)"
185.93.230.6 - - [06/May/2025:14:12:41 +0200] "GET /journal/index.php/Alqalam/article/view/827?articlesBySimilarityPage=16 HTTP/1.1" 200 8412 "https://uta.edu.ly/journal/index.php/Alqalam/article/view/827?articlesBySimilarityPage=12" "Mozilla/5.0 (Linux; Android 7.0;) AppleWebKit/537.36 (KHTML, like Gecko) Mobile Safari/537.36 (compatible; PetalBot;+https://webmaster.petalsearch.com/site/petalbot)"
185.93.229.19 - - [06/May/2025:14:13:14 +0200] "GET /scholar_setlang?scisig=AAZF9b8AAAAAaBd0ZHflG2sW_9_GuhuFvJYhmV8&as_sdt=05&hl=vi HTTP/1.1" 404 3913 "-" "Mozilla/5.0 AppleWebKit/537.36 (KHTML, like Gecko; compatible; bingbot/2.0; +http://www.bing.com/bingbot.htm) Chrome/116.0.1938.76 Safari/537.36"
185.93.229.19 - - [06/May/2025:14:13:22 +0200] "GET /teacher_list.php?pageNum_news_index=3&pageNum_news_index=3&pageNum_news_index=3&pageNum_news_index=3&pageNum_news_index=4&pageNum_news_index=5&pageNum_news_index=6&pageNum_news_index=7&pageNum_news_index=7&pageNum_news_index=8&pageNum_news_index=9 HTTP/1.1" 200 9490 "-" "Mozilla/5.0 (compatible; SemrushBot/7~bl; +http://www.semrush.com/bot.html)"
185.93.229.19 - - [06/May/2025:14:13:22 +0200] "GET /teacher_list.php?pageNum_news_index=0&pageNum_news_index=2&pageNum_news_index=3&pageNum_news_index=3&pageNum_news_index=3&pageNum_news_index=3&pageNum_news_index=5&pageNum_news_index=5&pageNum_news_index=5&pageNum_news_index=5&pageNum_news_index=5 HTTP/1.1" 200 9557 "-" "Mozilla/5.0 (compatible; SemrushBot/7~bl; +http://www.semrush.com/bot.html)"
185.93.229.19 - - [06/May/2025:14:13:24 +0200] "GET /teacher_list.php?pageNum_news_index=1&pageNum_news_index=1&pageNum_news_index=1&pageNum_news_index=1&pageNum_news_index=1&pageNum_news_index=3&pageNum_news_index=4&pageNum_news_index=4&pageNum_news_index=4&pageNum_news_index=4&pageNum_news_index=5&pageNum_news_index=8&pageNum_news_index=9 HTTP/1.1" 200 9513 "-" "Mozilla/5.0 (compatible; SemrushBot/7~bl; +http://www.semrush.com/bot.html)"
185.93.229.19 - - [06/May/2025:14:13:26 +0200] "GET /teacher_list.php?pageNum_news_index=0&pageNum_news_index=0&pageNum_news_index=0&pageNum_news_index=0&pageNum_news_index=0&pageNum_news_index=1&pageNum_news_index=4&pageNum_news_index=7&pageNum_news_index=7&pageNum_news_index=8&pageNum_news_index=8&pageNum_news_index=8&pageNum_news_index=9 HTTP/1.1" 200 9514 "-" "Mozilla/5.0 (compatible; SemrushBot/7~bl; +http://www.semrush.com/bot.html)"
185.93.229.19 - - [06/May/2025:14:13:28 +0200] "GET /teacher_list.php?pageNum_news_index=2&pageNum_news_index=3&pageNum_news_index=3&pageNum_news_index=5&pageNum_news_index=5&pageNum_news_index=5&pageNum_news_index=5&pageNum_news_index=5&pageNum_news_index=9 HTTP/1.1" 200 9451 "-" "Mozilla/5.0 (compatible; SemrushBot/7~bl; +http://www.semrush.com/bot.html)"
185.191.171.11 - - [06/May/2025:14:13:28 +0200] "GET /teacher_list.php?pageNum_news_index=0&pageNum_news_index=0&pageNum_news_index=1&pageNum_news_index=2&pageNum_news_index=2&pageNum_news_index=4&pageNum_news_index=4&pageNum_news_index=5&pageNum_news_index=7&pageNum_news_index=8&pageNum_news_index=9 HTTP/1.1" 200 9492 "-" "Mozilla/5.0 (compatible; SemrushBot/7~bl; +http://www.semrush.com/bot.html)"
185.93.229.19 - - [06/May/2025:14:13:39 +0200] "GET /teacher_list.php?pageNum_news_index=0&pageNum_news_index=0&pageNum_news_index=0&pageNum_news_index=1&pageNum_news_index=2&pageNum_news_index=3&pageNum_news_index=4&pageNum_news_index=6&pageNum_news_index=6&pageNum_news_index=6&pageNum_news_index=6&pageNum_news_index=7&pageNum_news_index=9 HTTP/1.1" 200 9518 "-" "Mozilla/5.0 (compatible; SemrushBot/7~bl; +http://www.semrush.com/bot.html)"
185.191.171.2 - - [06/May/2025:14:13:53 +0200] "GET /teacher_list.php?pageNum_news_index=2&pageNum_news_index=2&pageNum_news_index=2&pageNum_news_index=3&pageNum_news_index=4&pageNum_news_index=7&pageNum_news_index=8 HTTP/1.1" 200 9434 "-" "Mozilla/5.0 (compatible; SemrushBot/7~bl; +http://www.semrush.com/bot.html)"
185.191.171.10 - - [06/May/2025:14:13:55 +0200] "GET /teacher_list.php?pageNum_news_index=1&pageNum_news_index=1&pageNum_news_index=2&pageNum_news_index=4&pageNum_news_index=4&pageNum_news_index=4&pageNum_news_index=4&pageNum_news_index=6 HTTP/1.1" 200 9494 "-" "Mozilla/5.0 (compatible; SemrushBot/7~bl; +http://www.semrush.com/bot.html)"
185.191.171.1 - - [06/May/2025:14:13:57 +0200] "GET /teacher_list.php?pageNum_news_index=0&pageNum_news_index=0&pageNum_news_index=0&pageNum_news_index=4&pageNum_news_index=5&pageNum_news_index=6&pageNum_news_index=6 HTTP/1.1" 200 9457 "-" "Mozilla/5.0 (compatible; SemrushBot/7~bl; +http://www.semrush.com/bot.html)"
185.191.171.11 - - [06/May/2025:14:14:00 +0200] "GET /teacher_list.php?pageNum_news_index=3&pageNum_news_index=4&pageNum_news_index=4&pageNum_news_index=6&pageNum_news_index=6&pageNum_news_index=6&pageNum_news_index=6&pageNum_news_index=8&pageNum_news_index=8&pageNum_news_index=8 HTTP/1.1" 200 9496 "-" "Mozilla/5.0 (compatible; SemrushBot/7~bl; +http://www.semrush.com/bot.html)"
185.93.229.19 - - [06/May/2025:14:14:00 +0200] "GET /teacher_list.php?pageNum_news_index=2&pageNum_news_index=2&pageNum_news_index=4&pageNum_news_index=5&pageNum_news_index=5&pageNum_news_index=5&pageNum_news_index=6&pageNum_news_index=7&pageNum_news_index=8&pageNum_news_index=8&pageNum_news_index=8&pageNum_news_index=8&pageNum_news_index=8 HTTP/1.1" 200 9538 "-" "Mozilla/5.0 (compatible; SemrushBot/7~bl; +http://www.semrush.com/bot.html)"
185.93.229.19 - - [06/May/2025:14:14:03 +0200] "GET /teacher_list.php?pageNum_news_index=0&pageNum_news_index=1&pageNum_news_index=1&pageNum_news_index=2&pageNum_news_index=2&pageNum_news_index=5&pageNum_news_index=8&pageNum_news_index=8 HTTP/1.1" 200 9471 "-" "Mozilla/5.0 (compatible; SemrushBot/7~bl; +http://www.semrush.com/bot.html)"
185.93.229.19 - - [06/May/2025:14:14:21 +0200] "GET /teacher_list.php?pageNum_news_index=0&pageNum_news_index=1&pageNum_news_index=1&pageNum_news_index=1&pageNum_news_index=3&pageNum_news_index=4&pageNum_news_index=4&pageNum_news_index=4&pageNum_news_index=6&pageNum_news_index=6&pageNum_news_index=6&pageNum_news_index=7 HTTP/1.1" 200 9496 "-" "Mozilla/5.0 (compatible; SemrushBot/7~bl; +http://www.semrush.com/bot.html)"
185.191.171.13 - - [06/May/2025:14:14:27 +0200] "GET /teacher_list.php?pageNum_news_index=0&pageNum_news_index=1&pageNum_news_index=3&pageNum_news_index=3&pageNum_news_index=3&pageNum_news_index=4&pageNum_news_index=4&pageNum_news_index=5&pageNum_news_index=5&pageNum_news_index=7 HTTP/1.1" 200 9471 "-" "Mozilla/5.0 (compatible; SemrushBot/7~bl; +http://www.semrush.com/bot.html)"
185.93.229.19 - - [06/May/2025:14:14:29 +0200] "GET /teacher_list.php?pageNum_news_index=1&pageNum_news_index=3&pageNum_news_index=3&pageNum_news_index=3&pageNum_news_index=4&pageNum_news_index=4&pageNum_news_index=4&pageNum_news_index=4&pageNum_news_index=5&pageNum_news_index=7&pageNum_news_index=8 HTTP/1.1" 200 9511 "-" "Mozilla/5.0 (compatible; SemrushBot/7~bl; +http://www.semrush.com/bot.html)"
185.93.229.6 - - [06/May/2025:14:14:33 +0200] "GET /cp/student/login.php?accesscheck=%2Fcp%2Fstudent%2Fstartcourse.php%3Fsearch%3D%25D9%2585%25D8%25AD%25D9%2585%25D8%25AF%2B%25D8%25B1%25D8%25B3%25D9%2588%25D9%2584%2B%25D8%25A7%25D9%2584%25D9%2584%25D9%2587%2B%25D9%2588%25D8%25A7%25D9%2584%25D8%25B0%25D9%258A%25D9%2586%2B%25D9%2585%25D8%25B9%25D9%2587%2B%25D8%25A7%25D8%25B4%25D8%25AF%25D8%25A7%25D8%25A1 HTTP/1.1" 200 1895 "-" "Mozilla/5.0 AppleWebKit/537.36 (KHTML, like Gecko; compatible; bingbot/2.0; +http://www.bing.com/bingbot.htm) Chrome/116.0.1938.76 Safari/537.36"
185.93.230.19 - - [06/May/2025:14:14:37 +0200] "GET /index.php/component/users/cp/single-news.php?id=301 HTTP/1.1" 200 16203 "-" "Mozilla/5.0 (compatible; Bytespider; spider-feedback@bytedance.com) AppleWebKit/537.36 (KHTML, like Gecko) Chrome/70.0.0.0 Safari/537.36"
185.93.230.19 - - [06/May/2025:14:14:39 +0200] "GET /index.php/component/users/cp/lib/lightbox//css/lightbox.min.css HTTP/1.1" 200 16203 "https://utripoli.edu.ly/index.php/component/users/cp/single-news.php?id=301" "Mozilla/5.0 (compatible; Bytespider; spider-feedback@bytedance.com) AppleWebKit/537.36 (KHTML, like Gecko) Chrome/70.0.0.0 Safari/537.36"
185.93.230.19 - - [06/May/2025:14:14:39 +0200] "GET /index.php/component/users/cp/css/bootstrap.min.css HTTP/1.1" 200 16203 "https://utripoli.edu.ly/index.php/component/users/cp/single-news.php?id=301" "Mozilla/5.0 (compatible; Bytespider; spider-feedback@bytedance.com) AppleWebKit/537.36 (KHTML, like Gecko) Chrome/70.0.0.0 Safari/537.36"
185.93.230.19 - - [06/May/2025:14:14:39 +0200] "GET /index.php/component/users/cp/css/style.css HTTP/1.1" 200 16203 "https://utripoli.edu.ly/index.php/component/users/cp/single-news.php?id=301" "Mozilla/5.0 (compatible; Bytespider; spider-feedback@bytedance.com) AppleWebKit/537.36 (KHTML, like Gecko) Chrome/70.0.0.0 Safari/537.36"
