185.93.230.19 - - [06/May/2025:18:36:09 +0200] "GET /cp/uploads/teacher/photo_2024-09-23_22-29-56.jpg HTTP/1.1" 404 3913 "https://www.utripoli.edu.ly/teacher_list.php?pageNum_news_index=31&pageNum_news_index=10" "Mozilla/5.0 (Linux; Android 5.0) AppleWebKit/537.36 (KHTML, like Gecko) Mobile Safari/537.36 (compatible; Bytespider; spider-feedback@bytedance.com)"
185.191.171.13 - - [06/May/2025:18:36:12 +0200] "GET /teacher_list.php?pageNum_news_index=3&pageNum_news_index=3&pageNum_news_index=3&pageNum_news_index=4&pageNum_news_index=4&pageNum_news_index=4&pageNum_news_index=4&pageNum_news_index=4&pageNum_news_index=4&pageNum_news_index=9 HTTP/1.1" 200 9461 "-" "Mozilla/5.0 (compatible; SemrushBot/7~bl; +http://www.semrush.com/bot.html)"
85.208.96.199 - - [06/May/2025:18:36:15 +0200] "GET /teacher_list.php?pageNum_news_index=2&pageNum_news_index=2&pageNum_news_index=2&pageNum_news_index=2&pageNum_news_index=2&pageNum_news_index=2&pageNum_news_index=2&pageNum_news_index=2&pageNum_news_index=3&pageNum_news_index=3&pageNum_news_index=6&pageNum_news_index=8 HTTP/1.1" 200 9512 "-" "Mozilla/5.0 (compatible; SemrushBot/7~bl; +http://www.semrush.com/bot.html)"
85.208.96.198 - - [06/May/2025:18:36:31 +0200] "GET /teacher_list.php?pageNum_news_index=2&pageNum_news_index=2&pageNum_news_index=3&pageNum_news_index=3&pageNum_news_index=3&pageNum_news_index=4&pageNum_news_index=7&pageNum_news_index=8&pageNum_news_index=8&pageNum_news_index=8 HTTP/1.1" 200 9497 "-" "Mozilla/5.0 (compatible; SemrushBot/7~bl; +http://www.semrush.com/bot.html)"
85.208.96.195 - - [06/May/2025:18:36:52 +0200] "GET /teacher_list.php?pageNum_news_index=0&pageNum_news_index=1&pageNum_news_index=1&pageNum_news_index=1&pageNum_news_index=2&pageNum_news_index=4&pageNum_news_index=5&pageNum_news_index=6&pageNum_news_index=8 HTTP/1.1" 200 9483 "-" "Mozilla/5.0 (compatible; SemrushBot/7~bl; +http://www.semrush.com/bot.html)"
185.191.171.14 - - [06/May/2025:18:36:54 +0200] "GET /teacher_list.php?pageNum_news_index=1&pageNum_news_index=1&pageNum_news_index=2&pageNum_news_index=2&pageNum_news_index=3&pageNum_news_index=3&pageNum_news_index=3&pageNum_news_index=3&pageNum_news_index=5&pageNum_news_index=5&pageNum_news_index=5&pageNum_news_index=9 HTTP/1.1" 200 9489 "-" "Mozilla/5.0 (compatible; SemrushBot/7~bl; +http://www.semrush.com/bot.html)"
185.93.229.19 - - [06/May/2025:18:37:00 +0200] "GET /teacher_list.php?pageNum_news_index=2&pageNum_news_index=4&pageNum_news_index=4&pageNum_news_index=5&pageNum_news_index=8&pageNum_news_index=8&pageNum_news_index=8&pageNum_news_index=8&pageNum_news_index=9 HTTP/1.1" 200 9453 "-" "Mozilla/5.0 (compatible; SemrushBot/7~bl; +http://www.semrush.com/bot.html)"
185.93.230.19 - - [06/May/2025:18:37:02 +0200] "GET /journal/index.php/Alqalam/article/view/788?articlesBySimilarityPage=21 HTTP/1.1" 200 7917 "-" "Mozilla/5.0 (Linux; Android 5.0) AppleWebKit/537.36 (KHTML, like Gecko) Mobile Safari/537.36 (compatible; Bytespider; spider-feedback@bytedance.com)"
85.208.96.199 - - [06/May/2025:18:37:04 +0200] "GET /teacher_list.php?pageNum_news_index=1&pageNum_news_index=3&pageNum_news_index=3&pageNum_news_index=3&pageNum_news_index=4&pageNum_news_index=4&pageNum_news_index=4&pageNum_news_index=4&pageNum_news_index=7&pageNum_news_index=7&pageNum_news_index=9 HTTP/1.1" 200 9485 "-" "Mozilla/5.0 (compatible; SemrushBot/7~bl; +http://www.semrush.com/bot.html)"
185.191.171.7 - - [06/May/2025:18:37:06 +0200] "GET /teacher_list.php?pageNum_news_index=0&pageNum_news_index=0&pageNum_news_index=0&pageNum_news_index=0&pageNum_news_index=1&pageNum_news_index=1&pageNum_news_index=1&pageNum_news_index=1&pageNum_news_index=4&pageNum_news_index=9 HTTP/1.1" 200 9463 "-" "Mozilla/5.0 (compatible; SemrushBot/7~bl; +http://www.semrush.com/bot.html)"
185.93.230.6 - - [06/May/2025:18:37:07 +0200] "GET /project_department.php?pageNum_news_index=1 HTTP/1.1" 200 9914 "https://uta.edu.ly/project_department.php?pageNum_news_index=0" "Mozilla/5.0 (Linux; Android 7.0;) AppleWebKit/537.36 (KHTML, like Gecko) Mobile Safari/537.36 (compatible; PetalBot;+https://webmaster.petalsearch.com/site/petalbot)"
85.208.96.208 - - [06/May/2025:18:37:09 +0200] "GET /teacher_list.php?pageNum_news_index=0&pageNum_news_index=2&pageNum_news_index=2&pageNum_news_index=2&pageNum_news_index=3&pageNum_news_index=4&pageNum_news_index=5&pageNum_news_index=6 HTTP/1.1" 200 9499 "-" "Mozilla/5.0 (compatible; SemrushBot/7~bl; +http://www.semrush.com/bot.html)"
185.93.229.6 - - [06/May/2025:18:37:12 +0200] "GET /index.php/office-of-student-activity/t/H359405 HTTP/1.1" 200 16204 "-" "Mozilla/5.0 AppleWebKit/537.36 (KHTML, like Gecko; compatible; bingbot/2.0; +http://www.bing.com/bingbot.htm) Chrome/116.0.1938.76 Safari/537.36"
185.93.229.19 - - [06/May/2025:18:37:20 +0200] "GET /teacher_list.php?pageNum_news_index=2&pageNum_news_index=2&pageNum_news_index=2&pageNum_news_index=3&pageNum_news_index=3&pageNum_news_index=3&pageNum_news_index=5&pageNum_news_index=5&pageNum_news_index=5&pageNum_news_index=5&pageNum_news_index=5&pageNum_news_index=6&pageNum_news_index=8 HTTP/1.1" 200 9535 "-" "Mozilla/5.0 (compatible; SemrushBot/7~bl; +http://www.semrush.com/bot.html)"
85.208.96.205 - - [06/May/2025:18:37:23 +0200] "GET /teacher_list.php?pageNum_news_index=1&pageNum_news_index=1&pageNum_news_index=3&pageNum_news_index=3&pageNum_news_index=6&pageNum_news_index=7&pageNum_news_index=7&pageNum_news_index=7&pageNum_news_index=7&pageNum_news_index=9 HTTP/1.1" 200 9466 "-" "Mozilla/5.0 (compatible; SemrushBot/7~bl; +http://www.semrush.com/bot.html)"
185.191.171.7 - - [06/May/2025:18:38:05 +0200] "GET /teacher_list.php?pageNum_news_index=0&pageNum_news_index=1&pageNum_news_index=1&pageNum_news_index=1&pageNum_news_index=4&pageNum_news_index=4&pageNum_news_index=5&pageNum_news_index=8 HTTP/1.1" 200 9471 "-" "Mozilla/5.0 (compatible; SemrushBot/7~bl; +http://www.semrush.com/bot.html)"
85.208.96.193 - - [06/May/2025:18:38:16 +0200] "GET /teacher_list.php?pageNum_news_index=2&pageNum_news_index=4&pageNum_news_index=6&pageNum_news_index=9 HTTP/1.1" 200 9301 "-" "Mozilla/5.0 (compatible; SemrushBot/7~bl; +http://www.semrush.com/bot.html)"
85.208.96.206 - - [06/May/2025:18:38:26 +0200] "GET /teacher_list.php?pageNum_news_index=1&pageNum_news_index=4&pageNum_news_index=4&pageNum_news_index=4&pageNum_news_index=4&pageNum_news_index=4&pageNum_news_index=7&pageNum_news_index=7&pageNum_news_index=7&pageNum_news_index=8&pageNum_news_index=9 HTTP/1.1" 200 9485 "-" "Mozilla/5.0 (compatible; SemrushBot/7~bl; +http://www.semrush.com/bot.html)"
185.93.229.6 - - [06/May/2025:18:38:24 +0200] "GET /journal/index.php/Alqalam/article/view/261?articlesBySimilarityPage=40 HTTP/1.1" 200 7302 "-" "Mozilla/5.0 AppleWebKit/537.36 (KHTML, like Gecko; compatible; Amazonbot/0.1; +https://developer.amazon.com/support/amazonbot) Chrome/119.0.6045.214 Safari/537.36"
185.93.230.6 - - [06/May/2025:18:38:31 +0200] "GET /journal/index.php/Alqalam/search/search?query=hydrodesulfurization%20mathematical%20modeling%20diesel%20sulfur%20compounds%20environmental%20health HTTP/1.1" 200 4372 "https://uta.edu.ly/journal/index.php/Alqalam/article/view/787?articlesBySimilarityPage=12" "Mozilla/5.0 (Linux; Android 7.0;) AppleWebKit/537.36 (KHTML, like Gecko) Mobile Safari/537.36 (compatible; PetalBot;+https://webmaster.petalsearch.com/site/petalbot)"
66.248.200.6 - - [06/May/2025:18:38:50 +0200] "GET /single-news.php?id=271 HTTP/1.1" 200 7967 "-" "Mozilla/5.0 (Linux; Android 6.0.1; Nexus 5X Build/MMB29P) AppleWebKit/537.36 (KHTML, like Gecko) Chrome/136.0.7103.59 Mobile Safari/537.36 (compatible; Googlebot/2.1; +http://www.google.com/bot.html)"
66.248.200.6 - - [06/May/2025:18:38:52 +0200] "GET /lib/wow/wow.min.js HTTP/1.1" 200 8156 "https://www.uta.edu.ly/single-news.php?id=271" "Mozilla/5.0 (Linux; Android 6.0.1; Nexus 5X Build/MMB29P) AppleWebKit/537.36 (KHTML, like Gecko) Chrome/135.0.7049.114 Mobile Safari/537.36 (compatible; Googlebot/2.1; +http://www.google.com/bot.html)"
66.248.200.6 - - [06/May/2025:18:38:52 +0200] "GET /assets/css/Article-Clean.css HTTP/1.1" 200 425 "https://www.uta.edu.ly/single-news.php?id=271" "Mozilla/5.0 (Linux; Android 6.0.1; Nexus 5X Build/MMB29P) AppleWebKit/537.36 (KHTML, like Gecko) Chrome/135.0.7049.114 Mobile Safari/537.36 (compatible; Googlebot/2.1; +http://www.google.com/bot.html)"
66.248.200.6 - - [06/May/2025:18:38:52 +0200] "GET /assets/fonts/fontawesome-all.min.css HTTP/1.1" 200 12402 "https://www.uta.edu.ly/single-news.php?id=271" "Mozilla/5.0 (Linux; Android 6.0.1; Nexus 5X Build/MMB29P) AppleWebKit/537.36 (KHTML, like Gecko) Chrome/135.0.7049.114 Mobile Safari/537.36 (compatible; Googlebot/2.1; +http://www.google.com/bot.html)"
66.248.200.6 - - [06/May/2025:18:38:52 +0200] "GET /lib/counterup/counterup.min.js HTTP/1.1" 200 2406 "https://www.uta.edu.ly/single-news.php?id=271" "Mozilla/5.0 (Linux; Android 6.0.1; Nexus 5X Build/MMB29P) AppleWebKit/537.36 (KHTML, like Gecko) Chrome/135.0.7049.114 Mobile Safari/537.36 (compatible; Googlebot/2.1; +http://www.google.com/bot.html)"
66.248.200.6 - - [06/May/2025:18:38:52 +0200] "GET /assets/css/Brands.css HTTP/1.1" 200 195 "https://www.uta.edu.ly/single-news.php?id=271" "Mozilla/5.0 (Linux; Android 6.0.1; Nexus 5X Build/MMB29P) AppleWebKit/537.36 (KHTML, like Gecko) Chrome/135.0.7049.114 Mobile Safari/537.36 (compatible; Googlebot/2.1; +http://www.google.com/bot.html)"
66.248.200.6 - - [06/May/2025:18:38:52 +0200] "GET /assets/bootstrap/js/bootstrap.min.js HTTP/1.1" 200 78080 "https://www.uta.edu.ly/single-news.php?id=271" "Mozilla/5.0 (Linux; Android 6.0.1; Nexus 5X Build/MMB29P) AppleWebKit/537.36 (KHTML, like Gecko) Chrome/135.0.7049.114 Mobile Safari/537.36 (compatible; Googlebot/2.1; +http://www.google.com/bot.html)"
66.248.200.6 - - [06/May/2025:18:38:52 +0200] "GET /lib/lightbox/js/lightbox.min.js HTTP/1.1" 200 9483 "https://www.uta.edu.ly/single-news.php?id=271" "Mozilla/5.0 (Linux; Android 6.0.1; Nexus 5X Build/MMB29P) AppleWebKit/537.36 (KHTML, like Gecko) Chrome/135.0.7049.114 Mobile Safari/537.36 (compatible; Googlebot/2.1; +http://www.google.com/bot.html)"
66.248.200.6 - - [06/May/2025:18:38:52 +0200] "GET /assets/css/Simple-Slider.css HTTP/1.1" 200 213 "https://www.uta.edu.ly/single-news.php?id=271" "Mozilla/5.0 (Linux; Android 6.0.1; Nexus 5X Build/MMB29P) AppleWebKit/537.36 (KHTML, like Gecko) Chrome/135.0.7049.114 Mobile Safari/537.36 (compatible; Googlebot/2.1; +http://www.google.com/bot.html)"
85.208.96.212 - - [06/May/2025:18:38:59 +0200] "GET /teacher_list.php?pageNum_news_index=0&pageNum_news_index=1&pageNum_news_index=1&pageNum_news_index=1&pageNum_news_index=5&pageNum_news_index=5&pageNum_news_index=7&pageNum_news_index=7&pageNum_news_index=8&pageNum_news_index=8&pageNum_news_index=8&pageNum_news_index=9 HTTP/1.1" 200 9492 "-" "Mozilla/5.0 (compatible; SemrushBot/7~bl; +http://www.semrush.com/bot.html)"
185.191.171.9 - - [06/May/2025:18:39:05 +0200] "GET /teacher_list.php?pageNum_news_index=1&pageNum_news_index=4&pageNum_news_index=4&pageNum_news_index=4&pageNum_news_index=4&pageNum_news_index=4&pageNum_news_index=4&pageNum_news_index=7&pageNum_news_index=7&pageNum_news_index=7&pageNum_news_index=8 HTTP/1.1" 200 9506 "-" "Mozilla/5.0 (compatible; SemrushBot/7~bl; +http://www.semrush.com/bot.html)"
185.191.171.16 - - [06/May/2025:18:39:07 +0200] "GET /teacher_list.php?pageNum_news_index=2&pageNum_news_index=3&pageNum_news_index=4&pageNum_news_index=4&pageNum_news_index=4&pageNum_news_index=5&pageNum_news_index=6&pageNum_news_index=9 HTTP/1.1" 200 9435 "-" "Mozilla/5.0 (compatible; SemrushBot/7~bl; +http://www.semrush.com/bot.html)"
85.208.96.193 - - [06/May/2025:18:39:19 +0200] "GET /teacher_list.php?pageNum_news_index=0&pageNum_news_index=0&pageNum_news_index=0&pageNum_news_index=2&pageNum_news_index=2&pageNum_news_index=4&pageNum_news_index=5&pageNum_news_index=5&pageNum_news_index=8&pageNum_news_index=8&pageNum_news_index=9 HTTP/1.1" 200 9488 "-" "Mozilla/5.0 (compatible; SemrushBot/7~bl; +http://www.semrush.com/bot.html)"
85.208.96.207 - - [06/May/2025:18:39:32 +0200] "GET /teacher_list.php?pageNum_news_index=0&pageNum_news_index=0&pageNum_news_index=1&pageNum_news_index=1&pageNum_news_index=4&pageNum_news_index=5&pageNum_news_index=5&pageNum_news_index=5&pageNum_news_index=5&pageNum_news_index=6&pageNum_news_index=8 HTTP/1.1" 200 9514 "-" "Mozilla/5.0 (compatible; SemrushBot/7~bl; +http://www.semrush.com/bot.html)"
85.208.96.199 - - [06/May/2025:18:39:39 +0200] "GET /teacher_list.php?pageNum_news_index=0&pageNum_news_index=0&pageNum_news_index=0&pageNum_news_index=0&pageNum_news_index=1&pageNum_news_index=1&pageNum_news_index=2&pageNum_news_index=2&pageNum_news_index=4&pageNum_news_index=4&pageNum_news_index=8&pageNum_news_index=8 HTTP/1.1" 200 9515 "-" "Mozilla/5.0 (compatible; SemrushBot/7~bl; +http://www.semrush.com/bot.html)"
185.93.229.19 - - [06/May/2025:18:39:41 +0200] "GET /robots.txt HTTP/1.1" 404 3913 "-" "Mozilla/5.0 (compatible; SemrushBot/7~bl; +http://www.semrush.com/bot.html)"
185.93.230.6 - - [06/May/2025:18:39:54 +0200] "GET /journal/index.php/Alqalam/search/search?query=helicobacter%20pylori%20prevalence%20dyspeptic%20cag%20libya HTTP/1.1" 200 4369 "https://uta.edu.ly/journal/index.php/Alqalam/search/search?query=helicobacter%20pylori%20prevalence%20dyspeptic%20cag%20libya" "Mozilla/5.0 (Linux; Android 7.0;) AppleWebKit/537.36 (KHTML, like Gecko) Mobile Safari/537.36 (compatible; PetalBot;+https://webmaster.petalsearch.com/site/petalbot)"
185.191.171.16 - - [06/May/2025:18:39:56 +0200] "GET /teacher_list.php?pageNum_news_index=0&pageNum_news_index=1&pageNum_news_index=2&pageNum_news_index=5&pageNum_news_index=6&pageNum_news_index=6&pageNum_news_index=6&pageNum_news_index=8 HTTP/1.1" 200 9474 "-" "Mozilla/5.0 (compatible; SemrushBot/7~bl; +http://www.semrush.com/bot.html)"
85.208.96.200 - - [06/May/2025:18:40:05 +0200] "GET /teacher_list.php?pageNum_news_index=0&pageNum_news_index=2&pageNum_news_index=2&pageNum_news_index=2&pageNum_news_index=3&pageNum_news_index=6&pageNum_news_index=6&pageNum_news_index=7&pageNum_news_index=7&pageNum_news_index=7 HTTP/1.1" 200 9470 "-" "Mozilla/5.0 (compatible; SemrushBot/7~bl; +http://www.semrush.com/bot.html)"
85.208.96.208 - - [06/May/2025:18:40:12 +0200] "GET /teacher_list.php?pageNum_news_index=2&pageNum_news_index=4&pageNum_news_index=4&pageNum_news_index=4&pageNum_news_index=4&pageNum_news_index=5&pageNum_news_index=7&pageNum_news_index=8&pageNum_news_index=8 HTTP/1.1" 200 9478 "-" "Mozilla/5.0 (compatible; SemrushBot/7~bl; +http://www.semrush.com/bot.html)"
185.191.171.4 - - [06/May/2025:18:40:36 +0200] "GET /teacher_list.php?pageNum_news_index=1&pageNum_news_index=1&pageNum_news_index=2&pageNum_news_index=5&pageNum_news_index=5&pageNum_news_index=7&pageNum_news_index=7&pageNum_news_index=8&pageNum_news_index=8&pageNum_news_index=8&pageNum_news_index=8 HTTP/1.1" 200 9510 "-" "Mozilla/5.0 (compatible; SemrushBot/7~bl; +http://www.semrush.com/bot.html)"
185.191.171.4 - - [06/May/2025:18:40:49 +0200] "GET /teacher_list.php?pageNum_news_index=1&pageNum_news_index=1&pageNum_news_index=1&pageNum_news_index=2&pageNum_news_index=2&pageNum_news_index=4&pageNum_news_index=4&pageNum_news_index=6&pageNum_news_index=9 HTTP/1.1" 200 9453 "-" "Mozilla/5.0 (compatible; SemrushBot/7~bl; +http://www.semrush.com/bot.html)"
185.191.171.8 - - [06/May/2025:18:40:52 +0200] "GET /teacher_list.php?pageNum_news_index=0&pageNum_news_index=1&pageNum_news_index=1&pageNum_news_index=4&pageNum_news_index=4&pageNum_news_index=6&pageNum_news_index=6&pageNum_news_index=8&pageNum_news_index=8&pageNum_news_index=9 HTTP/1.1" 200 9469 "-" "Mozilla/5.0 (compatible; SemrushBot/7~bl; +http://www.semrush.com/bot.html)"
185.191.171.3 - - [06/May/2025:18:40:59 +0200] "GET /teacher_list.php?pageNum_news_index=1&pageNum_news_index=1&pageNum_news_index=1&pageNum_news_index=1&pageNum_news_index=2&pageNum_news_index=2&pageNum_news_index=4&pageNum_news_index=8 HTTP/1.1" 200 9468 "-" "Mozilla/5.0 (compatible; SemrushBot/7~bl; +http://www.semrush.com/bot.html)"
185.191.171.17 - - [06/May/2025:18:41:07 +0200] "GET /teacher_list.php?pageNum_news_index=0&pageNum_news_index=3&pageNum_news_index=3&pageNum_news_index=4&pageNum_news_index=4&pageNum_news_index=6&pageNum_news_index=6&pageNum_news_index=8&pageNum_news_index=8 HTTP/1.1" 200 9479 "-" "Mozilla/5.0 (compatible; SemrushBot/7~bl; +http://www.semrush.com/bot.html)"
85.208.96.196 - - [06/May/2025:18:41:17 +0200] "GET /teacher_list.php?pageNum_news_index=0&pageNum_news_index=0&pageNum_news_index=1&pageNum_news_index=1&pageNum_news_index=1&pageNum_news_index=1&pageNum_news_index=1&pageNum_news_index=4&pageNum_news_index=5&pageNum_news_index=5&pageNum_news_index=6 HTTP/1.1" 200 9531 "-" "Mozilla/5.0 (compatible; SemrushBot/7~bl; +http://www.semrush.com/bot.html)"
185.93.230.6 - - [06/May/2025:18:41:18 +0200] "GET /journal/index.php/Alqalam/citationstylelanguage/get/vancouver?submissionId=741&publicationId=741 HTTP/1.1" 200 301 "https://uta.edu.ly/journal/index.php/Alqalam/article/view/741?articlesBySimilarityPage=47" "Mozilla/5.0 (Linux; Android 7.0;) AppleWebKit/537.36 (KHTML, like Gecko) Mobile Safari/537.36 (compatible; PetalBot;+https://webmaster.petalsearch.com/site/petalbot)"
185.191.171.11 - - [06/May/2025:18:41:44 +0200] "GET /teacher_list.php?pageNum_news_index=2&pageNum_news_index=4&pageNum_news_index=4&pageNum_news_index=4&pageNum_news_index=4&pageNum_news_index=7&pageNum_news_index=7&pageNum_news_index=7&pageNum_news_index=8&pageNum_news_index=8&pageNum_news_index=9 HTTP/1.1" 200 9486 "-" "Mozilla/5.0 (compatible; SemrushBot/7~bl; +http://www.semrush.com/bot.html)"
85.208.96.196 - - [06/May/2025:18:41:46 +0200] "GET /teacher_list.php?pageNum_news_index=1&pageNum_news_index=1&pageNum_news_index=1&pageNum_news_index=1&pageNum_news_index=1&pageNum_news_index=3&pageNum_news_index=5&pageNum_news_index=6&pageNum_news_index=6&pageNum_news_index=6&pageNum_news_index=8 HTTP/1.1" 200 9509 "-" "Mozilla/5.0 (compatible; SemrushBot/7~bl; +http://www.semrush.com/bot.html)"
185.191.171.3 - - [06/May/2025:18:42:09 +0200] "GET /teacher_list.php?pageNum_news_index=1&pageNum_news_index=1&pageNum_news_index=1&pageNum_news_index=4&pageNum_news_index=7&pageNum_news_index=7&pageNum_news_index=9 HTTP/1.1" 200 9402 "-" "Mozilla/5.0 (compatible; SemrushBot/7~bl; +http://www.semrush.com/bot.html)"
185.93.229.6 - - [06/May/2025:18:42:19 +0200] "GET /cp/student/startcourse.php?search=harley+davidson+homecoming+promo+code HTTP/1.1" 302 2352 "-" "Mozilla/5.0 AppleWebKit/537.36 (KHTML, like Gecko; compatible; bingbot/2.0; +http://www.bing.com/bingbot.htm) Chrome/116.0.1938.76 Safari/537.36"
185.93.229.19 - - [06/May/2025:18:42:20 +0200] "GET /journal/index.php/Alqalam/article/view/243?articlesBySimilarityPage=29 HTTP/1.1" 200 8255 "-" "Mozilla/5.0 AppleWebKit/537.36 (KHTML, like Gecko; compatible; bingbot/2.0; +http://www.bing.com/bingbot.htm) Chrome/116.0.1938.76 Safari/537.36"
85.208.96.200 - - [06/May/2025:18:42:26 +0200] "GET /teacher_list.php?pageNum_news_index=0&pageNum_news_index=3&pageNum_news_index=6&pageNum_news_index=7&pageNum_news_index=7&pageNum_news_index=8&pageNum_news_index=8&pageNum_news_index=8&pageNum_news_index=8&pageNum_news_index=8&pageNum_news_index=9 HTTP/1.1" 200 9489 "-" "Mozilla/5.0 (compatible; SemrushBot/7~bl; +http://www.semrush.com/bot.html)"
85.208.96.193 - - [06/May/2025:18:42:34 +0200] "GET /teacher_list.php?pageNum_news_index=2&pageNum_news_index=3&pageNum_news_index=3&pageNum_news_index=3&pageNum_news_index=3&pageNum_news_index=4&pageNum_news_index=4&pageNum_news_index=5&pageNum_news_index=5&pageNum_news_index=5&pageNum_news_index=9 HTTP/1.1" 200 9486 "-" "Mozilla/5.0 (compatible; SemrushBot/7~bl; +http://www.semrush.com/bot.html)"
185.93.229.19 - - [06/May/2025:18:42:39 +0200] "GET /teacher_list.php?pageNum_news_index=0&pageNum_news_index=0&pageNum_news_index=5&pageNum_news_index=7&pageNum_news_index=8 HTTP/1.1" 200 9364 "-" "Mozilla/5.0 (compatible; SemrushBot/7~bl; +http://www.semrush.com/bot.html)"
185.93.230.6 - - [06/May/2025:18:42:41 +0200] "GET /journal/index.php/Alqalam/citationstylelanguage/get/vancouver?submissionId=70&publicationId=70 HTTP/1.1" 200 326 "https://uta.edu.ly/journal/index.php/Alqalam/article/view/70?articlesBySimilarityPage=8" "Mozilla/5.0 (Linux; Android 7.0;) AppleWebKit/537.36 (KHTML, like Gecko) Mobile Safari/537.36 (compatible; PetalBot;+https://webmaster.petalsearch.com/site/petalbot)"
156.59.198.136 - - [06/May/2025:18:42:48 +0200] "GET /cp/uploads/teacher/%D8%A7%D9%84%D8%B3%D9%8A%D8%B1%D8%A9%20%D8%A7%D9%84%D8%B0%D8%A7%D8%AA%D9%8A%D8%A9_20233.pdf HTTP/1.1" 404 3913 "-" "Mozilla/5.0 (Linux; Android 5.0) AppleWebKit/537.36 (KHTML, like Gecko) Mobile Safari/537.36 (compatible; Bytespider; spider-feedback@bytedance.com)"
85.208.96.202 - - [06/May/2025:18:42:59 +0200] "GET /teacher_list.php?pageNum_news_index=1&pageNum_news_index=1&pageNum_news_index=1&pageNum_news_index=5&pageNum_news_index=5&pageNum_news_index=5&pageNum_news_index=7&pageNum_news_index=7&pageNum_news_index=7&pageNum_news_index=7 HTTP/1.1" 200 9465 "-" "Mozilla/5.0 (compatible; SemrushBot/7~bl; +http://www.semrush.com/bot.html)"
185.191.171.17 - - [06/May/2025:18:43:07 +0200] "GET /teacher_list.php?pageNum_news_index=2&pageNum_news_index=2&pageNum_news_index=2&pageNum_news_index=2&pageNum_news_index=4&pageNum_news_index=4&pageNum_news_index=6&pageNum_news_index=6&pageNum_news_index=6&pageNum_news_index=6&pageNum_news_index=7&pageNum_news_index=8 HTTP/1.1" 200 9515 "-" "Mozilla/5.0 (compatible; SemrushBot/7~bl; +http://www.semrush.com/bot.html)"
185.191.171.7 - - [06/May/2025:18:43:21 +0200] "GET /teacher_list.php?pageNum_news_index=4&pageNum_news_index=5&pageNum_news_index=5&pageNum_news_index=5&pageNum_news_index=5&pageNum_news_index=5&pageNum_news_index=5&pageNum_news_index=6&pageNum_news_index=6 HTTP/1.1" 200 9495 "-" "Mozilla/5.0 (compatible; SemrushBot/7~bl; +http://www.semrush.com/bot.html)"
66.248.200.6 - - [06/May/2025:18:43:21 +0200] "GET /journal/index.php/Alqalam/article/download/65/66 HTTP/1.1" 200 722205 "-" "Googlebot/2.1 (+http://www.google.com/bot.html)"
185.191.171.17 - - [06/May/2025:18:43:23 +0200] "GET /teacher_list.php?pageNum_news_index=3&pageNum_news_index=3&pageNum_news_index=3&pageNum_news_index=5&pageNum_news_index=6&pageNum_news_index=6&pageNum_news_index=6&pageNum_news_index=6&pageNum_news_index=8&pageNum_news_index=9 HTTP/1.1" 200 9467 "-" "Mozilla/5.0 (compatible; SemrushBot/7~bl; +http://www.semrush.com/bot.html)"
185.93.229.6 - - [06/May/2025:18:43:29 +0200] "GET /teacher_list.php?pageNum_news_index=6&&pageNum_news_index=8&&pageNum_news_index=0&&pageNum_news_index=1&&pageNum_news_index=3&&pageNum_news_index=6&&pageNum_news_index=6&&pageNum_news_index=0&&pageNum_news_index=1&&pageNum_news_index=2&&pageNum_news_index=5&&pageNum_news_index=6&&pageNum_news_index=10&&pageNum_news_index=12&&pageNum_news_index=24&&pageNum_news_index=19&&pageNum_news_index=24&&pageNum_news_index=21&&pageNum_news_index=23&&pageNum_news_index=0&&pageNum_news_index=1 HTTP/1.1" 200 9521 "-" "Mozilla/5.0 AppleWebKit/537.36 (KHTML, like Gecko; compatible; bingbot/2.0; +http://www.bing.com/bingbot.htm) Chrome/116.0.1938.76 Safari/537.36"
66.248.200.6 - - [06/May/2025:18:43:33 +0200] "GET /journal/index.php/Alqalam/article/view/875?articlesBySimilarityPage=16 HTTP/1.1" 200 8185 "-" "Mozilla/5.0 AppleWebKit/537.36 (KHTML, like Gecko; compatible; ClaudeBot/1.0; +claudebot@anthropic.com)"
185.191.171.18 - - [06/May/2025:18:43:38 +0200] "GET /teacher_list.php?pageNum_news_index=0&pageNum_news_index=0&pageNum_news_index=3&pageNum_news_index=3&pageNum_news_index=4&pageNum_news_index=5&pageNum_news_index=5&pageNum_news_index=6 HTTP/1.1" 200 9497 "-" "Mozilla/5.0 (compatible; SemrushBot/7~bl; +http://www.semrush.com/bot.html)"
85.208.96.205 - - [06/May/2025:18:43:42 +0200] "GET /teacher_list.php?pageNum_news_index=0&pageNum_news_index=0&pageNum_news_index=4&pageNum_news_index=4&pageNum_news_index=5&pageNum_news_index=7&pageNum_news_index=9 HTTP/1.1" 200 9405 "-" "Mozilla/5.0 (compatible; SemrushBot/7~bl; +http://www.semrush.com/bot.html)"
192.88.134.19 - - [06/May/2025:18:43:43 +0200] "GET /cp/uploads/teacher/%D8%A7%D9%84%D8%B3%D9%8A%D8%B1%D8%A9%20%D8%A7%D9%84%D8%B0%D8%A7%D8%AA%D9%8A%D8%A9_20233.pdf HTTP/1.1" 404 3913 "-" "Mozilla/5.0 (Linux; Android 5.0) AppleWebKit/537.36 (KHTML, like Gecko) Mobile Safari/537.36 (compatible; Bytespider; spider-feedback@bytedance.com)"
85.208.96.210 - - [06/May/2025:18:44:01 +0200] "GET /teacher_list.php?pageNum_news_index=0&pageNum_news_index=0&pageNum_news_index=0&pageNum_news_index=2&pageNum_news_index=2&pageNum_news_index=2&pageNum_news_index=3&pageNum_news_index=3&pageNum_news_index=4&pageNum_news_index=7&pageNum_news_index=7&pageNum_news_index=7 HTTP/1.1" 200 9494 "-" "Mozilla/5.0 (compatible; SemrushBot/7~bl; +http://www.semrush.com/bot.html)"
185.93.230.19 - - [06/May/2025:18:44:02 +0200] "GET /journal/index.php/Alqalam/citationstylelanguage/get/chicago-author-date?submissionId=700&publicationId=700 HTTP/1.1" 500 20 "-" "Mozilla/5.0 (Windows NT 10.0; Win64; x64) AppleWebKit/537.36 (KHTML, like Gecko) Chrome/100.0.8891.478 Safari/537.36"
185.93.230.6 - - [06/May/2025:18:44:07 +0200] "GET /journal/index.php/Alqalam/citationstylelanguage/get/vancouver?submissionId=686&publicationId=686 HTTP/1.1" 200 316 "https://uta.edu.ly/journal/index.php/Alqalam/article/view/686" "Mozilla/5.0 (Linux; Android 7.0;) AppleWebKit/537.36 (KHTML, like Gecko) Mobile Safari/537.36 (compatible; PetalBot;+https://webmaster.petalsearch.com/site/petalbot)"
185.191.171.15 - - [06/May/2025:18:44:21 +0200] "GET /teacher_list.php?pageNum_news_index=1&pageNum_news_index=1&pageNum_news_index=4&pageNum_news_index=5&pageNum_news_index=5&pageNum_news_index=6&pageNum_news_index=7&pageNum_news_index=7&pageNum_news_index=8&pageNum_news_index=8 HTTP/1.1" 200 9500 "-" "Mozilla/5.0 (compatible; SemrushBot/7~bl; +http://www.semrush.com/bot.html)"
185.191.171.4 - - [06/May/2025:18:44:25 +0200] "GET /teacher_list.php?pageNum_news_index=2&pageNum_news_index=2&pageNum_news_index=3&pageNum_news_index=3&pageNum_news_index=4&pageNum_news_index=5&pageNum_news_index=5&pageNum_news_index=6&pageNum_news_index=6 HTTP/1.1" 200 9500 "-" "Mozilla/5.0 (compatible; SemrushBot/7~bl; +http://www.semrush.com/bot.html)"
47.128.37.224 - - [06/May/2025:18:44:37 +0200] "GET /robots.txt HTTP/1.1" 404 3913 "-" "Mozilla/5.0 (Linux; Android 5.0) AppleWebKit/537.36 (KHTML, like Gecko) Mobile Safari/537.36 (compatible; Bytespider; spider-feedback@bytedance.com)"
85.208.96.210 - - [06/May/2025:18:44:50 +0200] "GET /teacher_list.php?pageNum_news_index=1&pageNum_news_index=1&pageNum_news_index=1&pageNum_news_index=2&pageNum_news_index=2&pageNum_news_index=5&pageNum_news_index=5&pageNum_news_index=6&pageNum_news_index=6&pageNum_news_index=6&pageNum_news_index=6&pageNum_news_index=6 HTTP/1.1" 200 9536 "-" "Mozilla/5.0 (compatible; SemrushBot/7~bl; +http://www.semrush.com/bot.html)"
185.93.229.6 - - [06/May/2025:18:44:55 +0200] "GET /robots.txt HTTP/1.1" 404 3913 "-" "Mozilla/5.0 (compatible; SemrushBot/7~bl; +http://www.semrush.com/bot.html)"
185.191.171.14 - - [06/May/2025:18:44:55 +0200] "GET /teacher_list.php?pageNum_news_index=1&pageNum_news_index=2&pageNum_news_index=3&pageNum_news_index=3&pageNum_news_index=5&pageNum_news_index=6&pageNum_news_index=6&pageNum_news_index=6&pageNum_news_index=6&pageNum_news_index=7&pageNum_news_index=7&pageNum_news_index=8 HTTP/1.1" 200 9520 "-" "Mozilla/5.0 (compatible; SemrushBot/7~bl; +http://www.semrush.com/bot.html)"
185.93.229.19 - - [06/May/2025:18:44:57 +0200] "GET /news_last.php?pageNum_news_index=19 HTTP/1.1" 200 11162 "-" "Mozilla/5.0 (Linux; Android 6.0.1; Nexus 5X Build/MMB29P) AppleWebKit/537.36 (KHTML, like Gecko) Chrome/136.0.7103.59 Mobile Safari/537.36 (compatible; Googlebot/2.1; +http://www.google.com/bot.html)"
185.93.229.6 - - [06/May/2025:18:44:58 +0200] "GET /teacher_list.php?pageNum_news_index=6&&pageNum_news_index=8&&pageNum_news_index=0&&pageNum_news_index=1&&pageNum_news_index=3&&pageNum_news_index=6&&pageNum_news_index=6&&pageNum_news_index=0&&pageNum_news_index=1&&pageNum_news_index=2&&pageNum_news_index=5&&pageNum_news_index=6&&pageNum_news_index=9&&pageNum_news_index=13&&pageNum_news_index=15&&pageNum_news_index=19&&pageNum_news_index=22 HTTP/1.1" 200 9534 "-" "Mozilla/5.0 AppleWebKit/537.36 (KHTML, like Gecko; compatible; bingbot/2.0; +http://www.bing.com/bingbot.htm) Chrome/116.0.1938.76 Safari/537.36"
85.208.96.212 - - [06/May/2025:18:45:01 +0200] "GET /teacher_list.php?pageNum_news_index=1&pageNum_news_index=1&pageNum_news_index=2&pageNum_news_index=2&pageNum_news_index=2&pageNum_news_index=2&pageNum_news_index=2&pageNum_news_index=5&pageNum_news_index=7&pageNum_news_index=7 HTTP/1.1" 200 9465 "-" "Mozilla/5.0 (compatible; SemrushBot/7~bl; +http://www.semrush.com/bot.html)"
85.208.96.205 - - [06/May/2025:18:45:03 +0200] "GET /teacher_list.php?pageNum_news_index=1&pageNum_news_index=1&pageNum_news_index=1&pageNum_news_index=2&pageNum_news_index=2&pageNum_news_index=5&pageNum_news_index=5&pageNum_news_index=5&pageNum_news_index=5&pageNum_news_index=5&pageNum_news_index=6&pageNum_news_index=9 HTTP/1.1" 200 9490 "-" "Mozilla/5.0 (compatible; SemrushBot/7~bl; +http://www.semrush.com/bot.html)"
85.208.96.203 - - [06/May/2025:18:45:07 +0200] "GET /teacher_list.php?pageNum_news_index=2&pageNum_news_index=2&pageNum_news_index=3&pageNum_news_index=4&pageNum_news_index=4&pageNum_news_index=4&pageNum_news_index=4&pageNum_news_index=6&pageNum_news_index=7&pageNum_news_index=9 HTTP/1.1" 200 9469 "-" "Mozilla/5.0 (compatible; SemrushBot/7~bl; +http://www.semrush.com/bot.html)"
85.208.96.200 - - [06/May/2025:18:45:22 +0200] "GET /teacher_list.php?pageNum_news_index=3&pageNum_news_index=3&pageNum_news_index=4&pageNum_news_index=4&pageNum_news_index=4&pageNum_news_index=7&pageNum_news_index=7&pageNum_news_index=8&pageNum_news_index=8 HTTP/1.1" 200 9477 "-" "Mozilla/5.0 (compatible; SemrushBot/7~bl; +http://www.semrush.com/bot.html)"
185.191.171.8 - - [06/May/2025:18:45:27 +0200] "GET /teacher_list.php?pageNum_news_index=0&pageNum_news_index=4&pageNum_news_index=5&pageNum_news_index=5&pageNum_news_index=5&pageNum_news_index=7&pageNum_news_index=7&pageNum_news_index=7&pageNum_news_index=8&pageNum_news_index=8 HTTP/1.1" 200 9497 "-" "Mozilla/5.0 (compatible; SemrushBot/7~bl; +http://www.semrush.com/bot.html)"
185.93.230.6 - - [06/May/2025:18:45:28 +0200] "GET /journal/index.php/Alqalam/citationstylelanguage/get/vancouver?submissionId=184&publicationId=184 HTTP/1.1" 200 344 "https://uta.edu.ly/journal/index.php/Alqalam/article/view/184" "Mozilla/5.0 (Linux; Android 7.0;) AppleWebKit/537.36 (KHTML, like Gecko) Mobile Safari/537.36 (compatible; PetalBot;+https://webmaster.petalsearch.com/site/petalbot)"
47.128.62.54 - - [06/May/2025:18:45:31 +0200] "GET /robots.txt HTTP/1.1" 404 3913 "-" "Mozilla/5.0 (Linux; Android 5.0) AppleWebKit/537.36 (KHTML, like Gecko) Mobile Safari/537.36 (compatible; Bytespider; spider-feedback@bytedance.com)"
185.93.230.6 - - [06/May/2025:18:45:54 +0200] "GET /conferences.php?id=6 HTTP/1.1" 200 158886 "https://uta.edu.ly/conferences.php?id=6" "Mozilla/5.0 (Windows NT 10.0; Win64; x64) AppleWebKit/537.36 (KHTML, like Gecko) Chrome/131.0.0.0 Safari/537.36 Avast/131.0.0.0"
185.93.230.6 - - [06/May/2025:18:45:54 +0200] "GET /captcha.php HTTP/1.1" 200 1279 "https://uta.edu.ly/conferences.php?id=6" "Mozilla/5.0 (Windows NT 10.0; Win64; x64) AppleWebKit/537.36 (KHTML, like Gecko) Chrome/131.0.0.0 Safari/537.36 Avast/131.0.0.0"
185.93.230.6 - - [06/May/2025:18:45:55 +0200] "POST /conferences.php?id=6 HTTP/1.1" 200 159058 "https://uta.edu.ly/conferences.php?id=6" "Mozilla/5.0 (Windows NT 10.0; Win64; x64) AppleWebKit/537.36 (KHTML, like Gecko) Chrome/131.0.0.0 Safari/537.36 Avast/131.0.0.0"
185.93.229.19 - - [06/May/2025:18:45:56 +0200] "GET /single-project.php?id=11 HTTP/1.1" 200 8415 "-" "Mozilla/5.0 AppleWebKit/537.36 (KHTML, like Gecko; compatible; Amazonbot/0.1; +https://developer.amazon.com/support/amazonbot) Chrome/119.0.6045.214 Safari/537.36"
185.93.229.6 - - [06/May/2025:18:45:59 +0200] "GET /cp/student/login.php?accesscheck=%2Fcp%2Fstudent%2Fstartcourse.php%3Fsearch%3Dharley%2Bdavidson%2Bhomecoming%2Bpromo%2Bcode HTTP/1.1" 200 1895 "-" "Mozilla/5.0 AppleWebKit/537.36 (KHTML, like Gecko; compatible; bingbot/2.0; +http://www.bing.com/bingbot.htm) Chrome/116.0.1938.76 Safari/537.36"
185.93.229.6 - - [06/May/2025:18:46:00 +0200] "GET /journal/index.php/Alqalam/article/view/842?articlesBySimilarityPage=7 HTTP/1.1" 200 9110 "-" "Mozilla/5.0 AppleWebKit/537.36 (KHTML, like Gecko; compatible; bingbot/2.0; +http://www.bing.com/bingbot.htm) Chrome/116.0.1938.76 Safari/537.36"
66.248.200.6 - - [06/May/2025:18:46:01 +0200] "GET /journal/index.php/Alqalam/article/view/805?articlesBySimilarityPage=28 HTTP/1.1" 200 8346 "-" "Mozilla/5.0 (Linux; Android 6.0.1; Nexus 5X Build/MMB29P) AppleWebKit/537.36 (KHTML, like Gecko) Chrome/136.0.7103.59 Mobile Safari/537.36 (compatible; Googlebot/2.1; +http://www.google.com/bot.html)"
185.191.171.9 - - [06/May/2025:18:46:03 +0200] "GET /teacher_list.php?pageNum_news_index=2&pageNum_news_index=2&pageNum_news_index=4&pageNum_news_index=6&pageNum_news_index=7&pageNum_news_index=7&pageNum_news_index=8&pageNum_news_index=9 HTTP/1.1" 200 9435 "-" "Mozilla/5.0 (compatible; SemrushBot/7~bl; +http://www.semrush.com/bot.html)"
66.248.200.6 - - [06/May/2025:18:46:18 +0200] "GET /journal/index.php/Alqalam/article/view/742?articlesBySimilarityPage=1 HTTP/1.1" 200 10090 "-" "Mozilla/5.0 AppleWebKit/537.36 (KHTML, like Gecko; compatible; ClaudeBot/1.0; +claudebot@anthropic.com)"
85.208.96.203 - - [06/May/2025:18:46:30 +0200] "GET /teacher_list.php?pageNum_news_index=0&pageNum_news_index=0&pageNum_news_index=1&pageNum_news_index=1&pageNum_news_index=1&pageNum_news_index=2&pageNum_news_index=3&pageNum_news_index=5&pageNum_news_index=7 HTTP/1.1" 200 9459 "-" "Mozilla/5.0 (compatible; SemrushBot/7~bl; +http://www.semrush.com/bot.html)"
185.191.171.10 - - [06/May/2025:18:46:42 +0200] "GET /teacher_list.php?pageNum_news_index=2&pageNum_news_index=2&pageNum_news_index=2&pageNum_news_index=2&pageNum_news_index=2&pageNum_news_index=2&pageNum_news_index=2&pageNum_news_index=2&pageNum_news_index=4&pageNum_news_index=6&pageNum_news_index=6&pageNum_news_index=6 HTTP/1.1" 200 9533 "-" "Mozilla/5.0 (compatible; SemrushBot/7~bl; +http://www.semrush.com/bot.html)"
85.208.96.199 - - [06/May/2025:18:46:52 +0200] "GET /teacher_list.php?pageNum_news_index=0&pageNum_news_index=1&pageNum_news_index=2&pageNum_news_index=2&pageNum_news_index=4&pageNum_news_index=6&pageNum_news_index=6&pageNum_news_index=6 HTTP/1.1" 200 9498 "-" "Mozilla/5.0 (compatible; SemrushBot/7~bl; +http://www.semrush.com/bot.html)"
185.93.230.6 - - [06/May/2025:18:46:52 +0200] "GET /journal/index.php/Alqalam/citationstylelanguage/get/vancouver?submissionId=169&publicationId=169 HTTP/1.1" 200 340 "https://uta.edu.ly/journal/index.php/Alqalam/article/view/169?articlesBySimilarityPage=8" "Mozilla/5.0 (Linux; Android 7.0;) AppleWebKit/537.36 (KHTML, like Gecko) Mobile Safari/537.36 (compatible; PetalBot;+https://webmaster.petalsearch.com/site/petalbot)"
185.191.171.15 - - [06/May/2025:18:47:01 +0200] "GET /teacher_list.php?pageNum_news_index=3&pageNum_news_index=3&pageNum_news_index=4&pageNum_news_index=6&pageNum_news_index=6&pageNum_news_index=7&pageNum_news_index=7&pageNum_news_index=7&pageNum_news_index=7&pageNum_news_index=9 HTTP/1.1" 200 9467 "-" "Mozilla/5.0 (compatible; SemrushBot/7~bl; +http://www.semrush.com/bot.html)"
85.208.96.198 - - [06/May/2025:18:47:16 +0200] "GET /teacher_list.php?pageNum_news_index=1&pageNum_news_index=1&pageNum_news_index=1&pageNum_news_index=2&pageNum_news_index=3&pageNum_news_index=4&pageNum_news_index=4&pageNum_news_index=6&pageNum_news_index=6&pageNum_news_index=7&pageNum_news_index=7 HTTP/1.1" 200 9490 "-" "Mozilla/5.0 (compatible; SemrushBot/7~bl; +http://www.semrush.com/bot.html)"
85.208.96.207 - - [06/May/2025:18:47:19 +0200] "GET /teacher_list.php?pageNum_news_index=1&pageNum_news_index=1&pageNum_news_index=1&pageNum_news_index=1&pageNum_news_index=1&pageNum_news_index=2&pageNum_news_index=3&pageNum_news_index=3&pageNum_news_index=4&pageNum_news_index=5&pageNum_news_index=6&pageNum_news_index=6 HTTP/1.1" 200 9541 "-" "Mozilla/5.0 (compatible; SemrushBot/7~bl; +http://www.semrush.com/bot.html)"
185.191.171.11 - - [06/May/2025:18:47:25 +0200] "GET /teacher_list.php?pageNum_news_index=3&pageNum_news_index=4&pageNum_news_index=4&pageNum_news_index=7&pageNum_news_index=7&pageNum_news_index=7&pageNum_news_index=7&pageNum_news_index=9 HTTP/1.1" 200 9430 "-" "Mozilla/5.0 (compatible; SemrushBot/7~bl; +http://www.semrush.com/bot.html)"
85.208.96.198 - - [06/May/2025:18:47:38 +0200] "GET /teacher_list.php?pageNum_news_index=1&pageNum_news_index=3&pageNum_news_index=3&pageNum_news_index=4&pageNum_news_index=5&pageNum_news_index=5&pageNum_news_index=8&pageNum_news_index=8&pageNum_news_index=8&pageNum_news_index=9 HTTP/1.1" 200 9469 "-" "Mozilla/5.0 (compatible; SemrushBot/7~bl; +http://www.semrush.com/bot.html)"
85.208.96.209 - - [06/May/2025:18:47:54 +0200] "GET /teacher_list.php?pageNum_news_index=0&pageNum_news_index=2&pageNum_news_index=2&pageNum_news_index=4&pageNum_news_index=4&pageNum_news_index=4&pageNum_news_index=6&pageNum_news_index=7&pageNum_news_index=8 HTTP/1.1" 200 9481 "-" "Mozilla/5.0 (compatible; SemrushBot/7~bl; +http://www.semrush.com/bot.html)"
185.93.229.19 - - [06/May/2025:18:47:52 +0200] "GET /journal/index.php/Alqalam/article/view/284?articlesBySimilarityPage=29 HTTP/1.1" 200 7866 "-" "Mozilla/5.0 AppleWebKit/537.36 (KHTML, like Gecko; compatible; bingbot/2.0; +http://www.bing.com/bingbot.htm) Chrome/116.0.1938.76 Safari/537.36"
85.208.96.195 - - [06/May/2025:18:48:00 +0200] "GET /teacher_list.php?pageNum_news_index=1&pageNum_news_index=1&pageNum_news_index=1&pageNum_news_index=1&pageNum_news_index=1&pageNum_news_index=4&pageNum_news_index=4&pageNum_news_index=4&pageNum_news_index=4&pageNum_news_index=8 HTTP/1.1" 200 9492 "-" "Mozilla/5.0 (compatible; SemrushBot/7~bl; +http://www.semrush.com/bot.html)"
85.208.96.212 - - [06/May/2025:18:48:07 +0200] "GET /teacher_list.php?pageNum_news_index=0&pageNum_news_index=2&pageNum_news_index=3&pageNum_news_index=4&pageNum_news_index=4&pageNum_news_index=4&pageNum_news_index=5&pageNum_news_index=5&pageNum_news_index=5&pageNum_news_index=8 HTTP/1.1" 200 9499 "-" "Mozilla/5.0 (compatible; SemrushBot/7~bl; +http://www.semrush.com/bot.html)"
185.93.228.6 - - [06/May/2025:18:48:06 +0200] "GET / HTTP/1.1" 200 16207 "https://www.google.com/" "Mozilla/5.0 (Windows NT 10.0; Win64; x64) AppleWebKit/537.36 (KHTML, like Gecko) Chrome/109.0.0.0 Safari/537.36"
185.93.230.6 - - [06/May/2025:18:48:16 +0200] "GET /journal/index.php/Alqalam/citationstylelanguage/get/turabian-fullnote-bibliography?submissionId=9&publicationId=9 HTTP/1.1" 200 288 "https://uta.edu.ly/journal/index.php/Alqalam/article/view/9?articlesBySimilarityPage=14" "Mozilla/5.0 (Linux; Android 7.0;) AppleWebKit/537.36 (KHTML, like Gecko) Mobile Safari/537.36 (compatible; PetalBot;+https://webmaster.petalsearch.com/site/petalbot)"
185.191.171.6 - - [06/May/2025:18:48:21 +0200] "GET /teacher_list.php?pageNum_news_index=1&pageNum_news_index=2&pageNum_news_index=2&pageNum_news_index=3&pageNum_news_index=3&pageNum_news_index=4&pageNum_news_index=4&pageNum_news_index=4&pageNum_news_index=5&pageNum_news_index=5&pageNum_news_index=7&pageNum_news_index=8 HTTP/1.1" 200 9523 "-" "Mozilla/5.0 (compatible; SemrushBot/7~bl; +http://www.semrush.com/bot.html)"
185.93.228.6 - - [06/May/2025:18:48:35 +0200] "GET /cp/main-login.php HTTP/1.1" 200 1886 "https://uta.edu.ly/" "Mozilla/5.0 (Windows NT 10.0; Win64; x64) AppleWebKit/537.36 (KHTML, like Gecko) Chrome/109.0.0.0 Safari/537.36"
185.93.228.6 - - [06/May/2025:18:48:37 +0200] "GET /cp/main-login.php HTTP/1.1" 200 1886 "https://uta.edu.ly/" "Mozilla/5.0 (Windows NT 10.0; Win64; x64) AppleWebKit/537.36 (KHTML, like Gecko) Chrome/109.0.0.0 Safari/537.36"
185.93.229.6 - - [06/May/2025:18:48:40 +0200] "GET /single-news.php?id=352 HTTP/1.1" 200 7808 "-" "Mozilla/5.0 AppleWebKit/537.36 (KHTML, like Gecko; compatible; bingbot/2.0; +http://www.bing.com/bingbot.htm) Chrome/116.0.1938.76 Safari/537.36"
185.93.228.6 - - [06/May/2025:18:48:46 +0200] "GET /cp/main-login.php HTTP/1.1" 200 1886 "https://uta.edu.ly/" "Mozilla/5.0 (Windows NT 10.0; Win64; x64) AppleWebKit/537.36 (KHTML, like Gecko) Chrome/109.0.0.0 Safari/537.36"
185.93.228.6 - - [06/May/2025:18:48:50 +0200] "GET /cp/main-login.php HTTP/1.1" 200 1886 "https://uta.edu.ly/" "Mozilla/5.0 (Windows NT 10.0; Win64; x64) AppleWebKit/537.36 (KHTML, like Gecko) Chrome/109.0.0.0 Safari/537.36"
85.208.96.206 - - [06/May/2025:18:48:53 +0200] "GET /teacher_list.php?pageNum_news_index=2&pageNum_news_index=2&pageNum_news_index=2&pageNum_news_index=2&pageNum_news_index=2&pageNum_news_index=3&pageNum_news_index=3&pageNum_news_index=4&pageNum_news_index=7&pageNum_news_index=7&pageNum_news_index=7&pageNum_news_index=8 HTTP/1.1" 200 9519 "-" "Mozilla/5.0 (compatible; SemrushBot/7~bl; +http://www.semrush.com/bot.html)"
185.93.230.6 - - [06/May/2025:18:48:57 +0200] "GET / HTTP/1.1" 200 16202 "-" "Mozilla/5.0 AppleWebKit/537.36 (KHTML, like Gecko); compatible; ChatGPT-User/1.0; +https://openai.com/bot"
185.93.228.6 - - [06/May/2025:18:49:02 +0200] "GET /cp/assets/vendor/libs/jquery/jquery.js HTTP/1.1" 304 - "https://uta.edu.ly/cp/main-login.php" "Mozilla/5.0 (Windows NT 10.0; Win64; x64) AppleWebKit/537.36 (KHTML, like Gecko) Chrome/109.0.0.0 Safari/537.36"
185.93.228.6 - - [06/May/2025:18:49:02 +0200] "GET /cp/assets/vendor/js/bootstrap.js HTTP/1.1" 304 - "https://uta.edu.ly/cp/main-login.php" "Mozilla/5.0 (Windows NT 10.0; Win64; x64) AppleWebKit/537.36 (KHTML, like Gecko) Chrome/109.0.0.0 Safari/537.36"
185.93.228.6 - - [06/May/2025:18:49:02 +0200] "GET /cp/assets/img/%D9%85%D9%88%D8%B8%D9%811.jpg HTTP/1.1" 304 - "https://uta.edu.ly/cp/main-login.php" "Mozilla/5.0 (Windows NT 10.0; Win64; x64) AppleWebKit/537.36 (KHTML, like Gecko) Chrome/109.0.0.0 Safari/537.36"
185.93.228.6 - - [06/May/2025:18:49:03 +0200] "GET /cp/assets/img/%D8%A7%D8%B3%D8%A7%D8%AA%D8%AF%D9%87.png HTTP/1.1" 304 - "https://uta.edu.ly/cp/main-login.php" "Mozilla/5.0 (Windows NT 10.0; Win64; x64) AppleWebKit/537.36 (KHTML, like Gecko) Chrome/109.0.0.0 Safari/537.36"
185.93.228.6 - - [06/May/2025:18:49:05 +0200] "GET /cp/assets/img/%D8%B7%D9%84%D8%A8%D9%87.png HTTP/1.1" 304 - "https://uta.edu.ly/cp/main-login.php" "Mozilla/5.0 (Windows NT 10.0; Win64; x64) AppleWebKit/537.36 (KHTML, like Gecko) Chrome/109.0.0.0 Safari/537.36"
185.191.171.11 - - [06/May/2025:18:49:05 +0200] "GET /teacher_list.php?pageNum_news_index=4&pageNum_news_index=4&pageNum_news_index=6&pageNum_news_index=6&pageNum_news_index=6&pageNum_news_index=6&pageNum_news_index=6&pageNum_news_index=6&pageNum_news_index=7&pageNum_news_index=7&pageNum_news_index=8 HTTP/1.1" 200 9508 "-" "Mozilla/5.0 (compatible; SemrushBot/7~bl; +http://www.semrush.com/bot.html)"
185.93.228.6 - - [06/May/2025:18:49:09 +0200] "GET /cp/student/login.php HTTP/1.1" 200 1895 "https://uta.edu.ly/cp/main-login.php" "Mozilla/5.0 (Windows NT 10.0; Win64; x64) AppleWebKit/537.36 (KHTML, like Gecko) Chrome/109.0.0.0 Safari/537.36"
85.208.96.209 - - [06/May/2025:18:49:10 +0200] "GET /teacher_list.php?pageNum_news_index=1&pageNum_news_index=1&pageNum_news_index=2&pageNum_news_index=2&pageNum_news_index=5&pageNum_news_index=5&pageNum_news_index=6&pageNum_news_index=6&pageNum_news_index=6&pageNum_news_index=7 HTTP/1.1" 200 9468 "-" "Mozilla/5.0 (compatible; SemrushBot/7~bl; +http://www.semrush.com/bot.html)"
185.93.229.6 - - [06/May/2025:18:49:10 +0200] "GET /cp/student/startcourse.php?search=i+wish+if+only+%D0%BF%D1%80%D0%B0%D0%B2%D0%B8%D0%BB%D0%BE+%D0%B2+%D0%B0%D0%BD%D0%B3%D0%BB%D0%B8%D0%B9%D1%81%D0%BA%D0%BE%D0%BC HTTP/1.1" 302 2352 "-" "Mozilla/5.0 AppleWebKit/537.36 (KHTML, like Gecko; compatible; bingbot/2.0; +http://www.bing.com/bingbot.htm) Chrome/116.0.1938.76 Safari/537.36"
185.191.171.3 - - [06/May/2025:18:49:12 +0200] "GET /teacher_list.php?pageNum_news_index=1&pageNum_news_index=1&pageNum_news_index=1&pageNum_news_index=2&pageNum_news_index=4&pageNum_news_index=4&pageNum_news_index=4&pageNum_news_index=4&pageNum_news_index=4&pageNum_news_index=7 HTTP/1.1" 200 9465 "-" "Mozilla/5.0 (compatible; SemrushBot/7~bl; +http://www.semrush.com/bot.html)"
85.208.96.196 - - [06/May/2025:18:49:14 +0200] "GET /teacher_list.php?pageNum_news_index=1&pageNum_news_index=1&pageNum_news_index=1&pageNum_news_index=1&pageNum_news_index=3&pageNum_news_index=3&pageNum_news_index=3&pageNum_news_index=6&pageNum_news_index=6&pageNum_news_index=6&pageNum_news_index=6 HTTP/1.1" 200 9526 "-" "Mozilla/5.0 (compatible; SemrushBot/7~bl; +http://www.semrush.com/bot.html)"
185.93.228.6 - - [06/May/2025:18:49:16 +0200] "GET /cp/student/assets/vendor/fonts/boxicons.css HTTP/1.1" 200 12292 "https://uta.edu.ly/cp/student/login.php" "Mozilla/5.0 (Windows NT 10.0; Win64; x64) AppleWebKit/537.36 (KHTML, like Gecko) Chrome/109.0.0.0 Safari/537.36"
185.93.228.6 - - [06/May/2025:18:49:16 +0200] "GET /cp/student/assets/vendor/css/theme-default.css HTTP/1.1" 200 4093 "https://uta.edu.ly/cp/student/login.php" "Mozilla/5.0 (Windows NT 10.0; Win64; x64) AppleWebKit/537.36 (KHTML, like Gecko) Chrome/109.0.0.0 Safari/537.36"
185.93.228.6 - - [06/May/2025:18:49:16 +0200] "GET /cp/student/assets/vendor/libs/perfect-scrollbar/perfect-scrollbar.css HTTP/1.1" 200 997 "https://uta.edu.ly/cp/student/login.php" "Mozilla/5.0 (Windows NT 10.0; Win64; x64) AppleWebKit/537.36 (KHTML, like Gecko) Chrome/109.0.0.0 Safari/537.36"
185.93.228.6 - - [06/May/2025:18:49:16 +0200] "GET /cp/student/assets/vendor/css/pages/page-auth.css HTTP/1.1" 200 9581 "https://uta.edu.ly/cp/student/login.php" "Mozilla/5.0 (Windows NT 10.0; Win64; x64) AppleWebKit/537.36 (KHTML, like Gecko) Chrome/109.0.0.0 Safari/537.36"
185.93.228.6 - - [06/May/2025:18:49:16 +0200] "GET /cp/student/assets/vendor/css/core.css HTTP/1.1" 200 43737 "https://uta.edu.ly/cp/student/login.php" "Mozilla/5.0 (Windows NT 10.0; Win64; x64) AppleWebKit/537.36 (KHTML, like Gecko) Chrome/109.0.0.0 Safari/537.36"
185.191.171.13 - - [06/May/2025:18:49:17 +0200] "GET /teacher_list.php?pageNum_news_index=0&pageNum_news_index=5&pageNum_news_index=5&pageNum_news_index=5&pageNum_news_index=6&pageNum_news_index=6&pageNum_news_index=6&pageNum_news_index=7&pageNum_news_index=8&pageNum_news_index=8&pageNum_news_index=9 HTTP/1.1" 200 9488 "-" "Mozilla/5.0 (compatible; SemrushBot/7~bl; +http://www.semrush.com/bot.html)"
85.208.96.205 - - [06/May/2025:18:49:19 +0200] "GET /teacher_list.php?pageNum_news_index=1&pageNum_news_index=1&pageNum_news_index=3&pageNum_news_index=3&pageNum_news_index=3&pageNum_news_index=3&pageNum_news_index=3&pageNum_news_index=4&pageNum_news_index=4&pageNum_news_index=4&pageNum_news_index=6&pageNum_news_index=7 HTTP/1.1" 200 9492 "-" "Mozilla/5.0 (compatible; SemrushBot/7~bl; +http://www.semrush.com/bot.html)"
185.93.229.6 - - [06/May/2025:18:49:24 +0200] "GET /journal/index.php/Alqalam/article/view/716?articlesBySimilarityPage=4 HTTP/1.1" 200 46147 "-" "meta-externalagent/1.1 (+https://developers.facebook.com/docs/sharing/webmasters/crawler)"
185.93.229.19 - - [06/May/2025:18:49:26 +0200] "GET /journal/index.php/Alqalam/citationstylelanguage/get/chicago-author-date?submissionId=141&publicationId=141 HTTP/1.1" 200 520 "-" "meta-externalagent/1.1 (+https://developers.facebook.com/docs/sharing/webmasters/crawler)"
185.93.229.6 - - [06/May/2025:18:49:28 +0200] "GET /cp/student/login.php?accesscheck=%2Fcp%2Fstudent%2Fstartcourse.php%3Fsearch%3Di%2Bwish%2Bif%2Bonly%2B%25D0%25BF%25D1%2580%25D0%25B0%25D0%25B2%25D0%25B8%25D0%25BB%25D0%25BE%2B%25D0%25B2%2B%25D0%25B0%25D0%25BD%25D0%25B3%25D0%25BB%25D0%25B8%25D0%25B9%25D1%2581%25D0%25BA%25D0%25BE%25D0%25BC HTTP/1.1" 200 1895 "-" "Mozilla/5.0 AppleWebKit/537.36 (KHTML, like Gecko; compatible; bingbot/2.0; +http://www.bing.com/bingbot.htm) Chrome/116.0.1938.76 Safari/537.36"
185.93.230.6 - - [06/May/2025:18:49:38 +0200] "GET /journal/index.php/Alqalam/citationstylelanguage/get/turabian-fullnote-bibliography?submissionId=80&publicationId=80 HTTP/1.1" 200 330 "https://uta.edu.ly/journal/index.php/Alqalam/article/view/80?articlesBySimilarityPage=5" "Mozilla/5.0 (Linux; Android 7.0;) AppleWebKit/537.36 (KHTML, like Gecko) Mobile Safari/537.36 (compatible; PetalBot;+https://webmaster.petalsearch.com/site/petalbot)"
185.93.229.6 - - [06/May/2025:18:49:48 +0200] "GET /cp/student/login.php?accesscheck=%2Fcp%2Fstudent%2Fstartcourse.php%3Fsearch%3Ddelphi%2B%2522comev2_cem1%2522 HTTP/1.1" 200 1895 "-" "Mozilla/5.0 AppleWebKit/537.36 (KHTML, like Gecko; compatible; bingbot/2.0; +http://www.bing.com/bingbot.htm) Chrome/116.0.1938.76 Safari/537.36"
185.93.229.6 - - [06/May/2025:18:50:13 +0200] "GET /cp/student/startcourse.php?search=Kia+Sportage+for+sale HTTP/1.1" 302 2352 "-" "Mozilla/5.0 (Windows NT 10.0; Win64; x64) AppleWebKit/537.36 (KHTML, like Gecko) Chrome/112.0.0.0 Safari/537.36 Edg/112.0.1722.68"
185.93.229.6 - - [06/May/2025:18:50:14 +0200] "GET /cp/student/login.php?accesscheck=%2Fcp%2Fstudent%2Fstartcourse.php%3Fsearch%3DKia%2BSportage%2Bfor%2Bsale HTTP/1.1" 200 1895 "-" "Mozilla/5.0 (Windows NT 10.0; Win64; x64) AppleWebKit/537.36 (KHTML, like Gecko) Chrome/112.0.0.0 Safari/537.36 Edg/112.0.1722.68"
185.93.228.6 - - [06/May/2025:18:50:18 +0200] "POST /cp/student/login.php HTTP/1.1" 302 1895 "https://uta.edu.ly/cp/student/login.php" "Mozilla/5.0 (Windows NT 10.0; Win64; x64) AppleWebKit/537.36 (KHTML, like Gecko) Chrome/109.0.0.0 Safari/537.36"
