185.93.229.19 - - [06/May/2025:17:19:16 +0200] "GET /teacher_list.php?pageNum_news_index=0&pageNum_news_index=0&pageNum_news_index=0&pageNum_news_index=0&pageNum_news_index=2&pageNum_news_index=3&pageNum_news_index=4&pageNum_news_index=4&pageNum_news_index=4&pageNum_news_index=4&pageNum_news_index=4&pageNum_news_index=4&pageNum_news_index=8 HTTP/1.1" 200 9538 "-" "Mozilla/5.0 (compatible; SemrushBot/7~bl; +http://www.semrush.com/bot.html)"
66.248.200.6 - - [06/May/2025:17:19:17 +0200] "GET /css/bootstrap.min.css HTTP/1.1" 200 26319 "https://uta.edu.ly/single-news.php?id=45" "Mozilla/5.0 (Linux; Android 6.0.1; Nexus 5X Build/MMB29P) AppleWebKit/537.36 (KHTML, like Gecko) Chrome/135.0.7049.114 Mobile Safari/537.36 (compatible; Googlebot/2.1; +http://www.google.com/bot.html)"
185.191.171.18 - - [06/May/2025:17:19:29 +0200] "GET /teacher_list.php?pageNum_news_index=2&pageNum_news_index=2&pageNum_news_index=3&pageNum_news_index=3&pageNum_news_index=4&pageNum_news_index=5&pageNum_news_index=5&pageNum_news_index=6&pageNum_news_index=7&pageNum_news_index=7&pageNum_news_index=7&pageNum_news_index=8 HTTP/1.1" 200 9524 "-" "Mozilla/5.0 (compatible; SemrushBot/7~bl; +http://www.semrush.com/bot.html)"
185.93.229.19 - - [06/May/2025:17:19:29 +0200] "GET /teacher_list.php?pageNum_news_index=1&pageNum_news_index=2&pageNum_news_index=2&pageNum_news_index=2&pageNum_news_index=2&pageNum_news_index=2&pageNum_news_index=6&pageNum_news_index=7&pageNum_news_index=7&pageNum_news_index=8 HTTP/1.1" 200 9500 "-" "Mozilla/5.0 (compatible; SemrushBot/7~bl; +http://www.semrush.com/bot.html)"
185.93.229.19 - - [06/May/2025:17:19:35 +0200] "GET /teacher_list.php?pageNum_news_index=1&pageNum_news_index=2&pageNum_news_index=2&pageNum_news_index=2&pageNum_news_index=2&pageNum_news_index=2&pageNum_news_index=4&pageNum_news_index=4&pageNum_news_index=4&pageNum_news_index=5&pageNum_news_index=7&pageNum_news_index=8&pageNum_news_index=9 HTTP/1.1" 200 9520 "-" "Mozilla/5.0 (compatible; SemrushBot/7~bl; +http://www.semrush.com/bot.html)"
185.93.229.19 - - [06/May/2025:17:19:38 +0200] "GET /teacher_list.php?pageNum_news_index=0&pageNum_news_index=0&pageNum_news_index=1&pageNum_news_index=3&pageNum_news_index=3&pageNum_news_index=4&pageNum_news_index=4&pageNum_news_index=7&pageNum_news_index=8 HTTP/1.1" 200 9482 "-" "Mozilla/5.0 (compatible; SemrushBot/7~bl; +http://www.semrush.com/bot.html)"
185.93.229.19 - - [06/May/2025:17:19:44 +0200] "GET /%D9%86%D8%B4%D8%A7%D8%B7%D8%A7%D8%AA-%D9%82%D8%B3%D9%85-%D8%A7%D9%84%D8%B5%D9%8A%D8%AF%D9%84%D8%A9/ HTTP/1.1" 404 3913 "-" "Mozilla/5.0 AppleWebKit/537.36 (KHTML, like Gecko; compatible; bingbot/2.0; +http://www.bing.com/bingbot.htm) Chrome/116.0.1938.76 Safari/537.36"
66.248.200.6 - - [06/May/2025:17:19:45 +0200] "GET /journal/index.php/Alqalam/article/download/364/300 HTTP/1.1" 200 385516 "-" "Googlebot/2.1 (+http://www.google.com/bot.html)"
185.191.171.4 - - [06/May/2025:17:19:55 +0200] "GET /teacher_list.php?pageNum_news_index=0&pageNum_news_index=3&pageNum_news_index=5&pageNum_news_index=5&pageNum_news_index=5&pageNum_news_index=6&pageNum_news_index=7&pageNum_news_index=8&pageNum_news_index=9 HTTP/1.1" 200 9461 "-" "Mozilla/5.0 (compatible; SemrushBot/7~bl; +http://www.semrush.com/bot.html)"
185.191.171.13 - - [06/May/2025:17:20:04 +0200] "GET /teacher_list.php?pageNum_news_index=0&pageNum_news_index=1&pageNum_news_index=1&pageNum_news_index=1&pageNum_news_index=6&pageNum_news_index=6&pageNum_news_index=6&pageNum_news_index=6&pageNum_news_index=6&pageNum_news_index=8&pageNum_news_index=8&pageNum_news_index=9 HTTP/1.1" 200 9493 "-" "Mozilla/5.0 (compatible; SemrushBot/7~bl; +http://www.semrush.com/bot.html)"
85.208.96.200 - - [06/May/2025:17:20:14 +0200] "GET /teacher_list.php?pageNum_news_index=0&pageNum_news_index=1&pageNum_news_index=2&pageNum_news_index=3&pageNum_news_index=4&pageNum_news_index=4&pageNum_news_index=4&pageNum_news_index=7&pageNum_news_index=7&pageNum_news_index=8 HTTP/1.1" 200 9504 "-" "Mozilla/5.0 (compatible; SemrushBot/7~bl; +http://www.semrush.com/bot.html)"
185.93.230.19 - - [06/May/2025:17:20:13 +0200] "GET /index.php/architecture/74-news/single-event.php?id=61 HTTP/1.1" 200 16203 "https://utripoli.edu.ly/index.php/architecture/74-news/single-event.php?id=61" "Mozilla/5.0 (Macintosh; Intel Mac OS X 10_15_7) AppleWebKit/537.36 (KHTML, like Gecko) Chrome/120.0.0.0 Safari/537.36"
185.191.171.16 - - [06/May/2025:17:20:16 +0200] "GET /teacher_list.php?pageNum_news_index=0&pageNum_news_index=2&pageNum_news_index=2&pageNum_news_index=2&pageNum_news_index=2&pageNum_news_index=4&pageNum_news_index=4&pageNum_news_index=7&pageNum_news_index=7&pageNum_news_index=7 HTTP/1.1" 200 9465 "-" "Mozilla/5.0 (compatible; SemrushBot/7~bl; +http://www.semrush.com/bot.html)"
185.93.229.19 - - [06/May/2025:17:20:17 +0200] "GET /teacher_list.php?pageNum_news_index=0&pageNum_news_index=1&pageNum_news_index=2&pageNum_news_index=3&pageNum_news_index=3&pageNum_news_index=3&pageNum_news_index=4&pageNum_news_index=5&pageNum_news_index=6&pageNum_news_index=6&pageNum_news_index=7 HTTP/1.1" 200 9494 "-" "Mozilla/5.0 (compatible; SemrushBot/7~bl; +http://www.semrush.com/bot.html)"
185.191.171.12 - - [06/May/2025:17:20:28 +0200] "GET /teacher_list.php?pageNum_news_index=1&pageNum_news_index=1&pageNum_news_index=5&pageNum_news_index=5&pageNum_news_index=6&pageNum_news_index=6&pageNum_news_index=6&pageNum_news_index=6&pageNum_news_index=8 HTTP/1.1" 200 9474 "-" "Mozilla/5.0 (compatible; SemrushBot/7~bl; +http://www.semrush.com/bot.html)"
185.93.230.6 - - [06/May/2025:17:20:34 +0200] "GET /journal/index.php/Alqalam/article/view/749?articlesBySimilarityPage=2 HTTP/1.1" 200 9492 "https://uta.edu.ly/journal/index.php/Alqalam/article/view/749?articlesBySimilarityPage=1" "Mozilla/5.0 (Linux; Android 7.0;) AppleWebKit/537.36 (KHTML, like Gecko) Mobile Safari/537.36 (compatible; PetalBot;+https://webmaster.petalsearch.com/site/petalbot)"
85.208.96.208 - - [06/May/2025:17:20:36 +0200] "GET /teacher_list.php?pageNum_news_index=0&pageNum_news_index=4&pageNum_news_index=5&pageNum_news_index=6&pageNum_news_index=6&pageNum_news_index=6&pageNum_news_index=6&pageNum_news_index=7&pageNum_news_index=7 HTTP/1.1" 200 9456 "-" "Mozilla/5.0 (compatible; SemrushBot/7~bl; +http://www.semrush.com/bot.html)"
185.93.229.6 - - [06/May/2025:17:20:37 +0200] "GET /robots.txt HTTP/1.1" 404 3913 "-" "Mozilla/5.0 (compatible; SemrushBot/7~bl; +http://www.semrush.com/bot.html)"
185.93.229.19 - - [06/May/2025:17:20:42 +0200] "GET /cp/uploads/guide/%D8%A7%D9%84%D9%85%D9%8A%D8%AB%D8%A7%D9%82-%D8%A7%D9%84%D8%A7%D8%AE%D9%84%D8%A7%D9%82%D9%8A.pdf HTTP/1.1" 200 314529 "-" "Mozilla/5.0 (Linux; Android 6.0.1; Nexus 5X Build/MMB29P) AppleWebKit/537.36 (KHTML, like Gecko) Chrome/136.0.7103.59 Mobile Safari/537.36 (compatible; Googlebot/2.1; +http://www.google.com/bot.html)"
185.93.229.19 - - [06/May/2025:17:20:46 +0200] "GET /teacher_list.php?pageNum_news_index=0&pageNum_news_index=1&pageNum_news_index=2&pageNum_news_index=2&pageNum_news_index=2&pageNum_news_index=3&pageNum_news_index=3&pageNum_news_index=3&pageNum_news_index=4&pageNum_news_index=7&pageNum_news_index=8 HTTP/1.1" 200 9513 "-" "Mozilla/5.0 (compatible; SemrushBot/7~bl; +http://www.semrush.com/bot.html)"
185.93.229.19 - - [06/May/2025:17:20:44 +0200] "GET /journal/index.php/Alqalam/article/view/803?articlesBySimilarityPage=9 HTTP/1.1" 200 9986 "-" "Mozilla/5.0 AppleWebKit/537.36 (KHTML, like Gecko; compatible; bingbot/2.0; +http://www.bing.com/bingbot.htm) Chrome/116.0.1938.76 Safari/537.36"
185.93.230.6 - - [06/May/2025:17:20:49 +0200] "GET / HTTP/1.1" 200 16203 "-" "Mozilla/5.0 AppleWebKit/537.36 (KHTML, like Gecko); compatible; ChatGPT-User/1.0; +https://openai.com/bot"
85.208.96.198 - - [06/May/2025:17:21:09 +0200] "GET /teacher_list.php?pageNum_news_index=1&pageNum_news_index=1&pageNum_news_index=5&pageNum_news_index=5&pageNum_news_index=6&pageNum_news_index=8 HTTP/1.1" 200 9396 "-" "Mozilla/5.0 (compatible; SemrushBot/7~bl; +http://www.semrush.com/bot.html)"
66.248.200.6 - - [06/May/2025:17:21:09 +0200] "GET /journal/index.php/Alqalam/article/download/213/210 HTTP/1.1" 200 574931 "-" "Googlebot/2.1 (+http://www.google.com/bot.html)"
185.93.229.19 - - [06/May/2025:17:21:10 +0200] "GET /teacher_list.php?pageNum_news_index=1&pageNum_news_index=1&pageNum_news_index=2&pageNum_news_index=3&pageNum_news_index=3&pageNum_news_index=5&pageNum_news_index=7&pageNum_news_index=7&pageNum_news_index=7&pageNum_news_index=9 HTTP/1.1" 200 9468 "-" "Mozilla/5.0 (compatible; SemrushBot/7~bl; +http://www.semrush.com/bot.html)"
185.191.171.6 - - [06/May/2025:17:21:49 +0200] "GET /teacher_list.php?pageNum_news_index=0&pageNum_news_index=0&pageNum_news_index=2&pageNum_news_index=4&pageNum_news_index=5&pageNum_news_index=5&pageNum_news_index=5&pageNum_news_index=7&pageNum_news_index=7 HTTP/1.1" 200 9457 "-" "Mozilla/5.0 (compatible; SemrushBot/7~bl; +http://www.semrush.com/bot.html)"
185.191.171.4 - - [06/May/2025:17:21:54 +0200] "GET /teacher_list.php?pageNum_news_index=0&pageNum_news_index=1&pageNum_news_index=1&pageNum_news_index=1&pageNum_news_index=3&pageNum_news_index=3&pageNum_news_index=6&pageNum_news_index=6&pageNum_news_index=8&pageNum_news_index=8 HTTP/1.1" 200 9496 "-" "Mozilla/5.0 (compatible; SemrushBot/7~bl; +http://www.semrush.com/bot.html)"
185.191.171.12 - - [06/May/2025:17:21:55 +0200] "GET /teacher_list.php?pageNum_news_index=0&pageNum_news_index=0&pageNum_news_index=3&pageNum_news_index=4&pageNum_news_index=4&pageNum_news_index=5&pageNum_news_index=5&pageNum_news_index=9 HTTP/1.1" 200 9431 "-" "Mozilla/5.0 (compatible; SemrushBot/7~bl; +http://www.semrush.com/bot.html)"
185.93.230.6 - - [06/May/2025:17:21:58 +0200] "GET /journal/index.php/Alqalam/article/view/749?articlesBySimilarityPage=18 HTTP/1.1" 200 9380 "https://uta.edu.ly/journal/index.php/Alqalam/article/view/749?articlesBySimilarityPage=19" "Mozilla/5.0 (Linux; Android 7.0;) AppleWebKit/537.36 (KHTML, like Gecko) Mobile Safari/537.36 (compatible; PetalBot;+https://webmaster.petalsearch.com/site/petalbot)"
185.191.171.4 - - [06/May/2025:17:22:04 +0200] "GET /teacher_list.php?pageNum_news_index=0&pageNum_news_index=0&pageNum_news_index=0&pageNum_news_index=1&pageNum_news_index=1&pageNum_news_index=1&pageNum_news_index=5&pageNum_news_index=5&pageNum_news_index=5&pageNum_news_index=5&pageNum_news_index=5&pageNum_news_index=7 HTTP/1.1" 200 9490 "-" "Mozilla/5.0 (compatible; SemrushBot/7~bl; +http://www.semrush.com/bot.html)"
185.93.230.6 - - [06/May/2025:17:22:04 +0200] "GET / HTTP/1.1" 200 16203 "-" "Mozilla/5.0 AppleWebKit/537.36 (KHTML, like Gecko); compatible; ChatGPT-User/1.0; +https://openai.com/bot"
85.208.96.202 - - [06/May/2025:17:22:07 +0200] "GET /teacher_list.php?pageNum_news_index=2&pageNum_news_index=2&pageNum_news_index=2&pageNum_news_index=5&pageNum_news_index=5&pageNum_news_index=8&pageNum_news_index=8&pageNum_news_index=8&pageNum_news_index=8&pageNum_news_index=9 HTTP/1.1" 200 9463 "-" "Mozilla/5.0 (compatible; SemrushBot/7~bl; +http://www.semrush.com/bot.html)"
185.93.229.6 - - [06/May/2025:17:22:35 +0200] "GET /journal/index.php/Alqalam/article/view/820?articlesBySimilarityPage=26 HTTP/1.1" 200 7842 "-" "Mozilla/5.0 AppleWebKit/537.36 (KHTML, like Gecko; compatible; Amazonbot/0.1; +https://developer.amazon.com/support/amazonbot) Chrome/119.0.6045.214 Safari/537.36"
185.191.171.13 - - [06/May/2025:17:22:36 +0200] "GET /teacher_list.php?pageNum_news_index=0&pageNum_news_index=0&pageNum_news_index=0&pageNum_news_index=1&pageNum_news_index=2&pageNum_news_index=2&pageNum_news_index=4&pageNum_news_index=8&pageNum_news_index=9 HTTP/1.1" 200 9453 "-" "Mozilla/5.0 (compatible; SemrushBot/7~bl; +http://www.semrush.com/bot.html)"
85.208.96.204 - - [06/May/2025:17:22:39 +0200] "GET /teacher_list.php?pageNum_news_index=0&pageNum_news_index=0&pageNum_news_index=0&pageNum_news_index=1&pageNum_news_index=1&pageNum_news_index=1&pageNum_news_index=1&pageNum_news_index=1&pageNum_news_index=1&pageNum_news_index=3&pageNum_news_index=4&pageNum_news_index=8 HTTP/1.1" 200 9514 "-" "Mozilla/5.0 (compatible; SemrushBot/7~bl; +http://www.semrush.com/bot.html)"
185.191.171.17 - - [06/May/2025:17:22:47 +0200] "GET /teacher_list.php?pageNum_news_index=3&pageNum_news_index=3&pageNum_news_index=3&pageNum_news_index=3&pageNum_news_index=4&pageNum_news_index=7&pageNum_news_index=7&pageNum_news_index=7&pageNum_news_index=7&pageNum_news_index=8 HTTP/1.1" 200 9494 "-" "Mozilla/5.0 (compatible; SemrushBot/7~bl; +http://www.semrush.com/bot.html)"
66.248.200.6 - - [06/May/2025:17:22:47 +0200] "GET /journal/index.php/Alqalam/article/view/65/66 HTTP/1.1" 302 20 "-" "Googlebot/2.1 (+http://www.google.com/bot.html)"
185.191.171.14 - - [06/May/2025:17:23:01 +0200] "GET /teacher_list.php?pageNum_news_index=0&pageNum_news_index=1&pageNum_news_index=2&pageNum_news_index=2&pageNum_news_index=4&pageNum_news_index=4&pageNum_news_index=4&pageNum_news_index=7&pageNum_news_index=7&pageNum_news_index=7 HTTP/1.1" 200 9469 "-" "Mozilla/5.0 (compatible; SemrushBot/7~bl; +http://www.semrush.com/bot.html)"
185.191.171.15 - - [06/May/2025:17:23:03 +0200] "GET /teacher_list.php?pageNum_news_index=2&pageNum_news_index=3&pageNum_news_index=3&pageNum_news_index=5&pageNum_news_index=5&pageNum_news_index=7&pageNum_news_index=7&pageNum_news_index=7&pageNum_news_index=7&pageNum_news_index=7&pageNum_news_index=8&pageNum_news_index=8 HTTP/1.1" 200 9515 "-" "Mozilla/5.0 (compatible; SemrushBot/7~bl; +http://www.semrush.com/bot.html)"
185.191.171.16 - - [06/May/2025:17:23:05 +0200] "GET /teacher_list.php?pageNum_news_index=0&pageNum_news_index=0&pageNum_news_index=4&pageNum_news_index=5&pageNum_news_index=5&pageNum_news_index=6&pageNum_news_index=6&pageNum_news_index=6&pageNum_news_index=8 HTTP/1.1" 200 9478 "-" "Mozilla/5.0 (compatible; SemrushBot/7~bl; +http://www.semrush.com/bot.html)"
185.191.171.15 - - [06/May/2025:17:23:11 +0200] "GET /teacher_list.php?pageNum_news_index=1&pageNum_news_index=2&pageNum_news_index=2&pageNum_news_index=2&pageNum_news_index=5&pageNum_news_index=5&pageNum_news_index=5&pageNum_news_index=6&pageNum_news_index=6&pageNum_news_index=8 HTTP/1.1" 200 9496 "-" "Mozilla/5.0 (compatible; SemrushBot/7~bl; +http://www.semrush.com/bot.html)"
185.93.230.6 - - [06/May/2025:17:23:20 +0200] "GET /journal/index.php/Alqalam/article/view/749?articlesBySimilarityPage=15 HTTP/1.1" 200 9377 "https://uta.edu.ly/journal/index.php/Alqalam/article/view/749?articlesBySimilarityPage=19" "Mozilla/5.0 (Linux; Android 7.0;) AppleWebKit/537.36 (KHTML, like Gecko) Mobile Safari/537.36 (compatible; PetalBot;+https://webmaster.petalsearch.com/site/petalbot)"
185.93.229.19 - - [06/May/2025:17:23:21 +0200] "GET /teacher_list.php?pageNum_news_index=3&pageNum_news_index=3&pageNum_news_index=3&pageNum_news_index=3&pageNum_news_index=4&pageNum_news_index=5&pageNum_news_index=5&pageNum_news_index=5&pageNum_news_index=7&pageNum_news_index=8&pageNum_news_index=9 HTTP/1.1" 200 9487 "-" "Mozilla/5.0 (compatible; SemrushBot/7~bl; +http://www.semrush.com/bot.html)"
85.208.96.206 - - [06/May/2025:17:23:29 +0200] "GET /teacher_list.php?pageNum_news_index=1&pageNum_news_index=2&pageNum_news_index=2&pageNum_news_index=4&pageNum_news_index=4&pageNum_news_index=6&pageNum_news_index=6&pageNum_news_index=6&pageNum_news_index=7&pageNum_news_index=7 HTTP/1.1" 200 9469 "-" "Mozilla/5.0 (compatible; SemrushBot/7~bl; +http://www.semrush.com/bot.html)"
185.93.229.19 - - [06/May/2025:17:23:39 +0200] "GET /teacher_list.php?pageNum_news_index=2&pageNum_news_index=2&pageNum_news_index=2&pageNum_news_index=2&pageNum_news_index=2&pageNum_news_index=2&pageNum_news_index=2&pageNum_news_index=4&pageNum_news_index=5&pageNum_news_index=6&pageNum_news_index=6&pageNum_news_index=7 HTTP/1.1" 200 9492 "-" "Mozilla/5.0 (compatible; SemrushBot/7~bl; +http://www.semrush.com/bot.html)"
185.93.229.6 - - [06/May/2025:17:23:50 +0200] "GET /teacher_list.php?pageNum_news_index=0&pageNum_news_index=1&pageNum_news_index=2&pageNum_news_index=2&pageNum_news_index=3&pageNum_news_index=3&pageNum_news_index=5&pageNum_news_index=5&pageNum_news_index=6&pageNum_news_index=8&pageNum_news_index=8 HTTP/1.1" 200 9517 "-" "Mozilla/5.0 (compatible; SemrushBot/7~bl; +http://www.semrush.com/bot.html)"
66.248.200.6 - - [06/May/2025:17:23:54 +0200] "GET /journal/index.php/Alqalam/article/download/760/629 HTTP/1.1" 200 363764 "-" "Googlebot/2.1 (+http://www.google.com/bot.html)"
85.208.96.194 - - [06/May/2025:17:24:02 +0200] "GET /teacher_list.php?pageNum_news_index=2&pageNum_news_index=2&pageNum_news_index=3&pageNum_news_index=3&pageNum_news_index=4&pageNum_news_index=4&pageNum_news_index=4&pageNum_news_index=5&pageNum_news_index=5&pageNum_news_index=8&pageNum_news_index=8&pageNum_news_index=8 HTTP/1.1" 200 9515 "-" "Mozilla/5.0 (compatible; SemrushBot/7~bl; +http://www.semrush.com/bot.html)"
185.191.171.11 - - [06/May/2025:17:24:04 +0200] "GET /teacher_list.php?pageNum_news_index=2&pageNum_news_index=2&pageNum_news_index=2&pageNum_news_index=3&pageNum_news_index=3&pageNum_news_index=3&pageNum_news_index=3&pageNum_news_index=6&pageNum_news_index=6&pageNum_news_index=9 HTTP/1.1" 200 9463 "-" "Mozilla/5.0 (compatible; SemrushBot/7~bl; +http://www.semrush.com/bot.html)"
185.93.229.6 - - [06/May/2025:17:24:01 +0200] "GET /journal/index.php/Alqalam/article/view/833 HTTP/1.1" 200 8608 "-" "Mozilla/5.0 AppleWebKit/537.36 (KHTML, like Gecko; compatible; bingbot/2.0; +http://www.bing.com/bingbot.htm) Chrome/116.0.1938.76 Safari/537.36"
85.208.96.210 - - [06/May/2025:17:24:16 +0200] "GET /teacher_list.php?pageNum_news_index=0&pageNum_news_index=3&pageNum_news_index=5&pageNum_news_index=5&pageNum_news_index=5&pageNum_news_index=5&pageNum_news_index=5&pageNum_news_index=5&pageNum_news_index=8&pageNum_news_index=9 HTTP/1.1" 200 9466 "-" "Mozilla/5.0 (compatible; SemrushBot/7~bl; +http://www.semrush.com/bot.html)"
185.191.171.19 - - [06/May/2025:17:24:21 +0200] "GET /teacher_list.php?pageNum_news_index=0&pageNum_news_index=4&pageNum_news_index=5&pageNum_news_index=6&pageNum_news_index=6&pageNum_news_index=8&pageNum_news_index=8&pageNum_news_index=9 HTTP/1.1" 200 9434 "-" "Mozilla/5.0 (compatible; SemrushBot/7~bl; +http://www.semrush.com/bot.html)"
66.248.200.6 - - [06/May/2025:17:24:29 +0200] "GET /journal/index.php/Alqalam/article/view/82/82 HTTP/1.1" 302 20 "-" "Googlebot/2.1 (+http://www.google.com/bot.html)"
85.208.96.193 - - [06/May/2025:17:24:34 +0200] "GET /teacher_list.php?pageNum_news_index=0&pageNum_news_index=0&pageNum_news_index=3&pageNum_news_index=4&pageNum_news_index=4&pageNum_news_index=6&pageNum_news_index=7&pageNum_news_index=7&pageNum_news_index=7&pageNum_news_index=8&pageNum_news_index=8&pageNum_news_index=9 HTTP/1.1" 200 9494 "-" "Mozilla/5.0 (compatible; SemrushBot/7~bl; +http://www.semrush.com/bot.html)"
185.93.230.6 - - [06/May/2025:17:24:44 +0200] "GET /journal/index.php/Alqalam/article/view/749?articlesBySimilarityPage=13 HTTP/1.1" 200 9544 "https://uta.edu.ly/journal/index.php/Alqalam/article/view/749?articlesBySimilarityPage=16" "Mozilla/5.0 (Linux; Android 7.0;) AppleWebKit/537.36 (KHTML, like Gecko) Mobile Safari/537.36 (compatible; PetalBot;+https://webmaster.petalsearch.com/site/petalbot)"
185.191.171.5 - - [06/May/2025:17:24:44 +0200] "GET /teacher_list.php?pageNum_news_index=3&pageNum_news_index=4&pageNum_news_index=5&pageNum_news_index=6&pageNum_news_index=8&pageNum_news_index=9 HTTP/1.1" 200 9375 "-" "Mozilla/5.0 (compatible; SemrushBot/7~bl; +http://www.semrush.com/bot.html)"
66.248.200.6 - - [06/May/2025:17:24:44 +0200] "GET /journal/index.php/Alqalam/article/download/82/82 HTTP/1.1" 200 430859 "-" "Googlebot/2.1 (+http://www.google.com/bot.html)"
185.93.229.6 - - [06/May/2025:17:24:48 +0200] "GET /teacher_list.php?pageNum_news_index=0&pageNum_news_index=0&pageNum_news_index=0&pageNum_news_index=2&pageNum_news_index=2&pageNum_news_index=4&pageNum_news_index=8&pageNum_news_index=8&pageNum_news_index=8 HTTP/1.1" 200 9477 "-" "Mozilla/5.0 (compatible; SemrushBot/7~bl; +http://www.semrush.com/bot.html)"
185.191.171.15 - - [06/May/2025:17:25:27 +0200] "GET /teacher_list.php?pageNum_news_index=1&pageNum_news_index=3&pageNum_news_index=5&pageNum_news_index=5&pageNum_news_index=6&pageNum_news_index=8&pageNum_news_index=8&pageNum_news_index=8&pageNum_news_index=9 HTTP/1.1" 200 9455 "-" "Mozilla/5.0 (compatible; SemrushBot/7~bl; +http://www.semrush.com/bot.html)"
185.93.230.19 - - [06/May/2025:17:25:29 +0200] "GET /journal/index.php/Alqalam/article/view/830?articlesBySimilarityPage=63 HTTP/1.1" 200 7337 "-" "Mozilla/5.0 (compatible; Bytespider; spider-feedback@bytedance.com) AppleWebKit/537.36 (KHTML, like Gecko) Chrome/70.0.0.0 Safari/537.36"
185.93.230.19 - - [06/May/2025:17:25:30 +0200] "GET /journal/public/journals/1/styleSheet.css?d=2024-01-03+17%3A34%3A30 HTTP/1.1" 404 3913 "https://utripoli.edu.ly/journal/index.php/Alqalam/article/view/830?articlesBySimilarityPage=63" "Mozilla/5.0 (compatible; Bytespider; spider-feedback@bytedance.com) AppleWebKit/537.36 (KHTML, like Gecko) Chrome/70.0.0.0 Safari/537.36"
185.93.229.6 - - [06/May/2025:17:25:44 +0200] "GET /teacher_list.php?pageNum_news_index=6&&pageNum_news_index=8&&pageNum_news_index=0&&pageNum_news_index=1&&pageNum_news_index=1&&pageNum_news_index=5&&pageNum_news_index=9&&pageNum_news_index=6&&pageNum_news_index=0&&pageNum_news_index=11 HTTP/1.1" 200 9506 "-" "Mozilla/5.0 AppleWebKit/537.36 (KHTML, like Gecko; compatible; bingbot/2.0; +http://www.bing.com/bingbot.htm) Chrome/116.0.1938.76 Safari/537.36"
185.191.171.13 - - [06/May/2025:17:25:51 +0200] "GET /teacher_list.php?pageNum_news_index=0&pageNum_news_index=0&pageNum_news_index=0&pageNum_news_index=3&pageNum_news_index=3&pageNum_news_index=5&pageNum_news_index=5&pageNum_news_index=5&pageNum_news_index=5&pageNum_news_index=7 HTTP/1.1" 200 9467 "-" "Mozilla/5.0 (compatible; SemrushBot/7~bl; +http://www.semrush.com/bot.html)"
185.191.171.14 - - [06/May/2025:17:25:57 +0200] "GET /teacher_list.php?pageNum_news_index=3&pageNum_news_index=4&pageNum_news_index=4&pageNum_news_index=4&pageNum_news_index=6&pageNum_news_index=7&pageNum_news_index=7&pageNum_news_index=7&pageNum_news_index=8 HTTP/1.1" 200 9479 "-" "Mozilla/5.0 (compatible; SemrushBot/7~bl; +http://www.semrush.com/bot.html)"
85.208.96.210 - - [06/May/2025:17:25:59 +0200] "GET /teacher_list.php?pageNum_news_index=0&pageNum_news_index=0&pageNum_news_index=2&pageNum_news_index=2&pageNum_news_index=2&pageNum_news_index=2&pageNum_news_index=2&pageNum_news_index=6&pageNum_news_index=6&pageNum_news_index=7&pageNum_news_index=7&pageNum_news_index=9 HTTP/1.1" 200 9490 "-" "Mozilla/5.0 (compatible; SemrushBot/7~bl; +http://www.semrush.com/bot.html)"
185.93.230.6 - - [06/May/2025:17:26:07 +0200] "GET /teacher.php?id=268 HTTP/1.1" 200 7917 "https://uta.edu.ly/teacher_list.php?id_sec=%D9%82%D8%B3%D9%85%20%D8%A7%D9%84%D9%85%D8%AE%D8%AA%D8%A8%D8%B1%D8%A7%D8%AA%20%D8%A7%D9%84%D8%B7%D8%A8%D9%8A%D8%A9%2C&=0" "Mozilla/5.0 (Linux; Android 7.0;) AppleWebKit/537.36 (KHTML, like Gecko) Mobile Safari/537.36 (compatible; PetalBot;+https://webmaster.petalsearch.com/site/petalbot)"
185.191.171.11 - - [06/May/2025:17:26:10 +0200] "GET /teacher_list.php?pageNum_news_index=1&pageNum_news_index=1&pageNum_news_index=1&pageNum_news_index=3&pageNum_news_index=6&pageNum_news_index=6&pageNum_news_index=6&pageNum_news_index=6&pageNum_news_index=6&pageNum_news_index=6&pageNum_news_index=7 HTTP/1.1" 200 9484 "-" "Mozilla/5.0 (compatible; SemrushBot/7~bl; +http://www.semrush.com/bot.html)"
185.93.230.19 - - [06/May/2025:17:26:23 +0200] "GET /index.php/component/content/16-2016-12-02-21-36-12/cp/single-news.php?id=295 HTTP/1.1" 200 16204 "-" "Mozilla/5.0 (compatible; Bytespider; spider-feedback@bytedance.com) AppleWebKit/537.36 (KHTML, like Gecko) Chrome/70.0.0.0 Safari/537.36"
185.93.230.19 - - [06/May/2025:17:26:23 +0200] "GET /index.php/component/content/16-2016-12-02-21-36-12/cp/lib/lightbox//css/lightbox.min.css HTTP/1.1" 200 16206 "https://www.utripoli.edu.ly/index.php/component/content/16-2016-12-02-21-36-12/cp/single-news.php?id=295" "Mozilla/5.0 (compatible; Bytespider; spider-feedback@bytedance.com) AppleWebKit/537.36 (KHTML, like Gecko) Chrome/70.0.0.0 Safari/537.36"
185.93.230.19 - - [06/May/2025:17:26:23 +0200] "GET /index.php/component/content/16-2016-12-02-21-36-12/cp/lib/animate/animate.min.css HTTP/1.1" 200 16204 "https://www.utripoli.edu.ly/index.php/component/content/16-2016-12-02-21-36-12/cp/single-news.php?id=295" "Mozilla/5.0 (compatible; Bytespider; spider-feedback@bytedance.com) AppleWebKit/537.36 (KHTML, like Gecko) Chrome/70.0.0.0 Safari/537.36"
185.93.230.19 - - [06/May/2025:17:26:23 +0200] "GET /index.php/component/content/16-2016-12-02-21-36-12/cp/css/style.css HTTP/1.1" 200 16207 "https://www.utripoli.edu.ly/index.php/component/content/16-2016-12-02-21-36-12/cp/single-news.php?id=295" "Mozilla/5.0 (compatible; Bytespider; spider-feedback@bytedance.com) AppleWebKit/537.36 (KHTML, like Gecko) Chrome/70.0.0.0 Safari/537.36"
185.93.230.19 - - [06/May/2025:17:26:23 +0200] "GET /index.php/component/content/16-2016-12-02-21-36-12/cp/assets/fonts/fontawesome-all.min.css HTTP/1.1" 200 16202 "https://www.utripoli.edu.ly/index.php/component/content/16-2016-12-02-21-36-12/cp/single-news.php?id=295" "Mozilla/5.0 (compatible; Bytespider; spider-feedback@bytedance.com) AppleWebKit/537.36 (KHTML, like Gecko) Chrome/70.0.0.0 Safari/537.36"
185.93.230.19 - - [06/May/2025:17:26:23 +0200] "GET /index.php/component/content/16-2016-12-02-21-36-12/cp/lib/owlcarousel/assets/owl.carousel.min.css HTTP/1.1" 200 16203 "https://www.utripoli.edu.ly/index.php/component/content/16-2016-12-02-21-36-12/cp/single-news.php?id=295" "Mozilla/5.0 (compatible; Bytespider; spider-feedback@bytedance.com) AppleWebKit/537.36 (KHTML, like Gecko) Chrome/70.0.0.0 Safari/537.36"
185.93.230.19 - - [06/May/2025:17:26:24 +0200] "GET /index.php/component/content/16-2016-12-02-21-36-12/cp/assets/css/Simple-Slider.css HTTP/1.1" 200 16202 "https://www.utripoli.edu.ly/index.php/component/content/16-2016-12-02-21-36-12/cp/single-news.php?id=295" "Mozilla/5.0 (compatible; Bytespider; spider-feedback@bytedance.com) AppleWebKit/537.36 (KHTML, like Gecko) Chrome/70.0.0.0 Safari/537.36"
185.93.230.19 - - [06/May/2025:17:26:23 +0200] "GET /index.php/component/content/16-2016-12-02-21-36-12/cp/css/bootstrap.min.css HTTP/1.1" 200 16203 "https://www.utripoli.edu.ly/index.php/component/content/16-2016-12-02-21-36-12/cp/single-news.php?id=295" "Mozilla/5.0 (compatible; Bytespider; spider-feedback@bytedance.com) AppleWebKit/537.36 (KHTML, like Gecko) Chrome/70.0.0.0 Safari/537.36"
185.93.230.19 - - [06/May/2025:17:26:24 +0200] "GET /index.php/component/content/16-2016-12-02-21-36-12/cp/assets/css/Projects-Horizontal.css HTTP/1.1" 200 16203 "https://www.utripoli.edu.ly/index.php/component/content/16-2016-12-02-21-36-12/cp/single-news.php?id=295" "Mozilla/5.0 (compatible; Bytespider; spider-feedback@bytedance.com) AppleWebKit/537.36 (KHTML, like Gecko) Chrome/70.0.0.0 Safari/537.36"
185.93.230.19 - - [06/May/2025:17:26:24 +0200] "GET /index.php/component/content/16-2016-12-02-21-36-12/cp/assets/css/Features-Blue.css HTTP/1.1" 200 16203 "https://www.utripoli.edu.ly/index.php/component/content/16-2016-12-02-21-36-12/cp/single-news.php?id=295" "Mozilla/5.0 (compatible; Bytespider; spider-feedback@bytedance.com) AppleWebKit/537.36 (KHTML, like Gecko) Chrome/70.0.0.0 Safari/537.36"
185.93.230.19 - - [06/May/2025:17:26:24 +0200] "GET /index.php/component/content/16-2016-12-02-21-36-12/cp/assets/css/Article-Clean.css HTTP/1.1" 200 16204 "https://www.utripoli.edu.ly/index.php/component/content/16-2016-12-02-21-36-12/cp/single-news.php?id=295" "Mozilla/5.0 (compatible; Bytespider; spider-feedback@bytedance.com) AppleWebKit/537.36 (KHTML, like Gecko) Chrome/70.0.0.0 Safari/537.36"
185.93.230.19 - - [06/May/2025:17:26:24 +0200] "GET /index.php/component/content/16-2016-12-02-21-36-12/cp/assets/css/Contact-Form-Clean.css HTTP/1.1" 200 16204 "https://www.utripoli.edu.ly/index.php/component/content/16-2016-12-02-21-36-12/cp/single-news.php?id=295" "Mozilla/5.0 (compatible; Bytespider; spider-feedback@bytedance.com) AppleWebKit/537.36 (KHTML, like Gecko) Chrome/70.0.0.0 Safari/537.36"
185.93.230.19 - - [06/May/2025:17:26:24 +0200] "GET /index.php/component/content/16-2016-12-02-21-36-12/cp/assets/css/Brands.css HTTP/1.1" 200 16204 "https://www.utripoli.edu.ly/index.php/component/content/16-2016-12-02-21-36-12/cp/single-news.php?id=295" "Mozilla/5.0 (compatible; Bytespider; spider-feedback@bytedance.com) AppleWebKit/537.36 (KHTML, like Gecko) Chrome/70.0.0.0 Safari/537.36"
185.93.230.19 - - [06/May/2025:17:26:24 +0200] "GET /index.php/component/content/16-2016-12-02-21-36-12/cp/img/logo_r.png HTTP/1.1" 200 78553 "https://www.utripoli.edu.ly/index.php/component/content/16-2016-12-02-21-36-12/cp/single-news.php?id=295" "Mozilla/5.0 (compatible; Bytespider; spider-feedback@bytedance.com) AppleWebKit/537.36 (KHTML, like Gecko) Chrome/70.0.0.0 Safari/537.36"
185.93.230.19 - - [06/May/2025:17:26:24 +0200] "GET /index.php/component/content/16-2016-12-02-21-36-12/cp/img/slide-1.jpg HTTP/1.1" 200 78553 "https://www.utripoli.edu.ly/index.php/component/content/16-2016-12-02-21-36-12/cp/single-news.php?id=295" "Mozilla/5.0 (compatible; Bytespider; spider-feedback@bytedance.com) AppleWebKit/537.36 (KHTML, like Gecko) Chrome/70.0.0.0 Safari/537.36"
185.93.230.19 - - [06/May/2025:17:26:24 +0200] "GET /index.php/component/content/16-2016-12-02-21-36-12/cp/img/icons/classroom.png HTTP/1.1" 200 78553 "https://www.utripoli.edu.ly/index.php/component/content/16-2016-12-02-21-36-12/cp/single-news.php?id=295" "Mozilla/5.0 (compatible; Bytespider; spider-feedback@bytedance.com) AppleWebKit/537.36 (KHTML, like Gecko) Chrome/70.0.0.0 Safari/537.36"
185.93.230.19 - - [06/May/2025:17:26:24 +0200] "GET /index.php/component/content/16-2016-12-02-21-36-12/cp/img/slide-2.jpg HTTP/1.1" 200 78553 "https://www.utripoli.edu.ly/index.php/component/content/16-2016-12-02-21-36-12/cp/single-news.php?id=295" "Mozilla/5.0 (compatible; Bytespider; spider-feedback@bytedance.com) AppleWebKit/537.36 (KHTML, like Gecko) Chrome/70.0.0.0 Safari/537.36"
185.93.230.19 - - [06/May/2025:17:26:24 +0200] "GET /index.php/component/content/16-2016-12-02-21-36-12/cp/img/icons/employee.png HTTP/1.1" 200 78553 "https://www.utripoli.edu.ly/index.php/component/content/16-2016-12-02-21-36-12/cp/single-news.php?id=295" "Mozilla/5.0 (compatible; Bytespider; spider-feedback@bytedance.com) AppleWebKit/537.36 (KHTML, like Gecko) Chrome/70.0.0.0 Safari/537.36"
185.93.230.19 - - [06/May/2025:17:26:24 +0200] "GET /index.php/component/content/16-2016-12-02-21-36-12/cp/img/icons/student.png HTTP/1.1" 200 78553 "https://www.utripoli.edu.ly/index.php/component/content/16-2016-12-02-21-36-12/cp/single-news.php?id=295" "Mozilla/5.0 (compatible; Bytespider; spider-feedback@bytedance.com) AppleWebKit/537.36 (KHTML, like Gecko) Chrome/70.0.0.0 Safari/537.36"
185.93.230.19 - - [06/May/2025:17:26:24 +0200] "GET /index.php/component/content/16-2016-12-02-21-36-12/cp/img/about.jpg HTTP/1.1" 200 78553 "https://www.utripoli.edu.ly/index.php/component/content/16-2016-12-02-21-36-12/cp/single-news.php?id=295" "Mozilla/5.0 (compatible; Bytespider; spider-feedback@bytedance.com) AppleWebKit/537.36 (KHTML, like Gecko) Chrome/70.0.0.0 Safari/537.36"
185.93.230.19 - - [06/May/2025:17:26:24 +0200] "GET /index.php/component/content/16-2016-12-02-21-36-12/cp/img/icons/graduate.png HTTP/1.1" 200 78553 "https://www.utripoli.edu.ly/index.php/component/content/16-2016-12-02-21-36-12/cp/single-news.php?id=295" "Mozilla/5.0 (compatible; Bytespider; spider-feedback@bytedance.com) AppleWebKit/537.36 (KHTML, like Gecko) Chrome/70.0.0.0 Safari/537.36"
185.93.230.19 - - [06/May/2025:17:26:25 +0200] "GET /index.php/component/content/16-2016-12-02-21-36-12/cp/cp/uploads/news/495161245_1094928226014802_2446482707916467827_n.jpg HTTP/1.1" 200 78553 "https://www.utripoli.edu.ly/index.php/component/content/16-2016-12-02-21-36-12/cp/single-news.php?id=295" "Mozilla/5.0 (compatible; Bytespider; spider-feedback@bytedance.com) AppleWebKit/537.36 (KHTML, like Gecko) Chrome/70.0.0.0 Safari/537.36"
185.93.230.19 - - [06/May/2025:17:26:25 +0200] "GET /index.php/component/content/16-2016-12-02-21-36-12/cp/cp/uploads/news/494181703_1093456566161968_5056605548044216759_n.jpg HTTP/1.1" 200 78553 "https://www.utripoli.edu.ly/index.php/component/content/16-2016-12-02-21-36-12/cp/single-news.php?id=295" "Mozilla/5.0 (compatible; Bytespider; spider-feedback@bytedance.com) AppleWebKit/537.36 (KHTML, like Gecko) Chrome/70.0.0.0 Safari/537.36"
185.93.230.19 - - [06/May/2025:17:26:25 +0200] "GET /index.php/component/content/16-2016-12-02-21-36-12/cp/cp/uploads/news/494648227_1094935569347401_3122463604882329_n.jpg HTTP/1.1" 200 78553 "https://www.utripoli.edu.ly/index.php/component/content/16-2016-12-02-21-36-12/cp/single-news.php?id=295" "Mozilla/5.0 (compatible; Bytespider; spider-feedback@bytedance.com) AppleWebKit/537.36 (KHTML, like Gecko) Chrome/70.0.0.0 Safari/537.36"
185.93.230.19 - - [06/May/2025:17:26:25 +0200] "GET /index.php/component/content/16-2016-12-02-21-36-12/cp/cp/uploads/activities/476457247_1301209910964579_6056489596862577291_n.jpg HTTP/1.1" 200 78553 "https://www.utripoli.edu.ly/index.php/component/content/16-2016-12-02-21-36-12/cp/single-news.php?id=295" "Mozilla/5.0 (compatible; Bytespider; spider-feedback@bytedance.com) AppleWebKit/537.36 (KHTML, like Gecko) Chrome/70.0.0.0 Safari/537.36"
185.93.230.19 - - [06/May/2025:17:26:25 +0200] "GET /index.php/component/content/16-2016-12-02-21-36-12/cp/img/icons/online-library.png HTTP/1.1" 200 78553 "https://www.utripoli.edu.ly/index.php/component/content/16-2016-12-02-21-36-12/cp/single-news.php?id=295" "Mozilla/5.0 (compatible; Bytespider; spider-feedback@bytedance.com) AppleWebKit/537.36 (KHTML, like Gecko) Chrome/70.0.0.0 Safari/537.36"
185.93.230.19 - - [06/May/2025:17:26:25 +0200] "GET /index.php/component/content/16-2016-12-02-21-36-12/cp/cp/uploads/activities/481214850_1040842181423407_6231038517308051259_n.jpg HTTP/1.1" 200 78553 "https://www.utripoli.edu.ly/index.php/component/content/16-2016-12-02-21-36-12/cp/single-news.php?id=295" "Mozilla/5.0 (compatible; Bytespider; spider-feedback@bytedance.com) AppleWebKit/537.36 (KHTML, like Gecko) Chrome/70.0.0.0 Safari/537.36"
185.93.230.19 - - [06/May/2025:17:26:25 +0200] "GET /index.php/component/content/16-2016-12-02-21-36-12/cp/cp/uploads/activities/481194164_1044460221061603_1037927010955694530_n.jpg HTTP/1.1" 200 78553 "https://www.utripoli.edu.ly/index.php/component/content/16-2016-12-02-21-36-12/cp/single-news.php?id=295" "Mozilla/5.0 (compatible; Bytespider; spider-feedback@bytedance.com) AppleWebKit/537.36 (KHTML, like Gecko) Chrome/70.0.0.0 Safari/537.36"
185.93.230.19 - - [06/May/2025:17:26:25 +0200] "GET /index.php/component/content/16-2016-12-02-21-36-12/cp/img/icons/agreement.png HTTP/1.1" 200 78553 "https://www.utripoli.edu.ly/index.php/component/content/16-2016-12-02-21-36-12/cp/single-news.php?id=295" "Mozilla/5.0 (compatible; Bytespider; spider-feedback@bytedance.com) AppleWebKit/537.36 (KHTML, like Gecko) Chrome/70.0.0.0 Safari/537.36"
185.93.230.19 - - [06/May/2025:17:26:25 +0200] "GET /index.php/component/content/16-2016-12-02-21-36-12/cp/img/icons/list.png HTTP/1.1" 200 78553 "https://www.utripoli.edu.ly/index.php/component/content/16-2016-12-02-21-36-12/cp/single-news.php?id=295" "Mozilla/5.0 (compatible; Bytespider; spider-feedback@bytedance.com) AppleWebKit/537.36 (KHTML, like Gecko) Chrome/70.0.0.0 Safari/537.36"
185.93.230.19 - - [06/May/2025:17:26:25 +0200] "GET /index.php/component/content/16-2016-12-02-21-36-12/cp/img/icons/structure.png HTTP/1.1" 200 78553 "https://www.utripoli.edu.ly/index.php/component/content/16-2016-12-02-21-36-12/cp/single-news.php?id=295" "Mozilla/5.0 (compatible; Bytespider; spider-feedback@bytedance.com) AppleWebKit/537.36 (KHTML, like Gecko) Chrome/70.0.0.0 Safari/537.36"
185.93.230.19 - - [06/May/2025:17:26:25 +0200] "GET /index.php/component/content/16-2016-12-02-21-36-12/cp/img/logo_s.png HTTP/1.1" 200 78553 "https://www.utripoli.edu.ly/index.php/component/content/16-2016-12-02-21-36-12/cp/single-news.php?id=295" "Mozilla/5.0 (compatible; Bytespider; spider-feedback@bytedance.com) AppleWebKit/537.36 (KHTML, like Gecko) Chrome/70.0.0.0 Safari/537.36"
185.191.171.17 - - [06/May/2025:17:26:26 +0200] "GET /teacher_list.php?pageNum_news_index=0&pageNum_news_index=0&pageNum_news_index=0&pageNum_news_index=1&pageNum_news_index=2&pageNum_news_index=3&pageNum_news_index=3&pageNum_news_index=3&pageNum_news_index=3&pageNum_news_index=3&pageNum_news_index=4&pageNum_news_index=5 HTTP/1.1" 200 9568 "-" "Mozilla/5.0 (compatible; SemrushBot/7~bl; +http://www.semrush.com/bot.html)"
185.93.229.19 - - [06/May/2025:17:26:29 +0200] "GET /teacher_list.php?pageNum_news_index=2&pageNum_news_index=3&pageNum_news_index=3&pageNum_news_index=3&pageNum_news_index=3&pageNum_news_index=3&pageNum_news_index=3&pageNum_news_index=3&pageNum_news_index=5&pageNum_news_index=6&pageNum_news_index=6&pageNum_news_index=8&pageNum_news_index=8 HTTP/1.1" 200 9535 "-" "Mozilla/5.0 (compatible; SemrushBot/7~bl; +http://www.semrush.com/bot.html)"
85.208.96.206 - - [06/May/2025:17:26:37 +0200] "GET /teacher_list.php?pageNum_news_index=0&pageNum_news_index=0&pageNum_news_index=4&pageNum_news_index=4&pageNum_news_index=4&pageNum_news_index=5&pageNum_news_index=5&pageNum_news_index=6&pageNum_news_index=7&pageNum_news_index=7 HTTP/1.1" 200 9470 "-" "Mozilla/5.0 (compatible; SemrushBot/7~bl; +http://www.semrush.com/bot.html)"
85.208.96.208 - - [06/May/2025:17:26:41 +0200] "GET /teacher_list.php?pageNum_news_index=0&pageNum_news_index=0&pageNum_news_index=0&pageNum_news_index=0&pageNum_news_index=3&pageNum_news_index=5&pageNum_news_index=7&pageNum_news_index=7 HTTP/1.1" 200 9433 "-" "Mozilla/5.0 (compatible; SemrushBot/7~bl; +http://www.semrush.com/bot.html)"
85.208.96.199 - - [06/May/2025:17:26:45 +0200] "GET /teacher_list.php?pageNum_news_index=0&pageNum_news_index=0&pageNum_news_index=0&pageNum_news_index=0&pageNum_news_index=0&pageNum_news_index=0&pageNum_news_index=2&pageNum_news_index=2&pageNum_news_index=3&pageNum_news_index=6&pageNum_news_index=7&pageNum_news_index=8 HTTP/1.1" 200 9518 "-" "Mozilla/5.0 (compatible; SemrushBot/7~bl; +http://www.semrush.com/bot.html)"
85.208.96.194 - - [06/May/2025:17:26:47 +0200] "GET /teacher_list.php?pageNum_news_index=0&pageNum_news_index=2&pageNum_news_index=2&pageNum_news_index=4&pageNum_news_index=6&pageNum_news_index=6&pageNum_news_index=6&pageNum_news_index=7&pageNum_news_index=7 HTTP/1.1" 200 9457 "-" "Mozilla/5.0 (compatible; SemrushBot/7~bl; +http://www.semrush.com/bot.html)"
185.93.229.6 - - [06/May/2025:17:26:59 +0200] "GET /cp/student/startcourse.php?search=atia68 HTTP/1.1" 302 2352 "-" "Mozilla/5.0 (Windows NT 10.0; Win64; x64) AppleWebKit/537.36 (KHTML, like Gecko) Chrome/112.0.0.0 Safari/537.36 Edg/112.0.1722.68"
185.93.229.6 - - [06/May/2025:17:27:00 +0200] "GET /cp/student/login.php?accesscheck=%2Fcp%2Fstudent%2Fstartcourse.php%3Fsearch%3Datia68 HTTP/1.1" 200 1895 "-" "Mozilla/5.0 (Windows NT 10.0; Win64; x64) AppleWebKit/537.36 (KHTML, like Gecko) Chrome/112.0.0.0 Safari/537.36 Edg/112.0.1722.68"
85.208.96.194 - - [06/May/2025:17:27:03 +0200] "GET /teacher_list.php?pageNum_news_index=0&pageNum_news_index=1&pageNum_news_index=1&pageNum_news_index=1&pageNum_news_index=1&pageNum_news_index=3&pageNum_news_index=3&pageNum_news_index=4&pageNum_news_index=5&pageNum_news_index=7 HTTP/1.1" 200 9469 "-" "Mozilla/5.0 (compatible; SemrushBot/7~bl; +http://www.semrush.com/bot.html)"
85.208.96.210 - - [06/May/2025:17:27:11 +0200] "GET /teacher_list.php?pageNum_news_index=3&pageNum_news_index=3&pageNum_news_index=3&pageNum_news_index=6&pageNum_news_index=7&pageNum_news_index=8 HTTP/1.1" 200 9399 "-" "Mozilla/5.0 (compatible; SemrushBot/7~bl; +http://www.semrush.com/bot.html)"
185.93.229.19 - - [06/May/2025:17:27:11 +0200] "GET /teacher_list.php?pageNum_news_index=2&pageNum_news_index=2&pageNum_news_index=3&pageNum_news_index=3&pageNum_news_index=4&pageNum_news_index=5&pageNum_news_index=5&pageNum_news_index=5&pageNum_news_index=6&pageNum_news_index=6&pageNum_news_index=7&pageNum_news_index=7&pageNum_news_index=8 HTTP/1.1" 200 9540 "-" "Mozilla/5.0 (compatible; SemrushBot/7~bl; +http://www.semrush.com/bot.html)"
185.93.230.19 - - [06/May/2025:17:27:17 +0200] "GET /index.php/component/content/30-2016-12-02-22-17-51/2016-12-02-22-19-10/cp/single-news.php?id=297 HTTP/1.1" 200 16204 "-" "Mozilla/5.0 (compatible; Bytespider; spider-feedback@bytedance.com) AppleWebKit/537.36 (KHTML, like Gecko) Chrome/70.0.0.0 Safari/537.36"
185.93.230.19 - - [06/May/2025:17:27:19 +0200] "GET /index.php/component/content/30-2016-12-02-22-17-51/2016-12-02-22-19-10/cp/lib/lightbox//css/lightbox.min.css HTTP/1.1" 200 16207 "https://www.utripoli.edu.ly/index.php/component/content/30-2016-12-02-22-17-51/2016-12-02-22-19-10/cp/single-news.php?id=297" "Mozilla/5.0 (compatible; Bytespider; spider-feedback@bytedance.com) AppleWebKit/537.36 (KHTML, like Gecko) Chrome/70.0.0.0 Safari/537.36"
185.93.230.19 - - [06/May/2025:17:27:19 +0200] "GET /index.php/component/content/30-2016-12-02-22-17-51/2016-12-02-22-19-10/cp/lib/owlcarousel/assets/owl.carousel.min.css HTTP/1.1" 200 16203 "https://www.utripoli.edu.ly/index.php/component/content/30-2016-12-02-22-17-51/2016-12-02-22-19-10/cp/single-news.php?id=297" "Mozilla/5.0 (compatible; Bytespider; spider-feedback@bytedance.com) AppleWebKit/537.36 (KHTML, like Gecko) Chrome/70.0.0.0 Safari/537.36"
185.93.230.19 - - [06/May/2025:17:27:19 +0200] "GET /index.php/component/content/30-2016-12-02-22-17-51/2016-12-02-22-19-10/cp/css/style.css HTTP/1.1" 200 16203 "https://www.utripoli.edu.ly/index.php/component/content/30-2016-12-02-22-17-51/2016-12-02-22-19-10/cp/single-news.php?id=297" "Mozilla/5.0 (compatible; Bytespider; spider-feedback@bytedance.com) AppleWebKit/537.36 (KHTML, like Gecko) Chrome/70.0.0.0 Safari/537.36"
185.93.230.19 - - [06/May/2025:17:27:19 +0200] "GET /index.php/component/content/30-2016-12-02-22-17-51/2016-12-02-22-19-10/cp/assets/fonts/fontawesome-all.min.css HTTP/1.1" 200 16203 "https://www.utripoli.edu.ly/index.php/component/content/30-2016-12-02-22-17-51/2016-12-02-22-19-10/cp/single-news.php?id=297" "Mozilla/5.0 (compatible; Bytespider; spider-feedback@bytedance.com) AppleWebKit/537.36 (KHTML, like Gecko) Chrome/70.0.0.0 Safari/537.36"
185.93.230.19 - - [06/May/2025:17:27:19 +0200] "GET /index.php/component/content/30-2016-12-02-22-17-51/2016-12-02-22-19-10/cp/lib/animate/animate.min.css HTTP/1.1" 200 16204 "https://www.utripoli.edu.ly/index.php/component/content/30-2016-12-02-22-17-51/2016-12-02-22-19-10/cp/single-news.php?id=297" "Mozilla/5.0 (compatible; Bytespider; spider-feedback@bytedance.com) AppleWebKit/537.36 (KHTML, like Gecko) Chrome/70.0.0.0 Safari/537.36"
185.93.230.19 - - [06/May/2025:17:27:20 +0200] "GET /index.php/component/content/30-2016-12-02-22-17-51/2016-12-02-22-19-10/cp/assets/css/Article-Clean.css HTTP/1.1" 200 16204 "https://www.utripoli.edu.ly/index.php/component/content/30-2016-12-02-22-17-51/2016-12-02-22-19-10/cp/single-news.php?id=297" "Mozilla/5.0 (compatible; Bytespider; spider-feedback@bytedance.com) AppleWebKit/537.36 (KHTML, like Gecko) Chrome/70.0.0.0 Safari/537.36"
185.93.230.19 - - [06/May/2025:17:27:20 +0200] "GET /index.php/component/content/30-2016-12-02-22-17-51/2016-12-02-22-19-10/cp/assets/css/Brands.css HTTP/1.1" 200 16204 "https://www.utripoli.edu.ly/index.php/component/content/30-2016-12-02-22-17-51/2016-12-02-22-19-10/cp/single-news.php?id=297" "Mozilla/5.0 (compatible; Bytespider; spider-feedback@bytedance.com) AppleWebKit/537.36 (KHTML, like Gecko) Chrome/70.0.0.0 Safari/537.36"
185.93.230.19 - - [06/May/2025:17:27:20 +0200] "GET /index.php/component/content/30-2016-12-02-22-17-51/2016-12-02-22-19-10/cp/assets/css/Contact-Form-Clean.css HTTP/1.1" 200 16204 "https://www.utripoli.edu.ly/index.php/component/content/30-2016-12-02-22-17-51/2016-12-02-22-19-10/cp/single-news.php?id=297" "Mozilla/5.0 (compatible; Bytespider; spider-feedback@bytedance.com) AppleWebKit/537.36 (KHTML, like Gecko) Chrome/70.0.0.0 Safari/537.36"
185.93.230.19 - - [06/May/2025:17:27:20 +0200] "GET /index.php/component/content/30-2016-12-02-22-17-51/2016-12-02-22-19-10/cp/assets/css/Features-Blue.css HTTP/1.1" 200 16204 "https://www.utripoli.edu.ly/index.php/component/content/30-2016-12-02-22-17-51/2016-12-02-22-19-10/cp/single-news.php?id=297" "Mozilla/5.0 (compatible; Bytespider; spider-feedback@bytedance.com) AppleWebKit/537.36 (KHTML, like Gecko) Chrome/70.0.0.0 Safari/537.36"
185.93.230.19 - - [06/May/2025:17:27:20 +0200] "GET /index.php/component/content/30-2016-12-02-22-17-51/2016-12-02-22-19-10/cp/assets/css/Projects-Horizontal.css HTTP/1.1" 200 16204 "https://www.utripoli.edu.ly/index.php/component/content/30-2016-12-02-22-17-51/2016-12-02-22-19-10/cp/single-news.php?id=297" "Mozilla/5.0 (compatible; Bytespider; spider-feedback@bytedance.com) AppleWebKit/537.36 (KHTML, like Gecko) Chrome/70.0.0.0 Safari/537.36"
185.93.230.19 - - [06/May/2025:17:27:20 +0200] "GET /index.php/component/content/30-2016-12-02-22-17-51/2016-12-02-22-19-10/cp/assets/css/Simple-Slider.css HTTP/1.1" 200 16207 "https://www.utripoli.edu.ly/index.php/component/content/30-2016-12-02-22-17-51/2016-12-02-22-19-10/cp/single-news.php?id=297" "Mozilla/5.0 (compatible; Bytespider; spider-feedback@bytedance.com) AppleWebKit/537.36 (KHTML, like Gecko) Chrome/70.0.0.0 Safari/537.36"
185.93.230.19 - - [06/May/2025:17:27:19 +0200] "GET /index.php/component/content/30-2016-12-02-22-17-51/2016-12-02-22-19-10/cp/css/bootstrap.min.css HTTP/1.1" 200 16203 "https://www.utripoli.edu.ly/index.php/component/content/30-2016-12-02-22-17-51/2016-12-02-22-19-10/cp/single-news.php?id=297" "Mozilla/5.0 (compatible; Bytespider; spider-feedback@bytedance.com) AppleWebKit/537.36 (KHTML, like Gecko) Chrome/70.0.0.0 Safari/537.36"
185.93.230.19 - - [06/May/2025:17:27:20 +0200] "GET /index.php/component/content/30-2016-12-02-22-17-51/2016-12-02-22-19-10/cp/img/logo_r.png HTTP/1.1" 200 78553 "https://www.utripoli.edu.ly/index.php/component/content/30-2016-12-02-22-17-51/2016-12-02-22-19-10/cp/single-news.php?id=297" "Mozilla/5.0 (compatible; Bytespider; spider-feedback@bytedance.com) AppleWebKit/537.36 (KHTML, like Gecko) Chrome/70.0.0.0 Safari/537.36"
185.93.230.19 - - [06/May/2025:17:27:20 +0200] "GET /index.php/component/content/30-2016-12-02-22-17-51/2016-12-02-22-19-10/cp/img/slide-1.jpg HTTP/1.1" 200 78553 "https://www.utripoli.edu.ly/index.php/component/content/30-2016-12-02-22-17-51/2016-12-02-22-19-10/cp/single-news.php?id=297" "Mozilla/5.0 (compatible; Bytespider; spider-feedback@bytedance.com) AppleWebKit/537.36 (KHTML, like Gecko) Chrome/70.0.0.0 Safari/537.36"
185.93.230.19 - - [06/May/2025:17:27:20 +0200] "GET /index.php/component/content/30-2016-12-02-22-17-51/2016-12-02-22-19-10/cp/img/slide-2.jpg HTTP/1.1" 200 78553 "https://www.utripoli.edu.ly/index.php/component/content/30-2016-12-02-22-17-51/2016-12-02-22-19-10/cp/single-news.php?id=297" "Mozilla/5.0 (compatible; Bytespider; spider-feedback@bytedance.com) AppleWebKit/537.36 (KHTML, like Gecko) Chrome/70.0.0.0 Safari/537.36"
185.93.230.19 - - [06/May/2025:17:27:20 +0200] "GET /index.php/component/content/30-2016-12-02-22-17-51/2016-12-02-22-19-10/cp/img/about.jpg HTTP/1.1" 200 78553 "https://www.utripoli.edu.ly/index.php/component/content/30-2016-12-02-22-17-51/2016-12-02-22-19-10/cp/single-news.php?id=297" "Mozilla/5.0 (compatible; Bytespider; spider-feedback@bytedance.com) AppleWebKit/537.36 (KHTML, like Gecko) Chrome/70.0.0.0 Safari/537.36"
185.93.230.19 - - [06/May/2025:17:27:20 +0200] "GET /index.php/component/content/30-2016-12-02-22-17-51/2016-12-02-22-19-10/cp/img/icons/classroom.png HTTP/1.1" 200 78553 "https://www.utripoli.edu.ly/index.php/component/content/30-2016-12-02-22-17-51/2016-12-02-22-19-10/cp/single-news.php?id=297" "Mozilla/5.0 (compatible; Bytespider; spider-feedback@bytedance.com) AppleWebKit/537.36 (KHTML, like Gecko) Chrome/70.0.0.0 Safari/537.36"
185.93.230.19 - - [06/May/2025:17:27:20 +0200] "GET /index.php/component/content/30-2016-12-02-22-17-51/2016-12-02-22-19-10/cp/img/icons/student.png HTTP/1.1" 200 78553 "https://www.utripoli.edu.ly/index.php/component/content/30-2016-12-02-22-17-51/2016-12-02-22-19-10/cp/single-news.php?id=297" "Mozilla/5.0 (compatible; Bytespider; spider-feedback@bytedance.com) AppleWebKit/537.36 (KHTML, like Gecko) Chrome/70.0.0.0 Safari/537.36"
185.93.230.19 - - [06/May/2025:17:27:20 +0200] "GET /index.php/component/content/30-2016-12-02-22-17-51/2016-12-02-22-19-10/cp/cp/uploads/news/495161245_1094928226014802_2446482707916467827_n.jpg HTTP/1.1" 200 78553 "https://www.utripoli.edu.ly/index.php/component/content/30-2016-12-02-22-17-51/2016-12-02-22-19-10/cp/single-news.php?id=297" "Mozilla/5.0 (compatible; Bytespider; spider-feedback@bytedance.com) AppleWebKit/537.36 (KHTML, like Gecko) Chrome/70.0.0.0 Safari/537.36"
185.93.230.19 - - [06/May/2025:17:27:20 +0200] "GET /index.php/component/content/30-2016-12-02-22-17-51/2016-12-02-22-19-10/cp/img/icons/graduate.png HTTP/1.1" 200 78553 "https://www.utripoli.edu.ly/index.php/component/content/30-2016-12-02-22-17-51/2016-12-02-22-19-10/cp/single-news.php?id=297" "Mozilla/5.0 (compatible; Bytespider; spider-feedback@bytedance.com) AppleWebKit/537.36 (KHTML, like Gecko) Chrome/70.0.0.0 Safari/537.36"
