66.248.200.6 - - [06/May/2025:16:45:27 +0200] "GET /journal/index.php/Alqalam/article/view/340/290 HTTP/1.1" 302 20 "-" "Googlebot/2.1 (+http://www.google.com/bot.html)"
185.93.230.19 - - [06/May/2025:16:45:30 +0200] "GET /teacher_list.php?pageNum_news_index=2&pageNum_news_index=7 HTTP/1.1" 200 8180 "-" "Mozilla/5.0 (compatible; Bytespider; spider-feedback@bytedance.com) AppleWebKit/537.36 (KHTML, like Gecko) Chrome/70.0.0.0 Safari/537.36"
85.208.96.193 - - [06/May/2025:16:45:36 +0200] "GET /teacher_list.php?pageNum_news_index=0&pageNum_news_index=3&pageNum_news_index=3&pageNum_news_index=3&pageNum_news_index=3&pageNum_news_index=3&pageNum_news_index=3&pageNum_news_index=6 HTTP/1.1" 200 9492 "-" "Mozilla/5.0 (compatible; SemrushBot/7~bl; +http://www.semrush.com/bot.html)"
85.208.96.209 - - [06/May/2025:16:45:38 +0200] "GET /teacher_list.php?pageNum_news_index=0&pageNum_news_index=0&pageNum_news_index=0&pageNum_news_index=1&pageNum_news_index=3&pageNum_news_index=4&pageNum_news_index=6 HTTP/1.1" 200 9458 "-" "Mozilla/5.0 (compatible; SemrushBot/7~bl; +http://www.semrush.com/bot.html)"
185.93.229.19 - - [06/May/2025:16:45:39 +0200] "GET /teacher_list.php?pageNum_news_index=0&pageNum_news_index=2&pageNum_news_index=2&pageNum_news_index=5&pageNum_news_index=6&pageNum_news_index=6&pageNum_news_index=6&pageNum_news_index=6&pageNum_news_index=6&pageNum_news_index=6&pageNum_news_index=9 HTTP/1.1" 200 9486 "-" "Mozilla/5.0 (compatible; SemrushBot/7~bl; +http://www.semrush.com/bot.html)"
66.248.200.6 - - [06/May/2025:16:45:44 +0200] "GET /journal/index.php/Alqalam/article/download/340/290 HTTP/1.1" 200 700202 "-" "Googlebot/2.1 (+http://www.google.com/bot.html)"
66.248.200.6 - - [06/May/2025:16:45:46 +0200] "GET /journal/index.php/Alqalam/article/download/313/273 HTTP/1.1" 200 699320 "-" "Googlebot/2.1 (+http://www.google.com/bot.html)"
185.93.230.6 - - [06/May/2025:16:45:46 +0200] "GET /journal/index.php/Alqalam/article/view/75?articlesBySimilarityPage=13 HTTP/1.1" 200 8025 "https://uta.edu.ly/journal/index.php/Alqalam/article/view/75?articlesBySimilarityPage=15" "Mozilla/5.0 (Linux; Android 7.0;) AppleWebKit/537.36 (KHTML, like Gecko) Mobile Safari/537.36 (compatible; PetalBot;+https://webmaster.petalsearch.com/site/petalbot)"
66.248.200.6 - - [06/May/2025:16:45:53 +0200] "GET /journal/index.php/Alqalam/article/download/85/85 HTTP/1.1" 200 486294 "-" "Googlebot/2.1 (+http://www.google.com/bot.html)"
185.191.171.9 - - [06/May/2025:16:46:08 +0200] "GET /teacher_list.php?pageNum_news_index=1&pageNum_news_index=1&pageNum_news_index=3&pageNum_news_index=4&pageNum_news_index=4&pageNum_news_index=4&pageNum_news_index=4&pageNum_news_index=4&pageNum_news_index=4&pageNum_news_index=4&pageNum_news_index=4 HTTP/1.1" 200 9475 "-" "Mozilla/5.0 (compatible; SemrushBot/7~bl; +http://www.semrush.com/bot.html)"
85.208.96.199 - - [06/May/2025:16:46:09 +0200] "GET /teacher_list.php?pageNum_news_index=1&pageNum_news_index=1&pageNum_news_index=3&pageNum_news_index=4&pageNum_news_index=4&pageNum_news_index=5&pageNum_news_index=7&pageNum_news_index=7&pageNum_news_index=8&pageNum_news_index=9 HTTP/1.1" 200 9471 "-" "Mozilla/5.0 (compatible; SemrushBot/7~bl; +http://www.semrush.com/bot.html)"
185.93.230.19 - - [06/May/2025:16:46:23 +0200] "GET /conferences.php?id=6 HTTP/1.1" 200 158886 "https://utripoli.edu.ly/conferences.php?id=6" "Mozilla/5.0 (Windows NT 10.0; Win64; x64) AppleWebKit/537.36 (KHTML, like Gecko) Chrome/131.0.0.0 Safari/537.36"
185.93.230.19 - - [06/May/2025:16:46:23 +0200] "GET /captcha.php HTTP/1.1" 200 1436 "https://utripoli.edu.ly/conferences.php?id=6" "Mozilla/5.0 (Windows NT 10.0; Win64; x64) AppleWebKit/537.36 (KHTML, like Gecko) Chrome/131.0.0.0 Safari/537.36"
185.93.230.19 - - [06/May/2025:16:46:23 +0200] "POST /conferences.php?id=6 HTTP/1.1" 200 159058 "https://utripoli.edu.ly/conferences.php?id=6" "Mozilla/5.0 (Windows NT 10.0; Win64; x64) AppleWebKit/537.36 (KHTML, like Gecko) Chrome/131.0.0.0 Safari/537.36"
192.88.134.19 - - [06/May/2025:16:46:26 +0200] "GET /cp/uploads/teacher/%D8%A7%D9%84%D8%B3%D9%8A%D8%B1%D8%A9%20%D8%A7%D9%84%D8%B0%D8%A7%D8%AA%D9%8A%D8%A9%20%D8%A7%D9%84%D9%85%D8%AE%D8%AA%D8%B5%D8%B1%D8%A9%20%D8%AF.%20%D9%83%D9%85%D8%A7%D9%84%20%D8%A5%D9%85%D8%A7%D9%85.docx.pdf HTTP/1.1" 404 3913 "-" "Mozilla/5.0 (Linux; Android 5.0) AppleWebKit/537.36 (KHTML, like Gecko) Mobile Safari/537.36 (compatible; Bytespider; spider-feedback@bytedance.com)"
185.191.171.6 - - [06/May/2025:16:46:32 +0200] "GET /teacher_list.php?pageNum_news_index=0&pageNum_news_index=3&pageNum_news_index=3&pageNum_news_index=4&pageNum_news_index=4&pageNum_news_index=5&pageNum_news_index=6&pageNum_news_index=6&pageNum_news_index=6&pageNum_news_index=7&pageNum_news_index=7 HTTP/1.1" 200 9491 "-" "Mozilla/5.0 (compatible; SemrushBot/7~bl; +http://www.semrush.com/bot.html)"
85.208.96.195 - - [06/May/2025:16:46:37 +0200] "GET /teacher_list.php?pageNum_news_index=0&pageNum_news_index=0&pageNum_news_index=0&pageNum_news_index=1&pageNum_news_index=1&pageNum_news_index=1&pageNum_news_index=1&pageNum_news_index=2&pageNum_news_index=5&pageNum_news_index=5&pageNum_news_index=5&pageNum_news_index=6 HTTP/1.1" 200 9538 "-" "Mozilla/5.0 (compatible; SemrushBot/7~bl; +http://www.semrush.com/bot.html)"
185.93.229.19 - - [06/May/2025:16:46:38 +0200] "GET /teacher_list.php?pageNum_news_index=2&pageNum_news_index=2&pageNum_news_index=2&pageNum_news_index=4&pageNum_news_index=4&pageNum_news_index=5&pageNum_news_index=5&pageNum_news_index=7&pageNum_news_index=7&pageNum_news_index=7&pageNum_news_index=9 HTTP/1.1" 200 9487 "-" "Mozilla/5.0 (compatible; SemrushBot/7~bl; +http://www.semrush.com/bot.html)"
185.191.171.19 - - [06/May/2025:16:46:38 +0200] "GET /teacher_list.php?pageNum_news_index=1&pageNum_news_index=2&pageNum_news_index=2&pageNum_news_index=3&pageNum_news_index=5&pageNum_news_index=6&pageNum_news_index=6&pageNum_news_index=6&pageNum_news_index=6&pageNum_news_index=6&pageNum_news_index=6&pageNum_news_index=6 HTTP/1.1" 200 9538 "-" "Mozilla/5.0 (compatible; SemrushBot/7~bl; +http://www.semrush.com/bot.html)"
208.109.1.2 - - [06/May/2025:16:46:38 +0200] "GET /journal/index.php/Alqalam/article/view/769 HTTP/1.1" 200 8463 "-" "Mozilla/5.0 (Windows NT 10.0; Win64; x64) AppleWebKit/537.36 (KHTML, like Gecko) Chrome/100.0.3436.752 Safari/537.36"
85.208.96.203 - - [06/May/2025:16:46:56 +0200] "GET /teacher_list.php?pageNum_news_index=0&pageNum_news_index=0&pageNum_news_index=1&pageNum_news_index=1&pageNum_news_index=3&pageNum_news_index=3&pageNum_news_index=5&pageNum_news_index=6&pageNum_news_index=6&pageNum_news_index=6&pageNum_news_index=9 HTTP/1.1" 200 9488 "-" "Mozilla/5.0 (compatible; SemrushBot/7~bl; +http://www.semrush.com/bot.html)"
185.93.230.6 - - [06/May/2025:16:47:10 +0200] "GET /journal/index.php/Alqalam/article/view/758?articlesBySimilarityPage=5 HTTP/1.1" 200 9747 "https://uta.edu.ly/journal/index.php/Alqalam/article/view/758?articlesBySimilarityPage=9" "Mozilla/5.0 (Linux; Android 7.0;) AppleWebKit/537.36 (KHTML, like Gecko) Mobile Safari/537.36 (compatible; PetalBot;+https://webmaster.petalsearch.com/site/petalbot)"
185.191.171.4 - - [06/May/2025:16:47:11 +0200] "GET /teacher_list.php?pageNum_news_index=0&pageNum_news_index=0&pageNum_news_index=1&pageNum_news_index=2&pageNum_news_index=2&pageNum_news_index=4&pageNum_news_index=4&pageNum_news_index=4&pageNum_news_index=4&pageNum_news_index=6&pageNum_news_index=7&pageNum_news_index=8 HTTP/1.1" 200 9520 "-" "Mozilla/5.0 (compatible; SemrushBot/7~bl; +http://www.semrush.com/bot.html)"
185.93.230.19 - - [06/May/2025:16:47:19 +0200] "GET /journal/index.php/Alqalam/article/view/262?articlesBySimilarityPage=37 HTTP/1.1" 200 8469 "-" "Mozilla/5.0 (compatible; Bytespider; spider-feedback@bytedance.com) AppleWebKit/537.36 (KHTML, like Gecko) Chrome/70.0.0.0 Safari/537.36"
185.93.230.19 - - [06/May/2025:16:47:20 +0200] "GET /journal/public/journals/1/styleSheet.css?d=2024-01-03+17%3A34%3A30 HTTP/1.1" 404 3913 "https://utripoli.edu.ly/journal/index.php/Alqalam/article/view/262?articlesBySimilarityPage=37" "Mozilla/5.0 (compatible; Bytespider; spider-feedback@bytedance.com) AppleWebKit/537.36 (KHTML, like Gecko) Chrome/70.0.0.0 Safari/537.36"
85.208.96.199 - - [06/May/2025:16:47:20 +0200] "GET /teacher_list.php?pageNum_news_index=3&pageNum_news_index=3&pageNum_news_index=3&pageNum_news_index=3&pageNum_news_index=3&pageNum_news_index=5&pageNum_news_index=6&pageNum_news_index=6&pageNum_news_index=8 HTTP/1.1" 200 9476 "-" "Mozilla/5.0 (compatible; SemrushBot/7~bl; +http://www.semrush.com/bot.html)"
66.248.200.6 - - [06/May/2025:16:47:26 +0200] "GET /journal/index.php/Alqalam/article/view/803/668 HTTP/1.1" 302 20 "-" "Googlebot/2.1 (+http://www.google.com/bot.html)"
66.248.200.6 - - [06/May/2025:16:47:42 +0200] "GET /journal/index.php/Alqalam/article/download/803/668 HTTP/1.1" 200 368673 "-" "Googlebot/2.1 (+http://www.google.com/bot.html)"
85.208.96.199 - - [06/May/2025:16:47:44 +0200] "GET /teacher_list.php?pageNum_news_index=3&pageNum_news_index=3&pageNum_news_index=3&pageNum_news_index=3&pageNum_news_index=4&pageNum_news_index=5&pageNum_news_index=5&pageNum_news_index=5&pageNum_news_index=6&pageNum_news_index=8&pageNum_news_index=9 HTTP/1.1" 200 9492 "-" "Mozilla/5.0 (compatible; SemrushBot/7~bl; +http://www.semrush.com/bot.html)"
66.248.200.6 - - [06/May/2025:16:47:48 +0200] "GET /journal/index.php/Alqalam/article/download/332/284 HTTP/1.1" 200 865055 "-" "Googlebot/2.1 (+http://www.google.com/bot.html)"
85.208.96.199 - - [06/May/2025:16:47:53 +0200] "GET /teacher_list.php?pageNum_news_index=0&pageNum_news_index=0&pageNum_news_index=3&pageNum_news_index=3&pageNum_news_index=5&pageNum_news_index=5&pageNum_news_index=5&pageNum_news_index=5&pageNum_news_index=5&pageNum_news_index=9 HTTP/1.1" 200 9467 "-" "Mozilla/5.0 (compatible; SemrushBot/7~bl; +http://www.semrush.com/bot.html)"
85.208.96.195 - - [06/May/2025:16:47:55 +0200] "GET /teacher_list.php?pageNum_news_index=0&pageNum_news_index=0&pageNum_news_index=0&pageNum_news_index=1&pageNum_news_index=1&pageNum_news_index=2&pageNum_news_index=3&pageNum_news_index=3&pageNum_news_index=5&pageNum_news_index=7&pageNum_news_index=8&pageNum_news_index=8 HTTP/1.1" 200 9523 "-" "Mozilla/5.0 (compatible; SemrushBot/7~bl; +http://www.semrush.com/bot.html)"
185.93.229.19 - - [06/May/2025:16:48:01 +0200] "GET /robots.txt HTTP/1.1" 404 3913 "-" "Mozilla/5.0 (compatible; SemrushBot/7~bl; +http://www.semrush.com/bot.html)"
85.208.96.198 - - [06/May/2025:16:48:06 +0200] "GET /teacher_list.php?pageNum_news_index=0&pageNum_news_index=1&pageNum_news_index=1&pageNum_news_index=2&pageNum_news_index=4&pageNum_news_index=6&pageNum_news_index=6&pageNum_news_index=6&pageNum_news_index=6 HTTP/1.1" 200 9502 "-" "Mozilla/5.0 (compatible; SemrushBot/7~bl; +http://www.semrush.com/bot.html)"
185.93.230.19 - - [06/May/2025:16:48:13 +0200] "GET /teacher_list.php?pageNum_news_index=6&pageNum_news_index=8 HTTP/1.1" 200 8217 "-" "Mozilla/5.0 (compatible; Bytespider; spider-feedback@bytedance.com) AppleWebKit/537.36 (KHTML, like Gecko) Chrome/70.0.0.0 Safari/537.36"
185.93.230.19 - - [06/May/2025:16:48:14 +0200] "GET /cp/uploads/teacher/Ali_Elrowayati2.jpg HTTP/1.1" 404 3913 "https://www.utripoli.edu.ly/teacher_list.php?pageNum_news_index=6&pageNum_news_index=8" "Mozilla/5.0 (compatible; Bytespider; spider-feedback@bytedance.com) AppleWebKit/537.36 (KHTML, like Gecko) Chrome/70.0.0.0 Safari/537.36"
185.191.171.6 - - [06/May/2025:16:48:14 +0200] "GET /teacher_list.php?pageNum_news_index=0&pageNum_news_index=2&pageNum_news_index=3&pageNum_news_index=3&pageNum_news_index=5&pageNum_news_index=5&pageNum_news_index=7&pageNum_news_index=7&pageNum_news_index=8&pageNum_news_index=8 HTTP/1.1" 200 9503 "-" "Mozilla/5.0 (compatible; SemrushBot/7~bl; +http://www.semrush.com/bot.html)"
185.93.230.19 - - [06/May/2025:16:48:14 +0200] "GET /cp/uploads/teacher/ HTTP/1.1" 403 4213 "https://www.utripoli.edu.ly/teacher_list.php?pageNum_news_index=6&pageNum_news_index=8" "Mozilla/5.0 (compatible; Bytespider; spider-feedback@bytedance.com) AppleWebKit/537.36 (KHTML, like Gecko) Chrome/70.0.0.0 Safari/537.36"
185.93.230.6 - - [06/May/2025:16:48:34 +0200] "GET /journal/index.php/Alqalam/article/view/758?articlesBySimilarityPage=16 HTTP/1.1" 200 9360 "https://uta.edu.ly/journal/index.php/Alqalam/article/view/758?articlesBySimilarityPage=9" "Mozilla/5.0 (Linux; Android 7.0;) AppleWebKit/537.36 (KHTML, like Gecko) Mobile Safari/537.36 (compatible; PetalBot;+https://webmaster.petalsearch.com/site/petalbot)"
85.208.96.203 - - [06/May/2025:16:48:35 +0200] "GET /teacher_list.php?pageNum_news_index=2&pageNum_news_index=3&pageNum_news_index=3&pageNum_news_index=3&pageNum_news_index=4&pageNum_news_index=4&pageNum_news_index=5&pageNum_news_index=5&pageNum_news_index=6 HTTP/1.1" 200 9502 "-" "Mozilla/5.0 (compatible; SemrushBot/7~bl; +http://www.semrush.com/bot.html)"
185.93.229.19 - - [06/May/2025:16:48:45 +0200] "GET /teacher_list.php?pageNum_news_index=0&pageNum_news_index=0&pageNum_news_index=1&pageNum_news_index=1&pageNum_news_index=3&pageNum_news_index=3&pageNum_news_index=3&pageNum_news_index=3&pageNum_news_index=3&pageNum_news_index=5&pageNum_news_index=6&pageNum_news_index=6&pageNum_news_index=9 HTTP/1.1" 200 9516 "-" "Mozilla/5.0 (compatible; SemrushBot/7~bl; +http://www.semrush.com/bot.html)"
185.191.171.19 - - [06/May/2025:16:48:52 +0200] "GET /teacher_list.php?pageNum_news_index=0&pageNum_news_index=0&pageNum_news_index=0&pageNum_news_index=1&pageNum_news_index=3&pageNum_news_index=7&pageNum_news_index=7&pageNum_news_index=7 HTTP/1.1" 200 9437 "-" "Mozilla/5.0 (compatible; SemrushBot/7~bl; +http://www.semrush.com/bot.html)"
185.93.229.19 - - [06/May/2025:16:48:57 +0200] "GET /teacher_list.php?pageNum_news_index=1&pageNum_news_index=2&pageNum_news_index=2&pageNum_news_index=4&pageNum_news_index=4&pageNum_news_index=4&pageNum_news_index=4&pageNum_news_index=6&pageNum_news_index=7&pageNum_news_index=8&pageNum_news_index=8&pageNum_news_index=8&pageNum_news_index=8 HTTP/1.1" 200 9541 "-" "Mozilla/5.0 (compatible; SemrushBot/7~bl; +http://www.semrush.com/bot.html)"
185.93.230.19 - - [06/May/2025:16:49:07 +0200] "GET /teacher_list.php?pageNum_news_index=3 HTTP/1.1" 200 8154 "-" "Mozilla/5.0 (compatible; Bytespider; spider-feedback@bytedance.com) AppleWebKit/537.36 (KHTML, like Gecko) Chrome/70.0.0.0 Safari/537.36"
66.248.200.6 - - [06/May/2025:16:49:15 +0200] "GET /journal/index.php/Alqalam/article/download/733/610 HTTP/1.1" 200 483422 "-" "Googlebot/2.1 (+http://www.google.com/bot.html)"
85.208.96.199 - - [06/May/2025:16:49:18 +0200] "GET /robots.txt HTTP/1.1" 404 3913 "-" "Mozilla/5.0 (compatible; SemrushBot/7~bl; +http://www.semrush.com/bot.html)"
66.248.200.6 - - [06/May/2025:16:49:18 +0200] "GET /robots.txt HTTP/1.1" 404 3913 "-" "Mozilla/5.0 AppleWebKit/537.36 (KHTML, like Gecko; compatible; ClaudeBot/1.0; +claudebot@anthropic.com)"
85.208.96.203 - - [06/May/2025:16:49:18 +0200] "GET /teacher_list.php?pageNum_news_index=0&pageNum_news_index=1&pageNum_news_index=1&pageNum_news_index=2&pageNum_news_index=3&pageNum_news_index=3&pageNum_news_index=3&pageNum_news_index=5&pageNum_news_index=5&pageNum_news_index=5&pageNum_news_index=5&pageNum_news_index=6 HTTP/1.1" 200 9543 "-" "Mozilla/5.0 (compatible; SemrushBot/7~bl; +http://www.semrush.com/bot.html)"
66.248.200.6 - - [06/May/2025:16:49:19 +0200] "GET /journal/index.php/Alqalam/citationstylelanguage/get/vancouver?publicationId=61&submissionId=61 HTTP/1.1" 200 265 "-" "Mozilla/5.0 AppleWebKit/537.36 (KHTML, like Gecko; compatible; ClaudeBot/1.0; +claudebot@anthropic.com)"
66.248.200.6 - - [06/May/2025:16:49:21 +0200] "GET /journal/index.php/Alqalam/article/download/139/143 HTTP/1.1" 200 408414 "-" "Googlebot/2.1 (+http://www.google.com/bot.html)"
185.191.171.13 - - [06/May/2025:16:49:23 +0200] "GET /teacher_list.php?pageNum_news_index=0&pageNum_news_index=1&pageNum_news_index=3&pageNum_news_index=3&pageNum_news_index=3&pageNum_news_index=7&pageNum_news_index=7&pageNum_news_index=8&pageNum_news_index=8&pageNum_news_index=8&pageNum_news_index=8&pageNum_news_index=9 HTTP/1.1" 200 9495 "-" "Mozilla/5.0 (compatible; SemrushBot/7~bl; +http://www.semrush.com/bot.html)"
192.88.135.6 - - [06/May/2025:16:49:27 +0200] "GET /robots.txt HTTP/1.1" 404 3913 "-" "Mozilla/5.0 (compatible; DotBot/1.2; +https://opensiteexplorer.org/dotbot; help@moz.com)"
185.93.229.19 - - [06/May/2025:16:49:36 +0200] "GET /teacher_list.php?pageNum_news_index=1&pageNum_news_index=1&pageNum_news_index=1&pageNum_news_index=1&pageNum_news_index=2&pageNum_news_index=3&pageNum_news_index=4&pageNum_news_index=5&pageNum_news_index=7&pageNum_news_index=7&pageNum_news_index=7&pageNum_news_index=8&pageNum_news_index=8 HTTP/1.1" 200 9543 "-" "Mozilla/5.0 (compatible; SemrushBot/7~bl; +http://www.semrush.com/bot.html)"
185.93.229.19 - - [06/May/2025:16:49:39 +0200] "GET /teacher_list.php?pageNum_news_index=0&pageNum_news_index=1&pageNum_news_index=4&pageNum_news_index=4&pageNum_news_index=4&pageNum_news_index=6&pageNum_news_index=6&pageNum_news_index=8 HTTP/1.1" 200 9474 "-" "Mozilla/5.0 (compatible; SemrushBot/7~bl; +http://www.semrush.com/bot.html)"
85.208.96.211 - - [06/May/2025:16:49:41 +0200] "GET /teacher_list.php?pageNum_news_index=0&pageNum_news_index=1&pageNum_news_index=1&pageNum_news_index=1&pageNum_news_index=2&pageNum_news_index=2&pageNum_news_index=2&pageNum_news_index=4&pageNum_news_index=5&pageNum_news_index=7 HTTP/1.1" 200 9474 "-" "Mozilla/5.0 (compatible; SemrushBot/7~bl; +http://www.semrush.com/bot.html)"
185.191.171.11 - - [06/May/2025:16:49:45 +0200] "GET /teacher_list.php?pageNum_news_index=1&pageNum_news_index=1&pageNum_news_index=4&pageNum_news_index=4&pageNum_news_index=4&pageNum_news_index=4&pageNum_news_index=7&pageNum_news_index=8&pageNum_news_index=8&pageNum_news_index=9 HTTP/1.1" 200 9469 "-" "Mozilla/5.0 (compatible; SemrushBot/7~bl; +http://www.semrush.com/bot.html)"
185.93.230.6 - - [06/May/2025:16:49:56 +0200] "GET /journal/index.php/Alqalam/article/view/758?articlesBySimilarityPage=1 HTTP/1.1" 200 9388 "https://uta.edu.ly/journal/index.php/Alqalam/article/view/758?articlesBySimilarityPage=9" "Mozilla/5.0 (Linux; Android 7.0;) AppleWebKit/537.36 (KHTML, like Gecko) Mobile Safari/537.36 (compatible; PetalBot;+https://webmaster.petalsearch.com/site/petalbot)"
185.93.230.19 - - [06/May/2025:16:50:02 +0200] "GET /journal/index.php/Alqalam/article/view/262?articlesBySimilarityPage=30 HTTP/1.1" 200 8498 "-" "Mozilla/5.0 (compatible; Bytespider; spider-feedback@bytedance.com) AppleWebKit/537.36 (KHTML, like Gecko) Chrome/70.0.0.0 Safari/537.36"
185.93.229.19 - - [06/May/2025:16:50:04 +0200] "GET /teacher_list.php?pageNum_news_index=3&pageNum_news_index=3&pageNum_news_index=3&pageNum_news_index=4&pageNum_news_index=5&pageNum_news_index=5&pageNum_news_index=5&pageNum_news_index=5&pageNum_news_index=6&pageNum_news_index=6&pageNum_news_index=8 HTTP/1.1" 200 9512 "-" "Mozilla/5.0 (compatible; SemrushBot/7~bl; +http://www.semrush.com/bot.html)"
185.93.229.19 - - [06/May/2025:16:50:05 +0200] "GET /teacher_list.php?pageNum_news_index=0&pageNum_news_index=4&pageNum_news_index=4&pageNum_news_index=5&pageNum_news_index=5&pageNum_news_index=5&pageNum_news_index=5&pageNum_news_index=5&pageNum_news_index=6&pageNum_news_index=6&pageNum_news_index=7&pageNum_news_index=7&pageNum_news_index=9 HTTP/1.1" 200 9517 "-" "Mozilla/5.0 (compatible; SemrushBot/7~bl; +http://www.semrush.com/bot.html)"
185.93.229.6 - - [06/May/2025:16:50:08 +0200] "GET /teacher_list.php?pageNum_news_index=0&pageNum_news_index=0&pageNum_news_index=0&pageNum_news_index=2&pageNum_news_index=2&pageNum_news_index=2&pageNum_news_index=3&pageNum_news_index=3&pageNum_news_index=6&pageNum_news_index=6&pageNum_news_index=8 HTTP/1.1" 200 9512 "-" "Mozilla/5.0 (compatible; SemrushBot/7~bl; +http://www.semrush.com/bot.html)"
85.208.96.206 - - [06/May/2025:16:50:11 +0200] "GET /teacher_list.php?pageNum_news_index=0&pageNum_news_index=1&pageNum_news_index=2&pageNum_news_index=3&pageNum_news_index=3&pageNum_news_index=3&pageNum_news_index=4&pageNum_news_index=4&pageNum_news_index=5&pageNum_news_index=7&pageNum_news_index=9 HTTP/1.1" 200 9496 "-" "Mozilla/5.0 (compatible; SemrushBot/7~bl; +http://www.semrush.com/bot.html)"
185.191.171.18 - - [06/May/2025:16:50:23 +0200] "GET /teacher_list.php?pageNum_news_index=1&pageNum_news_index=1&pageNum_news_index=2&pageNum_news_index=4&pageNum_news_index=7&pageNum_news_index=8&pageNum_news_index=8&pageNum_news_index=8&pageNum_news_index=8&pageNum_news_index=8 HTTP/1.1" 200 9500 "-" "Mozilla/5.0 (compatible; SemrushBot/7~bl; +http://www.semrush.com/bot.html)"
85.208.96.207 - - [06/May/2025:16:50:31 +0200] "GET /teacher_list.php?pageNum_news_index=1&pageNum_news_index=2&pageNum_news_index=2&pageNum_news_index=3&pageNum_news_index=4&pageNum_news_index=4&pageNum_news_index=4&pageNum_news_index=4 HTTP/1.1" 200 9423 "-" "Mozilla/5.0 (compatible; SemrushBot/7~bl; +http://www.semrush.com/bot.html)"
185.93.229.19 - - [06/May/2025:16:50:34 +0200] "GET /teacher_list.php?pageNum_news_index=0&pageNum_news_index=0&pageNum_news_index=1&pageNum_news_index=3&pageNum_news_index=4&pageNum_news_index=5&pageNum_news_index=5&pageNum_news_index=5&pageNum_news_index=5&pageNum_news_index=5&pageNum_news_index=5&pageNum_news_index=7 HTTP/1.1" 200 9498 "-" "Mozilla/5.0 (compatible; SemrushBot/7~bl; +http://www.semrush.com/bot.html)"
185.191.171.3 - - [06/May/2025:16:50:42 +0200] "GET /teacher_list.php?pageNum_news_index=2&pageNum_news_index=3&pageNum_news_index=3&pageNum_news_index=5&pageNum_news_index=5&pageNum_news_index=5&pageNum_news_index=5&pageNum_news_index=7&pageNum_news_index=7&pageNum_news_index=7&pageNum_news_index=7 HTTP/1.1" 200 9488 "-" "Mozilla/5.0 (compatible; SemrushBot/7~bl; +http://www.semrush.com/bot.html)"
185.191.171.16 - - [06/May/2025:16:50:46 +0200] "GET /teacher_list.php?pageNum_news_index=1&pageNum_news_index=1&pageNum_news_index=3&pageNum_news_index=3&pageNum_news_index=5&pageNum_news_index=5&pageNum_news_index=5&pageNum_news_index=6&pageNum_news_index=8 HTTP/1.1" 200 9481 "-" "Mozilla/5.0 (compatible; SemrushBot/7~bl; +http://www.semrush.com/bot.html)"
85.208.96.201 - - [06/May/2025:16:50:49 +0200] "GET /teacher_list.php?pageNum_news_index=1&pageNum_news_index=2&pageNum_news_index=3&pageNum_news_index=3&pageNum_news_index=5&pageNum_news_index=5&pageNum_news_index=7&pageNum_news_index=7&pageNum_news_index=8&pageNum_news_index=8&pageNum_news_index=8 HTTP/1.1" 200 9518 "-" "Mozilla/5.0 (compatible; SemrushBot/7~bl; +http://www.semrush.com/bot.html)"
185.93.230.19 - - [06/May/2025:16:50:56 +0200] "GET /teacher_list.php?pageNum_news_index=3&pageNum_news_index=8 HTTP/1.1" 200 8217 "-" "Mozilla/5.0 (compatible; Bytespider; spider-feedback@bytedance.com) AppleWebKit/537.36 (KHTML, like Gecko) Chrome/70.0.0.0 Safari/537.36"
185.93.230.19 - - [06/May/2025:16:50:57 +0200] "GET /cp/uploads/teacher/Ali_Elrowayati2.jpg HTTP/1.1" 404 3913 "https://utripoli.edu.ly/teacher_list.php?pageNum_news_index=3&pageNum_news_index=8" "Mozilla/5.0 (compatible; Bytespider; spider-feedback@bytedance.com) AppleWebKit/537.36 (KHTML, like Gecko) Chrome/70.0.0.0 Safari/537.36"
185.93.230.19 - - [06/May/2025:16:50:57 +0200] "GET /cp/uploads/teacher/ HTTP/1.1" 403 4213 "https://utripoli.edu.ly/teacher_list.php?pageNum_news_index=3&pageNum_news_index=8" "Mozilla/5.0 (compatible; Bytespider; spider-feedback@bytedance.com) AppleWebKit/537.36 (KHTML, like Gecko) Chrome/70.0.0.0 Safari/537.36"
185.191.171.3 - - [06/May/2025:16:50:58 +0200] "GET /teacher_list.php?pageNum_news_index=1&pageNum_news_index=1&pageNum_news_index=1&pageNum_news_index=2&pageNum_news_index=3&pageNum_news_index=3&pageNum_news_index=8&pageNum_news_index=8&pageNum_news_index=8&pageNum_news_index=9 HTTP/1.1" 200 9469 "-" "Mozilla/5.0 (compatible; SemrushBot/7~bl; +http://www.semrush.com/bot.html)"
185.93.230.6 - - [06/May/2025:16:51:20 +0200] "GET /journal/index.php/Alqalam/citationstylelanguage/get/modern-language-association?submissionId=481&publicationId=481 HTTP/1.1" 200 250 "https://uta.edu.ly/journal/index.php/Alqalam/article/view/481" "Mozilla/5.0 (Linux; Android 7.0;) AppleWebKit/537.36 (KHTML, like Gecko) Mobile Safari/537.36 (compatible; PetalBot;+https://webmaster.petalsearch.com/site/petalbot)"
185.93.229.19 - - [06/May/2025:16:51:26 +0200] "GET /teacher_list.php?pageNum_news_index=0&pageNum_news_index=0&pageNum_news_index=0&pageNum_news_index=0&pageNum_news_index=1&pageNum_news_index=2&pageNum_news_index=2&pageNum_news_index=2&pageNum_news_index=6&pageNum_news_index=6&pageNum_news_index=6&pageNum_news_index=6&pageNum_news_index=6 HTTP/1.1" 200 9558 "-" "Mozilla/5.0 (compatible; SemrushBot/7~bl; +http://www.semrush.com/bot.html)"
185.93.229.6 - - [06/May/2025:16:51:25 +0200] "GET /journal/index.php/Alqalam/article/view/75?articlesBySimilarityPage=48 HTTP/1.1" 200 7635 "-" "Mozilla/5.0 (compatible; SemrushBot/7~bl; +http://www.semrush.com/bot.html)"
185.191.171.3 - - [06/May/2025:16:51:28 +0200] "GET /teacher_list.php?pageNum_news_index=0&pageNum_news_index=1&pageNum_news_index=1&pageNum_news_index=1&pageNum_news_index=4&pageNum_news_index=5&pageNum_news_index=5&pageNum_news_index=6&pageNum_news_index=7 HTTP/1.1" 200 9461 "-" "Mozilla/5.0 (compatible; SemrushBot/7~bl; +http://www.semrush.com/bot.html)"
66.248.200.6 - - [06/May/2025:16:51:31 +0200] "GET /journal/index.php/Alqalam/article/view/395/322 HTTP/1.1" 302 20 "-" "Googlebot/2.1 (+http://www.google.com/bot.html)"
85.208.96.209 - - [06/May/2025:16:51:32 +0200] "GET /teacher_list.php?pageNum_news_index=0&pageNum_news_index=2&pageNum_news_index=3&pageNum_news_index=5&pageNum_news_index=5&pageNum_news_index=8&pageNum_news_index=8&pageNum_news_index=8&pageNum_news_index=8 HTTP/1.1" 200 9482 "-" "Mozilla/5.0 (compatible; SemrushBot/7~bl; +http://www.semrush.com/bot.html)"
66.248.200.6 - - [06/May/2025:16:51:47 +0200] "GET /journal/index.php/Alqalam/article/download/395/322 HTTP/1.1" 200 468296 "-" "Googlebot/2.1 (+http://www.google.com/bot.html)"
185.93.230.19 - - [06/May/2025:16:51:50 +0200] "GET /index.php/component/content/16-2016-12-02-21-36-12/cp/cp/single-news.php?id=296 HTTP/1.1" 200 16203 "-" "Mozilla/5.0 (compatible; Bytespider; spider-feedback@bytedance.com) AppleWebKit/537.36 (KHTML, like Gecko) Chrome/70.0.0.0 Safari/537.36"
185.191.171.4 - - [06/May/2025:16:51:52 +0200] "GET /teacher_list.php?pageNum_news_index=3&pageNum_news_index=3&pageNum_news_index=4&pageNum_news_index=4&pageNum_news_index=4&pageNum_news_index=4&pageNum_news_index=9 HTTP/1.1" 200 9402 "-" "Mozilla/5.0 (compatible; SemrushBot/7~bl; +http://www.semrush.com/bot.html)"
185.93.230.19 - - [06/May/2025:16:51:52 +0200] "GET /index.php/component/content/16-2016-12-02-21-36-12/cp/cp/lib/lightbox//css/lightbox.min.css HTTP/1.1" 200 16203 "https://www.utripoli.edu.ly/index.php/component/content/16-2016-12-02-21-36-12/cp/cp/single-news.php?id=296" "Mozilla/5.0 (compatible; Bytespider; spider-feedback@bytedance.com) AppleWebKit/537.36 (KHTML, like Gecko) Chrome/70.0.0.0 Safari/537.36"
185.93.230.19 - - [06/May/2025:16:51:52 +0200] "GET /index.php/component/content/16-2016-12-02-21-36-12/cp/cp/lib/animate/animate.min.css HTTP/1.1" 200 16203 "https://www.utripoli.edu.ly/index.php/component/content/16-2016-12-02-21-36-12/cp/cp/single-news.php?id=296" "Mozilla/5.0 (compatible; Bytespider; spider-feedback@bytedance.com) AppleWebKit/537.36 (KHTML, like Gecko) Chrome/70.0.0.0 Safari/537.36"
185.93.230.19 - - [06/May/2025:16:51:52 +0200] "GET /index.php/component/content/16-2016-12-02-21-36-12/cp/cp/css/bootstrap.min.css HTTP/1.1" 200 16203 "https://www.utripoli.edu.ly/index.php/component/content/16-2016-12-02-21-36-12/cp/cp/single-news.php?id=296" "Mozilla/5.0 (compatible; Bytespider; spider-feedback@bytedance.com) AppleWebKit/537.36 (KHTML, like Gecko) Chrome/70.0.0.0 Safari/537.36"
185.93.230.19 - - [06/May/2025:16:51:52 +0200] "GET /index.php/component/content/16-2016-12-02-21-36-12/cp/cp/lib/owlcarousel/assets/owl.carousel.min.css HTTP/1.1" 200 16206 "https://www.utripoli.edu.ly/index.php/component/content/16-2016-12-02-21-36-12/cp/cp/single-news.php?id=296" "Mozilla/5.0 (compatible; Bytespider; spider-feedback@bytedance.com) AppleWebKit/537.36 (KHTML, like Gecko) Chrome/70.0.0.0 Safari/537.36"
185.93.230.19 - - [06/May/2025:16:51:52 +0200] "GET /index.php/component/content/16-2016-12-02-21-36-12/cp/cp/css/style.css HTTP/1.1" 200 16204 "https://www.utripoli.edu.ly/index.php/component/content/16-2016-12-02-21-36-12/cp/cp/single-news.php?id=296" "Mozilla/5.0 (compatible; Bytespider; spider-feedback@bytedance.com) AppleWebKit/537.36 (KHTML, like Gecko) Chrome/70.0.0.0 Safari/537.36"
185.93.230.19 - - [06/May/2025:16:51:52 +0200] "GET /index.php/component/content/16-2016-12-02-21-36-12/cp/cp/assets/css/Article-Clean.css HTTP/1.1" 200 16204 "https://www.utripoli.edu.ly/index.php/component/content/16-2016-12-02-21-36-12/cp/cp/single-news.php?id=296" "Mozilla/5.0 (compatible; Bytespider; spider-feedback@bytedance.com) AppleWebKit/537.36 (KHTML, like Gecko) Chrome/70.0.0.0 Safari/537.36"
185.93.230.19 - - [06/May/2025:16:51:52 +0200] "GET /index.php/component/content/16-2016-12-02-21-36-12/cp/cp/assets/css/Projects-Horizontal.css HTTP/1.1" 200 16204 "https://www.utripoli.edu.ly/index.php/component/content/16-2016-12-02-21-36-12/cp/cp/single-news.php?id=296" "Mozilla/5.0 (compatible; Bytespider; spider-feedback@bytedance.com) AppleWebKit/537.36 (KHTML, like Gecko) Chrome/70.0.0.0 Safari/537.36"
185.93.230.19 - - [06/May/2025:16:51:52 +0200] "GET /index.php/component/content/16-2016-12-02-21-36-12/cp/cp/assets/fonts/fontawesome-all.min.css HTTP/1.1" 200 16203 "https://www.utripoli.edu.ly/index.php/component/content/16-2016-12-02-21-36-12/cp/cp/single-news.php?id=296" "Mozilla/5.0 (compatible; Bytespider; spider-feedback@bytedance.com) AppleWebKit/537.36 (KHTML, like Gecko) Chrome/70.0.0.0 Safari/537.36"
185.93.230.19 - - [06/May/2025:16:51:52 +0200] "GET /index.php/component/content/16-2016-12-02-21-36-12/cp/cp/assets/css/Contact-Form-Clean.css HTTP/1.1" 200 16207 "https://www.utripoli.edu.ly/index.php/component/content/16-2016-12-02-21-36-12/cp/cp/single-news.php?id=296" "Mozilla/5.0 (compatible; Bytespider; spider-feedback@bytedance.com) AppleWebKit/537.36 (KHTML, like Gecko) Chrome/70.0.0.0 Safari/537.36"
185.93.230.19 - - [06/May/2025:16:51:52 +0200] "GET /index.php/component/content/16-2016-12-02-21-36-12/cp/cp/assets/css/Features-Blue.css HTTP/1.1" 200 16203 "https://www.utripoli.edu.ly/index.php/component/content/16-2016-12-02-21-36-12/cp/cp/single-news.php?id=296" "Mozilla/5.0 (compatible; Bytespider; spider-feedback@bytedance.com) AppleWebKit/537.36 (KHTML, like Gecko) Chrome/70.0.0.0 Safari/537.36"
185.93.230.19 - - [06/May/2025:16:51:52 +0200] "GET /index.php/component/content/16-2016-12-02-21-36-12/cp/cp/assets/css/Simple-Slider.css HTTP/1.1" 200 16203 "https://www.utripoli.edu.ly/index.php/component/content/16-2016-12-02-21-36-12/cp/cp/single-news.php?id=296" "Mozilla/5.0 (compatible; Bytespider; spider-feedback@bytedance.com) AppleWebKit/537.36 (KHTML, like Gecko) Chrome/70.0.0.0 Safari/537.36"
185.93.230.19 - - [06/May/2025:16:51:52 +0200] "GET /index.php/component/content/16-2016-12-02-21-36-12/cp/cp/assets/css/Brands.css HTTP/1.1" 200 16203 "https://www.utripoli.edu.ly/index.php/component/content/16-2016-12-02-21-36-12/cp/cp/single-news.php?id=296" "Mozilla/5.0 (compatible; Bytespider; spider-feedback@bytedance.com) AppleWebKit/537.36 (KHTML, like Gecko) Chrome/70.0.0.0 Safari/537.36"
185.93.230.19 - - [06/May/2025:16:51:53 +0200] "GET /index.php/component/content/16-2016-12-02-21-36-12/cp/cp/img/logo_r.png HTTP/1.1" 200 78553 "https://www.utripoli.edu.ly/index.php/component/content/16-2016-12-02-21-36-12/cp/cp/single-news.php?id=296" "Mozilla/5.0 (compatible; Bytespider; spider-feedback@bytedance.com) AppleWebKit/537.36 (KHTML, like Gecko) Chrome/70.0.0.0 Safari/537.36"
185.93.230.19 - - [06/May/2025:16:51:53 +0200] "GET /index.php/component/content/16-2016-12-02-21-36-12/cp/cp/img/slide-2.jpg HTTP/1.1" 200 78553 "https://www.utripoli.edu.ly/index.php/component/content/16-2016-12-02-21-36-12/cp/cp/single-news.php?id=296" "Mozilla/5.0 (compatible; Bytespider; spider-feedback@bytedance.com) AppleWebKit/537.36 (KHTML, like Gecko) Chrome/70.0.0.0 Safari/537.36"
185.93.230.19 - - [06/May/2025:16:51:53 +0200] "GET /index.php/component/content/16-2016-12-02-21-36-12/cp/cp/img/icons/classroom.png HTTP/1.1" 200 78553 "https://www.utripoli.edu.ly/index.php/component/content/16-2016-12-02-21-36-12/cp/cp/single-news.php?id=296" "Mozilla/5.0 (compatible; Bytespider; spider-feedback@bytedance.com) AppleWebKit/537.36 (KHTML, like Gecko) Chrome/70.0.0.0 Safari/537.36"
185.93.230.19 - - [06/May/2025:16:51:53 +0200] "GET /index.php/component/content/16-2016-12-02-21-36-12/cp/cp/img/icons/graduate.png HTTP/1.1" 200 78553 "https://www.utripoli.edu.ly/index.php/component/content/16-2016-12-02-21-36-12/cp/cp/single-news.php?id=296" "Mozilla/5.0 (compatible; Bytespider; spider-feedback@bytedance.com) AppleWebKit/537.36 (KHTML, like Gecko) Chrome/70.0.0.0 Safari/537.36"
185.93.230.19 - - [06/May/2025:16:51:53 +0200] "GET /index.php/component/content/16-2016-12-02-21-36-12/cp/cp/img/icons/employee.png HTTP/1.1" 200 78553 "https://www.utripoli.edu.ly/index.php/component/content/16-2016-12-02-21-36-12/cp/cp/single-news.php?id=296" "Mozilla/5.0 (compatible; Bytespider; spider-feedback@bytedance.com) AppleWebKit/537.36 (KHTML, like Gecko) Chrome/70.0.0.0 Safari/537.36"
185.93.230.19 - - [06/May/2025:16:51:53 +0200] "GET /index.php/component/content/16-2016-12-02-21-36-12/cp/cp/img/icons/student.png HTTP/1.1" 200 78553 "https://www.utripoli.edu.ly/index.php/component/content/16-2016-12-02-21-36-12/cp/cp/single-news.php?id=296" "Mozilla/5.0 (compatible; Bytespider; spider-feedback@bytedance.com) AppleWebKit/537.36 (KHTML, like Gecko) Chrome/70.0.0.0 Safari/537.36"
185.93.230.19 - - [06/May/2025:16:51:53 +0200] "GET /index.php/component/content/16-2016-12-02-21-36-12/cp/cp/img/about.jpg HTTP/1.1" 200 78553 "https://www.utripoli.edu.ly/index.php/component/content/16-2016-12-02-21-36-12/cp/cp/single-news.php?id=296" "Mozilla/5.0 (compatible; Bytespider; spider-feedback@bytedance.com) AppleWebKit/537.36 (KHTML, like Gecko) Chrome/70.0.0.0 Safari/537.36"
185.93.230.19 - - [06/May/2025:16:51:53 +0200] "GET /index.php/component/content/16-2016-12-02-21-36-12/cp/cp/img/slide-1.jpg HTTP/1.1" 200 78553 "https://www.utripoli.edu.ly/index.php/component/content/16-2016-12-02-21-36-12/cp/cp/single-news.php?id=296" "Mozilla/5.0 (compatible; Bytespider; spider-feedback@bytedance.com) AppleWebKit/537.36 (KHTML, like Gecko) Chrome/70.0.0.0 Safari/537.36"
85.208.96.202 - - [06/May/2025:16:51:53 +0200] "GET /teacher_list.php?pageNum_news_index=2&pageNum_news_index=2&pageNum_news_index=4&pageNum_news_index=4&pageNum_news_index=5&pageNum_news_index=5&pageNum_news_index=6&pageNum_news_index=8&pageNum_news_index=8&pageNum_news_index=9 HTTP/1.1" 200 9469 "-" "Mozilla/5.0 (compatible; SemrushBot/7~bl; +http://www.semrush.com/bot.html)"
185.93.230.19 - - [06/May/2025:16:51:54 +0200] "GET /index.php/component/content/16-2016-12-02-21-36-12/cp/cp/cp/uploads/news/494648227_1094935569347401_3122463604882329_n.jpg HTTP/1.1" 200 78553 "https://www.utripoli.edu.ly/index.php/component/content/16-2016-12-02-21-36-12/cp/cp/single-news.php?id=296" "Mozilla/5.0 (compatible; Bytespider; spider-feedback@bytedance.com) AppleWebKit/537.36 (KHTML, like Gecko) Chrome/70.0.0.0 Safari/537.36"
185.93.230.19 - - [06/May/2025:16:51:54 +0200] "GET /index.php/component/content/16-2016-12-02-21-36-12/cp/cp/cp/uploads/news/494181703_1093456566161968_5056605548044216759_n.jpg HTTP/1.1" 200 78553 "https://www.utripoli.edu.ly/index.php/component/content/16-2016-12-02-21-36-12/cp/cp/single-news.php?id=296" "Mozilla/5.0 (compatible; Bytespider; spider-feedback@bytedance.com) AppleWebKit/537.36 (KHTML, like Gecko) Chrome/70.0.0.0 Safari/537.36"
185.93.230.19 - - [06/May/2025:16:51:54 +0200] "GET /index.php/component/content/16-2016-12-02-21-36-12/cp/cp/cp/uploads/activities/481194164_1044460221061603_1037927010955694530_n.jpg HTTP/1.1" 200 78553 "https://www.utripoli.edu.ly/index.php/component/content/16-2016-12-02-21-36-12/cp/cp/single-news.php?id=296" "Mozilla/5.0 (compatible; Bytespider; spider-feedback@bytedance.com) AppleWebKit/537.36 (KHTML, like Gecko) Chrome/70.0.0.0 Safari/537.36"
185.93.230.19 - - [06/May/2025:16:51:54 +0200] "GET /index.php/component/content/16-2016-12-02-21-36-12/cp/cp/cp/uploads/news/495161245_1094928226014802_2446482707916467827_n.jpg HTTP/1.1" 200 78553 "https://www.utripoli.edu.ly/index.php/component/content/16-2016-12-02-21-36-12/cp/cp/single-news.php?id=296" "Mozilla/5.0 (compatible; Bytespider; spider-feedback@bytedance.com) AppleWebKit/537.36 (KHTML, like Gecko) Chrome/70.0.0.0 Safari/537.36"
185.93.230.19 - - [06/May/2025:16:51:54 +0200] "GET /index.php/component/content/16-2016-12-02-21-36-12/cp/cp/cp/uploads/activities/476457247_1301209910964579_6056489596862577291_n.jpg HTTP/1.1" 200 78553 "https://www.utripoli.edu.ly/index.php/component/content/16-2016-12-02-21-36-12/cp/cp/single-news.php?id=296" "Mozilla/5.0 (compatible; Bytespider; spider-feedback@bytedance.com) AppleWebKit/537.36 (KHTML, like Gecko) Chrome/70.0.0.0 Safari/537.36"
185.93.230.19 - - [06/May/2025:16:51:54 +0200] "GET /index.php/component/content/16-2016-12-02-21-36-12/cp/cp/img/icons/agreement.png HTTP/1.1" 200 78553 "https://www.utripoli.edu.ly/index.php/component/content/16-2016-12-02-21-36-12/cp/cp/single-news.php?id=296" "Mozilla/5.0 (compatible; Bytespider; spider-feedback@bytedance.com) AppleWebKit/537.36 (KHTML, like Gecko) Chrome/70.0.0.0 Safari/537.36"
185.93.230.19 - - [06/May/2025:16:51:54 +0200] "GET /index.php/component/content/16-2016-12-02-21-36-12/cp/cp/cp/uploads/activities/481214850_1040842181423407_6231038517308051259_n.jpg HTTP/1.1" 200 78553 "https://www.utripoli.edu.ly/index.php/component/content/16-2016-12-02-21-36-12/cp/cp/single-news.php?id=296" "Mozilla/5.0 (compatible; Bytespider; spider-feedback@bytedance.com) AppleWebKit/537.36 (KHTML, like Gecko) Chrome/70.0.0.0 Safari/537.36"
185.93.230.19 - - [06/May/2025:16:51:54 +0200] "GET /index.php/component/content/16-2016-12-02-21-36-12/cp/cp/img/icons/online-library.png HTTP/1.1" 200 78553 "https://www.utripoli.edu.ly/index.php/component/content/16-2016-12-02-21-36-12/cp/cp/single-news.php?id=296" "Mozilla/5.0 (compatible; Bytespider; spider-feedback@bytedance.com) AppleWebKit/537.36 (KHTML, like Gecko) Chrome/70.0.0.0 Safari/537.36"
185.93.230.19 - - [06/May/2025:16:51:54 +0200] "GET /index.php/component/content/16-2016-12-02-21-36-12/cp/cp/img/icons/list.png HTTP/1.1" 200 78553 "https://www.utripoli.edu.ly/index.php/component/content/16-2016-12-02-21-36-12/cp/cp/single-news.php?id=296" "Mozilla/5.0 (compatible; Bytespider; spider-feedback@bytedance.com) AppleWebKit/537.36 (KHTML, like Gecko) Chrome/70.0.0.0 Safari/537.36"
185.93.230.19 - - [06/May/2025:16:51:54 +0200] "GET /index.php/component/content/16-2016-12-02-21-36-12/cp/cp/img/logo_s.png HTTP/1.1" 200 78553 "https://www.utripoli.edu.ly/index.php/component/content/16-2016-12-02-21-36-12/cp/cp/single-news.php?id=296" "Mozilla/5.0 (compatible; Bytespider; spider-feedback@bytedance.com) AppleWebKit/537.36 (KHTML, like Gecko) Chrome/70.0.0.0 Safari/537.36"
185.93.230.19 - - [06/May/2025:16:51:54 +0200] "GET /index.php/component/content/16-2016-12-02-21-36-12/cp/cp/img/icons/structure.png HTTP/1.1" 200 78553 "https://www.utripoli.edu.ly/index.php/component/content/16-2016-12-02-21-36-12/cp/cp/single-news.php?id=296" "Mozilla/5.0 (compatible; Bytespider; spider-feedback@bytedance.com) AppleWebKit/537.36 (KHTML, like Gecko) Chrome/70.0.0.0 Safari/537.36"
185.191.171.11 - - [06/May/2025:16:52:05 +0200] "GET /teacher_list.php?pageNum_news_index=0&pageNum_news_index=2&pageNum_news_index=3&pageNum_news_index=3&pageNum_news_index=3&pageNum_news_index=5&pageNum_news_index=5 HTTP/1.1" 200 9484 "-" "Mozilla/5.0 (compatible; SemrushBot/7~bl; +http://www.semrush.com/bot.html)"
85.208.96.200 - - [06/May/2025:16:52:13 +0200] "GET /teacher_list.php?pageNum_news_index=0&pageNum_news_index=0&pageNum_news_index=0&pageNum_news_index=0&pageNum_news_index=4&pageNum_news_index=6&pageNum_news_index=7&pageNum_news_index=8&pageNum_news_index=9 HTTP/1.1" 200 9454 "-" "Mozilla/5.0 (compatible; SemrushBot/7~bl; +http://www.semrush.com/bot.html)"
85.208.96.203 - - [06/May/2025:16:52:25 +0200] "GET /teacher_list.php?pageNum_news_index=0&pageNum_news_index=0&pageNum_news_index=0&pageNum_news_index=2&pageNum_news_index=2&pageNum_news_index=5&pageNum_news_index=6&pageNum_news_index=6&pageNum_news_index=9 HTTP/1.1" 200 9453 "-" "Mozilla/5.0 (compatible; SemrushBot/7~bl; +http://www.semrush.com/bot.html)"
185.93.229.19 - - [06/May/2025:16:52:27 +0200] "GET /teacher_list.php?pageNum_news_index=0&pageNum_news_index=1&pageNum_news_index=3&pageNum_news_index=6&pageNum_news_index=7&pageNum_news_index=8&pageNum_news_index=8&pageNum_news_index=9 HTTP/1.1" 200 9436 "-" "Mozilla/5.0 (compatible; SemrushBot/7~bl; +http://www.semrush.com/bot.html)"
185.191.171.10 - - [06/May/2025:16:52:35 +0200] "GET /teacher_list.php?pageNum_news_index=1&pageNum_news_index=2&pageNum_news_index=4&pageNum_news_index=4&pageNum_news_index=4&pageNum_news_index=4&pageNum_news_index=5&pageNum_news_index=6&pageNum_news_index=8&pageNum_news_index=8 HTTP/1.1" 200 9499 "-" "Mozilla/5.0 (compatible; SemrushBot/7~bl; +http://www.semrush.com/bot.html)"
185.93.229.19 - - [06/May/2025:16:52:40 +0200] "GET /teacher_list.php?pageNum_news_index=4&pageNum_news_index=5&pageNum_news_index=6&pageNum_news_index=6&pageNum_news_index=8&pageNum_news_index=9 HTTP/1.1" 200 9373 "-" "Mozilla/5.0 (compatible; SemrushBot/7~bl; +http://www.semrush.com/bot.html)"
185.93.230.6 - - [06/May/2025:16:52:42 +0200] "GET /journal/index.php/Alqalam/article/view/758/633 HTTP/1.1" 302 20 "https://uta.edu.ly/journal/index.php/Alqalam/article/view/758?articlesBySimilarityPage=9" "Mozilla/5.0 (Linux; Android 7.0;) AppleWebKit/537.36 (KHTML, like Gecko) Mobile Safari/537.36 (compatible; PetalBot;+https://webmaster.petalsearch.com/site/petalbot)"
185.93.230.6 - - [06/May/2025:16:52:43 +0200] "GET /journal/index.php/Alqalam/article/download/758/633 HTTP/1.1" 200 395737 "https://uta.edu.ly/journal/index.php/Alqalam/article/view/758?articlesBySimilarityPage=9" "Mozilla/5.0 (Linux; Android 7.0;) AppleWebKit/537.36 (KHTML, like Gecko) Mobile Safari/537.36 (compatible; PetalBot;+https://webmaster.petalsearch.com/site/petalbot)"
185.93.230.19 - - [06/May/2025:16:52:44 +0200] "GET /teacher_list.php?pageNum_news_index=8&pageNum_news_index=17 HTTP/1.1" 200 8208 "-" "Mozilla/5.0 (compatible; Bytespider; spider-feedback@bytedance.com) AppleWebKit/537.36 (KHTML, like Gecko) Chrome/70.0.0.0 Safari/537.36"
185.93.230.19 - - [06/May/2025:16:52:45 +0200] "GET /cp/uploads/teacher/FB_IMG_1727625505557.jpg HTTP/1.1" 404 3913 "https://www.utripoli.edu.ly/teacher_list.php?pageNum_news_index=8&pageNum_news_index=17" "Mozilla/5.0 (compatible; Bytespider; spider-feedback@bytedance.com) AppleWebKit/537.36 (KHTML, like Gecko) Chrome/70.0.0.0 Safari/537.36"
185.93.230.19 - - [06/May/2025:16:52:45 +0200] "GET /cp/uploads/teacher/73872.jpg HTTP/1.1" 404 3913 "https://www.utripoli.edu.ly/teacher_list.php?pageNum_news_index=8&pageNum_news_index=17" "Mozilla/5.0 (compatible; Bytespider; spider-feedback@bytedance.com) AppleWebKit/537.36 (KHTML, like Gecko) Chrome/70.0.0.0 Safari/537.36"
192.88.134.19 - - [06/May/2025:16:53:03 +0200] "GET /index.php/banking-and-finance/74-news/cp/departmen.php?id=8 HTTP/1.1" 200 16202 "https://utripoli.edu.ly/index.php/banking-and-finance/74-news/cp/departmen.php?id=8" "Mozilla/5.0 (Macintosh; Intel Mac OS X 10_15_7) AppleWebKit/537.36 (KHTML, like Gecko) Chrome/131.0.0.0 Safari/537.36"
185.191.171.10 - - [06/May/2025:16:53:06 +0200] "GET /teacher_list.php?pageNum_news_index=0&pageNum_news_index=0&pageNum_news_index=0&pageNum_news_index=3&pageNum_news_index=5&pageNum_news_index=6&pageNum_news_index=7&pageNum_news_index=7&pageNum_news_index=7&pageNum_news_index=7&pageNum_news_index=8 HTTP/1.1" 200 9510 "-" "Mozilla/5.0 (compatible; SemrushBot/7~bl; +http://www.semrush.com/bot.html)"
185.191.171.7 - - [06/May/2025:16:53:22 +0200] "GET /teacher_list.php?pageNum_news_index=0&pageNum_news_index=0&pageNum_news_index=5&pageNum_news_index=6&pageNum_news_index=6&pageNum_news_index=6&pageNum_news_index=7&pageNum_news_index=7&pageNum_news_index=7&pageNum_news_index=9 HTTP/1.1" 200 9465 "-" "Mozilla/5.0 (compatible; SemrushBot/7~bl; +http://www.semrush.com/bot.html)"
85.208.96.196 - - [06/May/2025:16:53:25 +0200] "GET /teacher_list.php?pageNum_news_index=0&pageNum_news_index=1&pageNum_news_index=2&pageNum_news_index=2&pageNum_news_index=3&pageNum_news_index=4&pageNum_news_index=5&pageNum_news_index=5&pageNum_news_index=5&pageNum_news_index=6&pageNum_news_index=8&pageNum_news_index=8 HTTP/1.1" 200 9523 "-" "Mozilla/5.0 (compatible; SemrushBot/7~bl; +http://www.semrush.com/bot.html)"
185.191.171.5 - - [06/May/2025:16:53:41 +0200] "GET /teacher_list.php?pageNum_news_index=1&pageNum_news_index=1&pageNum_news_index=1&pageNum_news_index=3&pageNum_news_index=3&pageNum_news_index=3&pageNum_news_index=4&pageNum_news_index=8&pageNum_news_index=8&pageNum_news_index=8 HTTP/1.1" 200 9495 "-" "Mozilla/5.0 (compatible; SemrushBot/7~bl; +http://www.semrush.com/bot.html)"
85.208.96.193 - - [06/May/2025:16:53:48 +0200] "GET /teacher_list.php?pageNum_news_index=1&pageNum_news_index=4&pageNum_news_index=5&pageNum_news_index=5&pageNum_news_index=7&pageNum_news_index=7&pageNum_news_index=8&pageNum_news_index=8&pageNum_news_index=8&pageNum_news_index=8 HTTP/1.1" 200 9497 "-" "Mozilla/5.0 (compatible; SemrushBot/7~bl; +http://www.semrush.com/bot.html)"
185.93.229.19 - - [06/May/2025:16:53:54 +0200] "GET /teacher_list.php?pageNum_news_index=0&pageNum_news_index=0&pageNum_news_index=0&pageNum_news_index=0&pageNum_news_index=0&pageNum_news_index=0&pageNum_news_index=1&pageNum_news_index=1&pageNum_news_index=2&pageNum_news_index=2&pageNum_news_index=4&pageNum_news_index=7&pageNum_news_index=7 HTTP/1.1" 200 9513 "-" "Mozilla/5.0 (compatible; SemrushBot/7~bl; +http://www.semrush.com/bot.html)"
185.93.229.19 - - [06/May/2025:16:54:00 +0200] "GET /teacher_list.php?pageNum_news_index=0&pageNum_news_index=0&pageNum_news_index=2&pageNum_news_index=3&pageNum_news_index=3&pageNum_news_index=6&pageNum_news_index=6&pageNum_news_index=7&pageNum_news_index=7&pageNum_news_index=7&pageNum_news_index=8 HTTP/1.1" 200 9512 "-" "Mozilla/5.0 (compatible; SemrushBot/7~bl; +http://www.semrush.com/bot.html)"
85.208.96.194 - - [06/May/2025:16:54:05 +0200] "GET /teacher_list.php?pageNum_news_index=1&pageNum_news_index=3&pageNum_news_index=3&pageNum_news_index=5&pageNum_news_index=6&pageNum_news_index=6&pageNum_news_index=6&pageNum_news_index=6&pageNum_news_index=6&pageNum_news_index=8 HTTP/1.1" 200 9497 "-" "Mozilla/5.0 (compatible; SemrushBot/7~bl; +http://www.semrush.com/bot.html)"
185.93.230.6 - - [06/May/2025:16:54:07 +0200] "GET /journal/index.php/Alqalam/article/view/757?articlesBySimilarityPage=13 HTTP/1.1" 200 8442 "https://uta.edu.ly/journal/index.php/Alqalam/article/view/757?articlesBySimilarityPage=14" "Mozilla/5.0 (Linux; Android 7.0;) AppleWebKit/537.36 (KHTML, like Gecko) Mobile Safari/537.36 (compatible; PetalBot;+https://webmaster.petalsearch.com/site/petalbot)"
185.93.229.19 - - [06/May/2025:16:54:09 +0200] "GET /robots.txt HTTP/1.1" 404 3913 "-" "Mozilla/5.0 (compatible; SemrushBot/7~bl; +http://www.semrush.com/bot.html)"
85.208.96.194 - - [06/May/2025:16:54:17 +0200] "GET /teacher_list.php?pageNum_news_index=0&pageNum_news_index=0&pageNum_news_index=0&pageNum_news_index=0&pageNum_news_index=2&pageNum_news_index=2&pageNum_news_index=3&pageNum_news_index=4&pageNum_news_index=4&pageNum_news_index=6&pageNum_news_index=8&pageNum_news_index=8 HTTP/1.1" 200 9518 "-" "Mozilla/5.0 (compatible; SemrushBot/7~bl; +http://www.semrush.com/bot.html)"
185.93.229.19 - - [06/May/2025:16:54:18 +0200] "GET /teacher_list.php?pageNum_news_index=0&pageNum_news_index=0&pageNum_news_index=0&pageNum_news_index=2&pageNum_news_index=3&pageNum_news_index=8&pageNum_news_index=8&pageNum_news_index=9 HTTP/1.1" 200 9433 "-" "Mozilla/5.0 (compatible; SemrushBot/7~bl; +http://www.semrush.com/bot.html)"
85.208.96.193 - - [06/May/2025:16:54:24 +0200] "GET /teacher_list.php?pageNum_news_index=4&pageNum_news_index=4&pageNum_news_index=5&pageNum_news_index=6&pageNum_news_index=6&pageNum_news_index=6&pageNum_news_index=6&pageNum_news_index=6&pageNum_news_index=8&pageNum_news_index=8 HTTP/1.1" 200 9496 "-" "Mozilla/5.0 (compatible; SemrushBot/7~bl; +http://www.semrush.com/bot.html)"
185.93.229.19 - - [06/May/2025:16:54:29 +0200] "GET /teacher_list.php?pageNum_news_index=0&pageNum_news_index=0&pageNum_news_index=1&pageNum_news_index=3&pageNum_news_index=5&pageNum_news_index=5&pageNum_news_index=7&pageNum_news_index=7&pageNum_news_index=8&pageNum_news_index=8&pageNum_news_index=9 HTTP/1.1" 200 9490 "-" "Mozilla/5.0 (compatible; SemrushBot/7~bl; +http://www.semrush.com/bot.html)"
85.208.96.209 - - [06/May/2025:16:54:31 +0200] "GET /teacher_list.php?pageNum_news_index=0&pageNum_news_index=0&pageNum_news_index=0&pageNum_news_index=4&pageNum_news_index=5&pageNum_news_index=5&pageNum_news_index=5&pageNum_news_index=7&pageNum_news_index=8&pageNum_news_index=9 HTTP/1.1" 200 9469 "-" "Mozilla/5.0 (compatible; SemrushBot/7~bl; +http://www.semrush.com/bot.html)"
208.109.1.12 - - [06/May/2025:16:54:46 +0200] "POST /wp-admin HTTP/1.1" 404 3913 "https://utripoli.edu.ly/wp-admin/" "Mozilla/5.0 (Windows NT 10.0; Win64; x64) AppleWebKit/537.36 (KHTML, like Gecko) Chrome/90.0.4430.85 Safari/537.36"
