185.93.230.19 - - [06/May/2025:17:27:21 +0200] "GET /index.php/component/content/30-2016-12-02-22-17-51/2016-12-02-22-19-10/cp/cp/uploads/news/494648227_1094935569347401_3122463604882329_n.jpg HTTP/1.1" 200 78553 "https://www.utripoli.edu.ly/index.php/component/content/30-2016-12-02-22-17-51/2016-12-02-22-19-10/cp/single-news.php?id=297" "Mozilla/5.0 (compatible; Bytespider; spider-feedback@bytedance.com) AppleWebKit/537.36 (KHTML, like Gecko) Chrome/70.0.0.0 Safari/537.36"
185.93.230.19 - - [06/May/2025:17:27:21 +0200] "GET /index.php/component/content/30-2016-12-02-22-17-51/2016-12-02-22-19-10/cp/cp/uploads/activities/476457247_1301209910964579_6056489596862577291_n.jpg HTTP/1.1" 200 78553 "https://www.utripoli.edu.ly/index.php/component/content/30-2016-12-02-22-17-51/2016-12-02-22-19-10/cp/single-news.php?id=297" "Mozilla/5.0 (compatible; Bytespider; spider-feedback@bytedance.com) AppleWebKit/537.36 (KHTML, like Gecko) Chrome/70.0.0.0 Safari/537.36"
185.93.230.19 - - [06/May/2025:17:27:21 +0200] "GET /index.php/component/content/30-2016-12-02-22-17-51/2016-12-02-22-19-10/cp/img/icons/employee.png HTTP/1.1" 200 78553 "https://www.utripoli.edu.ly/index.php/component/content/30-2016-12-02-22-17-51/2016-12-02-22-19-10/cp/single-news.php?id=297" "Mozilla/5.0 (compatible; Bytespider; spider-feedback@bytedance.com) AppleWebKit/537.36 (KHTML, like Gecko) Chrome/70.0.0.0 Safari/537.36"
185.93.230.19 - - [06/May/2025:17:27:21 +0200] "GET /index.php/component/content/30-2016-12-02-22-17-51/2016-12-02-22-19-10/cp/cp/uploads/news/494181703_1093456566161968_5056605548044216759_n.jpg HTTP/1.1" 200 78553 "https://www.utripoli.edu.ly/index.php/component/content/30-2016-12-02-22-17-51/2016-12-02-22-19-10/cp/single-news.php?id=297" "Mozilla/5.0 (compatible; Bytespider; spider-feedback@bytedance.com) AppleWebKit/537.36 (KHTML, like Gecko) Chrome/70.0.0.0 Safari/537.36"
185.93.230.19 - - [06/May/2025:17:27:21 +0200] "GET /index.php/component/content/30-2016-12-02-22-17-51/2016-12-02-22-19-10/cp/img/icons/online-library.png HTTP/1.1" 200 78553 "https://www.utripoli.edu.ly/index.php/component/content/30-2016-12-02-22-17-51/2016-12-02-22-19-10/cp/single-news.php?id=297" "Mozilla/5.0 (compatible; Bytespider; spider-feedback@bytedance.com) AppleWebKit/537.36 (KHTML, like Gecko) Chrome/70.0.0.0 Safari/537.36"
185.93.230.19 - - [06/May/2025:17:27:21 +0200] "GET /index.php/component/content/30-2016-12-02-22-17-51/2016-12-02-22-19-10/cp/img/icons/structure.png HTTP/1.1" 200 78553 "https://www.utripoli.edu.ly/index.php/component/content/30-2016-12-02-22-17-51/2016-12-02-22-19-10/cp/single-news.php?id=297" "Mozilla/5.0 (compatible; Bytespider; spider-feedback@bytedance.com) AppleWebKit/537.36 (KHTML, like Gecko) Chrome/70.0.0.0 Safari/537.36"
185.93.230.19 - - [06/May/2025:17:27:21 +0200] "GET /index.php/component/content/30-2016-12-02-22-17-51/2016-12-02-22-19-10/cp/cp/uploads/activities/481214850_1040842181423407_6231038517308051259_n.jpg HTTP/1.1" 200 78553 "https://www.utripoli.edu.ly/index.php/component/content/30-2016-12-02-22-17-51/2016-12-02-22-19-10/cp/single-news.php?id=297" "Mozilla/5.0 (compatible; Bytespider; spider-feedback@bytedance.com) AppleWebKit/537.36 (KHTML, like Gecko) Chrome/70.0.0.0 Safari/537.36"
185.93.230.19 - - [06/May/2025:17:27:21 +0200] "GET /index.php/component/content/30-2016-12-02-22-17-51/2016-12-02-22-19-10/cp/cp/uploads/activities/481194164_1044460221061603_1037927010955694530_n.jpg HTTP/1.1" 200 78553 "https://www.utripoli.edu.ly/index.php/component/content/30-2016-12-02-22-17-51/2016-12-02-22-19-10/cp/single-news.php?id=297" "Mozilla/5.0 (compatible; Bytespider; spider-feedback@bytedance.com) AppleWebKit/537.36 (KHTML, like Gecko) Chrome/70.0.0.0 Safari/537.36"
185.93.230.19 - - [06/May/2025:17:27:21 +0200] "GET /index.php/component/content/30-2016-12-02-22-17-51/2016-12-02-22-19-10/cp/img/icons/list.png HTTP/1.1" 200 78553 "https://www.utripoli.edu.ly/index.php/component/content/30-2016-12-02-22-17-51/2016-12-02-22-19-10/cp/single-news.php?id=297" "Mozilla/5.0 (compatible; Bytespider; spider-feedback@bytedance.com) AppleWebKit/537.36 (KHTML, like Gecko) Chrome/70.0.0.0 Safari/537.36"
185.93.230.19 - - [06/May/2025:17:27:21 +0200] "GET /index.php/component/content/30-2016-12-02-22-17-51/2016-12-02-22-19-10/cp/img/icons/agreement.png HTTP/1.1" 200 78553 "https://www.utripoli.edu.ly/index.php/component/content/30-2016-12-02-22-17-51/2016-12-02-22-19-10/cp/single-news.php?id=297" "Mozilla/5.0 (compatible; Bytespider; spider-feedback@bytedance.com) AppleWebKit/537.36 (KHTML, like Gecko) Chrome/70.0.0.0 Safari/537.36"
185.93.230.19 - - [06/May/2025:17:27:21 +0200] "GET /index.php/component/content/30-2016-12-02-22-17-51/2016-12-02-22-19-10/cp/img/logo_s.png HTTP/1.1" 200 78553 "https://www.utripoli.edu.ly/index.php/component/content/30-2016-12-02-22-17-51/2016-12-02-22-19-10/cp/single-news.php?id=297" "Mozilla/5.0 (compatible; Bytespider; spider-feedback@bytedance.com) AppleWebKit/537.36 (KHTML, like Gecko) Chrome/70.0.0.0 Safari/537.36"
85.208.96.204 - - [06/May/2025:17:27:29 +0200] "GET /teacher_list.php?pageNum_news_index=1&pageNum_news_index=5&pageNum_news_index=5&pageNum_news_index=5&pageNum_news_index=6&pageNum_news_index=6&pageNum_news_index=9 HTTP/1.1" 200 9406 "-" "Mozilla/5.0 (compatible; SemrushBot/7~bl; +http://www.semrush.com/bot.html)"
185.93.230.6 - - [06/May/2025:17:27:31 +0200] "GET /journal/index.php/Alqalam/citationstylelanguage/get/vancouver?submissionId=51&publicationId=51 HTTP/1.1" 200 263 "https://uta.edu.ly/journal/index.php/Alqalam/article/view/51" "Mozilla/5.0 (Linux; Android 7.0;) AppleWebKit/537.36 (KHTML, like Gecko) Mobile Safari/537.36 (compatible; PetalBot;+https://webmaster.petalsearch.com/site/petalbot)"
185.93.228.19 - - [06/May/2025:17:27:40 +0200] "GET /result.php HTTP/1.1" 200 7292 "https://utripoli.edu.ly/getresult.php?id=2010438" "Mozilla/5.0 (iPhone; CPU iPhone OS 18_3_2 like Mac OS X) AppleWebKit/605.1.15 (KHTML, like Gecko) CriOS/136.0.7103.56 Mobile/15E148 Safari/604.1"
85.208.96.203 - - [06/May/2025:17:27:41 +0200] "GET /teacher_list.php?pageNum_news_index=0&pageNum_news_index=3&pageNum_news_index=3&pageNum_news_index=6&pageNum_news_index=7&pageNum_news_index=8&pageNum_news_index=8&pageNum_news_index=8&pageNum_news_index=8&pageNum_news_index=8 HTTP/1.1" 200 9501 "-" "Mozilla/5.0 (compatible; SemrushBot/7~bl; +http://www.semrush.com/bot.html)"
66.248.200.6 - - [06/May/2025:17:27:49 +0200] "GET /journal/index.php/Alqalam/article/view/875?articlesBySimilarityPage=15 HTTP/1.1" 200 8322 "-" "Mozilla/5.0 AppleWebKit/537.36 (KHTML, like Gecko; compatible; ClaudeBot/1.0; +claudebot@anthropic.com)"
185.191.171.16 - - [06/May/2025:17:28:08 +0200] "GET /teacher_list.php?pageNum_news_index=2&pageNum_news_index=2&pageNum_news_index=3&pageNum_news_index=4&pageNum_news_index=4&pageNum_news_index=5&pageNum_news_index=5&pageNum_news_index=5&pageNum_news_index=7&pageNum_news_index=7&pageNum_news_index=9 HTTP/1.1" 200 9492 "-" "Mozilla/5.0 (compatible; SemrushBot/7~bl; +http://www.semrush.com/bot.html)"
85.208.96.198 - - [06/May/2025:17:28:18 +0200] "GET /teacher_list.php?pageNum_news_index=0&pageNum_news_index=1&pageNum_news_index=3&pageNum_news_index=4&pageNum_news_index=4&pageNum_news_index=8&pageNum_news_index=8 HTTP/1.1" 200 9438 "-" "Mozilla/5.0 (compatible; SemrushBot/7~bl; +http://www.semrush.com/bot.html)"
185.191.171.13 - - [06/May/2025:17:28:22 +0200] "GET /teacher_list.php?pageNum_news_index=0&pageNum_news_index=1&pageNum_news_index=4&pageNum_news_index=4&pageNum_news_index=4&pageNum_news_index=4&pageNum_news_index=4&pageNum_news_index=6&pageNum_news_index=6 HTTP/1.1" 200 9500 "-" "Mozilla/5.0 (compatible; SemrushBot/7~bl; +http://www.semrush.com/bot.html)"
185.191.171.16 - - [06/May/2025:17:28:27 +0200] "GET /teacher_list.php?pageNum_news_index=0&pageNum_news_index=0&pageNum_news_index=1&pageNum_news_index=2&pageNum_news_index=3&pageNum_news_index=3&pageNum_news_index=4&pageNum_news_index=4&pageNum_news_index=5&pageNum_news_index=6&pageNum_news_index=7 HTTP/1.1" 200 9495 "-" "Mozilla/5.0 (compatible; SemrushBot/7~bl; +http://www.semrush.com/bot.html)"
85.208.96.195 - - [06/May/2025:17:28:47 +0200] "GET /teacher_list.php?pageNum_news_index=3&pageNum_news_index=3&pageNum_news_index=3&pageNum_news_index=3&pageNum_news_index=6&pageNum_news_index=6&pageNum_news_index=6&pageNum_news_index=6&pageNum_news_index=6 HTTP/1.1" 200 9496 "-" "Mozilla/5.0 (compatible; SemrushBot/7~bl; +http://www.semrush.com/bot.html)"
85.208.96.200 - - [06/May/2025:17:28:52 +0200] "GET /teacher_list.php?pageNum_news_index=1&pageNum_news_index=2&pageNum_news_index=2&pageNum_news_index=5&pageNum_news_index=6&pageNum_news_index=8&pageNum_news_index=8&pageNum_news_index=8&pageNum_news_index=8 HTTP/1.1" 200 9482 "-" "Mozilla/5.0 (compatible; SemrushBot/7~bl; +http://www.semrush.com/bot.html)"
185.93.230.6 - - [06/May/2025:17:28:55 +0200] "GET /journal/index.php/Alqalam/citationstylelanguage/get/vancouver?submissionId=119&publicationId=119 HTTP/1.1" 200 300 "https://uta.edu.ly/journal/index.php/Alqalam/article/view/119" "Mozilla/5.0 (Linux; Android 7.0;) AppleWebKit/537.36 (KHTML, like Gecko) Mobile Safari/537.36 (compatible; PetalBot;+https://webmaster.petalsearch.com/site/petalbot)"
185.93.230.19 - - [06/May/2025:17:29:03 +0200] "GET /teacher_list.php?pageNum_news_index=0&pageNum_news_index=7 HTTP/1.1" 200 8182 "-" "Mozilla/5.0 (compatible; Bytespider; spider-feedback@bytedance.com) AppleWebKit/537.36 (KHTML, like Gecko) Chrome/70.0.0.0 Safari/537.36"
66.248.200.6 - - [06/May/2025:17:29:10 +0200] "GET /journal/index.php/Alqalam/article/view/462 HTTP/1.1" 200 5647 "-" "Mozilla/5.0 AppleWebKit/537.36 (KHTML, like Gecko; compatible; ClaudeBot/1.0; +claudebot@anthropic.com)"
185.191.171.12 - - [06/May/2025:17:29:45 +0200] "GET /teacher_list.php?pageNum_news_index=1&pageNum_news_index=2&pageNum_news_index=2&pageNum_news_index=3&pageNum_news_index=6&pageNum_news_index=6&pageNum_news_index=6&pageNum_news_index=7&pageNum_news_index=7&pageNum_news_index=9 HTTP/1.1" 200 9471 "-" "Mozilla/5.0 (compatible; SemrushBot/7~bl; +http://www.semrush.com/bot.html)"
85.208.96.203 - - [06/May/2025:17:29:51 +0200] "GET /teacher_list.php?pageNum_news_index=2&pageNum_news_index=3&pageNum_news_index=6&pageNum_news_index=6&pageNum_news_index=6&pageNum_news_index=6&pageNum_news_index=6 HTTP/1.1" 200 9457 "-" "Mozilla/5.0 (compatible; SemrushBot/7~bl; +http://www.semrush.com/bot.html)"
185.93.230.19 - - [06/May/2025:17:29:57 +0200] "GET /teacher_list.php?pageNum_news_index=7&pageNum_news_index=4 HTTP/1.1" 200 8172 "-" "Mozilla/5.0 (compatible; Bytespider; spider-feedback@bytedance.com) AppleWebKit/537.36 (KHTML, like Gecko) Chrome/70.0.0.0 Safari/537.36"
185.93.230.19 - - [06/May/2025:17:29:58 +0200] "GET /cp/uploads/teacher/ HTTP/1.1" 403 4213 "https://utripoli.edu.ly/teacher_list.php?pageNum_news_index=7&pageNum_news_index=4" "Mozilla/5.0 (compatible; Bytespider; spider-feedback@bytedance.com) AppleWebKit/537.36 (KHTML, like Gecko) Chrome/70.0.0.0 Safari/537.36"
185.191.171.11 - - [06/May/2025:17:30:07 +0200] "GET /teacher_list.php?pageNum_news_index=1&pageNum_news_index=2&pageNum_news_index=5&pageNum_news_index=5&pageNum_news_index=5&pageNum_news_index=5&pageNum_news_index=5&pageNum_news_index=7&pageNum_news_index=7&pageNum_news_index=7&pageNum_news_index=9 HTTP/1.1" 200 9489 "-" "Mozilla/5.0 (compatible; SemrushBot/7~bl; +http://www.semrush.com/bot.html)"
185.191.171.5 - - [06/May/2025:17:30:10 +0200] "GET /teacher_list.php?pageNum_news_index=0&pageNum_news_index=0&pageNum_news_index=0&pageNum_news_index=2&pageNum_news_index=3&pageNum_news_index=6&pageNum_news_index=7&pageNum_news_index=8&pageNum_news_index=8&pageNum_news_index=8&pageNum_news_index=8 HTTP/1.1" 200 9515 "-" "Mozilla/5.0 (compatible; SemrushBot/7~bl; +http://www.semrush.com/bot.html)"
85.208.96.204 - - [06/May/2025:17:30:15 +0200] "GET /teacher_list.php?pageNum_news_index=0&pageNum_news_index=0&pageNum_news_index=2&pageNum_news_index=2&pageNum_news_index=3&pageNum_news_index=4&pageNum_news_index=6&pageNum_news_index=6&pageNum_news_index=6&pageNum_news_index=7&pageNum_news_index=8 HTTP/1.1" 200 9517 "-" "Mozilla/5.0 (compatible; SemrushBot/7~bl; +http://www.semrush.com/bot.html)"
185.93.229.19 - - [06/May/2025:17:30:15 +0200] "GET /robots.txt HTTP/1.1" 404 3913 "-" "Mozilla/5.0 (compatible; SemrushBot/7~bl; +http://www.semrush.com/bot.html)"
66.248.200.6 - - [06/May/2025:17:30:26 +0200] "GET /journal/index.php/Alqalam/article/view/68 HTTP/1.1" 200 6075 "-" "Googlebot/2.1 (+http://www.google.com/bot.html)"
66.248.200.6 - - [06/May/2025:17:30:32 +0200] "GET /journal/index.php/Alqalam/article/view/461 HTTP/1.1" 200 5651 "-" "Mozilla/5.0 AppleWebKit/537.36 (KHTML, like Gecko; compatible; ClaudeBot/1.0; +claudebot@anthropic.com)"
185.191.171.11 - - [06/May/2025:17:30:39 +0200] "GET /teacher_list.php?pageNum_news_index=1&pageNum_news_index=1&pageNum_news_index=3&pageNum_news_index=4&pageNum_news_index=6&pageNum_news_index=7&pageNum_news_index=8&pageNum_news_index=8&pageNum_news_index=8 HTTP/1.1" 200 9483 "-" "Mozilla/5.0 (compatible; SemrushBot/7~bl; +http://www.semrush.com/bot.html)"
185.191.171.6 - - [06/May/2025:17:30:42 +0200] "GET /teacher_list.php?pageNum_news_index=2&pageNum_news_index=2&pageNum_news_index=3&pageNum_news_index=3&pageNum_news_index=4&pageNum_news_index=4&pageNum_news_index=4&pageNum_news_index=4&pageNum_news_index=6 HTTP/1.1" 200 9500 "-" "Mozilla/5.0 (compatible; SemrushBot/7~bl; +http://www.semrush.com/bot.html)"
185.191.171.9 - - [06/May/2025:17:30:49 +0200] "GET /teacher_list.php?pageNum_news_index=3&pageNum_news_index=5&pageNum_news_index=7&pageNum_news_index=7&pageNum_news_index=7&pageNum_news_index=7&pageNum_news_index=7&pageNum_news_index=7 HTTP/1.1" 200 9433 "-" "Mozilla/5.0 (compatible; SemrushBot/7~bl; +http://www.semrush.com/bot.html)"
85.208.96.198 - - [06/May/2025:17:30:49 +0200] "GET /robots.txt HTTP/1.1" 404 3913 "-" "Mozilla/5.0 (compatible; SemrushBot/7~bl; +http://www.semrush.com/bot.html)"
185.93.230.19 - - [06/May/2025:17:30:51 +0200] "GET /teacher_list.php?pageNum_news_index=2&pageNum_news_index=1 HTTP/1.1" 200 8108 "-" "Mozilla/5.0 (compatible; Bytespider; spider-feedback@bytedance.com) AppleWebKit/537.36 (KHTML, like Gecko) Chrome/70.0.0.0 Safari/537.36"
185.191.171.3 - - [06/May/2025:17:30:51 +0200] "GET /teacher_list.php?pageNum_news_index=1&pageNum_news_index=1&pageNum_news_index=1&pageNum_news_index=2&pageNum_news_index=2&pageNum_news_index=4&pageNum_news_index=4&pageNum_news_index=5&pageNum_news_index=6&pageNum_news_index=6&pageNum_news_index=6&pageNum_news_index=7 HTTP/1.1" 200 9498 "-" "Mozilla/5.0 (compatible; SemrushBot/7~bl; +http://www.semrush.com/bot.html)"
185.191.171.12 - - [06/May/2025:17:30:55 +0200] "GET /teacher_list.php?pageNum_news_index=0&pageNum_news_index=2&pageNum_news_index=2&pageNum_news_index=6&pageNum_news_index=6&pageNum_news_index=6&pageNum_news_index=7&pageNum_news_index=9 HTTP/1.1" 200 9435 "-" "Mozilla/5.0 (compatible; SemrushBot/7~bl; +http://www.semrush.com/bot.html)"
185.191.171.5 - - [06/May/2025:17:31:04 +0200] "GET /teacher_list.php?pageNum_news_index=0&pageNum_news_index=0&pageNum_news_index=0&pageNum_news_index=0&pageNum_news_index=2&pageNum_news_index=2&pageNum_news_index=2&pageNum_news_index=6&pageNum_news_index=8&pageNum_news_index=8&pageNum_news_index=8 HTTP/1.1" 200 9510 "-" "Mozilla/5.0 (compatible; SemrushBot/7~bl; +http://www.semrush.com/bot.html)"
66.248.202.2 - - [06/May/2025:17:31:08 +0200] "GET /cp/uploads/project/default.jpg HTTP/1.1" 200 196065 "-" "Mozilla/5.0 (iPad; CPU OS 17_0_3 like Mac OS X) AppleWebKit/605.1.15 (KHTML, like Gecko) Version/17.0.1 Mobile/15E148 Safari/604.1"
85.208.96.193 - - [06/May/2025:17:31:11 +0200] "GET /teacher_list.php?pageNum_news_index=1&pageNum_news_index=3&pageNum_news_index=3&pageNum_news_index=5&pageNum_news_index=5&pageNum_news_index=5&pageNum_news_index=6&pageNum_news_index=6&pageNum_news_index=6&pageNum_news_index=6&pageNum_news_index=7&pageNum_news_index=7 HTTP/1.1" 200 9496 "-" "Mozilla/5.0 (compatible; SemrushBot/7~bl; +http://www.semrush.com/bot.html)"
85.208.96.208 - - [06/May/2025:17:31:29 +0200] "GET /teacher_list.php?pageNum_news_index=1&pageNum_news_index=1&pageNum_news_index=1&pageNum_news_index=1&pageNum_news_index=2&pageNum_news_index=3&pageNum_news_index=3&pageNum_news_index=4&pageNum_news_index=4&pageNum_news_index=5&pageNum_news_index=5 HTTP/1.1" 200 9562 "-" "Mozilla/5.0 (compatible; SemrushBot/7~bl; +http://www.semrush.com/bot.html)"
185.191.171.3 - - [06/May/2025:17:31:49 +0200] "GET /teacher_list.php?pageNum_news_index=1&pageNum_news_index=2&pageNum_news_index=2&pageNum_news_index=2&pageNum_news_index=2&pageNum_news_index=3&pageNum_news_index=5&pageNum_news_index=5&pageNum_news_index=5&pageNum_news_index=8&pageNum_news_index=8 HTTP/1.1" 200 9512 "-" "Mozilla/5.0 (compatible; SemrushBot/7~bl; +http://www.semrush.com/bot.html)"
185.93.230.6 - - [06/May/2025:17:31:59 +0200] "GET /journal/index.php/Alqalam/citationstylelanguage/get/modern-language-association?submissionId=497&publicationId=497 HTTP/1.1" 200 252 "https://uta.edu.ly/journal/index.php/Alqalam/article/view/497" "Mozilla/5.0 (Linux; Android 7.0;) AppleWebKit/537.36 (KHTML, like Gecko) Mobile Safari/537.36 (compatible; PetalBot;+https://webmaster.petalsearch.com/site/petalbot)"
185.93.229.6 - - [06/May/2025:17:32:12 +0200] "GET /teacher_list.php?pageNum_news_index=6&&pageNum_news_index=8&&pageNum_news_index=0&&pageNum_news_index=2&&pageNum_news_index=9&&pageNum_news_index=0&&pageNum_news_index=3&&pageNum_news_index=7&&pageNum_news_index=8&&pageNum_news_index=11&&pageNum_news_index=15&&pageNum_news_index=0&&pageNum_news_index=2&&pageNum_news_index=3&&pageNum_news_index=5 HTTP/1.1" 200 9624 "-" "Mozilla/5.0 AppleWebKit/537.36 (KHTML, like Gecko; compatible; bingbot/2.0; +http://www.bing.com/bingbot.htm) Chrome/116.0.1938.76 Safari/537.36"
185.93.229.6 - - [06/May/2025:17:32:18 +0200] "GET /cp/student/startcourse.php?search=Hommer+Home+Mixer+price HTTP/1.1" 302 2352 "-" "Mozilla/5.0 (Windows NT 10.0; Win64; x64) AppleWebKit/537.36 (KHTML, like Gecko) Chrome/112.0.0.0 Safari/537.36 Edg/112.0.1722.68"
185.93.229.6 - - [06/May/2025:17:32:19 +0200] "GET /cp/student/login.php?accesscheck=%2Fcp%2Fstudent%2Fstartcourse.php%3Fsearch%3DHommer%2BHome%2BMixer%2Bprice HTTP/1.1" 200 1895 "-" "Mozilla/5.0 (Windows NT 10.0; Win64; x64) AppleWebKit/537.36 (KHTML, like Gecko) Chrome/112.0.0.0 Safari/537.36 Edg/112.0.1722.68"
185.191.171.9 - - [06/May/2025:17:32:20 +0200] "GET /teacher_list.php?pageNum_news_index=5&pageNum_news_index=5&pageNum_news_index=7&pageNum_news_index=8&pageNum_news_index=8&pageNum_news_index=8&pageNum_news_index=8&pageNum_news_index=8 HTTP/1.1" 200 9469 "-" "Mozilla/5.0 (compatible; SemrushBot/7~bl; +http://www.semrush.com/bot.html)"
85.208.96.205 - - [06/May/2025:17:32:22 +0200] "GET /teacher_list.php?pageNum_news_index=2&pageNum_news_index=2&pageNum_news_index=2&pageNum_news_index=3&pageNum_news_index=4&pageNum_news_index=4&pageNum_news_index=7&pageNum_news_index=7&pageNum_news_index=8&pageNum_news_index=9 HTTP/1.1" 200 9472 "-" "Mozilla/5.0 (compatible; SemrushBot/7~bl; +http://www.semrush.com/bot.html)"
185.93.229.6 - - [06/May/2025:17:32:23 +0200] "GET /journal/index.php/Alqalam/article/view/89 HTTP/1.1" 200 6890 "-" "Mozilla/5.0 AppleWebKit/537.36 (KHTML, like Gecko; compatible; Amazonbot/0.1; +https://developer.amazon.com/support/amazonbot) Chrome/119.0.6045.214 Safari/537.36"
85.208.96.193 - - [06/May/2025:17:32:24 +0200] "GET /teacher_list.php?pageNum_news_index=1&pageNum_news_index=3&pageNum_news_index=3&pageNum_news_index=3&pageNum_news_index=3&pageNum_news_index=3&pageNum_news_index=7&pageNum_news_index=7&pageNum_news_index=7&pageNum_news_index=7 HTTP/1.1" 200 9467 "-" "Mozilla/5.0 (compatible; SemrushBot/7~bl; +http://www.semrush.com/bot.html)"
185.93.229.6 - - [06/May/2025:17:32:27 +0200] "GET /journal/index.php/Alqalam/article/view/115 HTTP/1.1" 200 6158 "-" "Mozilla/5.0 AppleWebKit/537.36 (KHTML, like Gecko; compatible; Amazonbot/0.1; +https://developer.amazon.com/support/amazonbot) Chrome/119.0.6045.214 Safari/537.36"
185.191.171.11 - - [06/May/2025:17:32:27 +0200] "GET /teacher_list.php?pageNum_news_index=0&pageNum_news_index=0&pageNum_news_index=3&pageNum_news_index=3&pageNum_news_index=5&pageNum_news_index=6&pageNum_news_index=6&pageNum_news_index=8&pageNum_news_index=8 HTTP/1.1" 200 9481 "-" "Mozilla/5.0 (compatible; SemrushBot/7~bl; +http://www.semrush.com/bot.html)"
185.93.229.6 - - [06/May/2025:17:32:31 +0200] "GET /journal/index.php/Alqalam/article/view/712 HTTP/1.1" 200 7364 "-" "Mozilla/5.0 AppleWebKit/537.36 (KHTML, like Gecko; compatible; Amazonbot/0.1; +https://developer.amazon.com/support/amazonbot) Chrome/119.0.6045.214 Safari/537.36"
185.93.230.6 - - [06/May/2025:17:32:36 +0200] "GET /journal/index.php/Alqalam/citationstylelanguage/get/associacao-brasileira-de-normas-tecnicas?submissionId=189&publicationId=189 HTTP/1.1" 200 308 "https://uta.edu.ly/journal/index.php/Alqalam/article/view/189" "Mozilla/5.0 (Linux; Android 7.0;) AppleWebKit/537.36 (KHTML, like Gecko) Mobile Safari/537.36 (compatible; PetalBot;+https://webmaster.petalsearch.com/site/petalbot)"
185.93.230.19 - - [06/May/2025:17:32:35 +0200] "GET /index.php/office.php?id=6 HTTP/1.1" 200 16204 "https://utripoli.edu.ly/index.php/graduates-affairs.php" "Mozilla/5.0 (Linux; Android 7.0;) AppleWebKit/537.36 (KHTML, like Gecko) Mobile Safari/537.36 (compatible; PetalBot;+https://webmaster.petalsearch.com/site/petalbot)"
185.93.229.6 - - [06/May/2025:17:32:37 +0200] "GET /journal/index.php/Alqalam/article/view/308 HTTP/1.1" 200 7757 "-" "Mozilla/5.0 AppleWebKit/537.36 (KHTML, like Gecko; compatible; Amazonbot/0.1; +https://developer.amazon.com/support/amazonbot) Chrome/119.0.6045.214 Safari/537.36"
185.93.229.6 - - [06/May/2025:17:32:39 +0200] "GET /journal/index.php/Alqalam/article/view/1 HTTP/1.1" 200 8234 "-" "Mozilla/5.0 AppleWebKit/537.36 (KHTML, like Gecko; compatible; Amazonbot/0.1; +https://developer.amazon.com/support/amazonbot) Chrome/119.0.6045.214 Safari/537.36"
185.93.229.6 - - [06/May/2025:17:32:42 +0200] "GET /cp/student/startcourse.php?search=providence+university+taiwan+admission HTTP/1.1" 302 2352 "-" "Mozilla/5.0 AppleWebKit/537.36 (KHTML, like Gecko; compatible; bingbot/2.0; +http://www.bing.com/bingbot.htm) Chrome/116.0.1938.76 Safari/537.36"
185.93.229.6 - - [06/May/2025:17:32:43 +0200] "GET /journal/index.php/Alqalam/article/view/772 HTTP/1.1" 200 9738 "-" "Mozilla/5.0 AppleWebKit/537.36 (KHTML, like Gecko; compatible; Amazonbot/0.1; +https://developer.amazon.com/support/amazonbot) Chrome/119.0.6045.214 Safari/537.36"
185.93.229.6 - - [06/May/2025:17:32:48 +0200] "GET /journal/index.php/Alqalam/article/view/496 HTTP/1.1" 200 7968 "-" "Mozilla/5.0 AppleWebKit/537.36 (KHTML, like Gecko; compatible; Amazonbot/0.1; +https://developer.amazon.com/support/amazonbot) Chrome/119.0.6045.214 Safari/537.36"
85.208.96.205 - - [06/May/2025:17:32:48 +0200] "GET /teacher_list.php?pageNum_news_index=2&pageNum_news_index=3&pageNum_news_index=5&pageNum_news_index=5&pageNum_news_index=5&pageNum_news_index=5&pageNum_news_index=6&pageNum_news_index=6&pageNum_news_index=7&pageNum_news_index=9 HTTP/1.1" 200 9469 "-" "Mozilla/5.0 (compatible; SemrushBot/7~bl; +http://www.semrush.com/bot.html)"
185.93.229.6 - - [06/May/2025:17:32:53 +0200] "GET /cp/student/login.php?accesscheck=%2Fcp%2Fstudent%2Fstartcourse.php%3Fsearch%3Dprovidence%2Buniversity%2Btaiwan%2Badmission HTTP/1.1" 200 1895 "-" "Mozilla/5.0 AppleWebKit/537.36 (KHTML, like Gecko; compatible; bingbot/2.0; +http://www.bing.com/bingbot.htm) Chrome/116.0.1938.76 Safari/537.36"
185.191.171.19 - - [06/May/2025:17:32:55 +0200] "GET /teacher_list.php?pageNum_news_index=2&pageNum_news_index=2&pageNum_news_index=2&pageNum_news_index=4&pageNum_news_index=4&pageNum_news_index=4&pageNum_news_index=6&pageNum_news_index=7&pageNum_news_index=7 HTTP/1.1" 200 9455 "-" "Mozilla/5.0 (compatible; SemrushBot/7~bl; +http://www.semrush.com/bot.html)"
185.93.230.6 - - [06/May/2025:17:33:09 +0200] "GET /journal/index.php/Alqalam/citationstylelanguage/get/apa?submissionId=133&publicationId=133 HTTP/1.1" 200 315 "https://uta.edu.ly/journal/index.php/Alqalam/article/view/133?articlesBySimilarityPage=2" "Mozilla/5.0 (Linux; Android 7.0;) AppleWebKit/537.36 (KHTML, like Gecko) Mobile Safari/537.36 (compatible; PetalBot;+https://webmaster.petalsearch.com/site/petalbot)"
185.93.229.6 - - [06/May/2025:17:33:12 +0200] "GET /teacher_list.php?pageNum_news_index=6&&pageNum_news_index=8&&pageNum_news_index=0&&pageNum_news_index=1&&pageNum_news_index=3&&pageNum_news_index=6&&pageNum_news_index=6&&pageNum_news_index=0&&pageNum_news_index=1&&pageNum_news_index=2&&pageNum_news_index=5&&pageNum_news_index=6&&pageNum_news_index=9&&pageNum_news_index=0&&pageNum_news_index=1&&pageNum_news_index=1&&pageNum_news_index=5&&pageNum_news_index=9&&pageNum_news_index=9&&pageNum_news_index=12 HTTP/1.1" 200 9586 "-" "Mozilla/5.0 AppleWebKit/537.36 (KHTML, like Gecko; compatible; bingbot/2.0; +http://www.bing.com/bingbot.htm) Chrome/116.0.1938.76 Safari/537.36"
185.93.229.19 - - [06/May/2025:17:33:25 +0200] "GET /cp/uploads/news/381045549_708652274642401_2662503615189363523_n.jpg HTTP/1.1" 304 - "-" "Googlebot-Image/1.0"
185.93.229.19 - - [06/May/2025:17:33:28 +0200] "GET /teacher_list.php?pageNum_news_index=0&pageNum_news_index=0&pageNum_news_index=0&pageNum_news_index=2&pageNum_news_index=2&pageNum_news_index=2&pageNum_news_index=2&pageNum_news_index=2&pageNum_news_index=3&pageNum_news_index=4&pageNum_news_index=5&pageNum_news_index=7&pageNum_news_index=7 HTTP/1.1" 200 9516 "-" "Mozilla/5.0 (compatible; SemrushBot/7~bl; +http://www.semrush.com/bot.html)"
185.93.229.19 - - [06/May/2025:17:33:31 +0200] "GET /cp/uploads/news/12.png HTTP/1.1" 200 77925 "-" "Googlebot-Image/1.0"
66.248.200.6 - - [06/May/2025:17:33:30 +0200] "GET /journal/index.php/Alqalam/article/view/763?articlesBySimilarityPage=20 HTTP/1.1" 200 8410 "-" "Mozilla/5.0 AppleWebKit/537.36 (KHTML, like Gecko; compatible; ClaudeBot/1.0; +claudebot@anthropic.com)"
185.93.229.19 - - [06/May/2025:17:33:31 +0200] "GET /teacher_list.php?pageNum_news_index=0&pageNum_news_index=1&pageNum_news_index=1&pageNum_news_index=3&pageNum_news_index=3&pageNum_news_index=4&pageNum_news_index=4&pageNum_news_index=6&pageNum_news_index=6&pageNum_news_index=8&pageNum_news_index=8 HTTP/1.1" 200 9515 "-" "Mozilla/5.0 (compatible; SemrushBot/7~bl; +http://www.semrush.com/bot.html)"
66.248.200.6 - - [06/May/2025:17:33:30 +0200] "GET /journal/index.php/Alqalam/article/view/861?articlesBySimilarityPage=53 HTTP/1.1" 200 8124 "-" "Mozilla/5.0 AppleWebKit/537.36 (KHTML, like Gecko; compatible; ClaudeBot/1.0; +claudebot@anthropic.com)"
185.191.171.18 - - [06/May/2025:17:33:43 +0200] "GET /teacher_list.php?pageNum_news_index=1&pageNum_news_index=3&pageNum_news_index=3&pageNum_news_index=3&pageNum_news_index=4&pageNum_news_index=5&pageNum_news_index=7&pageNum_news_index=9 HTTP/1.1" 200 9435 "-" "Mozilla/5.0 (compatible; SemrushBot/7~bl; +http://www.semrush.com/bot.html)"
185.93.229.19 - - [06/May/2025:17:33:46 +0200] "GET /journal/index.php/Alqalam/article/view/396?articlesBySimilarityPage=52 HTTP/1.1" 200 42353 "-" "meta-externalagent/1.1 (+https://developers.facebook.com/docs/sharing/webmasters/crawler)"
185.93.230.19 - - [06/May/2025:17:33:48 +0200] "GET / HTTP/1.1" 200 16204 "-" "Mozilla/5.0 AppleWebKit/537.36 (KHTML, like Gecko); compatible; ChatGPT-User/1.0; +https://openai.com/bot"
85.208.96.201 - - [06/May/2025:17:33:52 +0200] "GET /teacher_list.php?pageNum_news_index=2&pageNum_news_index=2&pageNum_news_index=2&pageNum_news_index=2&pageNum_news_index=4&pageNum_news_index=5&pageNum_news_index=5&pageNum_news_index=5&pageNum_news_index=5&pageNum_news_index=5&pageNum_news_index=6&pageNum_news_index=6 HTTP/1.1" 200 9536 "-" "Mozilla/5.0 (compatible; SemrushBot/7~bl; +http://www.semrush.com/bot.html)"
66.248.202.12 - - [06/May/2025:17:33:48 +0200] "GET /index.php/component/users/graduates-affairs.php HTTP/1.1" 200 16204 "https://utripoli.edu.ly/index.php/component/users/graduates-affairs.php" "Mozilla/5.0 (Macintosh; Intel Mac OS X 10_15_7) AppleWebKit/537.36 (KHTML, like Gecko) Chrome/123.0.0.0 Safari/537.36"
185.93.229.19 - - [06/May/2025:17:33:55 +0200] "GET /teacher_list.php?pageNum_news_index=0&pageNum_news_index=0&pageNum_news_index=0&pageNum_news_index=0&pageNum_news_index=0&pageNum_news_index=1&pageNum_news_index=3&pageNum_news_index=3&pageNum_news_index=6&pageNum_news_index=7&pageNum_news_index=8 HTTP/1.1" 200 9515 "-" "Mozilla/5.0 (compatible; SemrushBot/7~bl; +http://www.semrush.com/bot.html)"
185.93.229.6 - - [06/May/2025:17:34:01 +0200] "GET /cp/student/login.php?accesscheck=%2Fcp%2Fstudent%2Fstartcourse.php%3Fsearch%3D%25E8%25B5%25A4%25E5%258D%2581%25E5%25AD%2597%2B%25E5%2580%25AB%25E7%2590%2586%25E5%25AF%25A9%25E6%259F%25BB%25E3%2580%2580%25E7%258C%25AE%25E8%25A1%2580%25E3%2580%2580%25E6%259C%259F%25E9%2599%2590 HTTP/1.1" 200 1895 "-" "Mozilla/5.0 AppleWebKit/537.36 (KHTML, like Gecko; compatible; bingbot/2.0; +http://www.bing.com/bingbot.htm) Chrome/116.0.1938.76 Safari/537.36"
185.191.171.13 - - [06/May/2025:17:34:08 +0200] "GET /teacher_list.php?pageNum_news_index=0&pageNum_news_index=0&pageNum_news_index=0&pageNum_news_index=2&pageNum_news_index=2&pageNum_news_index=2&pageNum_news_index=2&pageNum_news_index=2&pageNum_news_index=2&pageNum_news_index=4&pageNum_news_index=8&pageNum_news_index=8 HTTP/1.1" 200 9513 "-" "Mozilla/5.0 (compatible; SemrushBot/7~bl; +http://www.semrush.com/bot.html)"
185.93.229.6 - - [06/May/2025:17:34:17 +0200] "GET /journal/index.php/Alqalam/article/view/838 HTTP/1.1" 200 44066 "-" "meta-externalagent/1.1 (+https://developers.facebook.com/docs/sharing/webmasters/crawler)"
85.208.96.195 - - [06/May/2025:17:34:26 +0200] "GET /teacher_list.php?pageNum_news_index=0&pageNum_news_index=0&pageNum_news_index=1&pageNum_news_index=2&pageNum_news_index=3&pageNum_news_index=6&pageNum_news_index=7&pageNum_news_index=8&pageNum_news_index=8&pageNum_news_index=8 HTTP/1.1" 200 9503 "-" "Mozilla/5.0 (compatible; SemrushBot/7~bl; +http://www.semrush.com/bot.html)"
185.93.230.6 - - [06/May/2025:17:34:29 +0200] "GET /journal/index.php/Alqalam/citationstylelanguage/get/acs-nano?submissionId=513&publicationId=513 HTTP/1.1" 200 243 "https://uta.edu.ly/journal/index.php/Alqalam/article/view/513" "Mozilla/5.0 (Linux; Android 7.0;) AppleWebKit/537.36 (KHTML, like Gecko) Mobile Safari/537.36 (compatible; PetalBot;+https://webmaster.petalsearch.com/site/petalbot)"
185.191.171.18 - - [06/May/2025:17:34:31 +0200] "GET /teacher_list.php?pageNum_news_index=1&pageNum_news_index=2&pageNum_news_index=3&pageNum_news_index=3&pageNum_news_index=4&pageNum_news_index=5&pageNum_news_index=5&pageNum_news_index=7&pageNum_news_index=7&pageNum_news_index=9 HTTP/1.1" 200 9471 "-" "Mozilla/5.0 (compatible; SemrushBot/7~bl; +http://www.semrush.com/bot.html)"
185.191.171.8 - - [06/May/2025:17:34:45 +0200] "GET /teacher_list.php?pageNum_news_index=0&pageNum_news_index=0&pageNum_news_index=0&pageNum_news_index=1&pageNum_news_index=1&pageNum_news_index=1&pageNum_news_index=3&pageNum_news_index=4&pageNum_news_index=9 HTTP/1.1" 200 9452 "-" "Mozilla/5.0 (compatible; SemrushBot/7~bl; +http://www.semrush.com/bot.html)"
185.191.171.11 - - [06/May/2025:17:34:52 +0200] "GET /teacher_list.php?pageNum_news_index=3&pageNum_news_index=4&pageNum_news_index=6&pageNum_news_index=6&pageNum_news_index=6&pageNum_news_index=6&pageNum_news_index=8&pageNum_news_index=8&pageNum_news_index=8&pageNum_news_index=8&pageNum_news_index=8&pageNum_news_index=8 HTTP/1.1" 200 9513 "-" "Mozilla/5.0 (compatible; SemrushBot/7~bl; +http://www.semrush.com/bot.html)"
85.208.96.196 - - [06/May/2025:17:34:54 +0200] "GET /teacher_list.php?pageNum_news_index=1&pageNum_news_index=2&pageNum_news_index=2&pageNum_news_index=2&pageNum_news_index=2&pageNum_news_index=4&pageNum_news_index=4&pageNum_news_index=4&pageNum_news_index=4&pageNum_news_index=4&pageNum_news_index=5&pageNum_news_index=5 HTTP/1.1" 200 9564 "-" "Mozilla/5.0 (compatible; SemrushBot/7~bl; +http://www.semrush.com/bot.html)"
185.191.171.16 - - [06/May/2025:17:34:57 +0200] "GET /teacher_list.php?pageNum_news_index=1&pageNum_news_index=1&pageNum_news_index=1&pageNum_news_index=1&pageNum_news_index=1&pageNum_news_index=1&pageNum_news_index=5&pageNum_news_index=5&pageNum_news_index=6&pageNum_news_index=6&pageNum_news_index=9 HTTP/1.1" 200 9482 "-" "Mozilla/5.0 (compatible; SemrushBot/7~bl; +http://www.semrush.com/bot.html)"
185.93.229.6 - - [06/May/2025:17:35:04 +0200] "GET /teacher_list.php?pageNum_news_index=6&&pageNum_news_index=8&&pageNum_news_index=0&&pageNum_news_index=1&&pageNum_news_index=3&&pageNum_news_index=6&&pageNum_news_index=6&&pageNum_news_index=0&&pageNum_news_index=1&&pageNum_news_index=2&&pageNum_news_index=5&&pageNum_news_index=6&&pageNum_news_index=9&&pageNum_news_index=0&&pageNum_news_index=0&&pageNum_news_index=0&&pageNum_news_index=1&&pageNum_news_index=3 HTTP/1.1" 200 9534 "-" "Mozilla/5.0 AppleWebKit/537.36 (KHTML, like Gecko; compatible; bingbot/2.0; +http://www.bing.com/bingbot.htm) Chrome/116.0.1938.76 Safari/537.36"
185.191.171.15 - - [06/May/2025:17:35:04 +0200] "GET /teacher_list.php?pageNum_news_index=1&pageNum_news_index=1&pageNum_news_index=1&pageNum_news_index=1&pageNum_news_index=4&pageNum_news_index=6&pageNum_news_index=7&pageNum_news_index=9 HTTP/1.1" 200 9432 "-" "Mozilla/5.0 (compatible; SemrushBot/7~bl; +http://www.semrush.com/bot.html)"
185.93.229.19 - - [06/May/2025:17:35:12 +0200] "GET /teacher_list.php?pageNum_news_index=0&pageNum_news_index=0&pageNum_news_index=2&pageNum_news_index=3&pageNum_news_index=3&pageNum_news_index=5&pageNum_news_index=5&pageNum_news_index=5&pageNum_news_index=5&pageNum_news_index=7&pageNum_news_index=8 HTTP/1.1" 200 9515 "-" "Mozilla/5.0 (compatible; SemrushBot/7~bl; +http://www.semrush.com/bot.html)"
185.191.171.12 - - [06/May/2025:17:35:14 +0200] "GET /teacher_list.php?pageNum_news_index=1&pageNum_news_index=2&pageNum_news_index=2&pageNum_news_index=4&pageNum_news_index=4&pageNum_news_index=4&pageNum_news_index=4&pageNum_news_index=7&pageNum_news_index=7 HTTP/1.1" 200 9456 "-" "Mozilla/5.0 (compatible; SemrushBot/7~bl; +http://www.semrush.com/bot.html)"
185.191.171.11 - - [06/May/2025:17:35:16 +0200] "GET /teacher_list.php?pageNum_news_index=1&pageNum_news_index=1&pageNum_news_index=1&pageNum_news_index=4&pageNum_news_index=6&pageNum_news_index=8&pageNum_news_index=8&pageNum_news_index=8&pageNum_news_index=8&pageNum_news_index=8&pageNum_news_index=9 HTTP/1.1" 200 9488 "-" "Mozilla/5.0 (compatible; SemrushBot/7~bl; +http://www.semrush.com/bot.html)"
185.93.229.19 - - [06/May/2025:17:35:34 +0200] "GET /teacher_list.php?pageNum_news_index=0&pageNum_news_index=2&pageNum_news_index=2&pageNum_news_index=2&pageNum_news_index=2&pageNum_news_index=3&pageNum_news_index=3&pageNum_news_index=4&pageNum_news_index=6&pageNum_news_index=7&pageNum_news_index=8&pageNum_news_index=8&pageNum_news_index=9 HTTP/1.1" 200 9518 "-" "Mozilla/5.0 (compatible; SemrushBot/7~bl; +http://www.semrush.com/bot.html)"
85.208.96.205 - - [06/May/2025:17:35:34 +0200] "GET /teacher_list.php?pageNum_news_index=0&pageNum_news_index=2&pageNum_news_index=2&pageNum_news_index=5&pageNum_news_index=7&pageNum_news_index=7&pageNum_news_index=9 HTTP/1.1" 200 9404 "-" "Mozilla/5.0 (compatible; SemrushBot/7~bl; +http://www.semrush.com/bot.html)"
185.93.229.19 - - [06/May/2025:17:35:42 +0200] "GET /teacher_list.php?pageNum_news_index=0&pageNum_news_index=0&pageNum_news_index=1&pageNum_news_index=5&pageNum_news_index=5&pageNum_news_index=6&pageNum_news_index=7&pageNum_news_index=8 HTTP/1.1" 200 9472 "-" "Mozilla/5.0 (compatible; SemrushBot/7~bl; +http://www.semrush.com/bot.html)"
185.93.229.19 - - [06/May/2025:17:35:46 +0200] "GET /robots.txt HTTP/1.1" 404 3913 "-" "Mozilla/5.0 (compatible; SemrushBot/7~bl; +http://www.semrush.com/bot.html)"
185.191.171.12 - - [06/May/2025:17:35:51 +0200] "GET /teacher_list.php?pageNum_news_index=1&pageNum_news_index=2&pageNum_news_index=5&pageNum_news_index=6&pageNum_news_index=6&pageNum_news_index=6&pageNum_news_index=6&pageNum_news_index=6&pageNum_news_index=6&pageNum_news_index=6 HTTP/1.1" 200 9519 "-" "Mozilla/5.0 (compatible; SemrushBot/7~bl; +http://www.semrush.com/bot.html)"
185.93.229.19 - - [06/May/2025:17:35:53 +0200] "GET /teacher_list.php?pageNum_news_index=0&pageNum_news_index=3&pageNum_news_index=3&pageNum_news_index=3&pageNum_news_index=6&pageNum_news_index=7&pageNum_news_index=8&pageNum_news_index=8&pageNum_news_index=8&pageNum_news_index=8&pageNum_news_index=8&pageNum_news_index=8&pageNum_news_index=8 HTTP/1.1" 200 9535 "-" "Mozilla/5.0 (compatible; SemrushBot/7~bl; +http://www.semrush.com/bot.html)"
185.93.230.6 - - [06/May/2025:17:35:53 +0200] "GET /journal/index.php/Alqalam/citationstylelanguage/get/acm-sig-proceedings?submissionId=118&publicationId=118 HTTP/1.1" 200 297 "https://uta.edu.ly/journal/index.php/Alqalam/article/view/118" "Mozilla/5.0 (Linux; Android 7.0;) AppleWebKit/537.36 (KHTML, like Gecko) Mobile Safari/537.36 (compatible; PetalBot;+https://webmaster.petalsearch.com/site/petalbot)"
52.167.144.217 - - [06/May/2025:17:35:53 +0200] "GET /teacher.php?id=258 HTTP/1.1" 200 7922 "-" "Mozilla/5.0 AppleWebKit/537.36 (KHTML, like Gecko; compatible; bingbot/2.0; +http://www.bing.com/bingbot.htm) Chrome/116.0.1938.76 Safari/537.36"
185.93.229.19 - - [06/May/2025:17:35:55 +0200] "GET /img/logo.png HTTP/1.1" 200 78385 "-" "Googlebot-Image/1.0"
185.93.229.19 - - [06/May/2025:17:36:00 +0200] "GET /teacher_list.php?pageNum_news_index=0&pageNum_news_index=0&pageNum_news_index=2&pageNum_news_index=5&pageNum_news_index=5&pageNum_news_index=5&pageNum_news_index=6&pageNum_news_index=6&pageNum_news_index=6&pageNum_news_index=8&pageNum_news_index=8 HTTP/1.1" 200 9509 "-" "Mozilla/5.0 (compatible; SemrushBot/7~bl; +http://www.semrush.com/bot.html)"
185.93.230.19 - - [06/May/2025:17:36:05 +0200] "GET /index.php/news-and-activities/cp/single-news.php?id=300 HTTP/1.1" 200 16203 "-" "Mozilla/5.0 (compatible; Bytespider; spider-feedback@bytedance.com) AppleWebKit/537.36 (KHTML, like Gecko) Chrome/70.0.0.0 Safari/537.36"
185.93.229.19 - - [06/May/2025:17:36:07 +0200] "GET /teacher_list.php?pageNum_news_index=0&pageNum_news_index=0&pageNum_news_index=5&pageNum_news_index=6&pageNum_news_index=6&pageNum_news_index=7&pageNum_news_index=8&pageNum_news_index=8&pageNum_news_index=8&pageNum_news_index=8&pageNum_news_index=9 HTTP/1.1" 200 9488 "-" "Mozilla/5.0 (compatible; SemrushBot/7~bl; +http://www.semrush.com/bot.html)"
185.93.230.19 - - [06/May/2025:17:36:07 +0200] "GET /index.php/news-and-activities/cp/lib/lightbox//css/lightbox.min.css HTTP/1.1" 200 16206 "https://utripoli.edu.ly/index.php/news-and-activities/cp/single-news.php?id=300" "Mozilla/5.0 (compatible; Bytespider; spider-feedback@bytedance.com) AppleWebKit/537.36 (KHTML, like Gecko) Chrome/70.0.0.0 Safari/537.36"
185.93.230.19 - - [06/May/2025:17:36:07 +0200] "GET /index.php/news-and-activities/cp/css/style.css HTTP/1.1" 200 16204 "https://utripoli.edu.ly/index.php/news-and-activities/cp/single-news.php?id=300" "Mozilla/5.0 (compatible; Bytespider; spider-feedback@bytedance.com) AppleWebKit/537.36 (KHTML, like Gecko) Chrome/70.0.0.0 Safari/537.36"
185.93.230.19 - - [06/May/2025:17:36:07 +0200] "GET /index.php/news-and-activities/cp/css/bootstrap.min.css HTTP/1.1" 200 16204 "https://utripoli.edu.ly/index.php/news-and-activities/cp/single-news.php?id=300" "Mozilla/5.0 (compatible; Bytespider; spider-feedback@bytedance.com) AppleWebKit/537.36 (KHTML, like Gecko) Chrome/70.0.0.0 Safari/537.36"
185.93.230.19 - - [06/May/2025:17:36:07 +0200] "GET /index.php/news-and-activities/cp/lib/animate/animate.min.css HTTP/1.1" 200 16204 "https://utripoli.edu.ly/index.php/news-and-activities/cp/single-news.php?id=300" "Mozilla/5.0 (compatible; Bytespider; spider-feedback@bytedance.com) AppleWebKit/537.36 (KHTML, like Gecko) Chrome/70.0.0.0 Safari/537.36"
185.93.230.19 - - [06/May/2025:17:36:07 +0200] "GET /index.php/news-and-activities/cp/assets/fonts/fontawesome-all.min.css HTTP/1.1" 200 16204 "https://utripoli.edu.ly/index.php/news-and-activities/cp/single-news.php?id=300" "Mozilla/5.0 (compatible; Bytespider; spider-feedback@bytedance.com) AppleWebKit/537.36 (KHTML, like Gecko) Chrome/70.0.0.0 Safari/537.36"
185.93.230.19 - - [06/May/2025:17:36:07 +0200] "GET /index.php/news-and-activities/cp/lib/owlcarousel/assets/owl.carousel.min.css HTTP/1.1" 200 16207 "https://utripoli.edu.ly/index.php/news-and-activities/cp/single-news.php?id=300" "Mozilla/5.0 (compatible; Bytespider; spider-feedback@bytedance.com) AppleWebKit/537.36 (KHTML, like Gecko) Chrome/70.0.0.0 Safari/537.36"
185.93.230.19 - - [06/May/2025:17:36:08 +0200] "GET /index.php/news-and-activities/cp/assets/css/Features-Blue.css HTTP/1.1" 200 16203 "https://utripoli.edu.ly/index.php/news-and-activities/cp/single-news.php?id=300" "Mozilla/5.0 (compatible; Bytespider; spider-feedback@bytedance.com) AppleWebKit/537.36 (KHTML, like Gecko) Chrome/70.0.0.0 Safari/537.36"
185.93.230.19 - - [06/May/2025:17:36:08 +0200] "GET /index.php/news-and-activities/cp/assets/css/Brands.css HTTP/1.1" 200 16202 "https://utripoli.edu.ly/index.php/news-and-activities/cp/single-news.php?id=300" "Mozilla/5.0 (compatible; Bytespider; spider-feedback@bytedance.com) AppleWebKit/537.36 (KHTML, like Gecko) Chrome/70.0.0.0 Safari/537.36"
185.93.230.19 - - [06/May/2025:17:36:08 +0200] "GET /index.php/news-and-activities/cp/assets/css/Contact-Form-Clean.css HTTP/1.1" 200 16203 "https://utripoli.edu.ly/index.php/news-and-activities/cp/single-news.php?id=300" "Mozilla/5.0 (compatible; Bytespider; spider-feedback@bytedance.com) AppleWebKit/537.36 (KHTML, like Gecko) Chrome/70.0.0.0 Safari/537.36"
185.93.230.19 - - [06/May/2025:17:36:08 +0200] "GET /index.php/news-and-activities/cp/assets/css/Simple-Slider.css HTTP/1.1" 200 16203 "https://utripoli.edu.ly/index.php/news-and-activities/cp/single-news.php?id=300" "Mozilla/5.0 (compatible; Bytespider; spider-feedback@bytedance.com) AppleWebKit/537.36 (KHTML, like Gecko) Chrome/70.0.0.0 Safari/537.36"
185.93.230.19 - - [06/May/2025:17:36:08 +0200] "GET /index.php/news-and-activities/cp/assets/css/Projects-Horizontal.css HTTP/1.1" 200 16203 "https://utripoli.edu.ly/index.php/news-and-activities/cp/single-news.php?id=300" "Mozilla/5.0 (compatible; Bytespider; spider-feedback@bytedance.com) AppleWebKit/537.36 (KHTML, like Gecko) Chrome/70.0.0.0 Safari/537.36"
185.93.230.19 - - [06/May/2025:17:36:08 +0200] "GET /index.php/news-and-activities/cp/assets/css/Article-Clean.css HTTP/1.1" 200 16204 "https://utripoli.edu.ly/index.php/news-and-activities/cp/single-news.php?id=300" "Mozilla/5.0 (compatible; Bytespider; spider-feedback@bytedance.com) AppleWebKit/537.36 (KHTML, like Gecko) Chrome/70.0.0.0 Safari/537.36"
185.93.230.19 - - [06/May/2025:17:36:08 +0200] "GET /index.php/news-and-activities/cp/img/logo_r.png HTTP/1.1" 200 78553 "https://utripoli.edu.ly/index.php/news-and-activities/cp/single-news.php?id=300" "Mozilla/5.0 (compatible; Bytespider; spider-feedback@bytedance.com) AppleWebKit/537.36 (KHTML, like Gecko) Chrome/70.0.0.0 Safari/537.36"
185.93.230.19 - - [06/May/2025:17:36:08 +0200] "GET /index.php/news-and-activities/cp/img/slide-2.jpg HTTP/1.1" 200 78553 "https://utripoli.edu.ly/index.php/news-and-activities/cp/single-news.php?id=300" "Mozilla/5.0 (compatible; Bytespider; spider-feedback@bytedance.com) AppleWebKit/537.36 (KHTML, like Gecko) Chrome/70.0.0.0 Safari/537.36"
185.93.230.19 - - [06/May/2025:17:36:08 +0200] "GET /index.php/news-and-activities/cp/img/icons/graduate.png HTTP/1.1" 200 78553 "https://utripoli.edu.ly/index.php/news-and-activities/cp/single-news.php?id=300" "Mozilla/5.0 (compatible; Bytespider; spider-feedback@bytedance.com) AppleWebKit/537.36 (KHTML, like Gecko) Chrome/70.0.0.0 Safari/537.36"
185.93.230.19 - - [06/May/2025:17:36:08 +0200] "GET /index.php/news-and-activities/cp/img/about.jpg HTTP/1.1" 200 78553 "https://utripoli.edu.ly/index.php/news-and-activities/cp/single-news.php?id=300" "Mozilla/5.0 (compatible; Bytespider; spider-feedback@bytedance.com) AppleWebKit/537.36 (KHTML, like Gecko) Chrome/70.0.0.0 Safari/537.36"
185.93.230.19 - - [06/May/2025:17:36:08 +0200] "GET /index.php/news-and-activities/cp/img/icons/student.png HTTP/1.1" 200 78553 "https://utripoli.edu.ly/index.php/news-and-activities/cp/single-news.php?id=300" "Mozilla/5.0 (compatible; Bytespider; spider-feedback@bytedance.com) AppleWebKit/537.36 (KHTML, like Gecko) Chrome/70.0.0.0 Safari/537.36"
185.93.230.19 - - [06/May/2025:17:36:08 +0200] "GET /index.php/news-and-activities/cp/cp/uploads/news/495161245_1094928226014802_2446482707916467827_n.jpg HTTP/1.1" 200 78553 "https://utripoli.edu.ly/index.php/news-and-activities/cp/single-news.php?id=300" "Mozilla/5.0 (compatible; Bytespider; spider-feedback@bytedance.com) AppleWebKit/537.36 (KHTML, like Gecko) Chrome/70.0.0.0 Safari/537.36"
185.93.230.19 - - [06/May/2025:17:36:08 +0200] "GET /index.php/news-and-activities/cp/img/icons/classroom.png HTTP/1.1" 200 78553 "https://utripoli.edu.ly/index.php/news-and-activities/cp/single-news.php?id=300" "Mozilla/5.0 (compatible; Bytespider; spider-feedback@bytedance.com) AppleWebKit/537.36 (KHTML, like Gecko) Chrome/70.0.0.0 Safari/537.36"
185.93.230.19 - - [06/May/2025:17:36:08 +0200] "GET /index.php/news-and-activities/cp/img/slide-1.jpg HTTP/1.1" 200 78553 "https://utripoli.edu.ly/index.php/news-and-activities/cp/single-news.php?id=300" "Mozilla/5.0 (compatible; Bytespider; spider-feedback@bytedance.com) AppleWebKit/537.36 (KHTML, like Gecko) Chrome/70.0.0.0 Safari/537.36"
185.93.230.19 - - [06/May/2025:17:36:09 +0200] "GET /index.php/news-and-activities/cp/img/icons/employee.png HTTP/1.1" 200 78553 "https://utripoli.edu.ly/index.php/news-and-activities/cp/single-news.php?id=300" "Mozilla/5.0 (compatible; Bytespider; spider-feedback@bytedance.com) AppleWebKit/537.36 (KHTML, like Gecko) Chrome/70.0.0.0 Safari/537.36"
185.93.230.19 - - [06/May/2025:17:36:09 +0200] "GET /index.php/news-and-activities/cp/cp/uploads/activities/481194164_1044460221061603_1037927010955694530_n.jpg HTTP/1.1" 200 78553 "https://utripoli.edu.ly/index.php/news-and-activities/cp/single-news.php?id=300" "Mozilla/5.0 (compatible; Bytespider; spider-feedback@bytedance.com) AppleWebKit/537.36 (KHTML, like Gecko) Chrome/70.0.0.0 Safari/537.36"
185.93.230.19 - - [06/May/2025:17:36:09 +0200] "GET /index.php/news-and-activities/cp/cp/uploads/activities/476457247_1301209910964579_6056489596862577291_n.jpg HTTP/1.1" 200 78553 "https://utripoli.edu.ly/index.php/news-and-activities/cp/single-news.php?id=300" "Mozilla/5.0 (compatible; Bytespider; spider-feedback@bytedance.com) AppleWebKit/537.36 (KHTML, like Gecko) Chrome/70.0.0.0 Safari/537.36"
185.93.230.19 - - [06/May/2025:17:36:09 +0200] "GET /index.php/news-and-activities/cp/cp/uploads/news/494648227_1094935569347401_3122463604882329_n.jpg HTTP/1.1" 200 78553 "https://utripoli.edu.ly/index.php/news-and-activities/cp/single-news.php?id=300" "Mozilla/5.0 (compatible; Bytespider; spider-feedback@bytedance.com) AppleWebKit/537.36 (KHTML, like Gecko) Chrome/70.0.0.0 Safari/537.36"
185.93.230.19 - - [06/May/2025:17:36:09 +0200] "GET /index.php/news-and-activities/cp/img/icons/agreement.png HTTP/1.1" 200 78553 "https://utripoli.edu.ly/index.php/news-and-activities/cp/single-news.php?id=300" "Mozilla/5.0 (compatible; Bytespider; spider-feedback@bytedance.com) AppleWebKit/537.36 (KHTML, like Gecko) Chrome/70.0.0.0 Safari/537.36"
185.93.230.19 - - [06/May/2025:17:36:09 +0200] "GET /index.php/news-and-activities/cp/cp/uploads/activities/481214850_1040842181423407_6231038517308051259_n.jpg HTTP/1.1" 200 78553 "https://utripoli.edu.ly/index.php/news-and-activities/cp/single-news.php?id=300" "Mozilla/5.0 (compatible; Bytespider; spider-feedback@bytedance.com) AppleWebKit/537.36 (KHTML, like Gecko) Chrome/70.0.0.0 Safari/537.36"
185.93.230.19 - - [06/May/2025:17:36:09 +0200] "GET /index.php/news-and-activities/cp/img/icons/online-library.png HTTP/1.1" 200 78553 "https://utripoli.edu.ly/index.php/news-and-activities/cp/single-news.php?id=300" "Mozilla/5.0 (compatible; Bytespider; spider-feedback@bytedance.com) AppleWebKit/537.36 (KHTML, like Gecko) Chrome/70.0.0.0 Safari/537.36"
185.93.230.19 - - [06/May/2025:17:36:09 +0200] "GET /index.php/news-and-activities/cp/cp/uploads/news/494181703_1093456566161968_5056605548044216759_n.jpg HTTP/1.1" 200 78553 "https://utripoli.edu.ly/index.php/news-and-activities/cp/single-news.php?id=300" "Mozilla/5.0 (compatible; Bytespider; spider-feedback@bytedance.com) AppleWebKit/537.36 (KHTML, like Gecko) Chrome/70.0.0.0 Safari/537.36"
185.93.230.19 - - [06/May/2025:17:36:09 +0200] "GET /index.php/news-and-activities/cp/img/logo_s.png HTTP/1.1" 200 78553 "https://utripoli.edu.ly/index.php/news-and-activities/cp/single-news.php?id=300" "Mozilla/5.0 (compatible; Bytespider; spider-feedback@bytedance.com) AppleWebKit/537.36 (KHTML, like Gecko) Chrome/70.0.0.0 Safari/537.36"
185.93.230.19 - - [06/May/2025:17:36:09 +0200] "GET /index.php/news-and-activities/cp/img/icons/structure.png HTTP/1.1" 200 78553 "https://utripoli.edu.ly/index.php/news-and-activities/cp/single-news.php?id=300" "Mozilla/5.0 (compatible; Bytespider; spider-feedback@bytedance.com) AppleWebKit/537.36 (KHTML, like Gecko) Chrome/70.0.0.0 Safari/537.36"
185.93.230.19 - - [06/May/2025:17:36:09 +0200] "GET /index.php/news-and-activities/cp/img/icons/list.png HTTP/1.1" 200 78553 "https://utripoli.edu.ly/index.php/news-and-activities/cp/single-news.php?id=300" "Mozilla/5.0 (compatible; Bytespider; spider-feedback@bytedance.com) AppleWebKit/537.36 (KHTML, like Gecko) Chrome/70.0.0.0 Safari/537.36"
