185.93.230.19 - - [06/May/2025:15:03:20 +0200] "GET /index.php/component/content/21-2016-12-02-22-03-13/cp/cp/img/icons/student.png HTTP/1.1" 200 78553 "https://www.utripoli.edu.ly/index.php/component/content/21-2016-12-02-22-03-13/cp/cp/single-news.php?id=296" "Mozilla/5.0 (compatible; Bytespider; spider-feedback@bytedance.com) AppleWebKit/537.36 (KHTML, like Gecko) Chrome/70.0.0.0 Safari/537.36"
185.93.230.19 - - [06/May/2025:15:03:20 +0200] "GET /index.php/component/content/21-2016-12-02-22-03-13/cp/cp/img/about.jpg HTTP/1.1" 200 78553 "https://www.utripoli.edu.ly/index.php/component/content/21-2016-12-02-22-03-13/cp/cp/single-news.php?id=296" "Mozilla/5.0 (compatible; Bytespider; spider-feedback@bytedance.com) AppleWebKit/537.36 (KHTML, like Gecko) Chrome/70.0.0.0 Safari/537.36"
185.93.230.19 - - [06/May/2025:15:03:20 +0200] "GET /index.php/component/content/21-2016-12-02-22-03-13/cp/cp/img/icons/classroom.png HTTP/1.1" 200 78553 "https://www.utripoli.edu.ly/index.php/component/content/21-2016-12-02-22-03-13/cp/cp/single-news.php?id=296" "Mozilla/5.0 (compatible; Bytespider; spider-feedback@bytedance.com) AppleWebKit/537.36 (KHTML, like Gecko) Chrome/70.0.0.0 Safari/537.36"
185.93.230.19 - - [06/May/2025:15:03:20 +0200] "GET /index.php/component/content/21-2016-12-02-22-03-13/cp/cp/img/icons/graduate.png HTTP/1.1" 200 78553 "https://www.utripoli.edu.ly/index.php/component/content/21-2016-12-02-22-03-13/cp/cp/single-news.php?id=296" "Mozilla/5.0 (compatible; Bytespider; spider-feedback@bytedance.com) AppleWebKit/537.36 (KHTML, like Gecko) Chrome/70.0.0.0 Safari/537.36"
185.93.230.19 - - [06/May/2025:15:03:20 +0200] "GET /index.php/component/content/21-2016-12-02-22-03-13/cp/cp/img/slide-2.jpg HTTP/1.1" 200 78553 "https://www.utripoli.edu.ly/index.php/component/content/21-2016-12-02-22-03-13/cp/cp/single-news.php?id=296" "Mozilla/5.0 (compatible; Bytespider; spider-feedback@bytedance.com) AppleWebKit/537.36 (KHTML, like Gecko) Chrome/70.0.0.0 Safari/537.36"
185.93.230.19 - - [06/May/2025:15:03:20 +0200] "GET /index.php/component/content/21-2016-12-02-22-03-13/cp/cp/img/slide-1.jpg HTTP/1.1" 200 78553 "https://www.utripoli.edu.ly/index.php/component/content/21-2016-12-02-22-03-13/cp/cp/single-news.php?id=296" "Mozilla/5.0 (compatible; Bytespider; spider-feedback@bytedance.com) AppleWebKit/537.36 (KHTML, like Gecko) Chrome/70.0.0.0 Safari/537.36"
185.93.230.19 - - [06/May/2025:15:03:20 +0200] "GET /index.php/component/content/21-2016-12-02-22-03-13/cp/cp/img/icons/employee.png HTTP/1.1" 200 78553 "https://www.utripoli.edu.ly/index.php/component/content/21-2016-12-02-22-03-13/cp/cp/single-news.php?id=296" "Mozilla/5.0 (compatible; Bytespider; spider-feedback@bytedance.com) AppleWebKit/537.36 (KHTML, like Gecko) Chrome/70.0.0.0 Safari/537.36"
185.93.230.19 - - [06/May/2025:15:03:21 +0200] "GET /index.php/component/content/21-2016-12-02-22-03-13/cp/cp/cp/uploads/news/494648227_1094935569347401_3122463604882329_n.jpg HTTP/1.1" 200 78553 "https://www.utripoli.edu.ly/index.php/component/content/21-2016-12-02-22-03-13/cp/cp/single-news.php?id=296" "Mozilla/5.0 (compatible; Bytespider; spider-feedback@bytedance.com) AppleWebKit/537.36 (KHTML, like Gecko) Chrome/70.0.0.0 Safari/537.36"
185.93.230.19 - - [06/May/2025:15:03:21 +0200] "GET /index.php/component/content/21-2016-12-02-22-03-13/cp/cp/cp/uploads/news/494181703_1093456566161968_5056605548044216759_n.jpg HTTP/1.1" 200 78553 "https://www.utripoli.edu.ly/index.php/component/content/21-2016-12-02-22-03-13/cp/cp/single-news.php?id=296" "Mozilla/5.0 (compatible; Bytespider; spider-feedback@bytedance.com) AppleWebKit/537.36 (KHTML, like Gecko) Chrome/70.0.0.0 Safari/537.36"
185.93.230.19 - - [06/May/2025:15:03:21 +0200] "GET /index.php/component/content/21-2016-12-02-22-03-13/cp/cp/cp/uploads/activities/481194164_1044460221061603_1037927010955694530_n.jpg HTTP/1.1" 200 78553 "https://www.utripoli.edu.ly/index.php/component/content/21-2016-12-02-22-03-13/cp/cp/single-news.php?id=296" "Mozilla/5.0 (compatible; Bytespider; spider-feedback@bytedance.com) AppleWebKit/537.36 (KHTML, like Gecko) Chrome/70.0.0.0 Safari/537.36"
185.93.230.19 - - [06/May/2025:15:03:21 +0200] "GET /index.php/component/content/21-2016-12-02-22-03-13/cp/cp/img/icons/agreement.png HTTP/1.1" 200 78553 "https://www.utripoli.edu.ly/index.php/component/content/21-2016-12-02-22-03-13/cp/cp/single-news.php?id=296" "Mozilla/5.0 (compatible; Bytespider; spider-feedback@bytedance.com) AppleWebKit/537.36 (KHTML, like Gecko) Chrome/70.0.0.0 Safari/537.36"
185.93.230.19 - - [06/May/2025:15:03:21 +0200] "GET /index.php/component/content/21-2016-12-02-22-03-13/cp/cp/cp/uploads/activities/476457247_1301209910964579_6056489596862577291_n.jpg HTTP/1.1" 200 78553 "https://www.utripoli.edu.ly/index.php/component/content/21-2016-12-02-22-03-13/cp/cp/single-news.php?id=296" "Mozilla/5.0 (compatible; Bytespider; spider-feedback@bytedance.com) AppleWebKit/537.36 (KHTML, like Gecko) Chrome/70.0.0.0 Safari/537.36"
185.93.230.19 - - [06/May/2025:15:03:21 +0200] "GET /index.php/component/content/21-2016-12-02-22-03-13/cp/cp/img/icons/online-library.png HTTP/1.1" 200 78553 "https://www.utripoli.edu.ly/index.php/component/content/21-2016-12-02-22-03-13/cp/cp/single-news.php?id=296" "Mozilla/5.0 (compatible; Bytespider; spider-feedback@bytedance.com) AppleWebKit/537.36 (KHTML, like Gecko) Chrome/70.0.0.0 Safari/537.36"
185.93.230.19 - - [06/May/2025:15:03:21 +0200] "GET /index.php/component/content/21-2016-12-02-22-03-13/cp/cp/cp/uploads/news/495161245_1094928226014802_2446482707916467827_n.jpg HTTP/1.1" 200 78553 "https://www.utripoli.edu.ly/index.php/component/content/21-2016-12-02-22-03-13/cp/cp/single-news.php?id=296" "Mozilla/5.0 (compatible; Bytespider; spider-feedback@bytedance.com) AppleWebKit/537.36 (KHTML, like Gecko) Chrome/70.0.0.0 Safari/537.36"
185.93.230.19 - - [06/May/2025:15:03:21 +0200] "GET /index.php/component/content/21-2016-12-02-22-03-13/cp/cp/img/icons/list.png HTTP/1.1" 200 78553 "https://www.utripoli.edu.ly/index.php/component/content/21-2016-12-02-22-03-13/cp/cp/single-news.php?id=296" "Mozilla/5.0 (compatible; Bytespider; spider-feedback@bytedance.com) AppleWebKit/537.36 (KHTML, like Gecko) Chrome/70.0.0.0 Safari/537.36"
185.93.230.19 - - [06/May/2025:15:03:21 +0200] "GET /index.php/component/content/21-2016-12-02-22-03-13/cp/cp/cp/uploads/activities/481214850_1040842181423407_6231038517308051259_n.jpg HTTP/1.1" 200 78553 "https://www.utripoli.edu.ly/index.php/component/content/21-2016-12-02-22-03-13/cp/cp/single-news.php?id=296" "Mozilla/5.0 (compatible; Bytespider; spider-feedback@bytedance.com) AppleWebKit/537.36 (KHTML, like Gecko) Chrome/70.0.0.0 Safari/537.36"
185.93.230.19 - - [06/May/2025:15:03:21 +0200] "GET /index.php/component/content/21-2016-12-02-22-03-13/cp/cp/img/icons/structure.png HTTP/1.1" 200 78553 "https://www.utripoli.edu.ly/index.php/component/content/21-2016-12-02-22-03-13/cp/cp/single-news.php?id=296" "Mozilla/5.0 (compatible; Bytespider; spider-feedback@bytedance.com) AppleWebKit/537.36 (KHTML, like Gecko) Chrome/70.0.0.0 Safari/537.36"
185.93.230.19 - - [06/May/2025:15:03:21 +0200] "GET /index.php/component/content/21-2016-12-02-22-03-13/cp/cp/img/logo_s.png HTTP/1.1" 200 78553 "https://www.utripoli.edu.ly/index.php/component/content/21-2016-12-02-22-03-13/cp/cp/single-news.php?id=296" "Mozilla/5.0 (compatible; Bytespider; spider-feedback@bytedance.com) AppleWebKit/537.36 (KHTML, like Gecko) Chrome/70.0.0.0 Safari/537.36"
85.208.96.206 - - [06/May/2025:15:03:32 +0200] "GET /teacher_list.php?pageNum_news_index=1&pageNum_news_index=2&pageNum_news_index=2&pageNum_news_index=2&pageNum_news_index=3&pageNum_news_index=5&pageNum_news_index=5&pageNum_news_index=5&pageNum_news_index=5&pageNum_news_index=7&pageNum_news_index=7&pageNum_news_index=9 HTTP/1.1" 200 9492 "-" "Mozilla/5.0 (compatible; SemrushBot/7~bl; +http://www.semrush.com/bot.html)"
85.208.96.205 - - [06/May/2025:15:03:35 +0200] "GET /teacher_list.php?pageNum_news_index=1&pageNum_news_index=1&pageNum_news_index=2&pageNum_news_index=6&pageNum_news_index=6&pageNum_news_index=7&pageNum_news_index=7&pageNum_news_index=7&pageNum_news_index=8&pageNum_news_index=8&pageNum_news_index=8 HTTP/1.1" 200 9506 "-" "Mozilla/5.0 (compatible; SemrushBot/7~bl; +http://www.semrush.com/bot.html)"
185.93.229.19 - - [06/May/2025:15:03:37 +0200] "GET /robots.txt HTTP/1.1" 404 3913 "-" "Mozilla/5.0 (compatible; SemrushBot/7~bl; +http://www.semrush.com/bot.html)"
185.93.229.6 - - [06/May/2025:15:03:37 +0200] "GET /journal/index.php/Alqalam/article/view/842?articlesBySimilarityPage=3 HTTP/1.1" 200 9306 "-" "Mozilla/5.0 AppleWebKit/537.36 (KHTML, like Gecko; compatible; bingbot/2.0; +http://www.bing.com/bingbot.htm) Chrome/116.0.1938.76 Safari/537.36"
185.191.171.3 - - [06/May/2025:15:03:55 +0200] "GET /teacher_list.php?pageNum_news_index=3&pageNum_news_index=3&pageNum_news_index=3&pageNum_news_index=3&pageNum_news_index=3&pageNum_news_index=3&pageNum_news_index=7&pageNum_news_index=8 HTTP/1.1" 200 9465 "-" "Mozilla/5.0 (compatible; SemrushBot/7~bl; +http://www.semrush.com/bot.html)"
85.208.96.205 - - [06/May/2025:15:03:56 +0200] "GET /teacher_list.php?pageNum_news_index=0&pageNum_news_index=1&pageNum_news_index=2&pageNum_news_index=2&pageNum_news_index=4&pageNum_news_index=7&pageNum_news_index=7&pageNum_news_index=7&pageNum_news_index=7 HTTP/1.1" 200 9456 "-" "Mozilla/5.0 (compatible; SemrushBot/7~bl; +http://www.semrush.com/bot.html)"
185.93.228.19 - - [06/May/2025:15:04:00 +0200] "GET /result.php HTTP/1.1" 200 7289 "https://www.google.com/" "Mozilla/5.0 (Linux; Android 10; K) AppleWebKit/537.36 (KHTML, like Gecko) Chrome/125.0.0.0 Mobile Safari/537.36"
185.93.228.19 - - [06/May/2025:15:04:06 +0200] "GET /img/logo.png HTTP/1.1" 304 - "https://utripoli.edu.ly/result.php" "Mozilla/5.0 (Linux; Android 10; K) AppleWebKit/537.36 (KHTML, like Gecko) Chrome/125.0.0.0 Mobile Safari/537.36"
85.208.96.201 - - [06/May/2025:15:04:06 +0200] "GET /teacher_list.php?pageNum_news_index=1&pageNum_news_index=1&pageNum_news_index=1&pageNum_news_index=2&pageNum_news_index=3&pageNum_news_index=4&pageNum_news_index=7&pageNum_news_index=7&pageNum_news_index=8&pageNum_news_index=8 HTTP/1.1" 200 9499 "-" "Mozilla/5.0 (compatible; SemrushBot/7~bl; +http://www.semrush.com/bot.html)"
185.93.230.19 - - [06/May/2025:15:04:11 +0200] "GET /index.php/component/content/24-2016-12-02-22-03-13/cp/cp/single-news.php?id=300 HTTP/1.1" 200 16203 "-" "Mozilla/5.0 (compatible; Bytespider; spider-feedback@bytedance.com) AppleWebKit/537.36 (KHTML, like Gecko) Chrome/70.0.0.0 Safari/537.36"
185.93.230.19 - - [06/May/2025:15:04:13 +0200] "GET /index.php/component/content/24-2016-12-02-22-03-13/cp/cp/lib/lightbox//css/lightbox.min.css HTTP/1.1" 200 16203 "https://www.utripoli.edu.ly/index.php/component/content/24-2016-12-02-22-03-13/cp/cp/single-news.php?id=300" "Mozilla/5.0 (compatible; Bytespider; spider-feedback@bytedance.com) AppleWebKit/537.36 (KHTML, like Gecko) Chrome/70.0.0.0 Safari/537.36"
185.93.230.19 - - [06/May/2025:15:04:13 +0200] "GET /index.php/component/content/24-2016-12-02-22-03-13/cp/cp/css/style.css HTTP/1.1" 200 16203 "https://www.utripoli.edu.ly/index.php/component/content/24-2016-12-02-22-03-13/cp/cp/single-news.php?id=300" "Mozilla/5.0 (compatible; Bytespider; spider-feedback@bytedance.com) AppleWebKit/537.36 (KHTML, like Gecko) Chrome/70.0.0.0 Safari/537.36"
185.93.230.19 - - [06/May/2025:15:04:13 +0200] "GET /index.php/component/content/24-2016-12-02-22-03-13/cp/cp/css/bootstrap.min.css HTTP/1.1" 200 16203 "https://www.utripoli.edu.ly/index.php/component/content/24-2016-12-02-22-03-13/cp/cp/single-news.php?id=300" "Mozilla/5.0 (compatible; Bytespider; spider-feedback@bytedance.com) AppleWebKit/537.36 (KHTML, like Gecko) Chrome/70.0.0.0 Safari/537.36"
185.93.230.19 - - [06/May/2025:15:04:13 +0200] "GET /index.php/component/content/24-2016-12-02-22-03-13/cp/cp/lib/animate/animate.min.css HTTP/1.1" 200 16207 "https://www.utripoli.edu.ly/index.php/component/content/24-2016-12-02-22-03-13/cp/cp/single-news.php?id=300" "Mozilla/5.0 (compatible; Bytespider; spider-feedback@bytedance.com) AppleWebKit/537.36 (KHTML, like Gecko) Chrome/70.0.0.0 Safari/537.36"
185.93.230.19 - - [06/May/2025:15:04:13 +0200] "GET /index.php/component/content/24-2016-12-02-22-03-13/cp/cp/lib/owlcarousel/assets/owl.carousel.min.css HTTP/1.1" 200 16203 "https://www.utripoli.edu.ly/index.php/component/content/24-2016-12-02-22-03-13/cp/cp/single-news.php?id=300" "Mozilla/5.0 (compatible; Bytespider; spider-feedback@bytedance.com) AppleWebKit/537.36 (KHTML, like Gecko) Chrome/70.0.0.0 Safari/537.36"
185.93.230.19 - - [06/May/2025:15:04:13 +0200] "GET /index.php/component/content/24-2016-12-02-22-03-13/cp/cp/assets/fonts/fontawesome-all.min.css HTTP/1.1" 200 16202 "https://www.utripoli.edu.ly/index.php/component/content/24-2016-12-02-22-03-13/cp/cp/single-news.php?id=300" "Mozilla/5.0 (compatible; Bytespider; spider-feedback@bytedance.com) AppleWebKit/537.36 (KHTML, like Gecko) Chrome/70.0.0.0 Safari/537.36"
185.93.230.19 - - [06/May/2025:15:04:13 +0200] "GET /index.php/component/content/24-2016-12-02-22-03-13/cp/cp/assets/css/Contact-Form-Clean.css HTTP/1.1" 200 16203 "https://www.utripoli.edu.ly/index.php/component/content/24-2016-12-02-22-03-13/cp/cp/single-news.php?id=300" "Mozilla/5.0 (compatible; Bytespider; spider-feedback@bytedance.com) AppleWebKit/537.36 (KHTML, like Gecko) Chrome/70.0.0.0 Safari/537.36"
185.93.230.19 - - [06/May/2025:15:04:13 +0200] "GET /index.php/component/content/24-2016-12-02-22-03-13/cp/cp/assets/css/Article-Clean.css HTTP/1.1" 200 16202 "https://www.utripoli.edu.ly/index.php/component/content/24-2016-12-02-22-03-13/cp/cp/single-news.php?id=300" "Mozilla/5.0 (compatible; Bytespider; spider-feedback@bytedance.com) AppleWebKit/537.36 (KHTML, like Gecko) Chrome/70.0.0.0 Safari/537.36"
185.93.230.19 - - [06/May/2025:15:04:14 +0200] "GET /index.php/component/content/24-2016-12-02-22-03-13/cp/cp/assets/css/Projects-Horizontal.css HTTP/1.1" 200 16203 "https://www.utripoli.edu.ly/index.php/component/content/24-2016-12-02-22-03-13/cp/cp/single-news.php?id=300" "Mozilla/5.0 (compatible; Bytespider; spider-feedback@bytedance.com) AppleWebKit/537.36 (KHTML, like Gecko) Chrome/70.0.0.0 Safari/537.36"
185.93.230.19 - - [06/May/2025:15:04:13 +0200] "GET /index.php/component/content/24-2016-12-02-22-03-13/cp/cp/assets/css/Features-Blue.css HTTP/1.1" 200 16204 "https://www.utripoli.edu.ly/index.php/component/content/24-2016-12-02-22-03-13/cp/cp/single-news.php?id=300" "Mozilla/5.0 (compatible; Bytespider; spider-feedback@bytedance.com) AppleWebKit/537.36 (KHTML, like Gecko) Chrome/70.0.0.0 Safari/537.36"
185.93.230.19 - - [06/May/2025:15:04:13 +0200] "GET /index.php/component/content/24-2016-12-02-22-03-13/cp/cp/assets/css/Brands.css HTTP/1.1" 200 16204 "https://www.utripoli.edu.ly/index.php/component/content/24-2016-12-02-22-03-13/cp/cp/single-news.php?id=300" "Mozilla/5.0 (compatible; Bytespider; spider-feedback@bytedance.com) AppleWebKit/537.36 (KHTML, like Gecko) Chrome/70.0.0.0 Safari/537.36"
185.93.230.19 - - [06/May/2025:15:04:14 +0200] "GET /index.php/component/content/24-2016-12-02-22-03-13/cp/cp/assets/css/Simple-Slider.css HTTP/1.1" 200 16203 "https://www.utripoli.edu.ly/index.php/component/content/24-2016-12-02-22-03-13/cp/cp/single-news.php?id=300" "Mozilla/5.0 (compatible; Bytespider; spider-feedback@bytedance.com) AppleWebKit/537.36 (KHTML, like Gecko) Chrome/70.0.0.0 Safari/537.36"
185.93.230.19 - - [06/May/2025:15:04:14 +0200] "GET /index.php/component/content/24-2016-12-02-22-03-13/cp/cp/img/slide-2.jpg HTTP/1.1" 200 78553 "https://www.utripoli.edu.ly/index.php/component/content/24-2016-12-02-22-03-13/cp/cp/single-news.php?id=300" "Mozilla/5.0 (compatible; Bytespider; spider-feedback@bytedance.com) AppleWebKit/537.36 (KHTML, like Gecko) Chrome/70.0.0.0 Safari/537.36"
185.93.230.19 - - [06/May/2025:15:04:14 +0200] "GET /index.php/component/content/24-2016-12-02-22-03-13/cp/cp/img/icons/classroom.png HTTP/1.1" 200 78553 "https://www.utripoli.edu.ly/index.php/component/content/24-2016-12-02-22-03-13/cp/cp/single-news.php?id=300" "Mozilla/5.0 (compatible; Bytespider; spider-feedback@bytedance.com) AppleWebKit/537.36 (KHTML, like Gecko) Chrome/70.0.0.0 Safari/537.36"
185.93.230.19 - - [06/May/2025:15:04:14 +0200] "GET /index.php/component/content/24-2016-12-02-22-03-13/cp/cp/img/slide-1.jpg HTTP/1.1" 200 78553 "https://www.utripoli.edu.ly/index.php/component/content/24-2016-12-02-22-03-13/cp/cp/single-news.php?id=300" "Mozilla/5.0 (compatible; Bytespider; spider-feedback@bytedance.com) AppleWebKit/537.36 (KHTML, like Gecko) Chrome/70.0.0.0 Safari/537.36"
185.93.230.19 - - [06/May/2025:15:04:14 +0200] "GET /index.php/component/content/24-2016-12-02-22-03-13/cp/cp/img/about.jpg HTTP/1.1" 200 78553 "https://www.utripoli.edu.ly/index.php/component/content/24-2016-12-02-22-03-13/cp/cp/single-news.php?id=300" "Mozilla/5.0 (compatible; Bytespider; spider-feedback@bytedance.com) AppleWebKit/537.36 (KHTML, like Gecko) Chrome/70.0.0.0 Safari/537.36"
185.93.230.19 - - [06/May/2025:15:04:14 +0200] "GET /index.php/component/content/24-2016-12-02-22-03-13/cp/cp/img/icons/student.png HTTP/1.1" 200 78553 "https://www.utripoli.edu.ly/index.php/component/content/24-2016-12-02-22-03-13/cp/cp/single-news.php?id=300" "Mozilla/5.0 (compatible; Bytespider; spider-feedback@bytedance.com) AppleWebKit/537.36 (KHTML, like Gecko) Chrome/70.0.0.0 Safari/537.36"
185.93.230.19 - - [06/May/2025:15:04:14 +0200] "GET /index.php/component/content/24-2016-12-02-22-03-13/cp/cp/img/logo_r.png HTTP/1.1" 200 78553 "https://www.utripoli.edu.ly/index.php/component/content/24-2016-12-02-22-03-13/cp/cp/single-news.php?id=300" "Mozilla/5.0 (compatible; Bytespider; spider-feedback@bytedance.com) AppleWebKit/537.36 (KHTML, like Gecko) Chrome/70.0.0.0 Safari/537.36"
185.93.230.19 - - [06/May/2025:15:04:14 +0200] "GET /index.php/component/content/24-2016-12-02-22-03-13/cp/cp/img/icons/graduate.png HTTP/1.1" 200 78553 "https://www.utripoli.edu.ly/index.php/component/content/24-2016-12-02-22-03-13/cp/cp/single-news.php?id=300" "Mozilla/5.0 (compatible; Bytespider; spider-feedback@bytedance.com) AppleWebKit/537.36 (KHTML, like Gecko) Chrome/70.0.0.0 Safari/537.36"
185.93.230.19 - - [06/May/2025:15:04:14 +0200] "GET /index.php/component/content/24-2016-12-02-22-03-13/cp/cp/img/icons/employee.png HTTP/1.1" 200 78553 "https://www.utripoli.edu.ly/index.php/component/content/24-2016-12-02-22-03-13/cp/cp/single-news.php?id=300" "Mozilla/5.0 (compatible; Bytespider; spider-feedback@bytedance.com) AppleWebKit/537.36 (KHTML, like Gecko) Chrome/70.0.0.0 Safari/537.36"
185.93.230.19 - - [06/May/2025:15:04:15 +0200] "GET /index.php/component/content/24-2016-12-02-22-03-13/cp/cp/cp/uploads/news/494181703_1093456566161968_5056605548044216759_n.jpg HTTP/1.1" 200 78553 "https://www.utripoli.edu.ly/index.php/component/content/24-2016-12-02-22-03-13/cp/cp/single-news.php?id=300" "Mozilla/5.0 (compatible; Bytespider; spider-feedback@bytedance.com) AppleWebKit/537.36 (KHTML, like Gecko) Chrome/70.0.0.0 Safari/537.36"
185.93.230.19 - - [06/May/2025:15:04:15 +0200] "GET /index.php/component/content/24-2016-12-02-22-03-13/cp/cp/cp/uploads/activities/481194164_1044460221061603_1037927010955694530_n.jpg HTTP/1.1" 200 78553 "https://www.utripoli.edu.ly/index.php/component/content/24-2016-12-02-22-03-13/cp/cp/single-news.php?id=300" "Mozilla/5.0 (compatible; Bytespider; spider-feedback@bytedance.com) AppleWebKit/537.36 (KHTML, like Gecko) Chrome/70.0.0.0 Safari/537.36"
185.93.230.19 - - [06/May/2025:15:04:15 +0200] "GET /index.php/component/content/24-2016-12-02-22-03-13/cp/cp/cp/uploads/news/494648227_1094935569347401_3122463604882329_n.jpg HTTP/1.1" 200 78553 "https://www.utripoli.edu.ly/index.php/component/content/24-2016-12-02-22-03-13/cp/cp/single-news.php?id=300" "Mozilla/5.0 (compatible; Bytespider; spider-feedback@bytedance.com) AppleWebKit/537.36 (KHTML, like Gecko) Chrome/70.0.0.0 Safari/537.36"
185.93.230.19 - - [06/May/2025:15:04:15 +0200] "GET /index.php/component/content/24-2016-12-02-22-03-13/cp/cp/cp/uploads/activities/481214850_1040842181423407_6231038517308051259_n.jpg HTTP/1.1" 200 78553 "https://www.utripoli.edu.ly/index.php/component/content/24-2016-12-02-22-03-13/cp/cp/single-news.php?id=300" "Mozilla/5.0 (compatible; Bytespider; spider-feedback@bytedance.com) AppleWebKit/537.36 (KHTML, like Gecko) Chrome/70.0.0.0 Safari/537.36"
185.93.230.19 - - [06/May/2025:15:04:15 +0200] "GET /index.php/component/content/24-2016-12-02-22-03-13/cp/cp/img/icons/agreement.png HTTP/1.1" 200 78553 "https://www.utripoli.edu.ly/index.php/component/content/24-2016-12-02-22-03-13/cp/cp/single-news.php?id=300" "Mozilla/5.0 (compatible; Bytespider; spider-feedback@bytedance.com) AppleWebKit/537.36 (KHTML, like Gecko) Chrome/70.0.0.0 Safari/537.36"
185.93.230.19 - - [06/May/2025:15:04:15 +0200] "GET /index.php/component/content/24-2016-12-02-22-03-13/cp/cp/img/icons/online-library.png HTTP/1.1" 200 78553 "https://www.utripoli.edu.ly/index.php/component/content/24-2016-12-02-22-03-13/cp/cp/single-news.php?id=300" "Mozilla/5.0 (compatible; Bytespider; spider-feedback@bytedance.com) AppleWebKit/537.36 (KHTML, like Gecko) Chrome/70.0.0.0 Safari/537.36"
185.93.230.19 - - [06/May/2025:15:04:15 +0200] "GET /index.php/component/content/24-2016-12-02-22-03-13/cp/cp/cp/uploads/news/495161245_1094928226014802_2446482707916467827_n.jpg HTTP/1.1" 200 78553 "https://www.utripoli.edu.ly/index.php/component/content/24-2016-12-02-22-03-13/cp/cp/single-news.php?id=300" "Mozilla/5.0 (compatible; Bytespider; spider-feedback@bytedance.com) AppleWebKit/537.36 (KHTML, like Gecko) Chrome/70.0.0.0 Safari/537.36"
185.93.230.19 - - [06/May/2025:15:04:15 +0200] "GET /index.php/component/content/24-2016-12-02-22-03-13/cp/cp/cp/uploads/activities/476457247_1301209910964579_6056489596862577291_n.jpg HTTP/1.1" 200 78553 "https://www.utripoli.edu.ly/index.php/component/content/24-2016-12-02-22-03-13/cp/cp/single-news.php?id=300" "Mozilla/5.0 (compatible; Bytespider; spider-feedback@bytedance.com) AppleWebKit/537.36 (KHTML, like Gecko) Chrome/70.0.0.0 Safari/537.36"
185.93.230.19 - - [06/May/2025:15:04:15 +0200] "GET /index.php/component/content/24-2016-12-02-22-03-13/cp/cp/img/icons/structure.png HTTP/1.1" 200 78553 "https://www.utripoli.edu.ly/index.php/component/content/24-2016-12-02-22-03-13/cp/cp/single-news.php?id=300" "Mozilla/5.0 (compatible; Bytespider; spider-feedback@bytedance.com) AppleWebKit/537.36 (KHTML, like Gecko) Chrome/70.0.0.0 Safari/537.36"
185.93.230.19 - - [06/May/2025:15:04:15 +0200] "GET /index.php/component/content/24-2016-12-02-22-03-13/cp/cp/img/logo_s.png HTTP/1.1" 200 78553 "https://www.utripoli.edu.ly/index.php/component/content/24-2016-12-02-22-03-13/cp/cp/single-news.php?id=300" "Mozilla/5.0 (compatible; Bytespider; spider-feedback@bytedance.com) AppleWebKit/537.36 (KHTML, like Gecko) Chrome/70.0.0.0 Safari/537.36"
185.93.230.19 - - [06/May/2025:15:04:15 +0200] "GET /index.php/component/content/24-2016-12-02-22-03-13/cp/cp/img/icons/list.png HTTP/1.1" 200 78553 "https://www.utripoli.edu.ly/index.php/component/content/24-2016-12-02-22-03-13/cp/cp/single-news.php?id=300" "Mozilla/5.0 (compatible; Bytespider; spider-feedback@bytedance.com) AppleWebKit/537.36 (KHTML, like Gecko) Chrome/70.0.0.0 Safari/537.36"
85.208.96.212 - - [06/May/2025:15:04:20 +0200] "GET /teacher_list.php?pageNum_news_index=3&pageNum_news_index=3&pageNum_news_index=3&pageNum_news_index=4&pageNum_news_index=6&pageNum_news_index=6&pageNum_news_index=7&pageNum_news_index=8 HTTP/1.1" 200 9472 "-" "Mozilla/5.0 (compatible; SemrushBot/7~bl; +http://www.semrush.com/bot.html)"
185.93.230.19 - - [06/May/2025:15:04:22 +0200] "GET /index.php/72-2016-12-02-23-01-27/cp/single-event.php?id=62 HTTP/1.1" 200 16204 "https://www.utripoli.edu.ly/index.php/72-2016-12-02-23-01-27/cp/single-event.php?id=62" "Mozilla/5.0 (Windows NT 10.0; Win64; x64) AppleWebKit/537.36 (KHTML, like Gecko) Chrome/107.0.0.0 Safari/537.36"
185.93.229.19 - - [06/May/2025:15:04:29 +0200] "GET /teacher_list.php?pageNum_news_index=1&pageNum_news_index=2&pageNum_news_index=2&pageNum_news_index=2&pageNum_news_index=2&pageNum_news_index=2&pageNum_news_index=2&pageNum_news_index=3&pageNum_news_index=4&pageNum_news_index=7&pageNum_news_index=7&pageNum_news_index=9 HTTP/1.1" 200 9492 "-" "Mozilla/5.0 (compatible; SemrushBot/7~bl; +http://www.semrush.com/bot.html)"
185.191.171.19 - - [06/May/2025:15:04:36 +0200] "GET /teacher_list.php?pageNum_news_index=1&pageNum_news_index=3&pageNum_news_index=5&pageNum_news_index=7&pageNum_news_index=7&pageNum_news_index=7&pageNum_news_index=7&pageNum_news_index=7&pageNum_news_index=8&pageNum_news_index=8 HTTP/1.1" 200 9498 "-" "Mozilla/5.0 (compatible; SemrushBot/7~bl; +http://www.semrush.com/bot.html)"
185.191.171.8 - - [06/May/2025:15:04:45 +0200] "GET /robots.txt HTTP/1.1" 404 3913 "-" "Mozilla/5.0 (compatible; SemrushBot/7~bl; +http://www.semrush.com/bot.html)"
185.191.171.8 - - [06/May/2025:15:04:46 +0200] "GET /teacher_list.php?pageNum_news_index=0&pageNum_news_index=0&pageNum_news_index=3&pageNum_news_index=4&pageNum_news_index=6&pageNum_news_index=8&pageNum_news_index=8&pageNum_news_index=8&pageNum_news_index=8&pageNum_news_index=8 HTTP/1.1" 200 9498 "-" "Mozilla/5.0 (compatible; SemrushBot/7~bl; +http://www.semrush.com/bot.html)"
185.93.230.6 - - [06/May/2025:15:04:46 +0200] "GET /journal/index.php/Alqalam/article/view/62?articlesBySimilarityPage=4 HTTP/1.1" 200 7625 "-" "Mozilla/5.0 (Windows NT 10.0; Win64; x64) AppleWebKit/537.36 (KHTML, like Gecko) Chrome/100.0.7064.784 Safari/537.36"
85.208.96.211 - - [06/May/2025:15:04:51 +0200] "GET /teacher_list.php?pageNum_news_index=0&pageNum_news_index=0&pageNum_news_index=0&pageNum_news_index=0&pageNum_news_index=0&pageNum_news_index=0&pageNum_news_index=0&pageNum_news_index=4&pageNum_news_index=4&pageNum_news_index=5&pageNum_news_index=7&pageNum_news_index=8 HTTP/1.1" 200 9515 "-" "Mozilla/5.0 (compatible; SemrushBot/7~bl; +http://www.semrush.com/bot.html)"
185.191.171.15 - - [06/May/2025:15:04:57 +0200] "GET /teacher_list.php?pageNum_news_index=0&pageNum_news_index=1&pageNum_news_index=3&pageNum_news_index=6&pageNum_news_index=7&pageNum_news_index=8&pageNum_news_index=9 HTTP/1.1" 200 9409 "-" "Mozilla/5.0 (compatible; SemrushBot/7~bl; +http://www.semrush.com/bot.html)"
85.208.96.209 - - [06/May/2025:15:05:02 +0200] "GET /teacher_list.php?pageNum_news_index=1&pageNum_news_index=1&pageNum_news_index=2&pageNum_news_index=4&pageNum_news_index=6&pageNum_news_index=6&pageNum_news_index=6&pageNum_news_index=6&pageNum_news_index=7&pageNum_news_index=8&pageNum_news_index=8&pageNum_news_index=8 HTTP/1.1" 200 9518 "-" "Mozilla/5.0 (compatible; SemrushBot/7~bl; +http://www.semrush.com/bot.html)"
85.208.96.204 - - [06/May/2025:15:05:05 +0200] "GET /teacher_list.php?pageNum_news_index=0&pageNum_news_index=2&pageNum_news_index=3&pageNum_news_index=3&pageNum_news_index=4&pageNum_news_index=4&pageNum_news_index=4&pageNum_news_index=4&pageNum_news_index=4&pageNum_news_index=4&pageNum_news_index=6&pageNum_news_index=6 HTTP/1.1" 200 9538 "-" "Mozilla/5.0 (compatible; SemrushBot/7~bl; +http://www.semrush.com/bot.html)"
185.93.229.6 - - [06/May/2025:15:05:07 +0200] "GET /cp/student/startcourse.php?search=present+perfect+%D0%B8+present+perfect+continuous+%D1%80%D0%B0%D0%B7%D0%BD%D0%B8%D1%86%D0%B0 HTTP/1.1" 302 2352 "-" "Mozilla/5.0 AppleWebKit/537.36 (KHTML, like Gecko; compatible; bingbot/2.0; +http://www.bing.com/bingbot.htm) Chrome/116.0.1938.76 Safari/537.36"
185.191.171.8 - - [06/May/2025:15:05:15 +0200] "GET /teacher_list.php?pageNum_news_index=1&pageNum_news_index=2&pageNum_news_index=3&pageNum_news_index=3&pageNum_news_index=3&pageNum_news_index=3&pageNum_news_index=3&pageNum_news_index=3&pageNum_news_index=5&pageNum_news_index=5&pageNum_news_index=6&pageNum_news_index=8 HTTP/1.1" 200 9517 "-" "Mozilla/5.0 (compatible; SemrushBot/7~bl; +http://www.semrush.com/bot.html)"
85.208.96.209 - - [06/May/2025:15:05:20 +0200] "GET /teacher_list.php?pageNum_news_index=1&pageNum_news_index=1&pageNum_news_index=1&pageNum_news_index=2&pageNum_news_index=2&pageNum_news_index=3&pageNum_news_index=3&pageNum_news_index=3&pageNum_news_index=4&pageNum_news_index=6 HTTP/1.1" 200 9523 "-" "Mozilla/5.0 (compatible; SemrushBot/7~bl; +http://www.semrush.com/bot.html)"
185.93.229.19 - - [06/May/2025:15:05:22 +0200] "GET /teacher_list.php?pageNum_news_index=0&pageNum_news_index=0&pageNum_news_index=1&pageNum_news_index=2&pageNum_news_index=4 HTTP/1.1" 200 9309 "-" "Mozilla/5.0 (compatible; SemrushBot/7~bl; +http://www.semrush.com/bot.html)"
185.191.171.15 - - [06/May/2025:15:05:32 +0200] "GET /teacher_list.php?pageNum_news_index=0&pageNum_news_index=1&pageNum_news_index=1&pageNum_news_index=2&pageNum_news_index=2&pageNum_news_index=5&pageNum_news_index=5&pageNum_news_index=7&pageNum_news_index=7&pageNum_news_index=7&pageNum_news_index=8 HTTP/1.1" 200 9511 "-" "Mozilla/5.0 (compatible; SemrushBot/7~bl; +http://www.semrush.com/bot.html)"
185.93.229.6 - - [06/May/2025:15:05:37 +0200] "GET /cp/student/login.php?accesscheck=%2Fcp%2Fstudent%2Fstartcourse.php%3Fsearch%3Dpresent%2Bperfect%2B%25D0%25B8%2Bpresent%2Bperfect%2Bcontinuous%2B%25D1%2580%25D0%25B0%25D0%25B7%25D0%25BD%25D0%25B8%25D1%2586%25D0%25B0 HTTP/1.1" 200 1895 "-" "Mozilla/5.0 AppleWebKit/537.36 (KHTML, like Gecko; compatible; bingbot/2.0; +http://www.bing.com/bingbot.htm) Chrome/116.0.1938.76 Safari/537.36"
185.93.229.19 - - [06/May/2025:15:05:37 +0200] "GET /teacher_list.php?pageNum_news_index=0&pageNum_news_index=0&pageNum_news_index=0&pageNum_news_index=1&pageNum_news_index=1&pageNum_news_index=6&pageNum_news_index=6&pageNum_news_index=8&pageNum_news_index=8&pageNum_news_index=8&pageNum_news_index=9 HTTP/1.1" 200 9485 "-" "Mozilla/5.0 (compatible; SemrushBot/7~bl; +http://www.semrush.com/bot.html)"
185.93.229.19 - - [06/May/2025:15:05:41 +0200] "GET /teacher_list.php?pageNum_news_index=1&pageNum_news_index=1&pageNum_news_index=4&pageNum_news_index=5&pageNum_news_index=7&pageNum_news_index=7&pageNum_news_index=8&pageNum_news_index=8&pageNum_news_index=8&pageNum_news_index=8&pageNum_news_index=9 HTTP/1.1" 200 9487 "-" "Mozilla/5.0 (compatible; SemrushBot/7~bl; +http://www.semrush.com/bot.html)"
85.208.96.205 - - [06/May/2025:15:05:43 +0200] "GET /teacher_list.php?pageNum_news_index=0&pageNum_news_index=1&pageNum_news_index=1&pageNum_news_index=2&pageNum_news_index=4&pageNum_news_index=5&pageNum_news_index=5&pageNum_news_index=5&pageNum_news_index=6&pageNum_news_index=7&pageNum_news_index=7&pageNum_news_index=9 HTTP/1.1" 200 9497 "-" "Mozilla/5.0 (compatible; SemrushBot/7~bl; +http://www.semrush.com/bot.html)"
185.93.229.19 - - [06/May/2025:15:05:45 +0200] "GET /teacher_list.php?pageNum_news_index=1&pageNum_news_index=1&pageNum_news_index=1&pageNum_news_index=4&pageNum_news_index=4&pageNum_news_index=6&pageNum_news_index=6&pageNum_news_index=6&pageNum_news_index=6&pageNum_news_index=6&pageNum_news_index=7 HTTP/1.1" 200 9485 "-" "Mozilla/5.0 (compatible; SemrushBot/7~bl; +http://www.semrush.com/bot.html)"
185.93.228.19 - - [06/May/2025:15:05:46 +0200] "GET /feed HTTP/1.1" 404 3913 "https://www.google.com" "Mozilla/5.0 (Windows NT 10.0; Win64; x64) AppleWebKit/537.36 (KHTML, like Gecko) Chrome/89.0.1816.96 Safari/537.36"
185.191.171.10 - - [06/May/2025:15:06:01 +0200] "GET /teacher_list.php?pageNum_news_index=1&pageNum_news_index=1&pageNum_news_index=2&pageNum_news_index=2&pageNum_news_index=3&pageNum_news_index=3&pageNum_news_index=4&pageNum_news_index=6&pageNum_news_index=6&pageNum_news_index=6&pageNum_news_index=7&pageNum_news_index=7 HTTP/1.1" 200 9496 "-" "Mozilla/5.0 (compatible; SemrushBot/7~bl; +http://www.semrush.com/bot.html)"
185.93.230.19 - - [06/May/2025:15:06:00 +0200] "GET /index.php/english-site/74-news/cp/cp/cp/single-news.php?id=301 HTTP/1.1" 200 16204 "-" "Mozilla/5.0 (compatible; Bytespider; spider-feedback@bytedance.com) AppleWebKit/537.36 (KHTML, like Gecko) Chrome/70.0.0.0 Safari/537.36"
185.93.230.19 - - [06/May/2025:15:06:02 +0200] "GET /index.php/english-site/74-news/cp/cp/cp/lib/lightbox//css/lightbox.min.css HTTP/1.1" 200 16207 "https://utripoli.edu.ly/index.php/english-site/74-news/cp/cp/cp/single-news.php?id=301" "Mozilla/5.0 (compatible; Bytespider; spider-feedback@bytedance.com) AppleWebKit/537.36 (KHTML, like Gecko) Chrome/70.0.0.0 Safari/537.36"
185.93.230.19 - - [06/May/2025:15:06:02 +0200] "GET /index.php/english-site/74-news/cp/cp/cp/lib/animate/animate.min.css HTTP/1.1" 200 16203 "https://utripoli.edu.ly/index.php/english-site/74-news/cp/cp/cp/single-news.php?id=301" "Mozilla/5.0 (compatible; Bytespider; spider-feedback@bytedance.com) AppleWebKit/537.36 (KHTML, like Gecko) Chrome/70.0.0.0 Safari/537.36"
185.93.230.19 - - [06/May/2025:15:06:02 +0200] "GET /index.php/english-site/74-news/cp/cp/cp/lib/owlcarousel/assets/owl.carousel.min.css HTTP/1.1" 200 16203 "https://utripoli.edu.ly/index.php/english-site/74-news/cp/cp/cp/single-news.php?id=301" "Mozilla/5.0 (compatible; Bytespider; spider-feedback@bytedance.com) AppleWebKit/537.36 (KHTML, like Gecko) Chrome/70.0.0.0 Safari/537.36"
185.93.230.19 - - [06/May/2025:15:06:02 +0200] "GET /index.php/english-site/74-news/cp/cp/cp/css/bootstrap.min.css HTTP/1.1" 200 16203 "https://utripoli.edu.ly/index.php/english-site/74-news/cp/cp/cp/single-news.php?id=301" "Mozilla/5.0 (compatible; Bytespider; spider-feedback@bytedance.com) AppleWebKit/537.36 (KHTML, like Gecko) Chrome/70.0.0.0 Safari/537.36"
185.93.230.19 - - [06/May/2025:15:06:02 +0200] "GET /index.php/english-site/74-news/cp/cp/cp/css/style.css HTTP/1.1" 200 16203 "https://utripoli.edu.ly/index.php/english-site/74-news/cp/cp/cp/single-news.php?id=301" "Mozilla/5.0 (compatible; Bytespider; spider-feedback@bytedance.com) AppleWebKit/537.36 (KHTML, like Gecko) Chrome/70.0.0.0 Safari/537.36"
185.93.230.19 - - [06/May/2025:15:06:02 +0200] "GET /index.php/english-site/74-news/cp/cp/cp/assets/css/Brands.css HTTP/1.1" 200 16203 "https://utripoli.edu.ly/index.php/english-site/74-news/cp/cp/cp/single-news.php?id=301" "Mozilla/5.0 (compatible; Bytespider; spider-feedback@bytedance.com) AppleWebKit/537.36 (KHTML, like Gecko) Chrome/70.0.0.0 Safari/537.36"
185.93.230.19 - - [06/May/2025:15:06:02 +0200] "GET /index.php/english-site/74-news/cp/cp/cp/assets/fonts/fontawesome-all.min.css HTTP/1.1" 200 16203 "https://utripoli.edu.ly/index.php/english-site/74-news/cp/cp/cp/single-news.php?id=301" "Mozilla/5.0 (compatible; Bytespider; spider-feedback@bytedance.com) AppleWebKit/537.36 (KHTML, like Gecko) Chrome/70.0.0.0 Safari/537.36"
185.93.230.19 - - [06/May/2025:15:06:02 +0200] "GET /index.php/english-site/74-news/cp/cp/cp/assets/css/Contact-Form-Clean.css HTTP/1.1" 200 16203 "https://utripoli.edu.ly/index.php/english-site/74-news/cp/cp/cp/single-news.php?id=301" "Mozilla/5.0 (compatible; Bytespider; spider-feedback@bytedance.com) AppleWebKit/537.36 (KHTML, like Gecko) Chrome/70.0.0.0 Safari/537.36"
185.93.230.19 - - [06/May/2025:15:06:02 +0200] "GET /index.php/english-site/74-news/cp/cp/cp/assets/css/Features-Blue.css HTTP/1.1" 200 16204 "https://utripoli.edu.ly/index.php/english-site/74-news/cp/cp/cp/single-news.php?id=301" "Mozilla/5.0 (compatible; Bytespider; spider-feedback@bytedance.com) AppleWebKit/537.36 (KHTML, like Gecko) Chrome/70.0.0.0 Safari/537.36"
185.93.230.19 - - [06/May/2025:15:06:02 +0200] "GET /index.php/english-site/74-news/cp/cp/cp/assets/css/Projects-Horizontal.css HTTP/1.1" 200 16204 "https://utripoli.edu.ly/index.php/english-site/74-news/cp/cp/cp/single-news.php?id=301" "Mozilla/5.0 (compatible; Bytespider; spider-feedback@bytedance.com) AppleWebKit/537.36 (KHTML, like Gecko) Chrome/70.0.0.0 Safari/537.36"
185.93.230.19 - - [06/May/2025:15:06:02 +0200] "GET /index.php/english-site/74-news/cp/cp/cp/assets/css/Simple-Slider.css HTTP/1.1" 200 16206 "https://utripoli.edu.ly/index.php/english-site/74-news/cp/cp/cp/single-news.php?id=301" "Mozilla/5.0 (compatible; Bytespider; spider-feedback@bytedance.com) AppleWebKit/537.36 (KHTML, like Gecko) Chrome/70.0.0.0 Safari/537.36"
185.93.230.19 - - [06/May/2025:15:06:02 +0200] "GET /index.php/english-site/74-news/cp/cp/cp/assets/css/Article-Clean.css HTTP/1.1" 200 16203 "https://utripoli.edu.ly/index.php/english-site/74-news/cp/cp/cp/single-news.php?id=301" "Mozilla/5.0 (compatible; Bytespider; spider-feedback@bytedance.com) AppleWebKit/537.36 (KHTML, like Gecko) Chrome/70.0.0.0 Safari/537.36"
185.93.230.19 - - [06/May/2025:15:06:03 +0200] "GET /index.php/english-site/74-news/cp/cp/cp/img/logo_r.png HTTP/1.1" 200 78553 "https://utripoli.edu.ly/index.php/english-site/74-news/cp/cp/cp/single-news.php?id=301" "Mozilla/5.0 (compatible; Bytespider; spider-feedback@bytedance.com) AppleWebKit/537.36 (KHTML, like Gecko) Chrome/70.0.0.0 Safari/537.36"
185.93.230.19 - - [06/May/2025:15:06:03 +0200] "GET /index.php/english-site/74-news/cp/cp/cp/img/slide-1.jpg HTTP/1.1" 200 78553 "https://utripoli.edu.ly/index.php/english-site/74-news/cp/cp/cp/single-news.php?id=301" "Mozilla/5.0 (compatible; Bytespider; spider-feedback@bytedance.com) AppleWebKit/537.36 (KHTML, like Gecko) Chrome/70.0.0.0 Safari/537.36"
185.93.230.19 - - [06/May/2025:15:06:03 +0200] "GET /index.php/english-site/74-news/cp/cp/cp/img/about.jpg HTTP/1.1" 200 78553 "https://utripoli.edu.ly/index.php/english-site/74-news/cp/cp/cp/single-news.php?id=301" "Mozilla/5.0 (compatible; Bytespider; spider-feedback@bytedance.com) AppleWebKit/537.36 (KHTML, like Gecko) Chrome/70.0.0.0 Safari/537.36"
185.93.230.19 - - [06/May/2025:15:06:03 +0200] "GET /index.php/english-site/74-news/cp/cp/cp/img/icons/classroom.png HTTP/1.1" 200 78553 "https://utripoli.edu.ly/index.php/english-site/74-news/cp/cp/cp/single-news.php?id=301" "Mozilla/5.0 (compatible; Bytespider; spider-feedback@bytedance.com) AppleWebKit/537.36 (KHTML, like Gecko) Chrome/70.0.0.0 Safari/537.36"
185.93.230.19 - - [06/May/2025:15:06:03 +0200] "GET /index.php/english-site/74-news/cp/cp/cp/img/icons/graduate.png HTTP/1.1" 200 78553 "https://utripoli.edu.ly/index.php/english-site/74-news/cp/cp/cp/single-news.php?id=301" "Mozilla/5.0 (compatible; Bytespider; spider-feedback@bytedance.com) AppleWebKit/537.36 (KHTML, like Gecko) Chrome/70.0.0.0 Safari/537.36"
185.93.230.19 - - [06/May/2025:15:06:03 +0200] "GET /index.php/english-site/74-news/cp/cp/cp/img/slide-2.jpg HTTP/1.1" 200 78553 "https://utripoli.edu.ly/index.php/english-site/74-news/cp/cp/cp/single-news.php?id=301" "Mozilla/5.0 (compatible; Bytespider; spider-feedback@bytedance.com) AppleWebKit/537.36 (KHTML, like Gecko) Chrome/70.0.0.0 Safari/537.36"
185.93.230.19 - - [06/May/2025:15:06:03 +0200] "GET /index.php/english-site/74-news/cp/cp/cp/cp/uploads/news/495161245_1094928226014802_2446482707916467827_n.jpg HTTP/1.1" 200 78553 "https://utripoli.edu.ly/index.php/english-site/74-news/cp/cp/cp/single-news.php?id=301" "Mozilla/5.0 (compatible; Bytespider; spider-feedback@bytedance.com) AppleWebKit/537.36 (KHTML, like Gecko) Chrome/70.0.0.0 Safari/537.36"
185.93.230.19 - - [06/May/2025:15:06:03 +0200] "GET /index.php/english-site/74-news/cp/cp/cp/img/icons/student.png HTTP/1.1" 200 78553 "https://utripoli.edu.ly/index.php/english-site/74-news/cp/cp/cp/single-news.php?id=301" "Mozilla/5.0 (compatible; Bytespider; spider-feedback@bytedance.com) AppleWebKit/537.36 (KHTML, like Gecko) Chrome/70.0.0.0 Safari/537.36"
185.93.230.19 - - [06/May/2025:15:06:03 +0200] "GET /index.php/english-site/74-news/cp/cp/cp/img/icons/employee.png HTTP/1.1" 200 78553 "https://utripoli.edu.ly/index.php/english-site/74-news/cp/cp/cp/single-news.php?id=301" "Mozilla/5.0 (compatible; Bytespider; spider-feedback@bytedance.com) AppleWebKit/537.36 (KHTML, like Gecko) Chrome/70.0.0.0 Safari/537.36"
185.93.230.19 - - [06/May/2025:15:06:04 +0200] "GET /index.php/english-site/74-news/cp/cp/cp/cp/uploads/news/494648227_1094935569347401_3122463604882329_n.jpg HTTP/1.1" 200 78553 "https://utripoli.edu.ly/index.php/english-site/74-news/cp/cp/cp/single-news.php?id=301" "Mozilla/5.0 (compatible; Bytespider; spider-feedback@bytedance.com) AppleWebKit/537.36 (KHTML, like Gecko) Chrome/70.0.0.0 Safari/537.36"
185.93.230.19 - - [06/May/2025:15:06:04 +0200] "GET /index.php/english-site/74-news/cp/cp/cp/cp/uploads/news/494181703_1093456566161968_5056605548044216759_n.jpg HTTP/1.1" 200 78553 "https://utripoli.edu.ly/index.php/english-site/74-news/cp/cp/cp/single-news.php?id=301" "Mozilla/5.0 (compatible; Bytespider; spider-feedback@bytedance.com) AppleWebKit/537.36 (KHTML, like Gecko) Chrome/70.0.0.0 Safari/537.36"
185.93.230.19 - - [06/May/2025:15:06:04 +0200] "GET /index.php/english-site/74-news/cp/cp/cp/cp/uploads/activities/481194164_1044460221061603_1037927010955694530_n.jpg HTTP/1.1" 200 78553 "https://utripoli.edu.ly/index.php/english-site/74-news/cp/cp/cp/single-news.php?id=301" "Mozilla/5.0 (compatible; Bytespider; spider-feedback@bytedance.com) AppleWebKit/537.36 (KHTML, like Gecko) Chrome/70.0.0.0 Safari/537.36"
185.93.230.19 - - [06/May/2025:15:06:04 +0200] "GET /index.php/english-site/74-news/cp/cp/cp/cp/uploads/activities/476457247_1301209910964579_6056489596862577291_n.jpg HTTP/1.1" 200 78553 "https://utripoli.edu.ly/index.php/english-site/74-news/cp/cp/cp/single-news.php?id=301" "Mozilla/5.0 (compatible; Bytespider; spider-feedback@bytedance.com) AppleWebKit/537.36 (KHTML, like Gecko) Chrome/70.0.0.0 Safari/537.36"
185.93.230.19 - - [06/May/2025:15:06:04 +0200] "GET /index.php/english-site/74-news/cp/cp/cp/img/icons/online-library.png HTTP/1.1" 200 78553 "https://utripoli.edu.ly/index.php/english-site/74-news/cp/cp/cp/single-news.php?id=301" "Mozilla/5.0 (compatible; Bytespider; spider-feedback@bytedance.com) AppleWebKit/537.36 (KHTML, like Gecko) Chrome/70.0.0.0 Safari/537.36"
185.93.230.19 - - [06/May/2025:15:06:04 +0200] "GET /index.php/english-site/74-news/cp/cp/cp/img/icons/structure.png HTTP/1.1" 200 78553 "https://utripoli.edu.ly/index.php/english-site/74-news/cp/cp/cp/single-news.php?id=301" "Mozilla/5.0 (compatible; Bytespider; spider-feedback@bytedance.com) AppleWebKit/537.36 (KHTML, like Gecko) Chrome/70.0.0.0 Safari/537.36"
185.93.230.19 - - [06/May/2025:15:06:04 +0200] "GET /index.php/english-site/74-news/cp/cp/cp/img/icons/agreement.png HTTP/1.1" 200 78553 "https://utripoli.edu.ly/index.php/english-site/74-news/cp/cp/cp/single-news.php?id=301" "Mozilla/5.0 (compatible; Bytespider; spider-feedback@bytedance.com) AppleWebKit/537.36 (KHTML, like Gecko) Chrome/70.0.0.0 Safari/537.36"
185.93.230.19 - - [06/May/2025:15:06:04 +0200] "GET /index.php/english-site/74-news/cp/cp/cp/cp/uploads/activities/481214850_1040842181423407_6231038517308051259_n.jpg HTTP/1.1" 200 78553 "https://utripoli.edu.ly/index.php/english-site/74-news/cp/cp/cp/single-news.php?id=301" "Mozilla/5.0 (compatible; Bytespider; spider-feedback@bytedance.com) AppleWebKit/537.36 (KHTML, like Gecko) Chrome/70.0.0.0 Safari/537.36"
185.93.230.19 - - [06/May/2025:15:06:04 +0200] "GET /index.php/english-site/74-news/cp/cp/cp/img/icons/list.png HTTP/1.1" 200 78553 "https://utripoli.edu.ly/index.php/english-site/74-news/cp/cp/cp/single-news.php?id=301" "Mozilla/5.0 (compatible; Bytespider; spider-feedback@bytedance.com) AppleWebKit/537.36 (KHTML, like Gecko) Chrome/70.0.0.0 Safari/537.36"
185.93.230.19 - - [06/May/2025:15:06:04 +0200] "GET /index.php/english-site/74-news/cp/cp/cp/img/logo_s.png HTTP/1.1" 200 78553 "https://utripoli.edu.ly/index.php/english-site/74-news/cp/cp/cp/single-news.php?id=301" "Mozilla/5.0 (compatible; Bytespider; spider-feedback@bytedance.com) AppleWebKit/537.36 (KHTML, like Gecko) Chrome/70.0.0.0 Safari/537.36"
66.248.200.6 - - [06/May/2025:15:06:43 +0200] "GET /teacher.php?id=115 HTTP/1.1" 200 8210 "-" "Mozilla/5.0 (Linux; Android 6.0.1; Nexus 5X Build/MMB29P) AppleWebKit/537.36 (KHTML, like Gecko) Chrome/136.0.7103.59 Mobile Safari/537.36 (compatible; Googlebot/2.1; +http://www.google.com/bot.html)"
66.248.200.6 - - [06/May/2025:15:06:49 +0200] "GET /css/style.css HTTP/1.1" 200 3526 "https://uta.edu.ly/teacher.php?id=115" "Mozilla/5.0 (Linux; Android 6.0.1; Nexus 5X Build/MMB29P) AppleWebKit/537.36 (KHTML, like Gecko) Chrome/135.0.7049.114 Mobile Safari/537.36 (compatible; Googlebot/2.1; +http://www.google.com/bot.html)"
185.93.230.6 - - [06/May/2025:15:06:54 +0200] "GET /journal/index.php/Alqalam/article/view/772?articlesBySimilarityPage=6 HTTP/1.1" 200 9868 "https://uta.edu.ly/journal/index.php/Alqalam/article/view/772?articlesBySimilarityPage=6" "Mozilla/5.0 (Linux; Android 7.0;) AppleWebKit/537.36 (KHTML, like Gecko) Mobile Safari/537.36 (compatible; PetalBot;+https://webmaster.petalsearch.com/site/petalbot)"
185.93.230.19 - - [06/May/2025:15:06:54 +0200] "GET /index.php/cp/cp/cp/single-event.php?id=66 HTTP/1.1" 200 16203 "-" "Mozilla/5.0 (compatible; Bytespider; spider-feedback@bytedance.com) AppleWebKit/537.36 (KHTML, like Gecko) Chrome/70.0.0.0 Safari/537.36"
85.208.96.211 - - [06/May/2025:15:06:58 +0200] "GET /teacher_list.php?pageNum_news_index=1&pageNum_news_index=1&pageNum_news_index=1&pageNum_news_index=5&pageNum_news_index=6&pageNum_news_index=7&pageNum_news_index=8&pageNum_news_index=8&pageNum_news_index=8 HTTP/1.1" 200 9481 "-" "Mozilla/5.0 (compatible; SemrushBot/7~bl; +http://www.semrush.com/bot.html)"
85.208.96.203 - - [06/May/2025:15:07:16 +0200] "GET /teacher_list.php?pageNum_news_index=0&pageNum_news_index=1&pageNum_news_index=1&pageNum_news_index=1&pageNum_news_index=1&pageNum_news_index=5&pageNum_news_index=5&pageNum_news_index=8&pageNum_news_index=8&pageNum_news_index=8 HTTP/1.1" 200 9497 "-" "Mozilla/5.0 (compatible; SemrushBot/7~bl; +http://www.semrush.com/bot.html)"
185.191.171.11 - - [06/May/2025:15:07:18 +0200] "GET /teacher_list.php?pageNum_news_index=1&pageNum_news_index=1&pageNum_news_index=2&pageNum_news_index=2&pageNum_news_index=3&pageNum_news_index=3&pageNum_news_index=3&pageNum_news_index=4&pageNum_news_index=4&pageNum_news_index=4&pageNum_news_index=4&pageNum_news_index=6 HTTP/1.1" 200 9540 "-" "Mozilla/5.0 (compatible; SemrushBot/7~bl; +http://www.semrush.com/bot.html)"
185.93.230.6 - - [06/May/2025:15:07:24 +0200] "GET /journal/index.php/Alqalam/article/view/62?articlesBySimilarityPage=5 HTTP/1.1" 200 7507 "-" "Mozilla/5.0 (Windows NT 10.0; Win64; x64) AppleWebKit/537.36 (KHTML, like Gecko) Chrome/100.0.2093.120 Safari/537.36"
185.93.229.19 - - [06/May/2025:15:07:30 +0200] "GET /teacher_list.php?pageNum_news_index=3&pageNum_news_index=3&pageNum_news_index=3&pageNum_news_index=3&pageNum_news_index=6&pageNum_news_index=7&pageNum_news_index=8&pageNum_news_index=8&pageNum_news_index=9 HTTP/1.1" 200 9455 "-" "Mozilla/5.0 (compatible; SemrushBot/7~bl; +http://www.semrush.com/bot.html)"
85.208.96.193 - - [06/May/2025:15:07:35 +0200] "GET /teacher_list.php?pageNum_news_index=1&pageNum_news_index=1&pageNum_news_index=1&pageNum_news_index=1&pageNum_news_index=2&pageNum_news_index=2&pageNum_news_index=4&pageNum_news_index=6&pageNum_news_index=8&pageNum_news_index=8&pageNum_news_index=8&pageNum_news_index=8 HTTP/1.1" 200 9518 "-" "Mozilla/5.0 (compatible; SemrushBot/7~bl; +http://www.semrush.com/bot.html)"
185.93.229.6 - - [06/May/2025:15:07:48 +0200] "GET /teacher_list.php?pageNum_news_index=4&&pageNum_news_index=6&&pageNum_news_index=4&&pageNum_news_index=7 HTTP/1.1" 200 9305 "-" "Mozilla/5.0 AppleWebKit/537.36 (KHTML, like Gecko; compatible; bingbot/2.0; +http://www.bing.com/bingbot.htm) Chrome/116.0.1938.76 Safari/537.36"
185.93.230.19 - - [06/May/2025:15:07:48 +0200] "GET /journal/index.php/Alqalam/article/view/830?articlesBySimilarityPage=62 HTTP/1.1" 200 7336 "-" "Mozilla/5.0 (compatible; Bytespider; spider-feedback@bytedance.com) AppleWebKit/537.36 (KHTML, like Gecko) Chrome/70.0.0.0 Safari/537.36"
185.93.230.19 - - [06/May/2025:15:07:50 +0200] "GET /journal/public/journals/1/styleSheet.css?d=2024-01-03+17%3A34%3A30 HTTP/1.1" 404 3913 "https://utripoli.edu.ly/journal/index.php/Alqalam/article/view/830?articlesBySimilarityPage=62" "Mozilla/5.0 (compatible; Bytespider; spider-feedback@bytedance.com) AppleWebKit/537.36 (KHTML, like Gecko) Chrome/70.0.0.0 Safari/537.36"
185.191.171.9 - - [06/May/2025:15:07:50 +0200] "GET /teacher_list.php?pageNum_news_index=3&pageNum_news_index=6&pageNum_news_index=7&pageNum_news_index=7&pageNum_news_index=7&pageNum_news_index=7&pageNum_news_index=7 HTTP/1.1" 200 9406 "-" "Mozilla/5.0 (compatible; SemrushBot/7~bl; +http://www.semrush.com/bot.html)"
185.93.229.19 - - [06/May/2025:15:07:53 +0200] "GET /teacher_list.php?pageNum_news_index=1&pageNum_news_index=1&pageNum_news_index=2&pageNum_news_index=2&pageNum_news_index=4&pageNum_news_index=4&pageNum_news_index=4&pageNum_news_index=8&pageNum_news_index=8 HTTP/1.1" 200 9478 "-" "Mozilla/5.0 (compatible; SemrushBot/7~bl; +http://www.semrush.com/bot.html)"
185.93.229.19 - - [06/May/2025:15:07:55 +0200] "GET /teacher_list.php?pageNum_news_index=0&pageNum_news_index=0&pageNum_news_index=1&pageNum_news_index=1&pageNum_news_index=1&pageNum_news_index=2&pageNum_news_index=4&pageNum_news_index=6&pageNum_news_index=7&pageNum_news_index=7&pageNum_news_index=8&pageNum_news_index=8 HTTP/1.1" 200 9523 "-" "Mozilla/5.0 (compatible; SemrushBot/7~bl; +http://www.semrush.com/bot.html)"
66.248.200.6 - - [06/May/2025:15:07:59 +0200] "GET /journal/index.php/Alqalam/citationstylelanguage/get/apa?publicationId=61&submissionId=61 HTTP/1.1" 200 244 "-" "Mozilla/5.0 AppleWebKit/537.36 (KHTML, like Gecko; compatible; ClaudeBot/1.0; +claudebot@anthropic.com)"
66.248.200.6 - - [06/May/2025:15:07:59 +0200] "GET /journal/index.php/Alqalam/citationstylelanguage/get/acm-sig-proceedings?publicationId=61&submissionId=61 HTTP/1.1" 200 227 "-" "Mozilla/5.0 AppleWebKit/537.36 (KHTML, like Gecko; compatible; ClaudeBot/1.0; +claudebot@anthropic.com)"
