185.93.228.19 - - [06/May/2025:17:39:10 +0200] "GET /index.php/university-photo-gallery/img/logo_s.png HTTP/1.1" 200 16207 "https://www.utripoli.edu.ly/index.php/university-photo-gallery/Follow-up-of-graduates.php?utm_source=chatgpt.com" "Mozilla/5.0 (iPhone; CPU iPhone OS 18_4_1 like Mac OS X) AppleWebKit/605.1.15 (KHTML, like Gecko) Version/18.4 Mobile/15E148 Safari/604.1"
185.93.228.19 - - [06/May/2025:17:39:10 +0200] "GET /index.php/university-photo-gallery/img/icons/agreement.png HTTP/1.1" 200 16203 "https://www.utripoli.edu.ly/index.php/university-photo-gallery/Follow-up-of-graduates.php?utm_source=chatgpt.com" "Mozilla/5.0 (iPhone; CPU iPhone OS 18_4_1 like Mac OS X) AppleWebKit/605.1.15 (KHTML, like Gecko) Version/18.4 Mobile/15E148 Safari/604.1"
185.93.228.19 - - [06/May/2025:17:39:12 +0200] "GET /index.php/university-photo-gallery/img/logo.png HTTP/1.1" 200 16202 "https://www.utripoli.edu.ly/index.php/university-photo-gallery/Follow-up-of-graduates.php?utm_source=chatgpt.com" "Mozilla/5.0 (iPhone; CPU iPhone OS 18_4_1 like Mac OS X) AppleWebKit/605.1.15 (KHTML, like Gecko) Version/18.4 Mobile/15E148 Safari/604.1"
185.191.171.18 - - [06/May/2025:17:39:14 +0200] "GET /teacher_list.php?pageNum_news_index=0&pageNum_news_index=0&pageNum_news_index=0&pageNum_news_index=1&pageNum_news_index=1&pageNum_news_index=1&pageNum_news_index=3&pageNum_news_index=3&pageNum_news_index=3&pageNum_news_index=5&pageNum_news_index=5&pageNum_news_index=9 HTTP/1.1" 200 9488 "-" "Mozilla/5.0 (compatible; SemrushBot/7~bl; +http://www.semrush.com/bot.html)"
85.208.96.199 - - [06/May/2025:17:39:20 +0200] "GET /teacher_list.php?pageNum_news_index=2&pageNum_news_index=2&pageNum_news_index=2&pageNum_news_index=4&pageNum_news_index=4&pageNum_news_index=6&pageNum_news_index=6&pageNum_news_index=6&pageNum_news_index=9 HTTP/1.1" 200 9450 "-" "Mozilla/5.0 (compatible; SemrushBot/7~bl; +http://www.semrush.com/bot.html)"
66.248.200.6 - - [06/May/2025:17:39:25 +0200] "GET /journal/index.php/Alqalam/citationstylelanguage/get/turabian-fullnote-bibliography?submissionId=683&publicationId=683 HTTP/1.1" 200 322 "-" "Mozilla/5.0 (Linux; Android 6.0.1; Nexus 5X Build/MMB29P) AppleWebKit/537.36 (KHTML, like Gecko) Chrome/136.0.7103.59 Mobile Safari/537.36 (compatible; GoogleOther)"
185.93.230.19 - - [06/May/2025:17:39:43 +0200] "GET /index.php/2017-01-20-18-35-49/cp/cp/cp/single-news.php?id=297 HTTP/1.1" 200 16203 "-" "Mozilla/5.0 (compatible; Bytespider; spider-feedback@bytedance.com) AppleWebKit/537.36 (KHTML, like Gecko) Chrome/70.0.0.0 Safari/537.36"
185.93.229.6 - - [06/May/2025:17:39:43 +0200] "GET / HTTP/1.1" 200 16204 "http://uta.edu.ly" "Mozilla/5.0 (iPhone; CPU iPhone OS 13_2_3 like Mac OS X) AppleWebKit/605.1.15 (KHTML, like Gecko) Version/13.0.3 Mobile/15E148 Safari/604.1"
185.93.230.19 - - [06/May/2025:17:39:45 +0200] "GET /index.php/2017-01-20-18-35-49/cp/cp/cp/lib/lightbox//css/lightbox.min.css HTTP/1.1" 200 16204 "https://utripoli.edu.ly/index.php/2017-01-20-18-35-49/cp/cp/cp/single-news.php?id=297" "Mozilla/5.0 (compatible; Bytespider; spider-feedback@bytedance.com) AppleWebKit/537.36 (KHTML, like Gecko) Chrome/70.0.0.0 Safari/537.36"
185.93.230.19 - - [06/May/2025:17:39:45 +0200] "GET /index.php/2017-01-20-18-35-49/cp/cp/cp/css/bootstrap.min.css HTTP/1.1" 200 16204 "https://utripoli.edu.ly/index.php/2017-01-20-18-35-49/cp/cp/cp/single-news.php?id=297" "Mozilla/5.0 (compatible; Bytespider; spider-feedback@bytedance.com) AppleWebKit/537.36 (KHTML, like Gecko) Chrome/70.0.0.0 Safari/537.36"
185.93.230.19 - - [06/May/2025:17:39:45 +0200] "GET /index.php/2017-01-20-18-35-49/cp/cp/cp/lib/animate/animate.min.css HTTP/1.1" 200 16204 "https://utripoli.edu.ly/index.php/2017-01-20-18-35-49/cp/cp/cp/single-news.php?id=297" "Mozilla/5.0 (compatible; Bytespider; spider-feedback@bytedance.com) AppleWebKit/537.36 (KHTML, like Gecko) Chrome/70.0.0.0 Safari/537.36"
185.93.230.19 - - [06/May/2025:17:39:45 +0200] "GET /index.php/2017-01-20-18-35-49/cp/cp/cp/lib/owlcarousel/assets/owl.carousel.min.css HTTP/1.1" 200 16206 "https://utripoli.edu.ly/index.php/2017-01-20-18-35-49/cp/cp/cp/single-news.php?id=297" "Mozilla/5.0 (compatible; Bytespider; spider-feedback@bytedance.com) AppleWebKit/537.36 (KHTML, like Gecko) Chrome/70.0.0.0 Safari/537.36"
185.93.230.19 - - [06/May/2025:17:39:45 +0200] "GET /index.php/2017-01-20-18-35-49/cp/cp/cp/css/style.css HTTP/1.1" 200 16204 "https://utripoli.edu.ly/index.php/2017-01-20-18-35-49/cp/cp/cp/single-news.php?id=297" "Mozilla/5.0 (compatible; Bytespider; spider-feedback@bytedance.com) AppleWebKit/537.36 (KHTML, like Gecko) Chrome/70.0.0.0 Safari/537.36"
185.93.230.19 - - [06/May/2025:17:39:45 +0200] "GET /index.php/2017-01-20-18-35-49/cp/cp/cp/assets/fonts/fontawesome-all.min.css HTTP/1.1" 200 16206 "https://utripoli.edu.ly/index.php/2017-01-20-18-35-49/cp/cp/cp/single-news.php?id=297" "Mozilla/5.0 (compatible; Bytespider; spider-feedback@bytedance.com) AppleWebKit/537.36 (KHTML, like Gecko) Chrome/70.0.0.0 Safari/537.36"
185.93.230.19 - - [06/May/2025:17:39:45 +0200] "GET /index.php/2017-01-20-18-35-49/cp/cp/cp/assets/css/Brands.css HTTP/1.1" 200 16206 "https://utripoli.edu.ly/index.php/2017-01-20-18-35-49/cp/cp/cp/single-news.php?id=297" "Mozilla/5.0 (compatible; Bytespider; spider-feedback@bytedance.com) AppleWebKit/537.36 (KHTML, like Gecko) Chrome/70.0.0.0 Safari/537.36"
185.93.230.19 - - [06/May/2025:17:39:45 +0200] "GET /index.php/2017-01-20-18-35-49/cp/cp/cp/assets/css/Article-Clean.css HTTP/1.1" 200 16202 "https://utripoli.edu.ly/index.php/2017-01-20-18-35-49/cp/cp/cp/single-news.php?id=297" "Mozilla/5.0 (compatible; Bytespider; spider-feedback@bytedance.com) AppleWebKit/537.36 (KHTML, like Gecko) Chrome/70.0.0.0 Safari/537.36"
185.93.230.19 - - [06/May/2025:17:39:46 +0200] "GET /index.php/2017-01-20-18-35-49/cp/cp/cp/assets/css/Features-Blue.css HTTP/1.1" 200 16203 "https://utripoli.edu.ly/index.php/2017-01-20-18-35-49/cp/cp/cp/single-news.php?id=297" "Mozilla/5.0 (compatible; Bytespider; spider-feedback@bytedance.com) AppleWebKit/537.36 (KHTML, like Gecko) Chrome/70.0.0.0 Safari/537.36"
185.93.230.19 - - [06/May/2025:17:39:46 +0200] "GET /index.php/2017-01-20-18-35-49/cp/cp/cp/img/logo_r.png HTTP/1.1" 200 78553 "https://utripoli.edu.ly/index.php/2017-01-20-18-35-49/cp/cp/cp/single-news.php?id=297" "Mozilla/5.0 (compatible; Bytespider; spider-feedback@bytedance.com) AppleWebKit/537.36 (KHTML, like Gecko) Chrome/70.0.0.0 Safari/537.36"
185.93.230.19 - - [06/May/2025:17:39:46 +0200] "GET /index.php/2017-01-20-18-35-49/cp/cp/cp/assets/css/Contact-Form-Clean.css HTTP/1.1" 200 16204 "https://utripoli.edu.ly/index.php/2017-01-20-18-35-49/cp/cp/cp/single-news.php?id=297" "Mozilla/5.0 (compatible; Bytespider; spider-feedback@bytedance.com) AppleWebKit/537.36 (KHTML, like Gecko) Chrome/70.0.0.0 Safari/537.36"
185.93.230.19 - - [06/May/2025:17:39:46 +0200] "GET /index.php/2017-01-20-18-35-49/cp/cp/cp/assets/css/Projects-Horizontal.css HTTP/1.1" 200 16204 "https://utripoli.edu.ly/index.php/2017-01-20-18-35-49/cp/cp/cp/single-news.php?id=297" "Mozilla/5.0 (compatible; Bytespider; spider-feedback@bytedance.com) AppleWebKit/537.36 (KHTML, like Gecko) Chrome/70.0.0.0 Safari/537.36"
185.93.230.19 - - [06/May/2025:17:39:46 +0200] "GET /index.php/2017-01-20-18-35-49/cp/cp/cp/assets/css/Simple-Slider.css HTTP/1.1" 200 16204 "https://utripoli.edu.ly/index.php/2017-01-20-18-35-49/cp/cp/cp/single-news.php?id=297" "Mozilla/5.0 (compatible; Bytespider; spider-feedback@bytedance.com) AppleWebKit/537.36 (KHTML, like Gecko) Chrome/70.0.0.0 Safari/537.36"
185.93.230.19 - - [06/May/2025:17:39:46 +0200] "GET /index.php/2017-01-20-18-35-49/cp/cp/cp/img/slide-2.jpg HTTP/1.1" 200 78553 "https://utripoli.edu.ly/index.php/2017-01-20-18-35-49/cp/cp/cp/single-news.php?id=297" "Mozilla/5.0 (compatible; Bytespider; spider-feedback@bytedance.com) AppleWebKit/537.36 (KHTML, like Gecko) Chrome/70.0.0.0 Safari/537.36"
185.93.230.19 - - [06/May/2025:17:39:46 +0200] "GET /index.php/2017-01-20-18-35-49/cp/cp/cp/img/slide-1.jpg HTTP/1.1" 200 78553 "https://utripoli.edu.ly/index.php/2017-01-20-18-35-49/cp/cp/cp/single-news.php?id=297" "Mozilla/5.0 (compatible; Bytespider; spider-feedback@bytedance.com) AppleWebKit/537.36 (KHTML, like Gecko) Chrome/70.0.0.0 Safari/537.36"
185.93.230.19 - - [06/May/2025:17:39:46 +0200] "GET /index.php/2017-01-20-18-35-49/cp/cp/cp/img/icons/student.png HTTP/1.1" 200 78553 "https://utripoli.edu.ly/index.php/2017-01-20-18-35-49/cp/cp/cp/single-news.php?id=297" "Mozilla/5.0 (compatible; Bytespider; spider-feedback@bytedance.com) AppleWebKit/537.36 (KHTML, like Gecko) Chrome/70.0.0.0 Safari/537.36"
185.93.230.19 - - [06/May/2025:17:39:46 +0200] "GET /index.php/2017-01-20-18-35-49/cp/cp/cp/img/icons/employee.png HTTP/1.1" 200 78553 "https://utripoli.edu.ly/index.php/2017-01-20-18-35-49/cp/cp/cp/single-news.php?id=297" "Mozilla/5.0 (compatible; Bytespider; spider-feedback@bytedance.com) AppleWebKit/537.36 (KHTML, like Gecko) Chrome/70.0.0.0 Safari/537.36"
185.93.230.19 - - [06/May/2025:17:39:46 +0200] "GET /index.php/2017-01-20-18-35-49/cp/cp/cp/img/icons/graduate.png HTTP/1.1" 200 78553 "https://utripoli.edu.ly/index.php/2017-01-20-18-35-49/cp/cp/cp/single-news.php?id=297" "Mozilla/5.0 (compatible; Bytespider; spider-feedback@bytedance.com) AppleWebKit/537.36 (KHTML, like Gecko) Chrome/70.0.0.0 Safari/537.36"
185.93.230.19 - - [06/May/2025:17:39:46 +0200] "GET /index.php/2017-01-20-18-35-49/cp/cp/cp/cp/uploads/news/495161245_1094928226014802_2446482707916467827_n.jpg HTTP/1.1" 200 78553 "https://utripoli.edu.ly/index.php/2017-01-20-18-35-49/cp/cp/cp/single-news.php?id=297" "Mozilla/5.0 (compatible; Bytespider; spider-feedback@bytedance.com) AppleWebKit/537.36 (KHTML, like Gecko) Chrome/70.0.0.0 Safari/537.36"
185.93.230.19 - - [06/May/2025:17:39:46 +0200] "GET /index.php/2017-01-20-18-35-49/cp/cp/cp/img/icons/classroom.png HTTP/1.1" 200 78553 "https://utripoli.edu.ly/index.php/2017-01-20-18-35-49/cp/cp/cp/single-news.php?id=297" "Mozilla/5.0 (compatible; Bytespider; spider-feedback@bytedance.com) AppleWebKit/537.36 (KHTML, like Gecko) Chrome/70.0.0.0 Safari/537.36"
185.93.230.19 - - [06/May/2025:17:39:46 +0200] "GET /index.php/2017-01-20-18-35-49/cp/cp/cp/cp/uploads/activities/476457247_1301209910964579_6056489596862577291_n.jpg HTTP/1.1" 200 78553 "https://utripoli.edu.ly/index.php/2017-01-20-18-35-49/cp/cp/cp/single-news.php?id=297" "Mozilla/5.0 (compatible; Bytespider; spider-feedback@bytedance.com) AppleWebKit/537.36 (KHTML, like Gecko) Chrome/70.0.0.0 Safari/537.36"
185.93.230.19 - - [06/May/2025:17:39:46 +0200] "GET /index.php/2017-01-20-18-35-49/cp/cp/cp/img/about.jpg HTTP/1.1" 200 78553 "https://utripoli.edu.ly/index.php/2017-01-20-18-35-49/cp/cp/cp/single-news.php?id=297" "Mozilla/5.0 (compatible; Bytespider; spider-feedback@bytedance.com) AppleWebKit/537.36 (KHTML, like Gecko) Chrome/70.0.0.0 Safari/537.36"
185.93.230.19 - - [06/May/2025:17:39:46 +0200] "GET /index.php/2017-01-20-18-35-49/cp/cp/cp/cp/uploads/news/494648227_1094935569347401_3122463604882329_n.jpg HTTP/1.1" 200 78553 "https://utripoli.edu.ly/index.php/2017-01-20-18-35-49/cp/cp/cp/single-news.php?id=297" "Mozilla/5.0 (compatible; Bytespider; spider-feedback@bytedance.com) AppleWebKit/537.36 (KHTML, like Gecko) Chrome/70.0.0.0 Safari/537.36"
185.93.230.19 - - [06/May/2025:17:39:46 +0200] "GET /index.php/2017-01-20-18-35-49/cp/cp/cp/cp/uploads/news/494181703_1093456566161968_5056605548044216759_n.jpg HTTP/1.1" 200 78553 "https://utripoli.edu.ly/index.php/2017-01-20-18-35-49/cp/cp/cp/single-news.php?id=297" "Mozilla/5.0 (compatible; Bytespider; spider-feedback@bytedance.com) AppleWebKit/537.36 (KHTML, like Gecko) Chrome/70.0.0.0 Safari/537.36"
185.93.230.19 - - [06/May/2025:17:39:46 +0200] "GET /index.php/2017-01-20-18-35-49/cp/cp/cp/cp/uploads/activities/481194164_1044460221061603_1037927010955694530_n.jpg HTTP/1.1" 200 78553 "https://utripoli.edu.ly/index.php/2017-01-20-18-35-49/cp/cp/cp/single-news.php?id=297" "Mozilla/5.0 (compatible; Bytespider; spider-feedback@bytedance.com) AppleWebKit/537.36 (KHTML, like Gecko) Chrome/70.0.0.0 Safari/537.36"
185.93.230.19 - - [06/May/2025:17:39:47 +0200] "GET /index.php/2017-01-20-18-35-49/cp/cp/cp/cp/uploads/activities/481214850_1040842181423407_6231038517308051259_n.jpg HTTP/1.1" 200 78553 "https://utripoli.edu.ly/index.php/2017-01-20-18-35-49/cp/cp/cp/single-news.php?id=297" "Mozilla/5.0 (compatible; Bytespider; spider-feedback@bytedance.com) AppleWebKit/537.36 (KHTML, like Gecko) Chrome/70.0.0.0 Safari/537.36"
185.93.230.19 - - [06/May/2025:17:39:47 +0200] "GET /index.php/2017-01-20-18-35-49/cp/cp/cp/img/icons/agreement.png HTTP/1.1" 200 78553 "https://utripoli.edu.ly/index.php/2017-01-20-18-35-49/cp/cp/cp/single-news.php?id=297" "Mozilla/5.0 (compatible; Bytespider; spider-feedback@bytedance.com) AppleWebKit/537.36 (KHTML, like Gecko) Chrome/70.0.0.0 Safari/537.36"
185.93.230.19 - - [06/May/2025:17:39:47 +0200] "GET /index.php/2017-01-20-18-35-49/cp/cp/cp/img/logo_s.png HTTP/1.1" 200 78553 "https://utripoli.edu.ly/index.php/2017-01-20-18-35-49/cp/cp/cp/single-news.php?id=297" "Mozilla/5.0 (compatible; Bytespider; spider-feedback@bytedance.com) AppleWebKit/537.36 (KHTML, like Gecko) Chrome/70.0.0.0 Safari/537.36"
185.93.230.19 - - [06/May/2025:17:39:47 +0200] "GET /index.php/2017-01-20-18-35-49/cp/cp/cp/img/icons/list.png HTTP/1.1" 200 78553 "https://utripoli.edu.ly/index.php/2017-01-20-18-35-49/cp/cp/cp/single-news.php?id=297" "Mozilla/5.0 (compatible; Bytespider; spider-feedback@bytedance.com) AppleWebKit/537.36 (KHTML, like Gecko) Chrome/70.0.0.0 Safari/537.36"
185.93.230.19 - - [06/May/2025:17:39:47 +0200] "GET /index.php/2017-01-20-18-35-49/cp/cp/cp/img/icons/structure.png HTTP/1.1" 200 78553 "https://utripoli.edu.ly/index.php/2017-01-20-18-35-49/cp/cp/cp/single-news.php?id=297" "Mozilla/5.0 (compatible; Bytespider; spider-feedback@bytedance.com) AppleWebKit/537.36 (KHTML, like Gecko) Chrome/70.0.0.0 Safari/537.36"
185.93.230.19 - - [06/May/2025:17:39:47 +0200] "GET /index.php/2017-01-20-18-35-49/cp/cp/cp/img/icons/online-library.png HTTP/1.1" 200 78553 "https://utripoli.edu.ly/index.php/2017-01-20-18-35-49/cp/cp/cp/single-news.php?id=297" "Mozilla/5.0 (compatible; Bytespider; spider-feedback@bytedance.com) AppleWebKit/537.36 (KHTML, like Gecko) Chrome/70.0.0.0 Safari/537.36"
185.93.229.19 - - [06/May/2025:17:39:54 +0200] "GET /teacher_list.php?pageNum_news_index=1&pageNum_news_index=1&pageNum_news_index=1&pageNum_news_index=1&pageNum_news_index=4&pageNum_news_index=4&pageNum_news_index=9 HTTP/1.1" 200 9399 "-" "Mozilla/5.0 (compatible; SemrushBot/7~bl; +http://www.semrush.com/bot.html)"
185.191.171.18 - - [06/May/2025:17:39:54 +0200] "GET /teacher_list.php?pageNum_news_index=1&pageNum_news_index=1&pageNum_news_index=1&pageNum_news_index=2&pageNum_news_index=4&pageNum_news_index=4&pageNum_news_index=5&pageNum_news_index=6&pageNum_news_index=7&pageNum_news_index=7 HTTP/1.1" 200 9472 "-" "Mozilla/5.0 (compatible; SemrushBot/7~bl; +http://www.semrush.com/bot.html)"
185.93.229.19 - - [06/May/2025:17:40:02 +0200] "GET /teacher_list.php?pageNum_news_index=1&pageNum_news_index=2&pageNum_news_index=2&pageNum_news_index=2&pageNum_news_index=4&pageNum_news_index=4&pageNum_news_index=4&pageNum_news_index=6&pageNum_news_index=6&pageNum_news_index=8 HTTP/1.1" 200 9496 "-" "Mozilla/5.0 (compatible; SemrushBot/7~bl; +http://www.semrush.com/bot.html)"
85.208.96.207 - - [06/May/2025:17:40:02 +0200] "GET /teacher_list.php?pageNum_news_index=6&pageNum_news_index=6&pageNum_news_index=8&pageNum_news_index=8&pageNum_news_index=8&pageNum_news_index=8&pageNum_news_index=8&pageNum_news_index=8&pageNum_news_index=8 HTTP/1.1" 200 9471 "-" "Mozilla/5.0 (compatible; SemrushBot/7~bl; +http://www.semrush.com/bot.html)"
185.93.230.6 - - [06/May/2025:17:40:05 +0200] "GET /journal/index.php/Alqalam/citationstylelanguage/download/ris?submissionId=283&publicationId=283 HTTP/1.1" 200 1024 "https://uta.edu.ly/journal/index.php/Alqalam/article/view/283?articlesBySimilarityPage=3" "Mozilla/5.0 (Linux; Android 7.0;) AppleWebKit/537.36 (KHTML, like Gecko) Mobile Safari/537.36 (compatible; PetalBot;+https://webmaster.petalsearch.com/site/petalbot)"
185.93.229.19 - - [06/May/2025:17:40:14 +0200] "GET /teacher_list.php?pageNum_news_index=1&pageNum_news_index=1&pageNum_news_index=1&pageNum_news_index=2&pageNum_news_index=2&pageNum_news_index=2&pageNum_news_index=6&pageNum_news_index=6&pageNum_news_index=6&pageNum_news_index=7&pageNum_news_index=9 HTTP/1.1" 200 9486 "-" "Mozilla/5.0 (compatible; SemrushBot/7~bl; +http://www.semrush.com/bot.html)"
85.208.96.206 - - [06/May/2025:17:40:22 +0200] "GET /teacher_list.php?pageNum_news_index=0&pageNum_news_index=0&pageNum_news_index=0&pageNum_news_index=3&pageNum_news_index=3&pageNum_news_index=3&pageNum_news_index=4&pageNum_news_index=4&pageNum_news_index=5&pageNum_news_index=5 HTTP/1.1" 200 9545 "-" "Mozilla/5.0 (compatible; SemrushBot/7~bl; +http://www.semrush.com/bot.html)"
66.248.200.6 - - [06/May/2025:17:40:38 +0200] "GET /journal/index.php/Alqalam/article/download/173/172 HTTP/1.1" 200 569669 "-" "Googlebot/2.1 (+http://www.google.com/bot.html)"
185.93.229.19 - - [06/May/2025:17:40:43 +0200] "GET /teacher_list.php?pageNum_news_index=0&pageNum_news_index=0&pageNum_news_index=0&pageNum_news_index=1&pageNum_news_index=1&pageNum_news_index=2&pageNum_news_index=2&pageNum_news_index=3&pageNum_news_index=3&pageNum_news_index=4&pageNum_news_index=5&pageNum_news_index=5&pageNum_news_index=5 HTTP/1.1" 200 9584 "-" "Mozilla/5.0 (compatible; SemrushBot/7~bl; +http://www.semrush.com/bot.html)"
192.88.135.6 - - [06/May/2025:17:40:45 +0200] "GET /robots.txt HTTP/1.1" 404 3913 "-" "Mozilla/5.0 (compatible; DotBot/1.2; +https://opensiteexplorer.org/dotbot; help@moz.com)"
185.93.230.6 - - [06/May/2025:17:40:47 +0200] "GET /journal/index.php/Alqalam/citationstylelanguage/get/modern-language-association?submissionId=513&publicationId=513 HTTP/1.1" 200 248 "-" "Mozilla/5.0 (Windows NT 10.0; Win64; x64) AppleWebKit/537.36 (KHTML, like Gecko) Chrome/100.0.2374.752 Safari/537.36"
85.208.96.206 - - [06/May/2025:17:40:55 +0200] "GET /teacher_list.php?pageNum_news_index=1&pageNum_news_index=4&pageNum_news_index=7&pageNum_news_index=7&pageNum_news_index=7&pageNum_news_index=7&pageNum_news_index=7&pageNum_news_index=7&pageNum_news_index=7&pageNum_news_index=7&pageNum_news_index=7&pageNum_news_index=7 HTTP/1.1" 200 9487 "-" "Mozilla/5.0 (compatible; SemrushBot/7~bl; +http://www.semrush.com/bot.html)"
185.191.171.1 - - [06/May/2025:17:41:01 +0200] "GET /teacher_list.php?pageNum_news_index=1&pageNum_news_index=1&pageNum_news_index=3&pageNum_news_index=3&pageNum_news_index=3&pageNum_news_index=3&pageNum_news_index=3&pageNum_news_index=4&pageNum_news_index=4&pageNum_news_index=5 HTTP/1.1" 200 9544 "-" "Mozilla/5.0 (compatible; SemrushBot/7~bl; +http://www.semrush.com/bot.html)"
185.191.171.13 - - [06/May/2025:17:41:04 +0200] "GET /teacher_list.php?pageNum_news_index=1&pageNum_news_index=2&pageNum_news_index=4&pageNum_news_index=4&pageNum_news_index=4&pageNum_news_index=5&pageNum_news_index=5&pageNum_news_index=5&pageNum_news_index=7&pageNum_news_index=7 HTTP/1.1" 200 9470 "-" "Mozilla/5.0 (compatible; SemrushBot/7~bl; +http://www.semrush.com/bot.html)"
185.191.171.19 - - [06/May/2025:17:41:06 +0200] "GET /teacher_list.php?pageNum_news_index=0&pageNum_news_index=0&pageNum_news_index=0&pageNum_news_index=4&pageNum_news_index=4&pageNum_news_index=7&pageNum_news_index=7&pageNum_news_index=9 HTTP/1.1" 200 9430 "-" "Mozilla/5.0 (compatible; SemrushBot/7~bl; +http://www.semrush.com/bot.html)"
185.93.229.6 - - [06/May/2025:17:41:07 +0200] "GET /teacher_list.php?pageNum_news_index=6&&pageNum_news_index=8&&pageNum_news_index=0&&pageNum_news_index=2&&pageNum_news_index=9&&pageNum_news_index=0&&pageNum_news_index=3&&pageNum_news_index=7&&pageNum_news_index=9&&pageNum_news_index=0&&pageNum_news_index=1&&pageNum_news_index=5&&pageNum_news_index=0&&pageNum_news_index=3&&pageNum_news_index=23&&pageNum_news_index=21&&pageNum_news_index=18 HTTP/1.1" 200 9582 "-" "Mozilla/5.0 AppleWebKit/537.36 (KHTML, like Gecko; compatible; bingbot/2.0; +http://www.bing.com/bingbot.htm) Chrome/116.0.1938.76 Safari/537.36"
85.208.96.210 - - [06/May/2025:17:41:08 +0200] "GET /teacher_list.php?pageNum_news_index=2&pageNum_news_index=2&pageNum_news_index=4&pageNum_news_index=4&pageNum_news_index=4&pageNum_news_index=5&pageNum_news_index=5&pageNum_news_index=9 HTTP/1.1" 200 9430 "-" "Mozilla/5.0 (compatible; SemrushBot/7~bl; +http://www.semrush.com/bot.html)"
185.93.229.19 - - [06/May/2025:17:41:18 +0200] "GET /teacher_list.php?pageNum_news_index=0&pageNum_news_index=0&pageNum_news_index=0&pageNum_news_index=1&pageNum_news_index=1&pageNum_news_index=1&pageNum_news_index=2&pageNum_news_index=3&pageNum_news_index=5&pageNum_news_index=6&pageNum_news_index=6&pageNum_news_index=6&pageNum_news_index=8 HTTP/1.1" 200 9540 "-" "Mozilla/5.0 (compatible; SemrushBot/7~bl; +http://www.semrush.com/bot.html)"
185.93.230.6 - - [06/May/2025:17:41:18 +0200] "GET /cp/uploads/news/417361689_773032848204343_9187180099746374211_n.jpg HTTP/1.1" 200 58947 "https://www.google.com/" "Mozilla/5.0 (Linux; Android 11; 2201116TG Build/RP1A.200720.011; wv) AppleWebKit/537.36 (KHTML, like Gecko) Version/4.0 Chrome/129.0.6668.100 Mobile Safari/537.36 GSA/12.19.11.23.arm64"
185.93.230.19 - - [06/May/2025:17:41:22 +0200] "GET /journal/index.php/Alqalam/citationstylelanguage/get/harvard-cite-them-right?submissionId=682&publicationId=682 HTTP/1.1" 200 285 "-" "Mozilla/5.0 (Windows NT 10.0; Win64; x64) AppleWebKit/537.36 (KHTML, like Gecko) Chrome/100.0.8074.724 Safari/537.36"
185.93.229.6 - - [06/May/2025:17:41:23 +0200] "GET /teacher_list.php?pageNum_news_index=6&&pageNum_news_index=4&&pageNum_news_index=26&&pageNum_news_index=23&&pageNum_news_index=25&&pageNum_news_index=23&&pageNum_news_index=26&&pageNum_news_index=24 HTTP/1.1" 200 9444 "-" "Mozilla/5.0 AppleWebKit/537.36 (KHTML, like Gecko; compatible; bingbot/2.0; +http://www.bing.com/bingbot.htm) Chrome/116.0.1938.76 Safari/537.36"
185.93.230.6 - - [06/May/2025:17:41:24 +0200] "GET /cp/uploads/news/417361689_773032848204343_9187180099746374211_n.jpg HTTP/1.1" 200 58947 "https://www.google.com/" "Mozilla/5.0 (Linux; Android 11; 2201116TG) AppleWebKit/537.36 (KHTML, like Gecko) Chrome/97.0.4692.98 Mobile Safari/537.36"
185.93.230.6 - - [06/May/2025:17:41:27 +0200] "GET /journal/index.php/Alqalam/citationstylelanguage/download/bibtex?submissionId=91&publicationId=91 HTTP/1.1" 200 1086 "https://uta.edu.ly/journal/index.php/Alqalam/article/view/91?articlesBySimilarityPage=21" "Mozilla/5.0 (Linux; Android 7.0;) AppleWebKit/537.36 (KHTML, like Gecko) Mobile Safari/537.36 (compatible; PetalBot;+https://webmaster.petalsearch.com/site/petalbot)"
185.93.230.19 - - [06/May/2025:17:41:30 +0200] "GET /index.php/component/content/20-2016-12-02-22-03-13/cp/cp/cp/single-event.php?id=67 HTTP/1.1" 200 16204 "-" "Mozilla/5.0 (compatible; Bytespider; spider-feedback@bytedance.com) AppleWebKit/537.36 (KHTML, like Gecko) Chrome/70.0.0.0 Safari/537.36"
185.93.230.19 - - [06/May/2025:17:41:32 +0200] "GET /index.php/component/content/20-2016-12-02-22-03-13/cp/cp/cp/lib/animate/animate.min.css HTTP/1.1" 200 16204 "https://www.utripoli.edu.ly/index.php/component/content/20-2016-12-02-22-03-13/cp/cp/cp/single-event.php?id=67" "Mozilla/5.0 (compatible; Bytespider; spider-feedback@bytedance.com) AppleWebKit/537.36 (KHTML, like Gecko) Chrome/70.0.0.0 Safari/537.36"
185.93.230.19 - - [06/May/2025:17:41:32 +0200] "GET /index.php/component/content/20-2016-12-02-22-03-13/cp/cp/cp/css/style.css HTTP/1.1" 200 16204 "https://www.utripoli.edu.ly/index.php/component/content/20-2016-12-02-22-03-13/cp/cp/cp/single-event.php?id=67" "Mozilla/5.0 (compatible; Bytespider; spider-feedback@bytedance.com) AppleWebKit/537.36 (KHTML, like Gecko) Chrome/70.0.0.0 Safari/537.36"
185.93.230.19 - - [06/May/2025:17:41:32 +0200] "GET /index.php/component/content/20-2016-12-02-22-03-13/cp/cp/cp/lib/owlcarousel/assets/owl.carousel.min.css HTTP/1.1" 200 16204 "https://www.utripoli.edu.ly/index.php/component/content/20-2016-12-02-22-03-13/cp/cp/cp/single-event.php?id=67" "Mozilla/5.0 (compatible; Bytespider; spider-feedback@bytedance.com) AppleWebKit/537.36 (KHTML, like Gecko) Chrome/70.0.0.0 Safari/537.36"
185.93.230.19 - - [06/May/2025:17:41:32 +0200] "GET /index.php/component/content/20-2016-12-02-22-03-13/cp/cp/cp/lib/lightbox//css/lightbox.min.css HTTP/1.1" 200 16206 "https://www.utripoli.edu.ly/index.php/component/content/20-2016-12-02-22-03-13/cp/cp/cp/single-event.php?id=67" "Mozilla/5.0 (compatible; Bytespider; spider-feedback@bytedance.com) AppleWebKit/537.36 (KHTML, like Gecko) Chrome/70.0.0.0 Safari/537.36"
185.93.230.19 - - [06/May/2025:17:41:32 +0200] "GET /index.php/component/content/20-2016-12-02-22-03-13/cp/cp/cp/css/bootstrap.min.css HTTP/1.1" 200 16203 "https://www.utripoli.edu.ly/index.php/component/content/20-2016-12-02-22-03-13/cp/cp/cp/single-event.php?id=67" "Mozilla/5.0 (compatible; Bytespider; spider-feedback@bytedance.com) AppleWebKit/537.36 (KHTML, like Gecko) Chrome/70.0.0.0 Safari/537.36"
185.93.230.19 - - [06/May/2025:17:41:32 +0200] "GET /index.php/component/content/20-2016-12-02-22-03-13/cp/cp/cp/assets/css/Contact-Form-Clean.css HTTP/1.1" 200 16203 "https://www.utripoli.edu.ly/index.php/component/content/20-2016-12-02-22-03-13/cp/cp/cp/single-event.php?id=67" "Mozilla/5.0 (compatible; Bytespider; spider-feedback@bytedance.com) AppleWebKit/537.36 (KHTML, like Gecko) Chrome/70.0.0.0 Safari/537.36"
185.93.230.19 - - [06/May/2025:17:41:32 +0200] "GET /index.php/component/content/20-2016-12-02-22-03-13/cp/cp/cp/assets/css/Features-Blue.css HTTP/1.1" 200 16203 "https://www.utripoli.edu.ly/index.php/component/content/20-2016-12-02-22-03-13/cp/cp/cp/single-event.php?id=67" "Mozilla/5.0 (compatible; Bytespider; spider-feedback@bytedance.com) AppleWebKit/537.36 (KHTML, like Gecko) Chrome/70.0.0.0 Safari/537.36"
185.93.230.19 - - [06/May/2025:17:41:32 +0200] "GET /index.php/component/content/20-2016-12-02-22-03-13/cp/cp/cp/assets/css/Brands.css HTTP/1.1" 200 16203 "https://www.utripoli.edu.ly/index.php/component/content/20-2016-12-02-22-03-13/cp/cp/cp/single-event.php?id=67" "Mozilla/5.0 (compatible; Bytespider; spider-feedback@bytedance.com) AppleWebKit/537.36 (KHTML, like Gecko) Chrome/70.0.0.0 Safari/537.36"
185.93.230.19 - - [06/May/2025:17:41:32 +0200] "GET /index.php/component/content/20-2016-12-02-22-03-13/cp/cp/cp/assets/fonts/fontawesome-all.min.css HTTP/1.1" 200 16203 "https://www.utripoli.edu.ly/index.php/component/content/20-2016-12-02-22-03-13/cp/cp/cp/single-event.php?id=67" "Mozilla/5.0 (compatible; Bytespider; spider-feedback@bytedance.com) AppleWebKit/537.36 (KHTML, like Gecko) Chrome/70.0.0.0 Safari/537.36"
185.93.230.19 - - [06/May/2025:17:41:32 +0200] "GET /index.php/component/content/20-2016-12-02-22-03-13/cp/cp/cp/assets/css/Article-Clean.css HTTP/1.1" 200 16203 "https://www.utripoli.edu.ly/index.php/component/content/20-2016-12-02-22-03-13/cp/cp/cp/single-event.php?id=67" "Mozilla/5.0 (compatible; Bytespider; spider-feedback@bytedance.com) AppleWebKit/537.36 (KHTML, like Gecko) Chrome/70.0.0.0 Safari/537.36"
185.93.230.19 - - [06/May/2025:17:41:33 +0200] "GET /index.php/component/content/20-2016-12-02-22-03-13/cp/cp/cp/assets/css/Simple-Slider.css HTTP/1.1" 200 16204 "https://www.utripoli.edu.ly/index.php/component/content/20-2016-12-02-22-03-13/cp/cp/cp/single-event.php?id=67" "Mozilla/5.0 (compatible; Bytespider; spider-feedback@bytedance.com) AppleWebKit/537.36 (KHTML, like Gecko) Chrome/70.0.0.0 Safari/537.36"
185.93.230.19 - - [06/May/2025:17:41:32 +0200] "GET /index.php/component/content/20-2016-12-02-22-03-13/cp/cp/cp/assets/css/Projects-Horizontal.css HTTP/1.1" 200 16204 "https://www.utripoli.edu.ly/index.php/component/content/20-2016-12-02-22-03-13/cp/cp/cp/single-event.php?id=67" "Mozilla/5.0 (compatible; Bytespider; spider-feedback@bytedance.com) AppleWebKit/537.36 (KHTML, like Gecko) Chrome/70.0.0.0 Safari/537.36"
185.93.230.19 - - [06/May/2025:17:41:33 +0200] "GET /index.php/component/content/20-2016-12-02-22-03-13/cp/cp/cp/img/slide-1.jpg HTTP/1.1" 200 78553 "https://www.utripoli.edu.ly/index.php/component/content/20-2016-12-02-22-03-13/cp/cp/cp/single-event.php?id=67" "Mozilla/5.0 (compatible; Bytespider; spider-feedback@bytedance.com) AppleWebKit/537.36 (KHTML, like Gecko) Chrome/70.0.0.0 Safari/537.36"
185.93.230.19 - - [06/May/2025:17:41:33 +0200] "GET /index.php/component/content/20-2016-12-02-22-03-13/cp/cp/cp/img/icons/student.png HTTP/1.1" 200 78553 "https://www.utripoli.edu.ly/index.php/component/content/20-2016-12-02-22-03-13/cp/cp/cp/single-event.php?id=67" "Mozilla/5.0 (compatible; Bytespider; spider-feedback@bytedance.com) AppleWebKit/537.36 (KHTML, like Gecko) Chrome/70.0.0.0 Safari/537.36"
185.93.230.19 - - [06/May/2025:17:41:33 +0200] "GET /index.php/component/content/20-2016-12-02-22-03-13/cp/cp/cp/img/icons/classroom.png HTTP/1.1" 200 78553 "https://www.utripoli.edu.ly/index.php/component/content/20-2016-12-02-22-03-13/cp/cp/cp/single-event.php?id=67" "Mozilla/5.0 (compatible; Bytespider; spider-feedback@bytedance.com) AppleWebKit/537.36 (KHTML, like Gecko) Chrome/70.0.0.0 Safari/537.36"
185.93.230.19 - - [06/May/2025:17:41:33 +0200] "GET /index.php/component/content/20-2016-12-02-22-03-13/cp/cp/cp/img/icons/graduate.png HTTP/1.1" 200 78553 "https://www.utripoli.edu.ly/index.php/component/content/20-2016-12-02-22-03-13/cp/cp/cp/single-event.php?id=67" "Mozilla/5.0 (compatible; Bytespider; spider-feedback@bytedance.com) AppleWebKit/537.36 (KHTML, like Gecko) Chrome/70.0.0.0 Safari/537.36"
185.93.230.19 - - [06/May/2025:17:41:33 +0200] "GET /index.php/component/content/20-2016-12-02-22-03-13/cp/cp/cp/img/slide-2.jpg HTTP/1.1" 200 78553 "https://www.utripoli.edu.ly/index.php/component/content/20-2016-12-02-22-03-13/cp/cp/cp/single-event.php?id=67" "Mozilla/5.0 (compatible; Bytespider; spider-feedback@bytedance.com) AppleWebKit/537.36 (KHTML, like Gecko) Chrome/70.0.0.0 Safari/537.36"
185.93.230.19 - - [06/May/2025:17:41:33 +0200] "GET /index.php/component/content/20-2016-12-02-22-03-13/cp/cp/cp/img/icons/employee.png HTTP/1.1" 200 78553 "https://www.utripoli.edu.ly/index.php/component/content/20-2016-12-02-22-03-13/cp/cp/cp/single-event.php?id=67" "Mozilla/5.0 (compatible; Bytespider; spider-feedback@bytedance.com) AppleWebKit/537.36 (KHTML, like Gecko) Chrome/70.0.0.0 Safari/537.36"
185.93.230.19 - - [06/May/2025:17:41:33 +0200] "GET /index.php/component/content/20-2016-12-02-22-03-13/cp/cp/cp/img/about.jpg HTTP/1.1" 200 78553 "https://www.utripoli.edu.ly/index.php/component/content/20-2016-12-02-22-03-13/cp/cp/cp/single-event.php?id=67" "Mozilla/5.0 (compatible; Bytespider; spider-feedback@bytedance.com) AppleWebKit/537.36 (KHTML, like Gecko) Chrome/70.0.0.0 Safari/537.36"
185.93.230.19 - - [06/May/2025:17:41:33 +0200] "GET /index.php/component/content/20-2016-12-02-22-03-13/cp/cp/cp/img/logo_r.png HTTP/1.1" 200 78553 "https://www.utripoli.edu.ly/index.php/component/content/20-2016-12-02-22-03-13/cp/cp/cp/single-event.php?id=67" "Mozilla/5.0 (compatible; Bytespider; spider-feedback@bytedance.com) AppleWebKit/537.36 (KHTML, like Gecko) Chrome/70.0.0.0 Safari/537.36"
185.93.230.19 - - [06/May/2025:17:41:34 +0200] "GET /index.php/component/content/20-2016-12-02-22-03-13/cp/cp/cp/cp/uploads/news/494648227_1094935569347401_3122463604882329_n.jpg HTTP/1.1" 200 78553 "https://www.utripoli.edu.ly/index.php/component/content/20-2016-12-02-22-03-13/cp/cp/cp/single-event.php?id=67" "Mozilla/5.0 (compatible; Bytespider; spider-feedback@bytedance.com) AppleWebKit/537.36 (KHTML, like Gecko) Chrome/70.0.0.0 Safari/537.36"
185.93.230.19 - - [06/May/2025:17:41:34 +0200] "GET /index.php/component/content/20-2016-12-02-22-03-13/cp/cp/cp/img/icons/online-library.png HTTP/1.1" 200 78553 "https://www.utripoli.edu.ly/index.php/component/content/20-2016-12-02-22-03-13/cp/cp/cp/single-event.php?id=67" "Mozilla/5.0 (compatible; Bytespider; spider-feedback@bytedance.com) AppleWebKit/537.36 (KHTML, like Gecko) Chrome/70.0.0.0 Safari/537.36"
185.93.230.19 - - [06/May/2025:17:41:34 +0200] "GET /index.php/component/content/20-2016-12-02-22-03-13/cp/cp/cp/cp/uploads/news/495161245_1094928226014802_2446482707916467827_n.jpg HTTP/1.1" 200 78553 "https://www.utripoli.edu.ly/index.php/component/content/20-2016-12-02-22-03-13/cp/cp/cp/single-event.php?id=67" "Mozilla/5.0 (compatible; Bytespider; spider-feedback@bytedance.com) AppleWebKit/537.36 (KHTML, like Gecko) Chrome/70.0.0.0 Safari/537.36"
185.93.230.19 - - [06/May/2025:17:41:34 +0200] "GET /index.php/component/content/20-2016-12-02-22-03-13/cp/cp/cp/cp/uploads/news/494181703_1093456566161968_5056605548044216759_n.jpg HTTP/1.1" 200 78553 "https://www.utripoli.edu.ly/index.php/component/content/20-2016-12-02-22-03-13/cp/cp/cp/single-event.php?id=67" "Mozilla/5.0 (compatible; Bytespider; spider-feedback@bytedance.com) AppleWebKit/537.36 (KHTML, like Gecko) Chrome/70.0.0.0 Safari/537.36"
185.93.230.19 - - [06/May/2025:17:41:34 +0200] "GET /index.php/component/content/20-2016-12-02-22-03-13/cp/cp/cp/cp/uploads/activities/476457247_1301209910964579_6056489596862577291_n.jpg HTTP/1.1" 200 78553 "https://www.utripoli.edu.ly/index.php/component/content/20-2016-12-02-22-03-13/cp/cp/cp/single-event.php?id=67" "Mozilla/5.0 (compatible; Bytespider; spider-feedback@bytedance.com) AppleWebKit/537.36 (KHTML, like Gecko) Chrome/70.0.0.0 Safari/537.36"
185.93.230.19 - - [06/May/2025:17:41:34 +0200] "GET /index.php/component/content/20-2016-12-02-22-03-13/cp/cp/cp/img/icons/structure.png HTTP/1.1" 200 78553 "https://www.utripoli.edu.ly/index.php/component/content/20-2016-12-02-22-03-13/cp/cp/cp/single-event.php?id=67" "Mozilla/5.0 (compatible; Bytespider; spider-feedback@bytedance.com) AppleWebKit/537.36 (KHTML, like Gecko) Chrome/70.0.0.0 Safari/537.36"
185.93.230.19 - - [06/May/2025:17:41:34 +0200] "GET /index.php/component/content/20-2016-12-02-22-03-13/cp/cp/cp/cp/uploads/activities/481214850_1040842181423407_6231038517308051259_n.jpg HTTP/1.1" 200 78553 "https://www.utripoli.edu.ly/index.php/component/content/20-2016-12-02-22-03-13/cp/cp/cp/single-event.php?id=67" "Mozilla/5.0 (compatible; Bytespider; spider-feedback@bytedance.com) AppleWebKit/537.36 (KHTML, like Gecko) Chrome/70.0.0.0 Safari/537.36"
185.93.230.19 - - [06/May/2025:17:41:34 +0200] "GET /index.php/component/content/20-2016-12-02-22-03-13/cp/cp/cp/cp/uploads/activities/481194164_1044460221061603_1037927010955694530_n.jpg HTTP/1.1" 200 78553 "https://www.utripoli.edu.ly/index.php/component/content/20-2016-12-02-22-03-13/cp/cp/cp/single-event.php?id=67" "Mozilla/5.0 (compatible; Bytespider; spider-feedback@bytedance.com) AppleWebKit/537.36 (KHTML, like Gecko) Chrome/70.0.0.0 Safari/537.36"
185.93.230.19 - - [06/May/2025:17:41:34 +0200] "GET /index.php/component/content/20-2016-12-02-22-03-13/cp/cp/cp/img/icons/agreement.png HTTP/1.1" 200 78553 "https://www.utripoli.edu.ly/index.php/component/content/20-2016-12-02-22-03-13/cp/cp/cp/single-event.php?id=67" "Mozilla/5.0 (compatible; Bytespider; spider-feedback@bytedance.com) AppleWebKit/537.36 (KHTML, like Gecko) Chrome/70.0.0.0 Safari/537.36"
185.93.230.19 - - [06/May/2025:17:41:34 +0200] "GET /index.php/component/content/20-2016-12-02-22-03-13/cp/cp/cp/img/icons/list.png HTTP/1.1" 200 78553 "https://www.utripoli.edu.ly/index.php/component/content/20-2016-12-02-22-03-13/cp/cp/cp/single-event.php?id=67" "Mozilla/5.0 (compatible; Bytespider; spider-feedback@bytedance.com) AppleWebKit/537.36 (KHTML, like Gecko) Chrome/70.0.0.0 Safari/537.36"
185.93.230.19 - - [06/May/2025:17:41:34 +0200] "GET /index.php/component/content/20-2016-12-02-22-03-13/cp/cp/cp/img/logo_s.png HTTP/1.1" 200 78553 "https://www.utripoli.edu.ly/index.php/component/content/20-2016-12-02-22-03-13/cp/cp/cp/single-event.php?id=67" "Mozilla/5.0 (compatible; Bytespider; spider-feedback@bytedance.com) AppleWebKit/537.36 (KHTML, like Gecko) Chrome/70.0.0.0 Safari/537.36"
185.93.229.6 - - [06/May/2025:17:41:35 +0200] "GET /robots.txt HTTP/1.1" 404 3913 "-" "Mozilla/5.0 (compatible; SemrushBot/7~bl; +http://www.semrush.com/bot.html)"
185.93.229.19 - - [06/May/2025:17:41:41 +0200] "GET /teacher_list.php?pageNum_news_index=2&pageNum_news_index=2&pageNum_news_index=4&pageNum_news_index=4&pageNum_news_index=5&pageNum_news_index=7&pageNum_news_index=7&pageNum_news_index=8&pageNum_news_index=8&pageNum_news_index=8 HTTP/1.1" 200 9498 "-" "Mozilla/5.0 (compatible; SemrushBot/7~bl; +http://www.semrush.com/bot.html)"
185.93.229.19 - - [06/May/2025:17:41:53 +0200] "GET /teacher_list.php?pageNum_news_index=0&pageNum_news_index=0&pageNum_news_index=0&pageNum_news_index=1&pageNum_news_index=2&pageNum_news_index=2&pageNum_news_index=4&pageNum_news_index=6&pageNum_news_index=6&pageNum_news_index=8&pageNum_news_index=8&pageNum_news_index=9 HTTP/1.1" 200 9495 "-" "Mozilla/5.0 (compatible; SemrushBot/7~bl; +http://www.semrush.com/bot.html)"
85.208.96.210 - - [06/May/2025:17:41:57 +0200] "GET /teacher_list.php?pageNum_news_index=1&pageNum_news_index=1&pageNum_news_index=1&pageNum_news_index=1&pageNum_news_index=1&pageNum_news_index=4&pageNum_news_index=6&pageNum_news_index=6&pageNum_news_index=6&pageNum_news_index=8&pageNum_news_index=9 HTTP/1.1" 200 9484 "-" "Mozilla/5.0 (compatible; SemrushBot/7~bl; +http://www.semrush.com/bot.html)"
66.248.200.6 - - [06/May/2025:17:41:58 +0200] "GET /journal/index.php/Alqalam/article/view/875?articlesBySimilarityPage=18 HTTP/1.1" 200 8246 "-" "Mozilla/5.0 AppleWebKit/537.36 (KHTML, like Gecko; compatible; ClaudeBot/1.0; +claudebot@anthropic.com)"
85.208.96.200 - - [06/May/2025:17:42:03 +0200] "GET /teacher_list.php?pageNum_news_index=1&pageNum_news_index=2&pageNum_news_index=4&pageNum_news_index=5&pageNum_news_index=5&pageNum_news_index=6&pageNum_news_index=7&pageNum_news_index=8&pageNum_news_index=8&pageNum_news_index=9 HTTP/1.1" 200 9473 "-" "Mozilla/5.0 (compatible; SemrushBot/7~bl; +http://www.semrush.com/bot.html)"
185.93.229.19 - - [06/May/2025:17:42:07 +0200] "GET /teacher_list.php?pageNum_news_index=0&pageNum_news_index=0&pageNum_news_index=0&pageNum_news_index=0&pageNum_news_index=0&pageNum_news_index=0&pageNum_news_index=0&pageNum_news_index=3&pageNum_news_index=5&pageNum_news_index=6&pageNum_news_index=6&pageNum_news_index=8&pageNum_news_index=8 HTTP/1.1" 200 9534 "-" "Mozilla/5.0 (compatible; SemrushBot/7~bl; +http://www.semrush.com/bot.html)"
185.93.229.19 - - [06/May/2025:17:42:14 +0200] "GET /teacher_list.php?pageNum_news_index=0&pageNum_news_index=2&pageNum_news_index=2&pageNum_news_index=3&pageNum_news_index=6&pageNum_news_index=6&pageNum_news_index=6&pageNum_news_index=6&pageNum_news_index=8&pageNum_news_index=8&pageNum_news_index=8&pageNum_news_index=8 HTTP/1.1" 200 9515 "-" "Mozilla/5.0 (compatible; SemrushBot/7~bl; +http://www.semrush.com/bot.html)"
185.93.229.19 - - [06/May/2025:17:42:17 +0200] "GET /teacher_list.php?pageNum_news_index=2&pageNum_news_index=2&pageNum_news_index=3&pageNum_news_index=3&pageNum_news_index=3&pageNum_news_index=3&pageNum_news_index=3&pageNum_news_index=4&pageNum_news_index=6&pageNum_news_index=6&pageNum_news_index=7&pageNum_news_index=7&pageNum_news_index=7 HTTP/1.1" 200 9513 "-" "Mozilla/5.0 (compatible; SemrushBot/7~bl; +http://www.semrush.com/bot.html)"
185.191.171.1 - - [06/May/2025:17:42:17 +0200] "GET /teacher_list.php?pageNum_news_index=0&pageNum_news_index=0&pageNum_news_index=4&pageNum_news_index=5&pageNum_news_index=6&pageNum_news_index=6&pageNum_news_index=6&pageNum_news_index=6&pageNum_news_index=6&pageNum_news_index=7&pageNum_news_index=9 HTTP/1.1" 200 9487 "-" "Mozilla/5.0 (compatible; SemrushBot/7~bl; +http://www.semrush.com/bot.html)"
185.93.230.19 - - [06/May/2025:17:42:25 +0200] "GET /teacher_list.php?pageNum_news_index=4&pageNum_news_index=3 HTTP/1.1" 200 8153 "-" "Mozilla/5.0 (compatible; Bytespider; spider-feedback@bytedance.com) AppleWebKit/537.36 (KHTML, like Gecko) Chrome/70.0.0.0 Safari/537.36"
85.208.96.200 - - [06/May/2025:17:42:48 +0200] "GET /teacher_list.php?pageNum_news_index=0&pageNum_news_index=2&pageNum_news_index=2&pageNum_news_index=3&pageNum_news_index=4&pageNum_news_index=4&pageNum_news_index=5&pageNum_news_index=7&pageNum_news_index=7&pageNum_news_index=7 HTTP/1.1" 200 9469 "-" "Mozilla/5.0 (compatible; SemrushBot/7~bl; +http://www.semrush.com/bot.html)"
185.93.230.6 - - [06/May/2025:17:42:51 +0200] "GET /journal/index.php/Alqalam/citationstylelanguage/download/bibtex?submissionId=442&publicationId=442 HTTP/1.1" 200 1577 "https://uta.edu.ly/journal/index.php/Alqalam/article/view/442" "Mozilla/5.0 (Linux; Android 7.0;) AppleWebKit/537.36 (KHTML, like Gecko) Mobile Safari/537.36 (compatible; PetalBot;+https://webmaster.petalsearch.com/site/petalbot)"
85.208.96.195 - - [06/May/2025:17:42:56 +0200] "GET /teacher_list.php?pageNum_news_index=1&pageNum_news_index=1&pageNum_news_index=3&pageNum_news_index=3&pageNum_news_index=3&pageNum_news_index=4&pageNum_news_index=6&pageNum_news_index=6&pageNum_news_index=7&pageNum_news_index=8&pageNum_news_index=9 HTTP/1.1" 200 9489 "-" "Mozilla/5.0 (compatible; SemrushBot/7~bl; +http://www.semrush.com/bot.html)"
185.191.171.9 - - [06/May/2025:17:42:58 +0200] "GET /teacher_list.php?pageNum_news_index=1&pageNum_news_index=1&pageNum_news_index=2&pageNum_news_index=2&pageNum_news_index=2&pageNum_news_index=2&pageNum_news_index=4 HTTP/1.1" 200 9395 "-" "Mozilla/5.0 (compatible; SemrushBot/7~bl; +http://www.semrush.com/bot.html)"
185.191.171.15 - - [06/May/2025:17:43:00 +0200] "GET /teacher_list.php?pageNum_news_index=0&pageNum_news_index=0&pageNum_news_index=1&pageNum_news_index=4&pageNum_news_index=5&pageNum_news_index=5&pageNum_news_index=7&pageNum_news_index=8 HTTP/1.1" 200 9472 "-" "Mozilla/5.0 (compatible; SemrushBot/7~bl; +http://www.semrush.com/bot.html)"
185.191.171.6 - - [06/May/2025:17:43:05 +0200] "GET /teacher_list.php?pageNum_news_index=0&pageNum_news_index=0&pageNum_news_index=1&pageNum_news_index=3&pageNum_news_index=3&pageNum_news_index=3&pageNum_news_index=3&pageNum_news_index=4&pageNum_news_index=5&pageNum_news_index=6&pageNum_news_index=8&pageNum_news_index=8 HTTP/1.1" 200 9519 "-" "Mozilla/5.0 (compatible; SemrushBot/7~bl; +http://www.semrush.com/bot.html)"
185.191.171.3 - - [06/May/2025:17:43:08 +0200] "GET /teacher_list.php?pageNum_news_index=1&pageNum_news_index=1&pageNum_news_index=1&pageNum_news_index=1&pageNum_news_index=1&pageNum_news_index=3&pageNum_news_index=6&pageNum_news_index=6&pageNum_news_index=8&pageNum_news_index=9 HTTP/1.1" 200 9465 "-" "Mozilla/5.0 (compatible; SemrushBot/7~bl; +http://www.semrush.com/bot.html)"
185.191.171.7 - - [06/May/2025:17:43:16 +0200] "GET /teacher_list.php?pageNum_news_index=0&pageNum_news_index=1&pageNum_news_index=3&pageNum_news_index=4&pageNum_news_index=4&pageNum_news_index=4&pageNum_news_index=4&pageNum_news_index=6&pageNum_news_index=6 HTTP/1.1" 200 9498 "-" "Mozilla/5.0 (compatible; SemrushBot/7~bl; +http://www.semrush.com/bot.html)"
185.93.230.19 - - [06/May/2025:17:43:19 +0200] "GET /teacher_list.php?pageNum_news_index=7&pageNum_news_index=8 HTTP/1.1" 200 8213 "-" "Mozilla/5.0 (compatible; Bytespider; spider-feedback@bytedance.com) AppleWebKit/537.36 (KHTML, like Gecko) Chrome/70.0.0.0 Safari/537.36"
185.93.230.19 - - [06/May/2025:17:43:20 +0200] "GET /cp/uploads/teacher/ HTTP/1.1" 403 4213 "https://www.utripoli.edu.ly/teacher_list.php?pageNum_news_index=7&pageNum_news_index=8" "Mozilla/5.0 (compatible; Bytespider; spider-feedback@bytedance.com) AppleWebKit/537.36 (KHTML, like Gecko) Chrome/70.0.0.0 Safari/537.36"
85.208.96.212 - - [06/May/2025:17:43:23 +0200] "GET /teacher_list.php?pageNum_news_index=0&pageNum_news_index=3&pageNum_news_index=6&pageNum_news_index=6&pageNum_news_index=8&pageNum_news_index=8&pageNum_news_index=8&pageNum_news_index=9 HTTP/1.1" 200 9432 "-" "Mozilla/5.0 (compatible; SemrushBot/7~bl; +http://www.semrush.com/bot.html)"
185.93.229.19 - - [06/May/2025:17:43:42 +0200] "GET /teacher_list.php?pageNum_news_index=0&pageNum_news_index=0&pageNum_news_index=0&pageNum_news_index=2&pageNum_news_index=4&pageNum_news_index=4&pageNum_news_index=5&pageNum_news_index=6&pageNum_news_index=6&pageNum_news_index=8&pageNum_news_index=8&pageNum_news_index=9 HTTP/1.1" 200 9495 "-" "Mozilla/5.0 (compatible; SemrushBot/7~bl; +http://www.semrush.com/bot.html)"
185.93.229.19 - - [06/May/2025:17:43:50 +0200] "GET /teacher_list.php?pageNum_news_index=1&pageNum_news_index=1&pageNum_news_index=1&pageNum_news_index=2&pageNum_news_index=2&pageNum_news_index=2&pageNum_news_index=2&pageNum_news_index=3&pageNum_news_index=7&pageNum_news_index=9 HTTP/1.1" 200 9465 "-" "Mozilla/5.0 (compatible; SemrushBot/7~bl; +http://www.semrush.com/bot.html)"
185.93.229.19 - - [06/May/2025:17:43:57 +0200] "GET /teacher_list.php?pageNum_news_index=0&pageNum_news_index=1&pageNum_news_index=3&pageNum_news_index=4&pageNum_news_index=4&pageNum_news_index=4&pageNum_news_index=5&pageNum_news_index=5&pageNum_news_index=5&pageNum_news_index=5&pageNum_news_index=5&pageNum_news_index=6&pageNum_news_index=9 HTTP/1.1" 200 9515 "-" "Mozilla/5.0 (compatible; SemrushBot/7~bl; +http://www.semrush.com/bot.html)"
185.93.229.19 - - [06/May/2025:17:44:00 +0200] "GET /teacher_list.php?pageNum_news_index=3&pageNum_news_index=3&pageNum_news_index=4&pageNum_news_index=4&pageNum_news_index=4&pageNum_news_index=4&pageNum_news_index=5&pageNum_news_index=6&pageNum_news_index=7&pageNum_news_index=7&pageNum_news_index=7 HTTP/1.1" 200 9485 "-" "Mozilla/5.0 (compatible; SemrushBot/7~bl; +http://www.semrush.com/bot.html)"
185.191.171.3 - - [06/May/2025:17:44:04 +0200] "GET /teacher_list.php?pageNum_news_index=1&pageNum_news_index=3&pageNum_news_index=3&pageNum_news_index=4&pageNum_news_index=4&pageNum_news_index=8&pageNum_news_index=8&pageNum_news_index=8&pageNum_news_index=8&pageNum_news_index=8 HTTP/1.1" 200 9494 "-" "Mozilla/5.0 (compatible; SemrushBot/7~bl; +http://www.semrush.com/bot.html)"
185.93.230.19 - - [06/May/2025:17:44:13 +0200] "GET /teacher_list.php?pageNum_news_index=3&pageNum_news_index=7 HTTP/1.1" 200 8179 "-" "Mozilla/5.0 (compatible; Bytespider; spider-feedback@bytedance.com) AppleWebKit/537.36 (KHTML, like Gecko) Chrome/70.0.0.0 Safari/537.36"
185.191.171.16 - - [06/May/2025:17:44:15 +0200] "GET /teacher_list.php?pageNum_news_index=1&pageNum_news_index=1&pageNum_news_index=2&pageNum_news_index=2&pageNum_news_index=4&pageNum_news_index=5&pageNum_news_index=6&pageNum_news_index=6&pageNum_news_index=7&pageNum_news_index=8 HTTP/1.1" 200 9501 "-" "Mozilla/5.0 (compatible; SemrushBot/7~bl; +http://www.semrush.com/bot.html)"
185.191.171.8 - - [06/May/2025:17:44:19 +0200] "GET /teacher_list.php?pageNum_news_index=0&pageNum_news_index=0&pageNum_news_index=0&pageNum_news_index=0&pageNum_news_index=3&pageNum_news_index=3&pageNum_news_index=3&pageNum_news_index=6&pageNum_news_index=6 HTTP/1.1" 200 9494 "-" "Mozilla/5.0 (compatible; SemrushBot/7~bl; +http://www.semrush.com/bot.html)"
185.191.171.6 - - [06/May/2025:17:44:21 +0200] "GET /teacher_list.php?pageNum_news_index=1&pageNum_news_index=2&pageNum_news_index=4&pageNum_news_index=4&pageNum_news_index=4&pageNum_news_index=4&pageNum_news_index=8 HTTP/1.1" 200 9431 "-" "Mozilla/5.0 (compatible; SemrushBot/7~bl; +http://www.semrush.com/bot.html)"
185.93.229.19 - - [06/May/2025:17:44:22 +0200] "GET /teacher_list.php?pageNum_news_index=0&pageNum_news_index=1&pageNum_news_index=1&pageNum_news_index=2&pageNum_news_index=2&pageNum_news_index=2&pageNum_news_index=5&pageNum_news_index=7&pageNum_news_index=7&pageNum_news_index=7&pageNum_news_index=8 HTTP/1.1" 200 9511 "-" "Mozilla/5.0 (compatible; SemrushBot/7~bl; +http://www.semrush.com/bot.html)"
185.93.229.6 - - [06/May/2025:17:44:22 +0200] "GET /teacher_list.php?pageNum_news_index=6&&pageNum_news_index=4&&pageNum_news_index=6&&pageNum_news_index=0&&pageNum_news_index=2&&pageNum_news_index=2&&pageNum_news_index=3&&pageNum_news_index=0 HTTP/1.1" 200 9254 "-" "Mozilla/5.0 AppleWebKit/537.36 (KHTML, like Gecko; compatible; bingbot/2.0; +http://www.bing.com/bingbot.htm) Chrome/116.0.1938.76 Safari/537.36"
185.93.229.19 - - [06/May/2025:17:44:23 +0200] "GET /teacher_list.php?pageNum_news_index=0&pageNum_news_index=2&pageNum_news_index=4&pageNum_news_index=4&pageNum_news_index=4&pageNum_news_index=6&pageNum_news_index=6&pageNum_news_index=8&pageNum_news_index=8&pageNum_news_index=8&pageNum_news_index=8&pageNum_news_index=8&pageNum_news_index=9 HTTP/1.1" 200 9514 "-" "Mozilla/5.0 (compatible; SemrushBot/7~bl; +http://www.semrush.com/bot.html)"
185.93.229.19 - - [06/May/2025:17:44:26 +0200] "GET / HTTP/1.1" 200 78553 "https://utripoli.edu.ly/" "Mozilla/5.0 (Windows NT 10.0; Win64; x64) AppleWebKit/537.36 (KHTML, like Gecko) Chrome/131.0.0.0 Safari/537.36 Avast/131.0.0.0"
185.93.229.19 - - [06/May/2025:17:44:29 +0200] "GET /registration_office.php HTTP/1.1" 200 44743 "https://utripoli.edu.ly/registration_office.php" "Mozilla/5.0 (Windows NT 10.0; Win64; x64) AppleWebKit/537.36 (KHTML, like Gecko) Chrome/131.0.0.0 Safari/537.36 Avast/131.0.0.0"
185.93.229.19 - - [06/May/2025:17:44:30 +0200] "GET /conferences.php?id=6 HTTP/1.1" 200 158886 "https://utripoli.edu.ly/conferences.php?id=6" "Mozilla/5.0 (Windows NT 10.0; Win64; x64) AppleWebKit/537.36 (KHTML, like Gecko) Chrome/131.0.0.0 Safari/537.36 Avast/131.0.0.0"
185.93.229.19 - - [06/May/2025:17:44:32 +0200] "GET /captcha.php HTTP/1.1" 200 1415 "https://utripoli.edu.ly/conferences.php?id=6" "Mozilla/5.0 (Windows NT 10.0; Win64; x64) AppleWebKit/537.36 (KHTML, like Gecko) Chrome/131.0.0.0 Safari/537.36 Avast/131.0.0.0"
185.93.229.19 - - [06/May/2025:17:44:33 +0200] "POST /conferences.php?id=6 HTTP/1.1" 302 159058 "https://utripoli.edu.ly/conferences.php?id=6" "Mozilla/5.0 (Windows NT 10.0; Win64; x64) AppleWebKit/537.36 (KHTML, like Gecko) Chrome/131.0.0.0 Safari/537.36 Avast/131.0.0.0"
