185.191.171.10 - - [06/May/2025:17:56:11 +0200] "GET /teacher_list.php?pageNum_news_index=1&pageNum_news_index=4&pageNum_news_index=5&pageNum_news_index=8&pageNum_news_index=8&pageNum_news_index=9 HTTP/1.1" 200 9373 "-" "Mozilla/5.0 (compatible; SemrushBot/7~bl; +http://www.semrush.com/bot.html)"
85.208.96.205 - - [06/May/2025:17:56:20 +0200] "GET /teacher_list.php?pageNum_news_index=0&pageNum_news_index=0&pageNum_news_index=0&pageNum_news_index=0&pageNum_news_index=2&pageNum_news_index=3&pageNum_news_index=3&pageNum_news_index=3&pageNum_news_index=3&pageNum_news_index=4&pageNum_news_index=6&pageNum_news_index=6 HTTP/1.1" 200 9539 "-" "Mozilla/5.0 (compatible; SemrushBot/7~bl; +http://www.semrush.com/bot.html)"
85.208.96.206 - - [06/May/2025:17:56:26 +0200] "GET /teacher_list.php?pageNum_news_index=0&pageNum_news_index=0&pageNum_news_index=0&pageNum_news_index=1&pageNum_news_index=1&pageNum_news_index=1&pageNum_news_index=1&pageNum_news_index=1&pageNum_news_index=1&pageNum_news_index=5&pageNum_news_index=7&pageNum_news_index=8 HTTP/1.1" 200 9515 "-" "Mozilla/5.0 (compatible; SemrushBot/7~bl; +http://www.semrush.com/bot.html)"
192.88.135.19 - - [06/May/2025:17:56:29 +0200] "GET /robots.txt HTTP/1.1" 404 3913 "-" "Mozilla/5.0 (Macintosh; Intel Mac OS X 10_15_7) AppleWebKit/537.36 (KHTML, like Gecko) Chrome/131.0.0.0 Safari/537.36; compatible; OAI-SearchBot/1.0; +https://openai.com/searchbot"
66.248.200.6 - - [06/May/2025:17:57:03 +0200] "GET /robots.txt HTTP/1.1" 404 3913 "-" "Mozilla/5.0 (compatible; Googlebot/2.1; +http://www.google.com/bot.html)"
66.248.200.6 - - [06/May/2025:17:57:03 +0200] "GET /journal/index.php/Alqalam/article/view/206 HTTP/1.1" 200 7124 "-" "Googlebot/2.1 (+http://www.google.com/bot.html)"
85.208.96.195 - - [06/May/2025:17:57:10 +0200] "GET /teacher_list.php?pageNum_news_index=4&pageNum_news_index=5&pageNum_news_index=5&pageNum_news_index=8&pageNum_news_index=8&pageNum_news_index=8&pageNum_news_index=8&pageNum_news_index=8&pageNum_news_index=8 HTTP/1.1" 200 9474 "-" "Mozilla/5.0 (compatible; SemrushBot/7~bl; +http://www.semrush.com/bot.html)"
185.191.171.1 - - [06/May/2025:17:57:15 +0200] "GET /teacher_list.php?pageNum_news_index=0&pageNum_news_index=2&pageNum_news_index=2&pageNum_news_index=2&pageNum_news_index=2&pageNum_news_index=2&pageNum_news_index=2&pageNum_news_index=2&pageNum_news_index=2&pageNum_news_index=2 HTTP/1.1" 200 9428 "-" "Mozilla/5.0 (compatible; SemrushBot/7~bl; +http://www.semrush.com/bot.html)"
85.208.96.198 - - [06/May/2025:17:57:21 +0200] "GET /teacher_list.php?pageNum_news_index=0&pageNum_news_index=0&pageNum_news_index=0&pageNum_news_index=0&pageNum_news_index=0&pageNum_news_index=0&pageNum_news_index=1&pageNum_news_index=1&pageNum_news_index=2&pageNum_news_index=2&pageNum_news_index=3&pageNum_news_index=7 HTTP/1.1" 200 9492 "-" "Mozilla/5.0 (compatible; SemrushBot/7~bl; +http://www.semrush.com/bot.html)"
185.191.171.10 - - [06/May/2025:17:57:31 +0200] "GET /teacher_list.php?pageNum_news_index=0&pageNum_news_index=0&pageNum_news_index=1&pageNum_news_index=1&pageNum_news_index=2&pageNum_news_index=3&pageNum_news_index=4&pageNum_news_index=5&pageNum_news_index=6&pageNum_news_index=6&pageNum_news_index=6&pageNum_news_index=6 HTTP/1.1" 200 9543 "-" "Mozilla/5.0 (compatible; SemrushBot/7~bl; +http://www.semrush.com/bot.html)"
185.191.171.11 - - [06/May/2025:17:57:36 +0200] "GET /teacher_list.php?pageNum_news_index=4&pageNum_news_index=4&pageNum_news_index=7&pageNum_news_index=7&pageNum_news_index=7&pageNum_news_index=7&pageNum_news_index=7&pageNum_news_index=7&pageNum_news_index=7&pageNum_news_index=7&pageNum_news_index=7&pageNum_news_index=8 HTTP/1.1" 200 9510 "-" "Mozilla/5.0 (compatible; SemrushBot/7~bl; +http://www.semrush.com/bot.html)"
185.93.229.6 - - [06/May/2025:17:57:53 +0200] "GET /cp/student/startcourse.php?search=cruz+blanca+confianza+4 HTTP/1.1" 302 2352 "-" "Mozilla/5.0 AppleWebKit/537.36 (KHTML, like Gecko; compatible; bingbot/2.0; +http://www.bing.com/bingbot.htm) Chrome/116.0.1938.76 Safari/537.36"
85.208.96.209 - - [06/May/2025:17:57:57 +0200] "GET /teacher_list.php?pageNum_news_index=0&pageNum_news_index=0&pageNum_news_index=1&pageNum_news_index=5&pageNum_news_index=5&pageNum_news_index=6 HTTP/1.1" 200 9423 "-" "Mozilla/5.0 (compatible; SemrushBot/7~bl; +http://www.semrush.com/bot.html)"
185.93.230.6 - - [06/May/2025:17:58:10 +0200] "GET /journal/index.php/Alqalam/citationstylelanguage/get/harvard-cite-them-right?submissionId=308&publicationId=308 HTTP/1.1" 200 312 "https://uta.edu.ly/journal/index.php/Alqalam/article/view/308" "Mozilla/5.0 (Linux; Android 7.0;) AppleWebKit/537.36 (KHTML, like Gecko) Mobile Safari/537.36 (compatible; PetalBot;+https://webmaster.petalsearch.com/site/petalbot)"
185.93.229.6 - - [06/May/2025:17:58:13 +0200] "GET /cp/student/login.php?accesscheck=%2Fcp%2Fstudent%2Fstartcourse.php%3Fsearch%3Dcruz%2Bblanca%2Bconfianza%2B4 HTTP/1.1" 200 1895 "-" "Mozilla/5.0 AppleWebKit/537.36 (KHTML, like Gecko; compatible; bingbot/2.0; +http://www.bing.com/bingbot.htm) Chrome/116.0.1938.76 Safari/537.36"
185.191.171.10 - - [06/May/2025:17:58:17 +0200] "GET /teacher_list.php?pageNum_news_index=5&pageNum_news_index=5&pageNum_news_index=5&pageNum_news_index=5&pageNum_news_index=5&pageNum_news_index=7&pageNum_news_index=7&pageNum_news_index=8&pageNum_news_index=8 HTTP/1.1" 200 9473 "-" "Mozilla/5.0 (compatible; SemrushBot/7~bl; +http://www.semrush.com/bot.html)"
185.93.229.19 - - [06/May/2025:17:58:20 +0200] "GET /teacher_list.php?pageNum_news_index=0&pageNum_news_index=0&pageNum_news_index=0&pageNum_news_index=2&pageNum_news_index=6&pageNum_news_index=6&pageNum_news_index=8&pageNum_news_index=8&pageNum_news_index=8&pageNum_news_index=8&pageNum_news_index=8 HTTP/1.1" 200 9507 "-" "Mozilla/5.0 (compatible; SemrushBot/7~bl; +http://www.semrush.com/bot.html)"
185.191.171.11 - - [06/May/2025:17:58:33 +0200] "GET /teacher_list.php?pageNum_news_index=1&pageNum_news_index=1&pageNum_news_index=2&pageNum_news_index=5&pageNum_news_index=5&pageNum_news_index=7&pageNum_news_index=8&pageNum_news_index=9 HTTP/1.1" 200 9434 "-" "Mozilla/5.0 (compatible; SemrushBot/7~bl; +http://www.semrush.com/bot.html)"
185.191.171.16 - - [06/May/2025:17:58:43 +0200] "GET /teacher_list.php?pageNum_news_index=1&pageNum_news_index=3&pageNum_news_index=3&pageNum_news_index=3&pageNum_news_index=3&pageNum_news_index=4&pageNum_news_index=5&pageNum_news_index=5&pageNum_news_index=6&pageNum_news_index=7&pageNum_news_index=8&pageNum_news_index=8 HTTP/1.1" 200 9520 "-" "Mozilla/5.0 (compatible; SemrushBot/7~bl; +http://www.semrush.com/bot.html)"
185.93.229.6 - - [06/May/2025:17:58:54 +0200] "GET /teacher_list.php?pageNum_news_index=6&&pageNum_news_index=4&&pageNum_news_index=26&&pageNum_news_index=23&&pageNum_news_index=26&&pageNum_news_index=25&&pageNum_news_index=26&&pageNum_news_index=24 HTTP/1.1" 200 9443 "-" "Mozilla/5.0 AppleWebKit/537.36 (KHTML, like Gecko; compatible; bingbot/2.0; +http://www.bing.com/bingbot.htm) Chrome/116.0.1938.76 Safari/537.36"
185.93.229.6 - - [06/May/2025:17:58:55 +0200] "GET /teacher_list.php?pageNum_news_index=6&&pageNum_news_index=4&&pageNum_news_index=26&&pageNum_news_index=23&&pageNum_news_index=25&&pageNum_news_index=22&&pageNum_news_index=25&&pageNum_news_index=22&&pageNum_news_index=26&&pageNum_news_index=25&&pageNum_news_index=21&&pageNum_news_index=25 HTTP/1.1" 200 9435 "-" "Mozilla/5.0 AppleWebKit/537.36 (KHTML, like Gecko; compatible; bingbot/2.0; +http://www.bing.com/bingbot.htm) Chrome/116.0.1938.76 Safari/537.36"
185.191.171.7 - - [06/May/2025:17:59:03 +0200] "GET /teacher_list.php?pageNum_news_index=0&pageNum_news_index=2&pageNum_news_index=2&pageNum_news_index=3&pageNum_news_index=3&pageNum_news_index=5&pageNum_news_index=5&pageNum_news_index=5&pageNum_news_index=5&pageNum_news_index=5 HTTP/1.1" 200 9545 "-" "Mozilla/5.0 (compatible; SemrushBot/7~bl; +http://www.semrush.com/bot.html)"
85.208.96.202 - - [06/May/2025:17:59:16 +0200] "GET /teacher_list.php?pageNum_news_index=3&pageNum_news_index=3&pageNum_news_index=4&pageNum_news_index=4&pageNum_news_index=6&pageNum_news_index=6&pageNum_news_index=8&pageNum_news_index=8&pageNum_news_index=8&pageNum_news_index=8&pageNum_news_index=8 HTTP/1.1" 200 9511 "-" "Mozilla/5.0 (compatible; SemrushBot/7~bl; +http://www.semrush.com/bot.html)"
185.93.228.6 - - [06/May/2025:17:59:16 +0200] "GET / HTTP/1.1" 200 16204 "-" "Mozilla/5.0 (iPhone; CPU iPhone OS 17_5_1 like Mac OS X) AppleWebKit/605.1.15 (KHTML, like Gecko) Version/17.5 Mobile/15E148 Safari/604.1"
85.208.96.196 - - [06/May/2025:17:59:18 +0200] "GET /teacher_list.php?pageNum_news_index=0&pageNum_news_index=1&pageNum_news_index=3&pageNum_news_index=3&pageNum_news_index=4&pageNum_news_index=4&pageNum_news_index=6&pageNum_news_index=6&pageNum_news_index=6&pageNum_news_index=7&pageNum_news_index=7 HTTP/1.1" 200 9490 "-" "Mozilla/5.0 (compatible; SemrushBot/7~bl; +http://www.semrush.com/bot.html)"
185.191.171.4 - - [06/May/2025:17:59:23 +0200] "GET /teacher_list.php?pageNum_news_index=0&pageNum_news_index=0&pageNum_news_index=1&pageNum_news_index=2&pageNum_news_index=2&pageNum_news_index=3&pageNum_news_index=3&pageNum_news_index=5&pageNum_news_index=5&pageNum_news_index=5&pageNum_news_index=6&pageNum_news_index=6 HTTP/1.1" 200 9541 "-" "Mozilla/5.0 (compatible; SemrushBot/7~bl; +http://www.semrush.com/bot.html)"
185.191.171.16 - - [06/May/2025:17:59:27 +0200] "GET /teacher_list.php?pageNum_news_index=0&pageNum_news_index=0&pageNum_news_index=3&pageNum_news_index=4&pageNum_news_index=4&pageNum_news_index=6&pageNum_news_index=6&pageNum_news_index=6&pageNum_news_index=7&pageNum_news_index=8 HTTP/1.1" 200 9499 "-" "Mozilla/5.0 (compatible; SemrushBot/7~bl; +http://www.semrush.com/bot.html)"
85.208.96.206 - - [06/May/2025:17:59:30 +0200] "GET /teacher_list.php?pageNum_news_index=0&pageNum_news_index=1&pageNum_news_index=1&pageNum_news_index=2&pageNum_news_index=3&pageNum_news_index=6&pageNum_news_index=6&pageNum_news_index=6&pageNum_news_index=8&pageNum_news_index=8 HTTP/1.1" 200 9499 "-" "Mozilla/5.0 (compatible; SemrushBot/7~bl; +http://www.semrush.com/bot.html)"
185.93.230.6 - - [06/May/2025:17:59:33 +0200] "GET /journal/index.php/Alqalam/citationstylelanguage/get/acm-sig-proceedings?submissionId=817&publicationId=817 HTTP/1.1" 200 293 "https://uta.edu.ly/journal/index.php/Alqalam/article/view/817?articlesBySimilarityPage=2" "Mozilla/5.0 (Linux; Android 7.0;) AppleWebKit/537.36 (KHTML, like Gecko) Mobile Safari/537.36 (compatible; PetalBot;+https://webmaster.petalsearch.com/site/petalbot)"
185.93.229.19 - - [06/May/2025:17:59:35 +0200] "GET /cp/uploads/teacher/ HTTP/1.1" 403 4213 "-" "Mozilla/5.0 AppleWebKit/537.36 (KHTML, like Gecko; compatible; bingbot/2.0; +http://www.bing.com/bingbot.htm) Chrome/116.0.1938.76 Safari/537.36"
85.208.96.201 - - [06/May/2025:17:59:45 +0200] "GET /teacher_list.php?pageNum_news_index=0&pageNum_news_index=0&pageNum_news_index=1&pageNum_news_index=1&pageNum_news_index=1&pageNum_news_index=5&pageNum_news_index=5&pageNum_news_index=7&pageNum_news_index=7&pageNum_news_index=8&pageNum_news_index=8 HTTP/1.1" 200 9510 "-" "Mozilla/5.0 (compatible; SemrushBot/7~bl; +http://www.semrush.com/bot.html)"
185.93.229.6 - - [06/May/2025:17:59:55 +0200] "GET /teacher_list.php?pageNum_news_index=6&&pageNum_news_index=8&&pageNum_news_index=0&&pageNum_news_index=3&&pageNum_news_index=0&&pageNum_news_index=1&&pageNum_news_index=2&&pageNum_news_index=3&&pageNum_news_index=2&&pageNum_news_index=9 HTTP/1.1" 200 9484 "-" "Mozilla/5.0 AppleWebKit/537.36 (KHTML, like Gecko; compatible; bingbot/2.0; +http://www.bing.com/bingbot.htm) Chrome/116.0.1938.76 Safari/537.36"
85.208.96.212 - - [06/May/2025:17:59:59 +0200] "GET /teacher_list.php?pageNum_news_index=0&pageNum_news_index=0&pageNum_news_index=0&pageNum_news_index=1&pageNum_news_index=1&pageNum_news_index=3&pageNum_news_index=3&pageNum_news_index=5 HTTP/1.1" 200 9518 "-" "Mozilla/5.0 (compatible; SemrushBot/7~bl; +http://www.semrush.com/bot.html)"
185.93.230.19 - - [06/May/2025:18:00:03 +0200] "GET /conferences.php?id=6 HTTP/1.1" 200 158886 "https://utripoli.edu.ly/conferences.php?id=6" "Mozilla/5.0 (Windows NT 10.0; Win64; x64) AppleWebKit/537.36 (KHTML, like Gecko) Chrome/131.0.0.0 Safari/537.36"
185.93.230.19 - - [06/May/2025:18:00:04 +0200] "GET /captcha.php HTTP/1.1" 200 1421 "https://utripoli.edu.ly/conferences.php?id=6" "Mozilla/5.0 (Windows NT 10.0; Win64; x64) AppleWebKit/537.36 (KHTML, like Gecko) Chrome/131.0.0.0 Safari/537.36"
185.93.230.19 - - [06/May/2025:18:00:04 +0200] "POST /conferences.php?id=6 HTTP/1.1" 200 159073 "https://utripoli.edu.ly/conferences.php?id=6" "Mozilla/5.0 (Windows NT 10.0; Win64; x64) AppleWebKit/537.36 (KHTML, like Gecko) Chrome/131.0.0.0 Safari/537.36"
185.93.229.19 - - [06/May/2025:18:00:15 +0200] "GET /teacher_list.php?pageNum_news_index=1&pageNum_news_index=2&pageNum_news_index=3&pageNum_news_index=3&pageNum_news_index=3&pageNum_news_index=3&pageNum_news_index=4&pageNum_news_index=4&pageNum_news_index=5&pageNum_news_index=6&pageNum_news_index=6&pageNum_news_index=7&pageNum_news_index=7 HTTP/1.1" 200 9518 "-" "Mozilla/5.0 (compatible; SemrushBot/7~bl; +http://www.semrush.com/bot.html)"
185.93.229.19 - - [06/May/2025:18:00:19 +0200] "GET /teacher_list.php?pageNum_news_index=1&pageNum_news_index=1&pageNum_news_index=1&pageNum_news_index=1&pageNum_news_index=1&pageNum_news_index=3&pageNum_news_index=4&pageNum_news_index=4&pageNum_news_index=5&pageNum_news_index=6&pageNum_news_index=6&pageNum_news_index=7&pageNum_news_index=8 HTTP/1.1" 200 9540 "-" "Mozilla/5.0 (compatible; SemrushBot/7~bl; +http://www.semrush.com/bot.html)"
185.191.171.19 - - [06/May/2025:18:00:20 +0200] "GET /teacher_list.php?pageNum_news_index=2&pageNum_news_index=2&pageNum_news_index=3&pageNum_news_index=5&pageNum_news_index=5&pageNum_news_index=6&pageNum_news_index=7 HTTP/1.1" 200 9409 "-" "Mozilla/5.0 (compatible; SemrushBot/7~bl; +http://www.semrush.com/bot.html)"
85.208.96.208 - - [06/May/2025:18:00:22 +0200] "GET /teacher_list.php?pageNum_news_index=3&pageNum_news_index=3&pageNum_news_index=4&pageNum_news_index=5&pageNum_news_index=8&pageNum_news_index=8&pageNum_news_index=8 HTTP/1.1" 200 9433 "-" "Mozilla/5.0 (compatible; SemrushBot/7~bl; +http://www.semrush.com/bot.html)"
185.93.229.6 - - [06/May/2025:18:00:23 +0200] "GET /cp/student/startcourse.php?search=%D0%BA%D0%BE%D0%B3%D0%B4%D0%B0+%D0%B8%D1%81%D0%BF%D0%BE%D0%BB%D1%8C%D0%B7%D1%83%D0%B5%D1%82%D1%81%D1%8F+%D0%BF%D1%80%D0%B5%D0%B7%D0%B5%D0%BD%D1%82+%D0%BA%D0%BE%D0%BD%D1%82%D0%B8%D0%BD%D0%B8%D1%83%D1%81 HTTP/1.1" 302 2352 "-" "Mozilla/5.0 AppleWebKit/537.36 (KHTML, like Gecko; compatible; bingbot/2.0; +http://www.bing.com/bingbot.htm) Chrome/116.0.1938.76 Safari/537.36"
185.93.229.19 - - [06/May/2025:18:00:24 +0200] "GET /teacher_list.php?pageNum_news_index=1&pageNum_news_index=1&pageNum_news_index=1&pageNum_news_index=1&pageNum_news_index=1&pageNum_news_index=5&pageNum_news_index=8&pageNum_news_index=8&pageNum_news_index=8&pageNum_news_index=9 HTTP/1.1" 200 9463 "-" "Mozilla/5.0 (compatible; SemrushBot/7~bl; +http://www.semrush.com/bot.html)"
185.191.171.11 - - [06/May/2025:18:00:25 +0200] "GET /teacher_list.php?pageNum_news_index=0&pageNum_news_index=0&pageNum_news_index=1&pageNum_news_index=1&pageNum_news_index=1&pageNum_news_index=1&pageNum_news_index=2&pageNum_news_index=3&pageNum_news_index=3&pageNum_news_index=3&pageNum_news_index=6 HTTP/1.1" 200 9531 "-" "Mozilla/5.0 (compatible; SemrushBot/7~bl; +http://www.semrush.com/bot.html)"
185.93.229.6 - - [06/May/2025:18:00:45 +0200] "GET /cp/student/login.php?accesscheck=%2Fcp%2Fstudent%2Fstartcourse.php%3Fsearch%3D%25D0%25BA%25D0%25BE%25D0%25B3%25D0%25B4%25D0%25B0%2B%25D0%25B8%25D1%2581%25D0%25BF%25D0%25BE%25D0%25BB%25D1%258C%25D0%25B7%25D1%2583%25D0%25B5%25D1%2582%25D1%2581%25D1%258F%2B%25D0%25BF%25D1%2580%25D0%25B5%25D0%25B7%25D0%25B5%25D0%25BD%25D1%2582%2B%25D0%25BA%25D0%25BE%25D0%25BD%25D1%2582%25D0%25B8%25D0%25BD%25D0%25B8%25D1%2583%25D1%2581 HTTP/1.1" 200 1895 "-" "Mozilla/5.0 AppleWebKit/537.36 (KHTML, like Gecko; compatible; bingbot/2.0; +http://www.bing.com/bingbot.htm) Chrome/116.0.1938.76 Safari/537.36"
185.93.229.6 - - [06/May/2025:18:00:46 +0200] "GET /cp/student/startcourse.php?search=7301022101 HTTP/1.1" 302 2352 "-" "Mozilla/5.0 AppleWebKit/537.36 (KHTML, like Gecko; compatible; bingbot/2.0; +http://www.bing.com/bingbot.htm) Chrome/116.0.1938.76 Safari/537.36"
185.93.228.19 - - [06/May/2025:18:00:50 +0200] "GET /cp/uploads/news/photo_2023-05-20_21-15-04.jpg HTTP/1.1" 200 134443 "https://www.bing.com/" "Mozilla/5.0 (Windows NT 10.0; Win64; x64) AppleWebKit/537.36 (KHTML, like Gecko) Chrome/136.0.0.0 Safari/537.36 Edg/136.0.0.0"
185.93.230.6 - - [06/May/2025:18:00:56 +0200] "GET /journal/index.php/Alqalam/citationstylelanguage/get/acm-sig-proceedings?submissionId=382&publicationId=382 HTTP/1.1" 200 261 "https://uta.edu.ly/journal/index.php/Alqalam/article/view/382" "Mozilla/5.0 (Linux; Android 7.0;) AppleWebKit/537.36 (KHTML, like Gecko) Mobile Safari/537.36 (compatible; PetalBot;+https://webmaster.petalsearch.com/site/petalbot)"
185.93.230.19 - - [06/May/2025:18:00:56 +0200] "GET /departmen.php?id=14 HTTP/1.1" 200 15800 "-" "Mozilla/5.0 AppleWebKit/537.36 (KHTML, like Gecko); compatible; ChatGPT-User/1.0; +https://openai.com/bot"
185.93.229.6 - - [06/May/2025:18:01:06 +0200] "GET /cp/student/login.php?accesscheck=%2Fcp%2Fstudent%2Fstartcourse.php%3Fsearch%3D7301022101 HTTP/1.1" 200 1895 "-" "Mozilla/5.0 AppleWebKit/537.36 (KHTML, like Gecko; compatible; bingbot/2.0; +http://www.bing.com/bingbot.htm) Chrome/116.0.1938.76 Safari/537.36"
85.208.96.203 - - [06/May/2025:18:01:09 +0200] "GET /teacher_list.php?pageNum_news_index=0&pageNum_news_index=1&pageNum_news_index=4&pageNum_news_index=4&pageNum_news_index=5&pageNum_news_index=5&pageNum_news_index=5&pageNum_news_index=6&pageNum_news_index=7 HTTP/1.1" 200 9458 "-" "Mozilla/5.0 (compatible; SemrushBot/7~bl; +http://www.semrush.com/bot.html)"
185.93.229.19 - - [06/May/2025:18:01:13 +0200] "GET /teacher_list.php?pageNum_news_index=0&pageNum_news_index=0&pageNum_news_index=0&pageNum_news_index=0&pageNum_news_index=2&pageNum_news_index=2&pageNum_news_index=2&pageNum_news_index=3&pageNum_news_index=5&pageNum_news_index=9 HTTP/1.1" 200 9466 "-" "Mozilla/5.0 (compatible; SemrushBot/7~bl; +http://www.semrush.com/bot.html)"
85.208.96.196 - - [06/May/2025:18:01:14 +0200] "GET /teacher_list.php?pageNum_news_index=0&pageNum_news_index=0&pageNum_news_index=0&pageNum_news_index=3&pageNum_news_index=5&pageNum_news_index=8&pageNum_news_index=8&pageNum_news_index=8&pageNum_news_index=8&pageNum_news_index=8 HTTP/1.1" 200 9495 "-" "Mozilla/5.0 (compatible; SemrushBot/7~bl; +http://www.semrush.com/bot.html)"
85.208.96.201 - - [06/May/2025:18:01:36 +0200] "GET /teacher_list.php?pageNum_news_index=1&pageNum_news_index=2&pageNum_news_index=3&pageNum_news_index=3&pageNum_news_index=3&pageNum_news_index=7&pageNum_news_index=7&pageNum_news_index=7&pageNum_news_index=7&pageNum_news_index=7&pageNum_news_index=8&pageNum_news_index=8 HTTP/1.1" 200 9516 "-" "Mozilla/5.0 (compatible; SemrushBot/7~bl; +http://www.semrush.com/bot.html)"
185.191.171.3 - - [06/May/2025:18:01:38 +0200] "GET /teacher_list.php?pageNum_news_index=4&pageNum_news_index=4&pageNum_news_index=4&pageNum_news_index=4&pageNum_news_index=5&pageNum_news_index=5&pageNum_news_index=6&pageNum_news_index=8&pageNum_news_index=8&pageNum_news_index=8 HTTP/1.1" 200 9496 "-" "Mozilla/5.0 (compatible; SemrushBot/7~bl; +http://www.semrush.com/bot.html)"
85.208.96.203 - - [06/May/2025:18:01:39 +0200] "GET /teacher_list.php?pageNum_news_index=0&pageNum_news_index=3&pageNum_news_index=3&pageNum_news_index=3&pageNum_news_index=5&pageNum_news_index=5&pageNum_news_index=5&pageNum_news_index=8&pageNum_news_index=9 HTTP/1.1" 200 9453 "-" "Mozilla/5.0 (compatible; SemrushBot/7~bl; +http://www.semrush.com/bot.html)"
185.93.229.19 - - [06/May/2025:18:01:41 +0200] "GET /teacher_list.php?pageNum_news_index=0&pageNum_news_index=2&pageNum_news_index=2&pageNum_news_index=4&pageNum_news_index=5&pageNum_news_index=5&pageNum_news_index=5&pageNum_news_index=6&pageNum_news_index=7&pageNum_news_index=8&pageNum_news_index=9 HTTP/1.1" 200 9493 "-" "Mozilla/5.0 (compatible; SemrushBot/7~bl; +http://www.semrush.com/bot.html)"
192.88.135.6 - - [06/May/2025:18:01:50 +0200] "GET /journal/index.php/Alqalam/article/view/256?articlesBySimilarityPage=13 HTTP/1.1" 200 45677 "-" "Mozilla/5.0 (compatible; DotBot/1.2; +https://opensiteexplorer.org/dotbot; help@moz.com)"
192.88.135.6 - - [06/May/2025:18:01:58 +0200] "GET /journal/index.php/Alqalam/article/view/823?articlesBySimilarityPage=3 HTTP/1.1" 200 40081 "-" "Mozilla/5.0 (compatible; DotBot/1.2; +https://opensiteexplorer.org/dotbot; help@moz.com)"
85.208.96.212 - - [06/May/2025:18:01:59 +0200] "GET /teacher_list.php?pageNum_news_index=0&pageNum_news_index=1&pageNum_news_index=1&pageNum_news_index=1&pageNum_news_index=2&pageNum_news_index=2&pageNum_news_index=4&pageNum_news_index=4&pageNum_news_index=7&pageNum_news_index=8&pageNum_news_index=8 HTTP/1.1" 200 9512 "-" "Mozilla/5.0 (compatible; SemrushBot/7~bl; +http://www.semrush.com/bot.html)"
185.93.229.19 - - [06/May/2025:18:02:15 +0200] "GET /teacher_list.php?pageNum_news_index=1&pageNum_news_index=2&pageNum_news_index=2&pageNum_news_index=3&pageNum_news_index=3&pageNum_news_index=5&pageNum_news_index=5&pageNum_news_index=5&pageNum_news_index=5&pageNum_news_index=5&pageNum_news_index=6&pageNum_news_index=6&pageNum_news_index=7 HTTP/1.1" 200 9515 "-" "Mozilla/5.0 (compatible; SemrushBot/7~bl; +http://www.semrush.com/bot.html)"
85.208.96.200 - - [06/May/2025:18:02:20 +0200] "GET /teacher_list.php?pageNum_news_index=2&pageNum_news_index=3&pageNum_news_index=3&pageNum_news_index=3&pageNum_news_index=3&pageNum_news_index=3&pageNum_news_index=3&pageNum_news_index=3&pageNum_news_index=3&pageNum_news_index=3&pageNum_news_index=4&pageNum_news_index=9 HTTP/1.1" 200 9487 "-" "Mozilla/5.0 (compatible; SemrushBot/7~bl; +http://www.semrush.com/bot.html)"
185.93.230.6 - - [06/May/2025:18:02:20 +0200] "GET /journal/index.php/Alqalam/citationstylelanguage/download/ris?submissionId=631&publicationId=631 HTTP/1.1" 200 1691 "https://uta.edu.ly/journal/index.php/Alqalam/article/view/631" "Mozilla/5.0 (Linux; Android 7.0;) AppleWebKit/537.36 (KHTML, like Gecko) Mobile Safari/537.36 (compatible; PetalBot;+https://webmaster.petalsearch.com/site/petalbot)"
85.208.96.201 - - [06/May/2025:18:02:48 +0200] "GET /teacher_list.php?pageNum_news_index=0&pageNum_news_index=0&pageNum_news_index=1&pageNum_news_index=3&pageNum_news_index=3&pageNum_news_index=6&pageNum_news_index=7&pageNum_news_index=7&pageNum_news_index=7&pageNum_news_index=9 HTTP/1.1" 200 9468 "-" "Mozilla/5.0 (compatible; SemrushBot/7~bl; +http://www.semrush.com/bot.html)"
185.93.229.19 - - [06/May/2025:18:02:50 +0200] "GET /teacher_list.php?pageNum_news_index=0&pageNum_news_index=0&pageNum_news_index=0&pageNum_news_index=0&pageNum_news_index=2&pageNum_news_index=2&pageNum_news_index=3&pageNum_news_index=3&pageNum_news_index=4&pageNum_news_index=4&pageNum_news_index=4&pageNum_news_index=4&pageNum_news_index=6 HTTP/1.1" 200 9557 "-" "Mozilla/5.0 (compatible; SemrushBot/7~bl; +http://www.semrush.com/bot.html)"
185.93.230.19 - - [06/May/2025:18:02:52 +0200] "GET /events/category/event/general-events/page/2/?tribe-bar-date=2021-02-28 HTTP/1.1" 404 3913 "https://utripoli.edu.ly/events/category/event/general-events/list/?tribe-bar-date=2021-02-28" "Mozilla/5.0 (Linux; Android 7.0;) AppleWebKit/537.36 (KHTML, like Gecko) Mobile Safari/537.36 (compatible; PetalBot;+https://webmaster.petalsearch.com/site/petalbot)"
185.93.229.6 - - [06/May/2025:18:02:59 +0200] "GET /robots.txt HTTP/1.1" 404 3913 "-" "Mozilla/5.0 (compatible; SemrushBot/7~bl; +http://www.semrush.com/bot.html)"
85.208.96.200 - - [06/May/2025:18:03:03 +0200] "GET /teacher_list.php?pageNum_news_index=0&pageNum_news_index=0&pageNum_news_index=0&pageNum_news_index=0&pageNum_news_index=0&pageNum_news_index=0&pageNum_news_index=0&pageNum_news_index=0&pageNum_news_index=0&pageNum_news_index=3&pageNum_news_index=7&pageNum_news_index=9 HTTP/1.1" 200 9487 "-" "Mozilla/5.0 (compatible; SemrushBot/7~bl; +http://www.semrush.com/bot.html)"
85.208.96.205 - - [06/May/2025:18:03:04 +0200] "GET /teacher_list.php?pageNum_news_index=3&pageNum_news_index=3&pageNum_news_index=4&pageNum_news_index=4&pageNum_news_index=4&pageNum_news_index=5&pageNum_news_index=6&pageNum_news_index=7&pageNum_news_index=8&pageNum_news_index=8 HTTP/1.1" 200 9500 "-" "Mozilla/5.0 (compatible; SemrushBot/7~bl; +http://www.semrush.com/bot.html)"
185.93.229.6 - - [06/May/2025:18:03:09 +0200] "GET /teacher_list.php?pageNum_news_index=6&&pageNum_news_index=8&&pageNum_news_index=0&&pageNum_news_index=2&&pageNum_news_index=9&&pageNum_news_index=0&&pageNum_news_index=2&&pageNum_news_index=2&&pageNum_news_index=2&&pageNum_news_index=1&&pageNum_news_index=5&&pageNum_news_index=25&&pageNum_news_index=0&&pageNum_news_index=26&&pageNum_news_index=25&&pageNum_news_index=25&&pageNum_news_index=25 HTTP/1.1" 200 9487 "-" "Mozilla/5.0 AppleWebKit/537.36 (KHTML, like Gecko; compatible; bingbot/2.0; +http://www.bing.com/bingbot.htm) Chrome/116.0.1938.76 Safari/537.36"
185.93.229.19 - - [06/May/2025:18:03:11 +0200] "GET /teacher_list.php?pageNum_news_index=1&pageNum_news_index=2&pageNum_news_index=5&pageNum_news_index=5&pageNum_news_index=7&pageNum_news_index=8&pageNum_news_index=8&pageNum_news_index=8 HTTP/1.1" 200 9471 "-" "Mozilla/5.0 (compatible; SemrushBot/7~bl; +http://www.semrush.com/bot.html)"
85.208.96.209 - - [06/May/2025:18:03:19 +0200] "GET /teacher_list.php?pageNum_news_index=0&pageNum_news_index=0&pageNum_news_index=2&pageNum_news_index=4&pageNum_news_index=5&pageNum_news_index=5&pageNum_news_index=5&pageNum_news_index=5&pageNum_news_index=6 HTTP/1.1" 200 9499 "-" "Mozilla/5.0 (compatible; SemrushBot/7~bl; +http://www.semrush.com/bot.html)"
185.93.229.19 - - [06/May/2025:18:03:20 +0200] "GET /teacher_list.php?pageNum_news_index=4&pageNum_news_index=4&pageNum_news_index=4&pageNum_news_index=4&pageNum_news_index=5&pageNum_news_index=5&pageNum_news_index=5&pageNum_news_index=7&pageNum_news_index=7&pageNum_news_index=7&pageNum_news_index=8&pageNum_news_index=8 HTTP/1.1" 200 9514 "-" "Mozilla/5.0 (compatible; SemrushBot/7~bl; +http://www.semrush.com/bot.html)"
185.191.171.11 - - [06/May/2025:18:03:21 +0200] "GET /teacher_list.php?pageNum_news_index=0&pageNum_news_index=1&pageNum_news_index=1&pageNum_news_index=1&pageNum_news_index=1&pageNum_news_index=3&pageNum_news_index=3&pageNum_news_index=6&pageNum_news_index=6&pageNum_news_index=7&pageNum_news_index=8 HTTP/1.1" 200 9515 "-" "Mozilla/5.0 (compatible; SemrushBot/7~bl; +http://www.semrush.com/bot.html)"
85.208.96.200 - - [06/May/2025:18:03:25 +0200] "GET /teacher_list.php?pageNum_news_index=0&pageNum_news_index=0&pageNum_news_index=0&pageNum_news_index=2&pageNum_news_index=3&pageNum_news_index=4&pageNum_news_index=4&pageNum_news_index=4&pageNum_news_index=6&pageNum_news_index=9 HTTP/1.1" 200 9469 "-" "Mozilla/5.0 (compatible; SemrushBot/7~bl; +http://www.semrush.com/bot.html)"
185.191.171.9 - - [06/May/2025:18:03:38 +0200] "GET /teacher_list.php?pageNum_news_index=0&pageNum_news_index=0&pageNum_news_index=2&pageNum_news_index=3&pageNum_news_index=5&pageNum_news_index=6&pageNum_news_index=6&pageNum_news_index=7 HTTP/1.1" 200 9438 "-" "Mozilla/5.0 (compatible; SemrushBot/7~bl; +http://www.semrush.com/bot.html)"
85.208.96.195 - - [06/May/2025:18:03:40 +0200] "GET /teacher_list.php?pageNum_news_index=1&pageNum_news_index=1&pageNum_news_index=1&pageNum_news_index=2&pageNum_news_index=3&pageNum_news_index=3&pageNum_news_index=5&pageNum_news_index=5&pageNum_news_index=5&pageNum_news_index=7&pageNum_news_index=9 HTTP/1.1" 200 9488 "-" "Mozilla/5.0 (compatible; SemrushBot/7~bl; +http://www.semrush.com/bot.html)"
185.93.229.6 - - [06/May/2025:18:03:46 +0200] "GET /journal/index.php/Alqalam/citationstylelanguage/get/acm-sig-proceedings?submissionId=836&publicationId=836 HTTP/1.1" 200 314 "-" "Mozilla/5.0 AppleWebKit/537.36 (KHTML, like Gecko; compatible; bingbot/2.0; +http://www.bing.com/bingbot.htm) Chrome/116.0.1938.76 Safari/537.36"
185.93.229.6 - - [06/May/2025:18:03:51 +0200] "GET /journal/index.php/Alqalam/article/view/274?articlesBySimilarityPage=7 HTTP/1.1" 200 7883 "-" "Mozilla/5.0 AppleWebKit/537.36 (KHTML, like Gecko; compatible; bingbot/2.0; +http://www.bing.com/bingbot.htm) Chrome/116.0.1938.76 Safari/537.36"
185.191.171.6 - - [06/May/2025:18:04:05 +0200] "GET /teacher_list.php?pageNum_news_index=0&pageNum_news_index=1&pageNum_news_index=3&pageNum_news_index=3&pageNum_news_index=4&pageNum_news_index=4&pageNum_news_index=4&pageNum_news_index=4&pageNum_news_index=5&pageNum_news_index=6&pageNum_news_index=6&pageNum_news_index=8 HTTP/1.1" 200 9520 "-" "Mozilla/5.0 (compatible; SemrushBot/7~bl; +http://www.semrush.com/bot.html)"
185.93.230.6 - - [06/May/2025:18:04:24 +0200] "GET /journal/index.php/Alqalam/citationstylelanguage/download/bibtex?submissionId=600&publicationId=600 HTTP/1.1" 200 2330 "-" "Mozilla/5.0 (Windows NT 10.0; Win64; x64) AppleWebKit/537.36 (KHTML, like Gecko) Chrome/100.0.2726.154 Safari/537.36"
185.191.171.12 - - [06/May/2025:18:04:26 +0200] "GET /teacher_list.php?pageNum_news_index=0&pageNum_news_index=2&pageNum_news_index=4&pageNum_news_index=4&pageNum_news_index=5&pageNum_news_index=6&pageNum_news_index=7&pageNum_news_index=7&pageNum_news_index=7&pageNum_news_index=7&pageNum_news_index=8&pageNum_news_index=9 HTTP/1.1" 200 9498 "-" "Mozilla/5.0 (compatible; SemrushBot/7~bl; +http://www.semrush.com/bot.html)"
85.208.96.197 - - [06/May/2025:18:04:29 +0200] "GET /teacher_list.php?pageNum_news_index=1&pageNum_news_index=3&pageNum_news_index=3&pageNum_news_index=5&pageNum_news_index=5&pageNum_news_index=6&pageNum_news_index=6&pageNum_news_index=7&pageNum_news_index=7&pageNum_news_index=7&pageNum_news_index=9 HTTP/1.1" 200 9488 "-" "Mozilla/5.0 (compatible; SemrushBot/7~bl; +http://www.semrush.com/bot.html)"
66.248.200.6 - - [06/May/2025:18:04:30 +0200] "GET /robots.txt HTTP/1.1" 404 3913 "-" "Mozilla/5.0 AppleWebKit/537.36 (KHTML, like Gecko; compatible; ClaudeBot/1.0; +claudebot@anthropic.com)"
66.248.200.6 - - [06/May/2025:18:04:31 +0200] "GET /journal/index.php/Alqalam/article/view/875?articlesBySimilarityPage=17 HTTP/1.1" 200 8108 "-" "Mozilla/5.0 AppleWebKit/537.36 (KHTML, like Gecko; compatible; ClaudeBot/1.0; +claudebot@anthropic.com)"
185.191.171.13 - - [06/May/2025:18:04:37 +0200] "GET /teacher_list.php?pageNum_news_index=2&pageNum_news_index=2&pageNum_news_index=2&pageNum_news_index=2&pageNum_news_index=2&pageNum_news_index=2&pageNum_news_index=2&pageNum_news_index=3&pageNum_news_index=4&pageNum_news_index=6&pageNum_news_index=7&pageNum_news_index=8 HTTP/1.1" 200 9517 "-" "Mozilla/5.0 (compatible; SemrushBot/7~bl; +http://www.semrush.com/bot.html)"
85.208.96.210 - - [06/May/2025:18:04:39 +0200] "GET /teacher_list.php?pageNum_news_index=2&pageNum_news_index=2&pageNum_news_index=5&pageNum_news_index=6&pageNum_news_index=6&pageNum_news_index=6&pageNum_news_index=6&pageNum_news_index=7&pageNum_news_index=8 HTTP/1.1" 200 9478 "-" "Mozilla/5.0 (compatible; SemrushBot/7~bl; +http://www.semrush.com/bot.html)"
66.248.200.6 - - [06/May/2025:18:04:56 +0200] "GET /journal/index.php/Alqalam/article/view/24?articlesBySimilarityPage=54 HTTP/1.1" 200 7238 "-" "Mozilla/5.0 (Linux; Android 6.0.1; Nexus 5X Build/MMB29P) AppleWebKit/537.36 (KHTML, like Gecko) Chrome/136.0.7103.59 Mobile Safari/537.36 (compatible; Googlebot/2.1; +http://www.google.com/bot.html)"
66.248.200.6 - - [06/May/2025:18:05:02 +0200] "GET /journal/public/journals/1/styleSheet.css?d=2024-01-03+17%3A34%3A30 HTTP/1.1" 404 3913 "https://uta.edu.ly/journal/index.php/Alqalam/article/view/24?articlesBySimilarityPage=54" "Mozilla/5.0 (Linux; Android 6.0.1; Nexus 5X Build/MMB29P) AppleWebKit/537.36 (KHTML, like Gecko) Chrome/135.0.7049.114 Mobile Safari/537.36 (compatible; Googlebot/2.1; +http://www.google.com/bot.html)"
185.93.230.6 - - [06/May/2025:18:05:09 +0200] "GET /journal/index.php/Alqalam/article/view/820?articlesBySimilarityPage=8 HTTP/1.1" 200 8776 "https://uta.edu.ly/journal/index.php/Alqalam/article/view/820?articlesBySimilarityPage=8" "Mozilla/5.0 (Linux; Android 7.0;) AppleWebKit/537.36 (KHTML, like Gecko) Mobile Safari/537.36 (compatible; PetalBot;+https://webmaster.petalsearch.com/site/petalbot)"
85.208.96.200 - - [06/May/2025:18:05:14 +0200] "GET /teacher_list.php?pageNum_news_index=0&pageNum_news_index=0&pageNum_news_index=3&pageNum_news_index=4&pageNum_news_index=6&pageNum_news_index=8&pageNum_news_index=8&pageNum_news_index=8&pageNum_news_index=8 HTTP/1.1" 200 9480 "-" "Mozilla/5.0 (compatible; SemrushBot/7~bl; +http://www.semrush.com/bot.html)"
85.208.96.207 - - [06/May/2025:18:05:18 +0200] "GET /teacher_list.php?pageNum_news_index=1&pageNum_news_index=1&pageNum_news_index=1&pageNum_news_index=4&pageNum_news_index=4&pageNum_news_index=5&pageNum_news_index=8&pageNum_news_index=8&pageNum_news_index=8&pageNum_news_index=8 HTTP/1.1" 200 9494 "-" "Mozilla/5.0 (compatible; SemrushBot/7~bl; +http://www.semrush.com/bot.html)"
185.191.171.4 - - [06/May/2025:18:05:40 +0200] "GET /teacher_list.php?pageNum_news_index=0&pageNum_news_index=2&pageNum_news_index=3&pageNum_news_index=3&pageNum_news_index=4&pageNum_news_index=4&pageNum_news_index=4&pageNum_news_index=4&pageNum_news_index=6&pageNum_news_index=6&pageNum_news_index=6&pageNum_news_index=6 HTTP/1.1" 200 9539 "-" "Mozilla/5.0 (compatible; SemrushBot/7~bl; +http://www.semrush.com/bot.html)"
185.93.229.6 - - [06/May/2025:18:05:39 +0200] "GET /index.php/cp/cp/cp/cp/cp/departmen.php?id=20 HTTP/1.1" 200 16204 "-" "Mozilla/5.0 (compatible; SemrushBot/7~bl; +http://www.semrush.com/bot.html)"
85.208.96.212 - - [06/May/2025:18:05:46 +0200] "GET /teacher_list.php?pageNum_news_index=2&pageNum_news_index=3&pageNum_news_index=4&pageNum_news_index=4&pageNum_news_index=4&pageNum_news_index=4&pageNum_news_index=5&pageNum_news_index=5&pageNum_news_index=5&pageNum_news_index=7&pageNum_news_index=7&pageNum_news_index=8 HTTP/1.1" 200 9518 "-" "Mozilla/5.0 (compatible; SemrushBot/7~bl; +http://www.semrush.com/bot.html)"
185.191.171.7 - - [06/May/2025:18:05:48 +0200] "GET /teacher_list.php?pageNum_news_index=0&pageNum_news_index=1&pageNum_news_index=1&pageNum_news_index=1&pageNum_news_index=3&pageNum_news_index=4&pageNum_news_index=4&pageNum_news_index=4&pageNum_news_index=8&pageNum_news_index=9 HTTP/1.1" 200 9468 "-" "Mozilla/5.0 (compatible; SemrushBot/7~bl; +http://www.semrush.com/bot.html)"
185.93.230.19 - - [06/May/2025:18:05:48 +0200] "GET /index.php/banking-and-finance/74-news/cp/departmen.php?id=21 HTTP/1.1" 200 16207 "https://utripoli.edu.ly/index.php/banking-and-finance/74-news/cp/departmen.php?id=21" "Mozilla/5.0 (Windows NT 10.0; Win64; x64) AppleWebKit/537.36 (KHTML, like Gecko) Chrome/110.0.0.0 Safari/537.36"
185.191.171.12 - - [06/May/2025:18:05:59 +0200] "GET /teacher_list.php?pageNum_news_index=1&pageNum_news_index=2&pageNum_news_index=2&pageNum_news_index=3&pageNum_news_index=3&pageNum_news_index=5&pageNum_news_index=5&pageNum_news_index=5&pageNum_news_index=6&pageNum_news_index=6&pageNum_news_index=6&pageNum_news_index=7 HTTP/1.1" 200 9499 "-" "Mozilla/5.0 (compatible; SemrushBot/7~bl; +http://www.semrush.com/bot.html)"
185.93.229.19 - - [06/May/2025:18:06:07 +0200] "GET /journal/index.php/Alqalam/article/view/666 HTTP/1.1" 200 6628 "-" "Mozilla/5.0 AppleWebKit/537.36 (KHTML, like Gecko; compatible; bingbot/2.0; +http://www.bing.com/bingbot.htm) Chrome/116.0.1938.76 Safari/537.36"
185.93.229.6 - - [06/May/2025:18:06:12 +0200] "GET /teacher_list.php?pageNum_news_index=0&pageNum_news_index=2&pageNum_news_index=3&pageNum_news_index=3&pageNum_news_index=4&pageNum_news_index=5&pageNum_news_index=7&pageNum_news_index=7&pageNum_news_index=7&pageNum_news_index=7&pageNum_news_index=8 HTTP/1.1" 200 9520 "-" "Mozilla/5.0 (compatible; SemrushBot/7~bl; +http://www.semrush.com/bot.html)"
85.208.96.207 - - [06/May/2025:18:06:26 +0200] "GET /teacher_list.php?pageNum_news_index=2&pageNum_news_index=5&pageNum_news_index=5&pageNum_news_index=5&pageNum_news_index=5&pageNum_news_index=7&pageNum_news_index=7&pageNum_news_index=7&pageNum_news_index=7&pageNum_news_index=8 HTTP/1.1" 200 9498 "-" "Mozilla/5.0 (compatible; SemrushBot/7~bl; +http://www.semrush.com/bot.html)"
185.93.230.6 - - [06/May/2025:18:06:30 +0200] "GET /journal/index.php/Alqalam/article/view/818?articlesBySimilarityPage=2 HTTP/1.1" 200 8587 "https://uta.edu.ly/journal/index.php/Alqalam/article/view/818?articlesBySimilarityPage=3" "Mozilla/5.0 (Linux; Android 7.0;) AppleWebKit/537.36 (KHTML, like Gecko) Mobile Safari/537.36 (compatible; PetalBot;+https://webmaster.petalsearch.com/site/petalbot)"
185.93.229.19 - - [06/May/2025:18:06:48 +0200] "GET /teacher_list.php?pageNum_news_index=1&pageNum_news_index=2&pageNum_news_index=3&pageNum_news_index=3&pageNum_news_index=4&pageNum_news_index=4&pageNum_news_index=5&pageNum_news_index=5&pageNum_news_index=6&pageNum_news_index=7&pageNum_news_index=8&pageNum_news_index=9 HTTP/1.1" 200 9503 "-" "Mozilla/5.0 (compatible; SemrushBot/7~bl; +http://www.semrush.com/bot.html)"
185.191.171.19 - - [06/May/2025:18:06:49 +0200] "GET /teacher_list.php?pageNum_news_index=0&pageNum_news_index=1&pageNum_news_index=2&pageNum_news_index=5&pageNum_news_index=6&pageNum_news_index=6&pageNum_news_index=7&pageNum_news_index=8 HTTP/1.1" 200 9479 "-" "Mozilla/5.0 (compatible; SemrushBot/7~bl; +http://www.semrush.com/bot.html)"
185.93.229.19 - - [06/May/2025:18:07:00 +0200] "GET /teacher_list.php?pageNum_news_index=0&pageNum_news_index=0&pageNum_news_index=2&pageNum_news_index=2&pageNum_news_index=2&pageNum_news_index=2&pageNum_news_index=3&pageNum_news_index=4&pageNum_news_index=4&pageNum_news_index=9 HTTP/1.1" 200 9470 "-" "Mozilla/5.0 (compatible; SemrushBot/7~bl; +http://www.semrush.com/bot.html)"
185.93.229.19 - - [06/May/2025:18:07:12 +0200] "GET /teacher_list.php?pageNum_news_index=1&pageNum_news_index=1&pageNum_news_index=2&pageNum_news_index=4&pageNum_news_index=4&pageNum_news_index=5&pageNum_news_index=5&pageNum_news_index=6&pageNum_news_index=7&pageNum_news_index=7&pageNum_news_index=7&pageNum_news_index=7 HTTP/1.1" 200 9499 "-" "Mozilla/5.0 (compatible; SemrushBot/7~bl; +http://www.semrush.com/bot.html)"
85.208.96.212 - - [06/May/2025:18:07:13 +0200] "GET /teacher_list.php?pageNum_news_index=1&pageNum_news_index=3&pageNum_news_index=3&pageNum_news_index=3&pageNum_news_index=5&pageNum_news_index=7&pageNum_news_index=7&pageNum_news_index=8&pageNum_news_index=8 HTTP/1.1" 200 9481 "-" "Mozilla/5.0 (compatible; SemrushBot/7~bl; +http://www.semrush.com/bot.html)"
185.93.229.19 - - [06/May/2025:18:07:14 +0200] "GET /teacher_list.php?pageNum_news_index=0&pageNum_news_index=1&pageNum_news_index=2&pageNum_news_index=2&pageNum_news_index=3&pageNum_news_index=3&pageNum_news_index=3&pageNum_news_index=4&pageNum_news_index=6&pageNum_news_index=6&pageNum_news_index=7 HTTP/1.1" 200 9495 "-" "Mozilla/5.0 (compatible; SemrushBot/7~bl; +http://www.semrush.com/bot.html)"
185.93.230.6 - - [06/May/2025:18:07:18 +0200] "GET /single-news.php?id=122 HTTP/1.1" 200 7917 "-" "Mozilla/5.0 AppleWebKit/537.36 (KHTML, like Gecko); compatible; ChatGPT-User/1.0; +https://openai.com/bot"
185.93.230.6 - - [06/May/2025:18:07:18 +0200] "GET /single-news.php?id=185 HTTP/1.1" 200 7967 "-" "Mozilla/5.0 AppleWebKit/537.36 (KHTML, like Gecko); compatible; ChatGPT-User/1.0; +https://openai.com/bot"
185.93.230.19 - - [06/May/2025:18:07:18 +0200] "GET /about.php HTTP/1.1" 200 13793 "-" "Mozilla/5.0 AppleWebKit/537.36 (KHTML, like Gecko); compatible; ChatGPT-User/1.0; +https://openai.com/bot"
185.93.230.19 - - [06/May/2025:18:07:18 +0200] "GET /departmen.php?id=16 HTTP/1.1" 200 13105 "-" "Mozilla/5.0 AppleWebKit/537.36 (KHTML, like Gecko); compatible; ChatGPT-User/1.0; +https://openai.com/bot"
185.93.229.6 - - [06/May/2025:18:07:17 +0200] "GET /journal/index.php/Alqalam/article/view/344 HTTP/1.1" 200 38051 "-" "meta-externalagent/1.1 (+https://developers.facebook.com/docs/sharing/webmasters/crawler)"
185.191.171.18 - - [06/May/2025:18:07:19 +0200] "GET /teacher_list.php?pageNum_news_index=0&pageNum_news_index=4&pageNum_news_index=5&pageNum_news_index=6&pageNum_news_index=6&pageNum_news_index=6&pageNum_news_index=8&pageNum_news_index=8&pageNum_news_index=8 HTTP/1.1" 200 9483 "-" "Mozilla/5.0 (compatible; SemrushBot/7~bl; +http://www.semrush.com/bot.html)"
185.93.230.6 - - [06/May/2025:18:07:19 +0200] "GET /robots.txt HTTP/1.1" 404 3913 "-" "Mozilla/5.0 AppleWebKit/537.36 (KHTML, like Gecko); compatible; ChatGPT-User/1.0; +https://openai.com/bot"
185.93.230.19 - - [06/May/2025:18:07:19 +0200] "GET /robots.txt HTTP/1.1" 404 3913 "-" "Mozilla/5.0 AppleWebKit/537.36 (KHTML, like Gecko); compatible; ChatGPT-User/1.0; +https://openai.com/bot"
185.93.230.19 - - [06/May/2025:18:07:19 +0200] "GET /departmen.php?id=20 HTTP/1.1" 200 12304 "-" "Mozilla/5.0 AppleWebKit/537.36 (KHTML, like Gecko); compatible; ChatGPT-User/1.0; +https://openai.com/bot"
185.93.229.19 - - [06/May/2025:18:07:18 +0200] "GET /index.php/news-and-activities/cp/t/A1754350 HTTP/1.1" 200 16203 "-" "Mozilla/5.0 AppleWebKit/537.36 (KHTML, like Gecko; compatible; bingbot/2.0; +http://www.bing.com/bingbot.htm) Chrome/116.0.1938.76 Safari/537.36"
185.191.171.6 - - [06/May/2025:18:07:21 +0200] "GET /teacher_list.php?pageNum_news_index=1&pageNum_news_index=1&pageNum_news_index=1&pageNum_news_index=1&pageNum_news_index=1&pageNum_news_index=1&pageNum_news_index=2&pageNum_news_index=3&pageNum_news_index=5&pageNum_news_index=6&pageNum_news_index=8 HTTP/1.1" 200 9516 "-" "Mozilla/5.0 (compatible; SemrushBot/7~bl; +http://www.semrush.com/bot.html)"
185.93.230.6 - - [06/May/2025:18:07:19 +0200] "GET / HTTP/1.1" 200 16203 "-" "Mozilla/5.0 AppleWebKit/537.36 (KHTML, like Gecko); compatible; ChatGPT-User/1.0; +https://openai.com/bot"
85.208.96.205 - - [06/May/2025:18:07:31 +0200] "GET /teacher_list.php?pageNum_news_index=0&pageNum_news_index=0&pageNum_news_index=0&pageNum_news_index=1&pageNum_news_index=1&pageNum_news_index=1&pageNum_news_index=1&pageNum_news_index=6&pageNum_news_index=7&pageNum_news_index=9 HTTP/1.1" 200 9468 "-" "Mozilla/5.0 (compatible; SemrushBot/7~bl; +http://www.semrush.com/bot.html)"
185.191.171.17 - - [06/May/2025:18:07:37 +0200] "GET /teacher_list.php?pageNum_news_index=0&pageNum_news_index=0&pageNum_news_index=0&pageNum_news_index=1&pageNum_news_index=1&pageNum_news_index=3&pageNum_news_index=7&pageNum_news_index=7&pageNum_news_index=9 HTTP/1.1" 200 9454 "-" "Mozilla/5.0 (compatible; SemrushBot/7~bl; +http://www.semrush.com/bot.html)"
85.208.96.203 - - [06/May/2025:18:07:41 +0200] "GET /teacher_list.php?pageNum_news_index=1&pageNum_news_index=4&pageNum_news_index=5&pageNum_news_index=5&pageNum_news_index=5&pageNum_news_index=7&pageNum_news_index=7&pageNum_news_index=7&pageNum_news_index=8&pageNum_news_index=8 HTTP/1.1" 200 9499 "-" "Mozilla/5.0 (compatible; SemrushBot/7~bl; +http://www.semrush.com/bot.html)"
185.191.171.13 - - [06/May/2025:18:07:43 +0200] "GET /teacher_list.php?pageNum_news_index=0&pageNum_news_index=0&pageNum_news_index=0&pageNum_news_index=0&pageNum_news_index=0&pageNum_news_index=3&pageNum_news_index=3&pageNum_news_index=3&pageNum_news_index=4&pageNum_news_index=6&pageNum_news_index=9 HTTP/1.1" 200 9488 "-" "Mozilla/5.0 (compatible; SemrushBot/7~bl; +http://www.semrush.com/bot.html)"
185.93.230.6 - - [06/May/2025:18:07:54 +0200] "GET /journal/index.php/Alqalam/article/view/808?articlesBySimilarityPage=24 HTTP/1.1" 200 8872 "https://uta.edu.ly/journal/index.php/Alqalam/article/view/808?articlesBySimilarityPage=21" "Mozilla/5.0 (Linux; Android 7.0;) AppleWebKit/537.36 (KHTML, like Gecko) Mobile Safari/537.36 (compatible; PetalBot;+https://webmaster.petalsearch.com/site/petalbot)"
185.93.230.19 - - [06/May/2025:18:07:58 +0200] "GET /journal/index.php/Alqalam/article/view/862/723 HTTP/1.1" 302 20 "-" "Mozilla/5.0 (compatible; Bytespider; spider-feedback@bytedance.com) AppleWebKit/537.36 (KHTML, like Gecko) Chrome/70.0.0.0 Safari/537.36"
185.93.230.19 - - [06/May/2025:18:07:58 +0200] "GET /journal/index.php/Alqalam/article/download/862/723 HTTP/1.1" 200 911258 "-" "Mozilla/5.0 (compatible; Bytespider; spider-feedback@bytedance.com) AppleWebKit/537.36 (KHTML, like Gecko) Chrome/70.0.0.0 Safari/537.36"
185.191.171.13 - - [06/May/2025:18:08:08 +0200] "GET /teacher_list.php?pageNum_news_index=2&pageNum_news_index=2&pageNum_news_index=3&pageNum_news_index=6&pageNum_news_index=6&pageNum_news_index=6&pageNum_news_index=6&pageNum_news_index=6&pageNum_news_index=6 HTTP/1.1" 200 9497 "-" "Mozilla/5.0 (compatible; SemrushBot/7~bl; +http://www.semrush.com/bot.html)"
192.88.135.6 - - [06/May/2025:18:08:12 +0200] "GET /index.php/89-2016-12-02-21-36-12/2017-07-23-11-32-28/cp/cp/single-news.php?id=345 HTTP/1.1" 200 78553 "-" "Mozilla/5.0 (compatible; DotBot/1.2; +https://opensiteexplorer.org/dotbot; help@moz.com)"
185.93.229.19 - - [06/May/2025:18:08:17 +0200] "GET /teacher_list.php?pageNum_news_index=0&pageNum_news_index=0&pageNum_news_index=0&pageNum_news_index=1&pageNum_news_index=2&pageNum_news_index=4&pageNum_news_index=5&pageNum_news_index=5&pageNum_news_index=5&pageNum_news_index=6&pageNum_news_index=7&pageNum_news_index=9 HTTP/1.1" 200 9499 "-" "Mozilla/5.0 (compatible; SemrushBot/7~bl; +http://www.semrush.com/bot.html)"
192.88.135.6 - - [06/May/2025:18:08:20 +0200] "GET /index.php/cp/cp/cp/single-news.php?id=320 HTTP/1.1" 200 78553 "-" "Mozilla/5.0 (compatible; DotBot/1.2; +https://opensiteexplorer.org/dotbot; help@moz.com)"
85.208.96.194 - - [06/May/2025:18:08:22 +0200] "GET /teacher_list.php?pageNum_news_index=0&pageNum_news_index=1&pageNum_news_index=3&pageNum_news_index=3&pageNum_news_index=4&pageNum_news_index=4&pageNum_news_index=4&pageNum_news_index=4&pageNum_news_index=7&pageNum_news_index=7&pageNum_news_index=7 HTTP/1.1" 200 9488 "-" "Mozilla/5.0 (compatible; SemrushBot/7~bl; +http://www.semrush.com/bot.html)"
192.88.135.6 - - [06/May/2025:18:08:25 +0200] "GET /journal/index.php/Alqalam/citationstylelanguage/get/harvard-cite-them-right?submissionId=824&publicationId=824 HTTP/1.1" 200 339 "-" "Mozilla/5.0 (compatible; DotBot/1.2; +https://opensiteexplorer.org/dotbot; help@moz.com)"
85.208.96.202 - - [06/May/2025:18:08:29 +0200] "GET /teacher_list.php?pageNum_news_index=0&pageNum_news_index=5&pageNum_news_index=5&pageNum_news_index=5&pageNum_news_index=5&pageNum_news_index=7&pageNum_news_index=7&pageNum_news_index=7 HTTP/1.1" 200 9433 "-" "Mozilla/5.0 (compatible; SemrushBot/7~bl; +http://www.semrush.com/bot.html)"
185.191.171.11 - - [06/May/2025:18:08:30 +0200] "GET /teacher_list.php?pageNum_news_index=0&pageNum_news_index=0&pageNum_news_index=0&pageNum_news_index=1&pageNum_news_index=1&pageNum_news_index=4&pageNum_news_index=4&pageNum_news_index=4&pageNum_news_index=5&pageNum_news_index=7&pageNum_news_index=7&pageNum_news_index=9 HTTP/1.1" 200 9495 "-" "Mozilla/5.0 (compatible; SemrushBot/7~bl; +http://www.semrush.com/bot.html)"
192.88.135.6 - - [06/May/2025:18:08:31 +0200] "GET /journal/index.php/Alqalam/citationstylelanguage/get/vancouver?submissionId=636&publicationId=636 HTTP/1.1" 200 470 "-" "Mozilla/5.0 (compatible; DotBot/1.2; +https://opensiteexplorer.org/dotbot; help@moz.com)"
85.208.96.200 - - [06/May/2025:18:08:50 +0200] "GET /teacher_list.php?pageNum_news_index=1&pageNum_news_index=2&pageNum_news_index=4&pageNum_news_index=4&pageNum_news_index=4&pageNum_news_index=4&pageNum_news_index=6&pageNum_news_index=6&pageNum_news_index=6&pageNum_news_index=8 HTTP/1.1" 200 9499 "-" "Mozilla/5.0 (compatible; SemrushBot/7~bl; +http://www.semrush.com/bot.html)"
185.93.229.19 - - [06/May/2025:18:09:02 +0200] "GET /teacher_list.php?pageNum_news_index=0&pageNum_news_index=1&pageNum_news_index=2&pageNum_news_index=2&pageNum_news_index=3&pageNum_news_index=3&pageNum_news_index=4&pageNum_news_index=6&pageNum_news_index=7&pageNum_news_index=7&pageNum_news_index=7&pageNum_news_index=8&pageNum_news_index=9 HTTP/1.1" 200 9524 "-" "Mozilla/5.0 (compatible; SemrushBot/7~bl; +http://www.semrush.com/bot.html)"
185.93.229.6 - - [06/May/2025:18:09:15 +0200] "GET /teacher_list.php?pageNum_news_index=6&&pageNum_news_index=8&&pageNum_news_index=0&&pageNum_news_index=1&&pageNum_news_index=3&&pageNum_news_index=6&&pageNum_news_index=6&&pageNum_news_index=0&&pageNum_news_index=1&&pageNum_news_index=2&&pageNum_news_index=5&&pageNum_news_index=6&&pageNum_news_index=9&&pageNum_news_index=0&&pageNum_news_index=1&&pageNum_news_index=1&&pageNum_news_index=5&&pageNum_news_index=4&&pageNum_news_index=0&&pageNum_news_index=3 HTTP/1.1" 200 9554 "-" "Mozilla/5.0 AppleWebKit/537.36 (KHTML, like Gecko; compatible; bingbot/2.0; +http://www.bing.com/bingbot.htm) Chrome/116.0.1938.76 Safari/537.36"
185.93.230.6 - - [06/May/2025:18:09:17 +0200] "GET /journal/index.php/Alqalam/article/view/805?articlesBySimilarityPage=42 HTTP/1.1" 200 8340 "https://uta.edu.ly/journal/index.php/Alqalam/article/view/805?articlesBySimilarityPage=45" "Mozilla/5.0 (Linux; Android 7.0;) AppleWebKit/537.36 (KHTML, like Gecko) Mobile Safari/537.36 (compatible; PetalBot;+https://webmaster.petalsearch.com/site/petalbot)"
185.93.229.19 - - [06/May/2025:18:09:19 +0200] "GET /teacher_list.php?pageNum_news_index=0&pageNum_news_index=1&pageNum_news_index=3&pageNum_news_index=4&pageNum_news_index=4&pageNum_news_index=5&pageNum_news_index=7&pageNum_news_index=7&pageNum_news_index=7&pageNum_news_index=7&pageNum_news_index=8&pageNum_news_index=8 HTTP/1.1" 200 9523 "-" "Mozilla/5.0 (compatible; SemrushBot/7~bl; +http://www.semrush.com/bot.html)"
