160.179.106.47 - - [06/May/2025:14:13:05 +0200] "GET /public/site/images/admin/images-7ebefdfe542a8ccb6c69ed6034ca26fd.jpg HTTP/1.1" 200 7228 "https://journal.utripoli.edu.ly/index.php/Alqalam/article/view/609" "Mozilla/5.0 (Windows NT 10.0; Win64; x64) AppleWebKit/537.36 (KHTML, like Gecko) Chrome/135.0.0.0 Safari/537.36"
160.179.106.47 - - [06/May/2025:14:13:06 +0200] "GET /lib/pkp/lib/vendor/components/jqueryui/jquery-ui.min.js?v=3.3.0.14 HTTP/1.1" 200 253669 "https://journal.utripoli.edu.ly/index.php/Alqalam/article/view/609" "Mozilla/5.0 (Windows NT 10.0; Win64; x64) AppleWebKit/537.36 (KHTML, like Gecko) Chrome/135.0.0.0 Safari/537.36"
160.179.106.47 - - [06/May/2025:14:13:06 +0200] "GET /public/site/images/admin/whatsapp-image-2025-04-23-at-21.02.04-c9d49382.jpg HTTP/1.1" 200 36177 "https://journal.utripoli.edu.ly/index.php/Alqalam/article/view/609" "Mozilla/5.0 (Windows NT 10.0; Win64; x64) AppleWebKit/537.36 (KHTML, like Gecko) Chrome/135.0.0.0 Safari/537.36"
160.179.106.47 - - [06/May/2025:14:13:06 +0200] "GET /plugins/themes/default/js/lib/popper/popper.js?v=3.3.0.14 HTTP/1.1" 200 81675 "https://journal.utripoli.edu.ly/index.php/Alqalam/article/view/609" "Mozilla/5.0 (Windows NT 10.0; Win64; x64) AppleWebKit/537.36 (KHTML, like Gecko) Chrome/135.0.0.0 Safari/537.36"
160.179.106.47 - - [06/May/2025:14:13:06 +0200] "GET /plugins/themes/default/js/lib/bootstrap/util.js?v=3.3.0.14 HTTP/1.1" 200 4193 "https://journal.utripoli.edu.ly/index.php/Alqalam/article/view/609" "Mozilla/5.0 (Windows NT 10.0; Win64; x64) AppleWebKit/537.36 (KHTML, like Gecko) Chrome/135.0.0.0 Safari/537.36"
160.179.106.47 - - [06/May/2025:14:13:06 +0200] "GET /plugins/themes/default/js/lib/bootstrap/dropdown.js?v=3.3.0.14 HTTP/1.1" 200 13932 "https://journal.utripoli.edu.ly/index.php/Alqalam/article/view/609" "Mozilla/5.0 (Windows NT 10.0; Win64; x64) AppleWebKit/537.36 (KHTML, like Gecko) Chrome/135.0.0.0 Safari/537.36"
160.179.106.47 - - [06/May/2025:14:13:06 +0200] "GET /plugins/themes/default/js/main.js?v=3.3.0.14 HTTP/1.1" 200 3160 "https://journal.utripoli.edu.ly/index.php/Alqalam/article/view/609" "Mozilla/5.0 (Windows NT 10.0; Win64; x64) AppleWebKit/537.36 (KHTML, like Gecko) Chrome/135.0.0.0 Safari/537.36"
160.179.106.47 - - [06/May/2025:14:13:06 +0200] "GET /plugins/generic/citationStyleLanguage/js/articleCitation.js?v=3.3.0.14 HTTP/1.1" 200 3070 "https://journal.utripoli.edu.ly/index.php/Alqalam/article/view/609" "Mozilla/5.0 (Windows NT 10.0; Win64; x64) AppleWebKit/537.36 (KHTML, like Gecko) Chrome/135.0.0.0 Safari/537.36"
160.179.106.47 - - [06/May/2025:14:13:06 +0200] "GET /public/site/images/admin/ajol-logo.png HTTP/1.1" 200 21098 "https://journal.utripoli.edu.ly/index.php/Alqalam/article/view/609" "Mozilla/5.0 (Windows NT 10.0; Win64; x64) AppleWebKit/537.36 (KHTML, like Gecko) Chrome/135.0.0.0 Safari/537.36"
160.179.106.47 - - [06/May/2025:14:13:06 +0200] "GET /plugins/themes/default/fonts/noto-serif-v9-vietnamese_latin-ext_latin_greek-ext_greek_cyrillic-ext_cyrillic-regular.woff2 HTTP/1.1" 200 154816 "https://journal.utripoli.edu.ly/index.php/Alqalam/$$$call$$$/page/page/css?name=font" "Mozilla/5.0 (Windows NT 10.0; Win64; x64) AppleWebKit/537.36 (KHTML, like Gecko) Chrome/135.0.0.0 Safari/537.36"
160.179.106.47 - - [06/May/2025:14:13:05 +0200] "GET /public/journals/1/cover_issue_25_en_US.png HTTP/1.1" 200 1606223 "https://journal.utripoli.edu.ly/index.php/Alqalam/article/view/609" "Mozilla/5.0 (Windows NT 10.0; Win64; x64) AppleWebKit/537.36 (KHTML, like Gecko) Chrome/135.0.0.0 Safari/537.36"
160.179.106.47 - - [06/May/2025:14:13:07 +0200] "GET /lib/pkp/styles/fontawesome/fontawesome-webfont.woff2?v=4.7.0 HTTP/1.1" 200 77160 "https://journal.utripoli.edu.ly/lib/pkp/styles/fontawesome/fontawesome.css?v=3.3.0.14" "Mozilla/5.0 (Windows NT 10.0; Win64; x64) AppleWebKit/537.36 (KHTML, like Gecko) Chrome/135.0.0.0 Safari/537.36"
194.233.80.159 - - [06/May/2025:14:13:07 +0200] "GET /assets/extra-libs/ckeditor/plugins/mathjax/icons/hidpi/ HTTP/1.1" 404 3913 "-" "Mozilla/5.0 (X11; U; Linux x86_64; en-US; rv:1.9.0.8) Gecko/2009033100 Ubuntu/9.04 (jaunty) Firefox/3.0.8"
160.179.106.47 - - [06/May/2025:14:13:07 +0200] "GET /plugins/themes/default/fonts/noto-serif-v9-vietnamese_latin-ext_latin_greek-ext_greek_cyrillic-ext_cyrillic-700.woff2 HTTP/1.1" 200 167372 "https://journal.utripoli.edu.ly/index.php/Alqalam/$$$call$$$/page/page/css?name=font" "Mozilla/5.0 (Windows NT 10.0; Win64; x64) AppleWebKit/537.36 (KHTML, like Gecko) Chrome/135.0.0.0 Safari/537.36"
160.179.106.47 - - [06/May/2025:14:13:07 +0200] "GET /public/site/images/admin/blobid0-9158c27dc6489c3248b1e7d631a921ab.png HTTP/1.1" 200 6004 "https://journal.utripoli.edu.ly/index.php/Alqalam/article/view/609" "Mozilla/5.0 (Windows NT 10.0; Win64; x64) AppleWebKit/537.36 (KHTML, like Gecko) Chrome/135.0.0.0 Safari/537.36"
160.179.106.47 - - [06/May/2025:14:13:07 +0200] "GET /public/site/images/admin/images.png HTTP/1.1" 200 5043 "https://journal.utripoli.edu.ly/index.php/Alqalam/article/view/609" "Mozilla/5.0 (Windows NT 10.0; Win64; x64) AppleWebKit/537.36 (KHTML, like Gecko) Chrome/135.0.0.0 Safari/537.36"
160.179.106.47 - - [06/May/2025:14:13:07 +0200] "GET /public/site/images/admin/orcid-logo-with-tagline.svg.png HTTP/1.1" 200 25660 "https://journal.utripoli.edu.ly/index.php/Alqalam/article/view/609" "Mozilla/5.0 (Windows NT 10.0; Win64; x64) AppleWebKit/537.36 (KHTML, like Gecko) Chrome/135.0.0.0 Safari/537.36"
160.179.106.47 - - [06/May/2025:14:13:08 +0200] "GET /public/site/images/admin/blobid0.png HTTP/1.1" 200 3474 "https://journal.utripoli.edu.ly/index.php/Alqalam/article/view/609" "Mozilla/5.0 (Windows NT 10.0; Win64; x64) AppleWebKit/537.36 (KHTML, like Gecko) Chrome/135.0.0.0 Safari/537.36"
160.179.106.47 - - [06/May/2025:14:13:08 +0200] "GET /public/site/images/admin/blobid0-db525be3a52385e067c75304370e3cd3.png HTTP/1.1" 200 4348 "https://journal.utripoli.edu.ly/index.php/Alqalam/article/view/609" "Mozilla/5.0 (Windows NT 10.0; Win64; x64) AppleWebKit/537.36 (KHTML, like Gecko) Chrome/135.0.0.0 Safari/537.36"
160.179.106.47 - - [06/May/2025:14:13:08 +0200] "GET /templates/images/ojs_brand.png HTTP/1.1" 200 13150 "https://journal.utripoli.edu.ly/index.php/Alqalam/article/view/609" "Mozilla/5.0 (Windows NT 10.0; Win64; x64) AppleWebKit/537.36 (KHTML, like Gecko) Chrome/135.0.0.0 Safari/537.36"
160.179.106.47 - - [06/May/2025:14:13:09 +0200] "GET /public/journals/1/favicon_en_US.png HTTP/1.1" 404 3913 "https://journal.utripoli.edu.ly/index.php/Alqalam/article/view/609" "Mozilla/5.0 (Windows NT 10.0; Win64; x64) AppleWebKit/537.36 (KHTML, like Gecko) Chrome/135.0.0.0 Safari/537.36"
54.36.148.8 - - [06/May/2025:14:13:11 +0200] "GET /index.php/Alqalam/citationstylelanguage/get/chicago-author-date?submissionId=586&publicationId=586 HTTP/1.1" 200 265 "-" "Mozilla/5.0 (compatible; AhrefsBot/7.0; +http://ahrefs.com/robot/)"
194.233.80.159 - - [06/May/2025:14:13:11 +0200] "GET /assets/extra-libs/ckeditor/plugins/mathjax/images/ HTTP/1.1" 404 3913 "-" "Mozilla/5.0 (X11; U; Linux x86_64; en-US; rv:1.9.0.8) Gecko/2009033100 Ubuntu/9.04 (jaunty) Firefox/3.0.8"
23.27.211.211 - - [06/May/2025:14:13:13 +0200] "GET /wp-includes/Requests/index.php HTTP/1.1" 404 3913 "-" "Mozilla/5.0 (Linux; Android 7.0; SM-G892A Build/NRD90M; wv) AppleWebKit/537.36 (KHTML, like Gecko) Version/4.0 Chrome/60.0.3112.107 Mobile Safari/537.36"
194.233.80.159 - - [06/May/2025:14:13:17 +0200] "GET /assets/extra-libs/ckeditor/plugins/mathjax/lang/ HTTP/1.1" 404 3913 "-" "Mozilla/5.0 (X11; U; Linux x86_64; en-US; rv:1.9.0.8) Gecko/2009033100 Ubuntu/9.04 (jaunty) Firefox/3.0.8"
194.233.80.159 - - [06/May/2025:14:13:24 +0200] "GET /assets/extra-libs/ckeditor/plugins/mentions/ HTTP/1.1" 404 3913 "-" "Mozilla/5.0 (X11; U; Linux x86_64; en-US; rv:1.9.0.8) Gecko/2009033100 Ubuntu/9.04 (jaunty) Firefox/3.0.8"
194.233.80.159 - - [06/May/2025:14:13:28 +0200] "GET /assets/extra-libs/ckeditor/plugins/newpage/ HTTP/1.1" 404 3913 "-" "Mozilla/5.0 (X11; U; Linux x86_64; en-US; rv:1.9.0.8) Gecko/2009033100 Ubuntu/9.04 (jaunty) Firefox/3.0.8"
66.249.64.130 - - [06/May/2025:14:13:31 +0200] "GET /index.php/Alqalam/article/view/785?articlesBySimilarityPage=41 HTTP/1.1" 200 9199 "-" "Mozilla/5.0 (Linux; Android 6.0.1; Nexus 5X Build/MMB29P) AppleWebKit/537.36 (KHTML, like Gecko) Chrome/136.0.7103.59 Mobile Safari/537.36 (compatible; Googlebot/2.1; +http://www.google.com/bot.html)"
194.233.80.159 - - [06/May/2025:14:13:33 +0200] "GET /assets/extra-libs/ckeditor/plugins/newpage/icons/ HTTP/1.1" 404 3913 "-" "Mozilla/5.0 (X11; U; Linux x86_64; en-US; rv:1.9.0.8) Gecko/2009033100 Ubuntu/9.04 (jaunty) Firefox/3.0.8"
66.249.70.106 - - [06/May/2025:14:13:33 +0200] "GET /index.php/Alqalam/article/view/333?articlesBySimilarityPage=55 HTTP/1.1" 200 8012 "-" "Mozilla/5.0 (Linux; Android 6.0.1; Nexus 5X Build/MMB29P) AppleWebKit/537.36 (KHTML, like Gecko) Chrome/136.0.7103.59 Mobile Safari/537.36 (compatible; Googlebot/2.1; +http://www.google.com/bot.html)"
66.249.64.130 - - [06/May/2025:14:13:35 +0200] "GET /public/journals/1/styleSheet.css?d=2024-01-03+17%3A34%3A30 HTTP/1.1" 404 3913 "https://journal.utripoli.edu.ly/index.php/Alqalam/article/view/785?articlesBySimilarityPage=41" "Mozilla/5.0 (Linux; Android 6.0.1; Nexus 5X Build/MMB29P) AppleWebKit/537.36 (KHTML, like Gecko) Chrome/135.0.7049.114 Mobile Safari/537.36 (compatible; Googlebot/2.1; +http://www.google.com/bot.html)"
194.233.80.159 - - [06/May/2025:14:13:37 +0200] "GET /assets/extra-libs/ckeditor/plugins/newpage/icons/hidpi/ HTTP/1.1" 404 3913 "-" "Mozilla/5.0 (X11; U; Linux x86_64; en-US; rv:1.9.0.8) Gecko/2009033100 Ubuntu/9.04 (jaunty) Firefox/3.0.8"
54.36.149.94 - - [06/May/2025:14:13:38 +0200] "GET /index.php/Alqalam/article/view/344?articlesBySimilarityPage=4 HTTP/1.1" 200 7717 "-" "Mozilla/5.0 (compatible; AhrefsBot/7.0; +http://ahrefs.com/robot/)"
23.27.211.211 - - [06/May/2025:14:13:41 +0200] "GET /wp-includes/SimplePie/plugins.php HTTP/1.1" 404 3913 "-" "Mozilla/5.0 (Linux; Android 7.0; SM-G892A Build/NRD90M; wv) AppleWebKit/537.36 (KHTML, like Gecko) Version/4.0 Chrome/60.0.3112.107 Mobile Safari/537.36"
47.128.62.171 - - [06/May/2025:14:13:43 +0200] "GET /index.php/Alqalam/article/view/262?articlesBySimilarityPage=25 HTTP/1.1" 200 9663 "-" "Mozilla/5.0 (compatible; Bytespider; spider-feedback@bytedance.com) AppleWebKit/537.36 (KHTML, like Gecko) Chrome/70.0.0.0 Safari/537.36"
47.128.62.171 - - [06/May/2025:14:13:44 +0200] "GET /public/journals/1/styleSheet.css?d=2024-01-03+17%3A34%3A30 HTTP/1.1" 404 3913 "https://journal.utripoli.edu.ly/index.php/Alqalam/article/view/262?articlesBySimilarityPage=25" "Mozilla/5.0 (compatible; Bytespider; spider-feedback@bytedance.com) AppleWebKit/537.36 (KHTML, like Gecko) Chrome/70.0.0.0 Safari/537.36"
194.233.80.159 - - [06/May/2025:14:13:44 +0200] "GET /assets/extra-libs/ckeditor/plugins/newpage/lang/ HTTP/1.1" 404 3913 "-" "Mozilla/5.0 (X11; U; Linux x86_64; en-US; rv:1.9.0.8) Gecko/2009033100 Ubuntu/9.04 (jaunty) Firefox/3.0.8"
52.190.190.25 - - [06/May/2025:14:13:47 +0200] "GET / HTTP/1.1" 302 - "-" "Mozilla/5.0 AppleWebKit/537.36 (KHTML, like Gecko); compatible; ChatGPT-User/1.0; +https://openai.com/bot"
52.190.190.19 - - [06/May/2025:14:13:47 +0200] "GET /index.php/Alqalam/article/view/664/554 HTTP/1.1" 302 - "-" "Mozilla/5.0 AppleWebKit/537.36 (KHTML, like Gecko); compatible; ChatGPT-User/1.0; +https://openai.com/bot"
52.190.190.25 - - [06/May/2025:14:13:47 +0200] "GET /index.php/Alqalam HTTP/1.1" 200 8849 "-" "Mozilla/5.0 AppleWebKit/537.36 (KHTML, like Gecko); compatible; ChatGPT-User/1.0; +https://openai.com/bot"
52.190.190.19 - - [06/May/2025:14:13:47 +0200] "GET /index.php/Alqalam/article/download/664/554 HTTP/1.1" 200 315167 "-" "Mozilla/5.0 AppleWebKit/537.36 (KHTML, like Gecko); compatible; ChatGPT-User/1.0; +https://openai.com/bot"
194.233.80.159 - - [06/May/2025:14:13:50 +0200] "GET /assets/extra-libs/ckeditor/plugins/pagebreak/ HTTP/1.1" 404 3913 "-" "Mozilla/5.0 (X11; U; Linux x86_64; en-US; rv:1.9.0.8) Gecko/2009033100 Ubuntu/9.04 (jaunty) Firefox/3.0.8"
78.46.215.1 - - [06/May/2025:14:13:56 +0200] "HEAD / HTTP/1.1" 302 - "https://journal.utripoli.edu.ly/" "Mozilla/5.0+(compatible; UptimeRobot/2.0; http://www.uptimerobot.com/)"
78.46.215.1 - - [06/May/2025:14:13:56 +0200] "HEAD /index.php/Alqalam HTTP/1.1" 200 - "https://journal.utripoli.edu.ly/" "Mozilla/5.0+(compatible; UptimeRobot/2.0; http://www.uptimerobot.com/)"
18.188.163.142 - - [06/May/2025:14:13:58 +0200] "GET /index.php/Alqalam/article/view/155?articlesBySimilarityPage=45 HTTP/1.1" 200 8724 "-" "Mozilla/5.0 AppleWebKit/537.36 (KHTML, like Gecko; compatible; ClaudeBot/1.0; +claudebot@anthropic.com)"
18.188.163.142 - - [06/May/2025:14:13:58 +0200] "GET /index.php/Alqalam/article/view/321?articlesBySimilarityPage=23 HTTP/1.1" 200 7712 "-" "Mozilla/5.0 AppleWebKit/537.36 (KHTML, like Gecko; compatible; ClaudeBot/1.0; +claudebot@anthropic.com)"
194.233.80.159 - - [06/May/2025:14:14:01 +0200] "GET /assets/extra-libs/ckeditor/plugins/pagebreak/icons/ HTTP/1.1" 404 3913 "-" "Mozilla/5.0 (X11; U; Linux x86_64; en-US; rv:1.9.0.8) Gecko/2009033100 Ubuntu/9.04 (jaunty) Firefox/3.0.8"
23.27.211.211 - - [06/May/2025:14:14:04 +0200] "GET /wp-includes/SimplePie/index.php HTTP/1.1" 404 3913 "-" "Mozilla/5.0 (Linux; Android 7.0; SM-G892A Build/NRD90M; wv) AppleWebKit/537.36 (KHTML, like Gecko) Version/4.0 Chrome/60.0.3112.107 Mobile Safari/537.36"
194.233.80.159 - - [06/May/2025:14:14:08 +0200] "GET /assets/extra-libs/ckeditor/plugins/pagebreak/icons/hidpi/ HTTP/1.1" 404 3913 "-" "Mozilla/5.0 (X11; U; Linux x86_64; en-US; rv:1.9.0.8) Gecko/2009033100 Ubuntu/9.04 (jaunty) Firefox/3.0.8"
194.233.80.159 - - [06/May/2025:14:14:10 +0200] "GET /assets/extra-libs/ckeditor/plugins/pagebreak/images/ HTTP/1.1" 404 3913 "-" "Mozilla/5.0 (X11; U; Linux x86_64; en-US; rv:1.9.0.8) Gecko/2009033100 Ubuntu/9.04 (jaunty) Firefox/3.0.8"
54.36.149.72 - - [06/May/2025:14:14:11 +0200] "GET /index.php/Alqalam/article/view/803 HTTP/1.1" 200 10036 "-" "Mozilla/5.0 (compatible; AhrefsBot/7.0; +http://ahrefs.com/robot/)"
194.233.80.159 - - [06/May/2025:14:14:14 +0200] "GET /assets/extra-libs/ckeditor/plugins/pagebreak/lang/ HTTP/1.1" 404 3913 "-" "Mozilla/5.0 (X11; U; Linux x86_64; en-US; rv:1.9.0.8) Gecko/2009033100 Ubuntu/9.04 (jaunty) Firefox/3.0.8"
66.249.64.130 - - [06/May/2025:14:14:14 +0200] "GET /public/journals/1/favicon_en_US.png HTTP/1.1" 404 3913 "-" "Googlebot-Image/1.0"
194.233.80.159 - - [06/May/2025:14:14:18 +0200] "GET /assets/extra-libs/ckeditor/plugins/panelbutton/ HTTP/1.1" 404 3913 "-" "Mozilla/5.0 (X11; U; Linux x86_64; en-US; rv:1.9.0.8) Gecko/2009033100 Ubuntu/9.04 (jaunty) Firefox/3.0.8"
194.233.80.159 - - [06/May/2025:14:14:24 +0200] "GET /assets/extra-libs/ckeditor/plugins/pastefromword/filter/ HTTP/1.1" 404 3913 "-" "Mozilla/5.0 (X11; U; Linux x86_64; en-US; rv:1.9.0.8) Gecko/2009033100 Ubuntu/9.04 (jaunty) Firefox/3.0.8"
23.27.211.211 - - [06/May/2025:14:14:25 +0200] "GET /wp-includes/SimplePie/index.php HTTP/1.1" 404 3913 "-" "Mozilla/5.0 (Linux; Android 7.0; SM-G892A Build/NRD90M; wv) AppleWebKit/537.36 (KHTML, like Gecko) Version/4.0 Chrome/60.0.3112.107 Mobile Safari/537.36"
194.233.80.159 - - [06/May/2025:14:14:30 +0200] "GET /assets/extra-libs/ckeditor/plugins/placeholder/ HTTP/1.1" 404 3913 "-" "Mozilla/5.0 (X11; U; Linux x86_64; en-US; rv:1.9.0.8) Gecko/2009033100 Ubuntu/9.04 (jaunty) Firefox/3.0.8"
66.249.64.131 - - [06/May/2025:14:14:32 +0200] "GET /index.php/Alqalam/article/view/32?articlesBySimilarityPage=10 HTTP/1.1" 200 7817 "-" "Mozilla/5.0 (Linux; Android 6.0.1; Nexus 5X Build/MMB29P) AppleWebKit/537.36 (KHTML, like Gecko) Chrome/136.0.7103.59 Mobile Safari/537.36 (compatible; Googlebot/2.1; +http://www.google.com/bot.html)"
66.249.64.130 - - [06/May/2025:14:14:33 +0200] "GET /index.php/Alqalam/citationstylelanguage/get/apa?submissionId=426&publicationId=426 HTTP/1.1" 200 297 "-" "Mozilla/5.0 (Linux; Android 6.0.1; Nexus 5X Build/MMB29P) AppleWebKit/537.36 (KHTML, like Gecko) Chrome/136.0.7103.59 Mobile Safari/537.36 (compatible; Googlebot/2.1; +http://www.google.com/bot.html)"
194.233.80.159 - - [06/May/2025:14:14:34 +0200] "GET /assets/extra-libs/ckeditor/plugins/placeholder/dialogs/ HTTP/1.1" 404 3913 "-" "Mozilla/5.0 (X11; U; Linux x86_64; en-US; rv:1.9.0.8) Gecko/2009033100 Ubuntu/9.04 (jaunty) Firefox/3.0.8"
197.156.70.134 - - [06/May/2025:14:14:34 +0200] "GET /index.php/Alqalam/article/download/822/684 HTTP/1.1" 200 555702 "https://www.google.com/" "Mozilla/5.0 (Windows NT 10.0; Win64; x64) AppleWebKit/537.36 (KHTML, like Gecko) Chrome/135.0.0.0 Safari/537.36"
194.233.80.159 - - [06/May/2025:14:14:39 +0200] "GET /assets/extra-libs/ckeditor/plugins/placeholder/icons/ HTTP/1.1" 404 3913 "-" "Mozilla/5.0 (X11; U; Linux x86_64; en-US; rv:1.9.0.8) Gecko/2009033100 Ubuntu/9.04 (jaunty) Firefox/3.0.8"
194.233.80.159 - - [06/May/2025:14:14:43 +0200] "GET /assets/extra-libs/ckeditor/plugins/placeholder/icons/hidpi/ HTTP/1.1" 404 3913 "-" "Mozilla/5.0 (X11; U; Linux x86_64; en-US; rv:1.9.0.8) Gecko/2009033100 Ubuntu/9.04 (jaunty) Firefox/3.0.8"
194.233.80.159 - - [06/May/2025:14:14:47 +0200] "GET /assets/extra-libs/ckeditor/plugins/placeholder/lang/ HTTP/1.1" 404 3913 "-" "Mozilla/5.0 (X11; U; Linux x86_64; en-US; rv:1.9.0.8) Gecko/2009033100 Ubuntu/9.04 (jaunty) Firefox/3.0.8"
3.139.238.74 - - [06/May/2025:14:14:41 +0200] "GET /index.php/Alqalam/article/view/861?articlesBySimilarityPage=4 HTTP/1.1" 200 8250 "-" "Mozilla/5.0 AppleWebKit/537.36 (KHTML, like Gecko; compatible; ClaudeBot/1.0; +claudebot@anthropic.com)"
194.233.80.159 - - [06/May/2025:14:14:51 +0200] "GET /assets/extra-libs/ckeditor/plugins/preview/ HTTP/1.1" 404 3913 "-" "Mozilla/5.0 (X11; U; Linux x86_64; en-US; rv:1.9.0.8) Gecko/2009033100 Ubuntu/9.04 (jaunty) Firefox/3.0.8"
66.249.70.106 - - [06/May/2025:14:14:51 +0200] "GET /index.php/Alqalam/citationstylelanguage/get/acs-nano?submissionId=333&publicationId=333 HTTP/1.1" 200 249 "-" "Mozilla/5.0 (Linux; Android 6.0.1; Nexus 5X Build/MMB29P) AppleWebKit/537.36 (KHTML, like Gecko) Chrome/136.0.7103.59 Mobile Safari/537.36 (compatible; GoogleOther)"
194.233.80.159 - - [06/May/2025:14:14:56 +0200] "GET /assets/extra-libs/ckeditor/plugins/preview/icons/ HTTP/1.1" 404 3913 "-" "Mozilla/5.0 (X11; U; Linux x86_64; en-US; rv:1.9.0.8) Gecko/2009033100 Ubuntu/9.04 (jaunty) Firefox/3.0.8"
194.233.80.159 - - [06/May/2025:14:15:04 +0200] "GET /assets/extra-libs/ckeditor/plugins/preview/icons/hidpi/ HTTP/1.1" 404 3913 "-" "Mozilla/5.0 (X11; U; Linux x86_64; en-US; rv:1.9.0.8) Gecko/2009033100 Ubuntu/9.04 (jaunty) Firefox/3.0.8"
125.228.216.16 - - [06/May/2025:14:15:08 +0200] "GET /index.php/Alqalam/article/view/320/441 HTTP/1.1" 302 - "-" "Mozilla/5.0 (Macintosh; Intel Mac OS X 12_5) AppleWebKit/537.36 (KHTML, like Gecko) Chrome/114.0.0.0 YaBrowser/22.7.0 Yowser/2.5 Safari/537.36"
125.228.216.16 - - [06/May/2025:14:15:09 +0200] "GET /index.php/Alqalam/article/download/320/441 HTTP/1.1" 200 594948 "https://journal.utripoli.edu.ly/index.php/Alqalam/article/view/320/441" "Mozilla/5.0 (Macintosh; Intel Mac OS X 12_5) AppleWebKit/537.36 (KHTML, like Gecko) Chrome/114.0.0.0 YaBrowser/22.7.0 Yowser/2.5 Safari/537.36"
52.255.111.54 - - [06/May/2025:14:15:12 +0200] "GET /index.php/Alqalam/article/view/686/568 HTTP/1.1" 302 - "-" "Mozilla/5.0 AppleWebKit/537.36 (KHTML, like Gecko); compatible; ChatGPT-User/1.0; +https://openai.com/bot"
52.255.111.54 - - [06/May/2025:14:15:12 +0200] "GET /index.php/Alqalam/article/download/686/568 HTTP/1.1" 200 274761 "-" "Mozilla/5.0 AppleWebKit/537.36 (KHTML, like Gecko); compatible; ChatGPT-User/1.0; +https://openai.com/bot"
194.233.80.159 - - [06/May/2025:14:15:17 +0200] "GET /assets/extra-libs/ckeditor/plugins/preview/lang/ HTTP/1.1" 404 3913 "-" "Mozilla/5.0 (X11; U; Linux x86_64; en-US; rv:1.9.0.8) Gecko/2009033100 Ubuntu/9.04 (jaunty) Firefox/3.0.8"
66.249.64.131 - - [06/May/2025:14:15:17 +0200] "GET /index.php/Alqalam/article/view/174?articlesBySimilarityPage=46 HTTP/1.1" 200 6872 "-" "Mozilla/5.0 (Linux; Android 6.0.1; Nexus 5X Build/MMB29P) AppleWebKit/537.36 (KHTML, like Gecko) Chrome/136.0.7103.59 Mobile Safari/537.36 (compatible; Googlebot/2.1; +http://www.google.com/bot.html)"
3.23.94.64 - - [06/May/2025:14:15:18 +0200] "GET /index.php/Alqalam/article/view/29?articlesBySimilarityPage=22 HTTP/1.1" 200 7808 "-" "Mozilla/5.0 AppleWebKit/537.36 (KHTML, like Gecko; compatible; ClaudeBot/1.0; +claudebot@anthropic.com)"
3.23.94.64 - - [06/May/2025:14:15:18 +0200] "GET /index.php/Alqalam/article/view/853?articlesBySimilarityPage=42 HTTP/1.1" 200 9246 "-" "Mozilla/5.0 AppleWebKit/537.36 (KHTML, like Gecko; compatible; ClaudeBot/1.0; +claudebot@anthropic.com)"
54.36.148.145 - - [06/May/2025:14:15:27 +0200] "GET /index.php/Alqalam/article/view/216?articlesBySimilarityPage=5 HTTP/1.1" 200 7522 "-" "Mozilla/5.0 (compatible; AhrefsBot/7.0; +http://ahrefs.com/robot/)"
194.233.80.159 - - [06/May/2025:14:15:28 +0200] "GET /assets/extra-libs/ckeditor/plugins/print/ HTTP/1.1" 404 3913 "-" "Mozilla/5.0 (X11; U; Linux x86_64; en-US; rv:1.9.0.8) Gecko/2009033100 Ubuntu/9.04 (jaunty) Firefox/3.0.8"
47.128.112.67 - - [06/May/2025:14:15:31 +0200] "GET /index.php/Alqalam/article/view/66?articlesBySimilarityPage=49 HTTP/1.1" 200 6170 "-" "Mozilla/5.0 (compatible; Bytespider; spider-feedback@bytedance.com) AppleWebKit/537.36 (KHTML, like Gecko) Chrome/70.0.0.0 Safari/537.36"
47.128.112.67 - - [06/May/2025:14:15:32 +0200] "GET /public/journals/1/styleSheet.css?d=2024-01-03+17%3A34%3A30 HTTP/1.1" 404 3913 "https://journal.utripoli.edu.ly/index.php/Alqalam/article/view/66?articlesBySimilarityPage=49" "Mozilla/5.0 (compatible; Bytespider; spider-feedback@bytedance.com) AppleWebKit/537.36 (KHTML, like Gecko) Chrome/70.0.0.0 Safari/537.36"
47.128.112.67 - - [06/May/2025:14:15:32 +0200] "GET /public/journals/1/cover_issue_3_en_US.png HTTP/1.1" 206 500 "https://journal.utripoli.edu.ly/index.php/Alqalam/article/view/66?articlesBySimilarityPage=49" "Mozilla/5.0 (compatible; Bytespider; spider-feedback@bytedance.com) AppleWebKit/537.36 (KHTML, like Gecko) Chrome/70.0.0.0 Safari/537.36"
194.233.80.159 - - [06/May/2025:14:15:39 +0200] "GET /assets/extra-libs/ckeditor/plugins/print/icons/ HTTP/1.1" 404 3913 "-" "Mozilla/5.0 (X11; U; Linux x86_64; en-US; rv:1.9.0.8) Gecko/2009033100 Ubuntu/9.04 (jaunty) Firefox/3.0.8"
40.77.167.144 - - [06/May/2025:14:15:46 +0200] "GET /index.php/Alqalam/article/download/231/226 HTTP/1.1" 200 769285 "-" "Mozilla/5.0 AppleWebKit/537.36 (KHTML, like Gecko; compatible; bingbot/2.0; +http://www.bing.com/bingbot.htm) Chrome/116.0.1938.76 Safari/537.36"
194.233.80.159 - - [06/May/2025:14:15:48 +0200] "GET /assets/extra-libs/ckeditor/plugins/print/icons/hidpi/ HTTP/1.1" 404 3913 "-" "Mozilla/5.0 (X11; U; Linux x86_64; en-US; rv:1.9.0.8) Gecko/2009033100 Ubuntu/9.04 (jaunty) Firefox/3.0.8"
185.191.171.3 - - [06/May/2025:14:15:52 +0200] "GET /index.php/Alqalam/search/search?query=academic%20stress%20mental%20health%20medical%20colleges%20students HTTP/1.1" 200 4301 "-" "Mozilla/5.0 (compatible; SemrushBot/7~bl; +http://www.semrush.com/bot.html)"
194.233.80.159 - - [06/May/2025:14:15:57 +0200] "GET /assets/extra-libs/ckeditor/plugins/print/lang/ HTTP/1.1" 404 3913 "-" "Mozilla/5.0 (X11; U; Linux x86_64; en-US; rv:1.9.0.8) Gecko/2009033100 Ubuntu/9.04 (jaunty) Firefox/3.0.8"
194.233.80.159 - - [06/May/2025:14:16:02 +0200] "GET /assets/extra-libs/ckeditor/plugins/save/ HTTP/1.1" 404 3913 "-" "Mozilla/5.0 (X11; U; Linux x86_64; en-US; rv:1.9.0.8) Gecko/2009033100 Ubuntu/9.04 (jaunty) Firefox/3.0.8"
194.233.80.159 - - [06/May/2025:14:16:08 +0200] "GET /assets/extra-libs/ckeditor/plugins/save/icons/ HTTP/1.1" 404 3913 "-" "Mozilla/5.0 (X11; U; Linux x86_64; en-US; rv:1.9.0.8) Gecko/2009033100 Ubuntu/9.04 (jaunty) Firefox/3.0.8"
85.208.96.198 - - [06/May/2025:14:16:07 +0200] "GET /index.php/Alqalam/article/view/683?articlesBySimilarityPage=12 HTTP/1.1" 200 8589 "-" "Mozilla/5.0 (compatible; SemrushBot/7~bl; +http://www.semrush.com/bot.html)"
194.233.80.159 - - [06/May/2025:14:16:11 +0200] "GET /assets/extra-libs/ckeditor/plugins/save/icons/hidpi/ HTTP/1.1" 404 3913 "-" "Mozilla/5.0 (X11; U; Linux x86_64; en-US; rv:1.9.0.8) Gecko/2009033100 Ubuntu/9.04 (jaunty) Firefox/3.0.8"
194.233.80.159 - - [06/May/2025:14:16:13 +0200] "GET /assets/extra-libs/ckeditor/plugins/save/lang/ HTTP/1.1" 404 3913 "-" "Mozilla/5.0 (X11; U; Linux x86_64; en-US; rv:1.9.0.8) Gecko/2009033100 Ubuntu/9.04 (jaunty) Firefox/3.0.8"
68.221.75.20 - - [06/May/2025:14:16:16 +0200] "GET / HTTP/1.1" 302 - "-" "Mozilla/5.0 AppleWebKit/537.36 (KHTML, like Gecko); compatible; ChatGPT-User/1.0; +https://openai.com/bot"
194.233.80.159 - - [06/May/2025:14:16:19 +0200] "GET /assets/extra-libs/ckeditor/plugins/scayt/ HTTP/1.1" 404 3913 "-" "Mozilla/5.0 (X11; U; Linux x86_64; en-US; rv:1.9.0.8) Gecko/2009033100 Ubuntu/9.04 (jaunty) Firefox/3.0.8"
194.233.80.159 - - [06/May/2025:14:16:24 +0200] "GET /assets/extra-libs/ckeditor/plugins/scayt/dialogs/ HTTP/1.1" 404 3913 "-" "Mozilla/5.0 (X11; U; Linux x86_64; en-US; rv:1.9.0.8) Gecko/2009033100 Ubuntu/9.04 (jaunty) Firefox/3.0.8"
54.36.148.104 - - [06/May/2025:14:16:27 +0200] "GET /index.php/Alqalam/article/view/379/532 HTTP/1.1" 302 - "-" "Mozilla/5.0 (compatible; AhrefsBot/7.0; +http://ahrefs.com/robot/)"
194.233.80.159 - - [06/May/2025:14:16:28 +0200] "GET /assets/extra-libs/ckeditor/plugins/scayt/skins/moono-lisa/ HTTP/1.1" 404 3913 "-" "Mozilla/5.0 (X11; U; Linux x86_64; en-US; rv:1.9.0.8) Gecko/2009033100 Ubuntu/9.04 (jaunty) Firefox/3.0.8"
54.36.148.214 - - [06/May/2025:14:16:28 +0200] "GET /index.php/Alqalam/citationstylelanguage/get/apa?submissionId=122&publicationId=122 HTTP/1.1" 200 349 "-" "Mozilla/5.0 (compatible; AhrefsBot/7.0; +http://ahrefs.com/robot/)"
194.233.80.159 - - [06/May/2025:14:16:31 +0200] "GET /assets/extra-libs/ckeditor/plugins/selectall/ HTTP/1.1" 404 3913 "-" "Mozilla/5.0 (X11; U; Linux x86_64; en-US; rv:1.9.0.8) Gecko/2009033100 Ubuntu/9.04 (jaunty) Firefox/3.0.8"
2a03:2880:13ff:3:: - - [06/May/2025:14:16:35 +0200] "GET /index.php/Alqalam/article/view/203?articlesBySimilarityPage=1 HTTP/1.1" 200 36981 "-" "meta-externalagent/1.1 (+https://developers.facebook.com/docs/sharing/webmasters/crawler)"
2a03:2880:13ff:3:: - - [06/May/2025:14:16:36 +0200] "GET /index.php/Alqalam/$$$call$$$/page/page/css?name=font HTTP/1.1" 200 4526 "-" "meta-externalagent/1.1 (+https://developers.facebook.com/docs/sharing/webmasters/crawler)"
2a03:2880:13ff:9:: - - [06/May/2025:14:16:36 +0200] "GET /public/journals/1/styleSheet.css?d=2024-01-03+17%3A34%3A30 HTTP/1.1" 404 3913 "-" "meta-externalagent/1.1 (+https://developers.facebook.com/docs/sharing/webmasters/crawler)"
2a03:2880:13ff:74:: - - [06/May/2025:14:16:36 +0200] "GET /lib/pkp/styles/fontawesome/fontawesome.css?v=3.3.0.14 HTTP/1.1" 200 37360 "-" "meta-externalagent/1.1 (+https://developers.facebook.com/docs/sharing/webmasters/crawler)"
2a03:2880:13ff:71:: - - [06/May/2025:14:16:36 +0200] "GET /index.php/Alqalam/$$$call$$$/page/page/css?name=stylesheet HTTP/1.1" 200 64469 "-" "meta-externalagent/1.1 (+https://developers.facebook.com/docs/sharing/webmasters/crawler)"
2a03:2880:13ff:8:: - - [06/May/2025:14:16:36 +0200] "GET /public/journals/1/cover_issue_15_en_US.png HTTP/1.1" 200 182702 "-" "meta-externalagent/1.1 (+https://developers.facebook.com/docs/sharing/webmasters/crawler)"
194.233.80.159 - - [06/May/2025:14:16:38 +0200] "GET /assets/extra-libs/ckeditor/plugins/selectall/icons/ HTTP/1.1" 404 3913 "-" "Mozilla/5.0 (X11; U; Linux x86_64; en-US; rv:1.9.0.8) Gecko/2009033100 Ubuntu/9.04 (jaunty) Firefox/3.0.8"
3.144.105.204 - - [06/May/2025:14:16:39 +0200] "GET /index.php/Alqalam/article/view/147?articlesBySimilarityPage=22 HTTP/1.1" 200 8155 "-" "Mozilla/5.0 AppleWebKit/537.36 (KHTML, like Gecko; compatible; ClaudeBot/1.0; +claudebot@anthropic.com)"
3.144.105.204 - - [06/May/2025:14:16:39 +0200] "GET /index.php/Alqalam/article/view/112?articlesBySimilarityPage=22 HTTP/1.1" 200 8071 "-" "Mozilla/5.0 AppleWebKit/537.36 (KHTML, like Gecko; compatible; ClaudeBot/1.0; +claudebot@anthropic.com)"
194.233.80.159 - - [06/May/2025:14:16:43 +0200] "GET /assets/extra-libs/ckeditor/plugins/selectall/icons/hidpi/ HTTP/1.1" 404 3913 "-" "Mozilla/5.0 (X11; U; Linux x86_64; en-US; rv:1.9.0.8) Gecko/2009033100 Ubuntu/9.04 (jaunty) Firefox/3.0.8"
194.233.80.159 - - [06/May/2025:14:16:48 +0200] "GET /assets/extra-libs/ckeditor/plugins/selectall/lang/ HTTP/1.1" 404 3913 "-" "Mozilla/5.0 (X11; U; Linux x86_64; en-US; rv:1.9.0.8) Gecko/2009033100 Ubuntu/9.04 (jaunty) Firefox/3.0.8"
194.233.80.159 - - [06/May/2025:14:16:55 +0200] "GET /assets/extra-libs/ckeditor/plugins/sharedspace/ HTTP/1.1" 404 3913 "-" "Mozilla/5.0 (X11; U; Linux x86_64; en-US; rv:1.9.0.8) Gecko/2009033100 Ubuntu/9.04 (jaunty) Firefox/3.0.8"
194.233.80.159 - - [06/May/2025:14:16:59 +0200] "GET /assets/extra-libs/ckeditor/plugins/showblocks/ HTTP/1.1" 404 3913 "-" "Mozilla/5.0 (X11; U; Linux x86_64; en-US; rv:1.9.0.8) Gecko/2009033100 Ubuntu/9.04 (jaunty) Firefox/3.0.8"
194.233.80.159 - - [06/May/2025:14:17:07 +0200] "GET /assets/extra-libs/ckeditor/plugins/showblocks/icons/ HTTP/1.1" 404 3913 "-" "Mozilla/5.0 (X11; U; Linux x86_64; en-US; rv:1.9.0.8) Gecko/2009033100 Ubuntu/9.04 (jaunty) Firefox/3.0.8"
194.233.80.159 - - [06/May/2025:14:17:17 +0200] "GET /assets/extra-libs/ckeditor/plugins/showblocks/icons/hidpi/ HTTP/1.1" 404 3913 "-" "Mozilla/5.0 (X11; U; Linux x86_64; en-US; rv:1.9.0.8) Gecko/2009033100 Ubuntu/9.04 (jaunty) Firefox/3.0.8"
54.36.149.98 - - [06/May/2025:14:17:19 +0200] "GET /index.php/Alqalam/citationstylelanguage/get/associacao-brasileira-de-normas-tecnicas?submissionId=122&publicationId=122 HTTP/1.1" 200 395 "-" "Mozilla/5.0 (compatible; AhrefsBot/7.0; +http://ahrefs.com/robot/)"
194.233.80.159 - - [06/May/2025:14:17:23 +0200] "GET /assets/extra-libs/ckeditor/plugins/showblocks/images/ HTTP/1.1" 404 3913 "-" "Mozilla/5.0 (X11; U; Linux x86_64; en-US; rv:1.9.0.8) Gecko/2009033100 Ubuntu/9.04 (jaunty) Firefox/3.0.8"
3.140.246.156 - - [06/May/2025:14:17:27 +0200] "GET /index.php/Alqalam/citationstylelanguage/get/modern-language-association?publicationId=861&submissionId=861 HTTP/1.1" 200 249 "-" "Mozilla/5.0 AppleWebKit/537.36 (KHTML, like Gecko; compatible; ClaudeBot/1.0; +claudebot@anthropic.com)"
18.97.9.99 - - [06/May/2025:14:17:28 +0200] "GET /index.php/Alqalam/article/view/145/211 HTTP/1.1" 302 - "-" "Mozilla/5.0 AppleWebKit/537.36 (KHTML, like Gecko; compatible; PerplexityBot/1.0; +https://perplexity.ai/perplexitybot)"
194.233.80.159 - - [06/May/2025:14:17:29 +0200] "GET /assets/extra-libs/ckeditor/plugins/showblocks/lang/ HTTP/1.1" 404 3913 "-" "Mozilla/5.0 (X11; U; Linux x86_64; en-US; rv:1.9.0.8) Gecko/2009033100 Ubuntu/9.04 (jaunty) Firefox/3.0.8"
18.97.9.100 - - [06/May/2025:14:17:30 +0200] "GET /index.php/Alqalam/article/download/145/211 HTTP/1.1" 200 1079411 "-" "Mozilla/5.0 AppleWebKit/537.36 (KHTML, like Gecko; compatible; PerplexityBot/1.0; +https://perplexity.ai/perplexitybot)"
194.233.80.159 - - [06/May/2025:14:17:35 +0200] "GET /assets/extra-libs/ckeditor/plugins/smiley/ HTTP/1.1" 404 3913 "-" "Mozilla/5.0 (X11; U; Linux x86_64; en-US; rv:1.9.0.8) Gecko/2009033100 Ubuntu/9.04 (jaunty) Firefox/3.0.8"
20.161.75.221 - - [06/May/2025:14:17:39 +0200] "GET /index.php/Alqalam/article/view/514/419 HTTP/1.1" 302 - "-" "Mozilla/5.0 AppleWebKit/537.36 (KHTML, like Gecko); compatible; ChatGPT-User/1.0; +https://openai.com/bot"
20.161.75.211 - - [06/May/2025:14:17:39 +0200] "GET / HTTP/1.1" 302 - "-" "Mozilla/5.0 AppleWebKit/537.36 (KHTML, like Gecko); compatible; ChatGPT-User/1.0; +https://openai.com/bot"
20.161.75.221 - - [06/May/2025:14:17:39 +0200] "GET /index.php/Alqalam/article/download/514/419 HTTP/1.1" 200 522649 "-" "Mozilla/5.0 AppleWebKit/537.36 (KHTML, like Gecko); compatible; ChatGPT-User/1.0; +https://openai.com/bot"
20.161.75.211 - - [06/May/2025:14:17:39 +0200] "GET /index.php/Alqalam HTTP/1.1" 200 8849 "-" "Mozilla/5.0 AppleWebKit/537.36 (KHTML, like Gecko); compatible; ChatGPT-User/1.0; +https://openai.com/bot"
194.233.80.159 - - [06/May/2025:14:17:41 +0200] "GET /assets/extra-libs/ckeditor/plugins/smiley/dialogs/ HTTP/1.1" 404 3913 "-" "Mozilla/5.0 (X11; U; Linux x86_64; en-US; rv:1.9.0.8) Gecko/2009033100 Ubuntu/9.04 (jaunty) Firefox/3.0.8"
52.230.163.47 - - [06/May/2025:14:17:44 +0200] "GET /index.php/Alqalam/article/view/700/581 HTTP/1.1" 302 - "-" "Mozilla/5.0 AppleWebKit/537.36 (KHTML, like Gecko); compatible; ChatGPT-User/1.0; +https://openai.com/bot"
52.230.163.35 - - [06/May/2025:14:17:45 +0200] "GET / HTTP/1.1" 302 - "-" "Mozilla/5.0 AppleWebKit/537.36 (KHTML, like Gecko); compatible; ChatGPT-User/1.0; +https://openai.com/bot"
52.230.163.47 - - [06/May/2025:14:17:44 +0200] "GET /index.php/Alqalam/article/download/700/581 HTTP/1.1" 200 313291 "-" "Mozilla/5.0 AppleWebKit/537.36 (KHTML, like Gecko); compatible; ChatGPT-User/1.0; +https://openai.com/bot"
52.230.163.35 - - [06/May/2025:14:17:45 +0200] "GET /index.php/Alqalam HTTP/1.1" 200 8849 "-" "Mozilla/5.0 AppleWebKit/537.36 (KHTML, like Gecko); compatible; ChatGPT-User/1.0; +https://openai.com/bot"
194.233.80.159 - - [06/May/2025:14:17:46 +0200] "GET /assets/extra-libs/ckeditor/plugins/smiley/icons/ HTTP/1.1" 404 3913 "-" "Mozilla/5.0 (X11; U; Linux x86_64; en-US; rv:1.9.0.8) Gecko/2009033100 Ubuntu/9.04 (jaunty) Firefox/3.0.8"
66.249.64.132 - - [06/May/2025:14:17:44 +0200] "GET /index.php/Alqalam/article/view/785?articlesBySimilarityPage=39 HTTP/1.1" 200 9437 "-" "Mozilla/5.0 (Linux; Android 6.0.1; Nexus 5X Build/MMB29P) AppleWebKit/537.36 (KHTML, like Gecko) Chrome/136.0.7103.59 Mobile Safari/537.36 (compatible; Googlebot/2.1; +http://www.google.com/bot.html)"
44.223.232.55 - - [06/May/2025:14:17:45 +0200] "GET /index.php/Alqalam/article/view/794?articlesBySimilarityPage=30 HTTP/1.1" 200 8710 "-" "Mozilla/5.0 AppleWebKit/537.36 (KHTML, like Gecko; compatible; Amazonbot/0.1; +https://developer.amazon.com/support/amazonbot) Chrome/119.0.6045.214 Safari/537.36"
66.249.64.131 - - [06/May/2025:14:17:49 +0200] "GET /public/journals/1/styleSheet.css?d=2024-01-03+17%3A34%3A30 HTTP/1.1" 404 3913 "https://journal.utripoli.edu.ly/index.php/Alqalam/article/view/785?articlesBySimilarityPage=39" "Mozilla/5.0 (Linux; Android 6.0.1; Nexus 5X Build/MMB29P) AppleWebKit/537.36 (KHTML, like Gecko) Chrome/135.0.7049.114 Mobile Safari/537.36 (compatible; Googlebot/2.1; +http://www.google.com/bot.html)"
185.191.171.14 - - [06/May/2025:14:17:49 +0200] "GET /index.php/Alqalam/article/view/806?articlesBySimilarityPage=18 HTTP/1.1" 200 8458 "-" "Mozilla/5.0 (compatible; SemrushBot/7~bl; +http://www.semrush.com/bot.html)"
194.233.80.159 - - [06/May/2025:14:17:50 +0200] "GET /assets/extra-libs/ckeditor/plugins/smiley/icons/hidpi/ HTTP/1.1" 404 3913 "-" "Mozilla/5.0 (X11; U; Linux x86_64; en-US; rv:1.9.0.8) Gecko/2009033100 Ubuntu/9.04 (jaunty) Firefox/3.0.8"
194.233.80.159 - - [06/May/2025:14:17:57 +0200] "GET /assets/extra-libs/ckeditor/plugins/smiley/images/ HTTP/1.1" 404 3913 "-" "Mozilla/5.0 (X11; U; Linux x86_64; en-US; rv:1.9.0.8) Gecko/2009033100 Ubuntu/9.04 (jaunty) Firefox/3.0.8"
13.58.242.216 - - [06/May/2025:14:17:59 +0200] "GET /index.php/Alqalam/article/view/769?articlesBySimilarityPage=21 HTTP/1.1" 200 8436 "-" "Mozilla/5.0 AppleWebKit/537.36 (KHTML, like Gecko; compatible; ClaudeBot/1.0; +claudebot@anthropic.com)"
13.58.242.216 - - [06/May/2025:14:17:59 +0200] "GET /index.php/Alqalam/article/view/155?articlesBySimilarityPage=21 HTTP/1.1" 200 8710 "-" "Mozilla/5.0 AppleWebKit/537.36 (KHTML, like Gecko; compatible; ClaudeBot/1.0; +claudebot@anthropic.com)"
194.233.80.159 - - [06/May/2025:14:18:03 +0200] "GET /assets/extra-libs/ckeditor/plugins/smiley/lang/ HTTP/1.1" 404 3913 "-" "Mozilla/5.0 (X11; U; Linux x86_64; en-US; rv:1.9.0.8) Gecko/2009033100 Ubuntu/9.04 (jaunty) Firefox/3.0.8"
194.233.80.159 - - [06/May/2025:14:18:09 +0200] "GET /assets/extra-libs/ckeditor/plugins/sourcedialog/ HTTP/1.1" 404 3913 "-" "Mozilla/5.0 (X11; U; Linux x86_64; en-US; rv:1.9.0.8) Gecko/2009033100 Ubuntu/9.04 (jaunty) Firefox/3.0.8"
185.191.171.11 - - [06/May/2025:14:18:09 +0200] "GET /index.php/Alqalam/article/view/69?articlesBySimilarityPage=23 HTTP/1.1" 200 7542 "-" "Mozilla/5.0 (compatible; SemrushBot/7~bl; +http://www.semrush.com/bot.html)"
54.36.148.205 - - [06/May/2025:14:18:10 +0200] "GET /index.php/Alqalam/citationstylelanguage/get/ieee?submissionId=122&publicationId=122 HTTP/1.1" 200 317 "-" "Mozilla/5.0 (compatible; AhrefsBot/7.0; +http://ahrefs.com/robot/)"
103.120.51.100 - - [06/May/2025:14:18:11 +0200] "GET /index.php/Alqalam/article/view/824/687 HTTP/1.1" 302 - "https://www.google.com/" "Mozilla/5.0 (Windows NT 10.0; Win64; x64; rv:138.0) Gecko/20100101 Firefox/138.0"
103.120.51.100 - - [06/May/2025:14:18:12 +0200] "GET /index.php/Alqalam/article/download/824/687 HTTP/1.1" 200 365546 "https://www.google.com/" "Mozilla/5.0 (Windows NT 10.0; Win64; x64; rv:138.0) Gecko/20100101 Firefox/138.0"
194.233.80.159 - - [06/May/2025:14:18:15 +0200] "GET /assets/extra-libs/ckeditor/plugins/sourcedialog/dialogs/ HTTP/1.1" 404 3913 "-" "Mozilla/5.0 (X11; U; Linux x86_64; en-US; rv:1.9.0.8) Gecko/2009033100 Ubuntu/9.04 (jaunty) Firefox/3.0.8"
194.233.80.159 - - [06/May/2025:14:18:20 +0200] "GET /assets/extra-libs/ckeditor/plugins/sourcedialog/icons/ HTTP/1.1" 404 3913 "-" "Mozilla/5.0 (X11; U; Linux x86_64; en-US; rv:1.9.0.8) Gecko/2009033100 Ubuntu/9.04 (jaunty) Firefox/3.0.8"
103.120.51.100 - - [06/May/2025:14:18:21 +0200] "GET /index.php/Alqalam/article/view/824/687 HTTP/1.1" 302 - "https://www.google.com/" "Mozilla/5.0 (Windows NT 10.0; Win64; x64; rv:138.0) Gecko/20100101 Firefox/138.0"
103.120.51.100 - - [06/May/2025:14:18:21 +0200] "GET /index.php/Alqalam/article/download/824/687 HTTP/1.1" 200 365546 "https://www.google.com/" "Mozilla/5.0 (Windows NT 10.0; Win64; x64; rv:138.0) Gecko/20100101 Firefox/138.0"
194.233.80.159 - - [06/May/2025:14:18:24 +0200] "GET /assets/extra-libs/ckeditor/plugins/sourcedialog/icons/hidpi/ HTTP/1.1" 404 3913 "-" "Mozilla/5.0 (X11; U; Linux x86_64; en-US; rv:1.9.0.8) Gecko/2009033100 Ubuntu/9.04 (jaunty) Firefox/3.0.8"
103.120.51.100 - - [06/May/2025:14:18:28 +0200] "GET /index.php/Alqalam/article/view/824/687 HTTP/1.1" 302 - "https://www.google.com/" "Mozilla/5.0 (Windows NT 10.0; Win64; x64; rv:138.0) Gecko/20100101 Firefox/138.0"
2a03:2880:3ff:70:: - - [06/May/2025:14:18:28 +0200] "GET /robots.txt HTTP/1.1" 200 32 "-" "facebookexternalhit/1.1 (+http://www.facebook.com/externalhit_uatext.php)"
103.120.51.100 - - [06/May/2025:14:18:28 +0200] "GET /index.php/Alqalam/article/download/824/687 HTTP/1.1" 200 365546 "https://www.google.com/" "Mozilla/5.0 (Windows NT 10.0; Win64; x64; rv:138.0) Gecko/20100101 Firefox/138.0"
194.233.80.159 - - [06/May/2025:14:18:30 +0200] "GET /assets/extra-libs/ckeditor/plugins/sourcedialog/lang/ HTTP/1.1" 404 3913 "-" "Mozilla/5.0 (X11; U; Linux x86_64; en-US; rv:1.9.0.8) Gecko/2009033100 Ubuntu/9.04 (jaunty) Firefox/3.0.8"
194.233.80.159 - - [06/May/2025:14:18:35 +0200] "GET /assets/extra-libs/ckeditor/plugins/specialchar/dialogs/ HTTP/1.1" 404 3913 "-" "Mozilla/5.0 (X11; U; Linux x86_64; en-US; rv:1.9.0.8) Gecko/2009033100 Ubuntu/9.04 (jaunty) Firefox/3.0.8"
194.233.80.159 - - [06/May/2025:14:18:38 +0200] "GET /assets/extra-libs/ckeditor/plugins/specialchar/dialogs/lang/ HTTP/1.1" 404 3913 "-" "Mozilla/5.0 (X11; U; Linux x86_64; en-US; rv:1.9.0.8) Gecko/2009033100 Ubuntu/9.04 (jaunty) Firefox/3.0.8"
194.233.80.159 - - [06/May/2025:14:18:42 +0200] "GET /assets/extra-libs/ckeditor/plugins/stylesheetparser/ HTTP/1.1" 404 3913 "-" "Mozilla/5.0 (X11; U; Linux x86_64; en-US; rv:1.9.0.8) Gecko/2009033100 Ubuntu/9.04 (jaunty) Firefox/3.0.8"
194.233.80.159 - - [06/May/2025:14:18:49 +0200] "GET /assets/extra-libs/ckeditor/plugins/table/dialogs/ HTTP/1.1" 404 3913 "-" "Mozilla/5.0 (X11; U; Linux x86_64; en-US; rv:1.9.0.8) Gecko/2009033100 Ubuntu/9.04 (jaunty) Firefox/3.0.8"
52.167.144.140 - - [06/May/2025:14:18:53 +0200] "GET /index.php/Alqalam/management/settings/nelmarzugi@gmail.com%20 HTTP/1.1" 302 - "-" "Mozilla/5.0 AppleWebKit/537.36 (KHTML, like Gecko; compatible; bingbot/2.0; +http://www.bing.com/bingbot.htm) Chrome/116.0.1938.76 Safari/537.36"
194.233.80.159 - - [06/May/2025:14:18:53 +0200] "GET /assets/extra-libs/ckeditor/plugins/tableresize/ HTTP/1.1" 404 3913 "-" "Mozilla/5.0 (X11; U; Linux x86_64; en-US; rv:1.9.0.8) Gecko/2009033100 Ubuntu/9.04 (jaunty) Firefox/3.0.8"
52.167.144.140 - - [06/May/2025:14:18:53 +0200] "GET /index.php/Alqalam/login?source=%2Findex.php%2FAlqalam%2Fmanagement%2Fsettings%2Fnelmarzugi%40gmail.com%2520 HTTP/1.1" 200 3852 "-" "Mozilla/5.0 AppleWebKit/537.36 (KHTML, like Gecko; compatible; bingbot/2.0; +http://www.bing.com/bingbot.htm) Chrome/116.0.1938.76 Safari/537.36"
194.233.80.159 - - [06/May/2025:14:18:57 +0200] "GET /assets/extra-libs/ckeditor/plugins/tableselection/styles/ HTTP/1.1" 404 3913 "-" "Mozilla/5.0 (X11; U; Linux x86_64; en-US; rv:1.9.0.8) Gecko/2009033100 Ubuntu/9.04 (jaunty) Firefox/3.0.8"
159.69.158.189 - - [06/May/2025:14:19:00 +0200] "HEAD / HTTP/1.1" 302 - "https://journal.utripoli.edu.ly/" "Mozilla/5.0+(compatible; UptimeRobot/2.0; http://www.uptimerobot.com/)"
159.69.158.189 - - [06/May/2025:14:19:00 +0200] "HEAD /index.php/Alqalam HTTP/1.1" 200 - "https://journal.utripoli.edu.ly/" "Mozilla/5.0+(compatible; UptimeRobot/2.0; http://www.uptimerobot.com/)"
54.36.149.90 - - [06/May/2025:14:19:04 +0200] "GET /index.php/Alqalam/citationstylelanguage/get/turabian-fullnote-bibliography?submissionId=122&publicationId=122 HTTP/1.1" 200 370 "-" "Mozilla/5.0 (compatible; AhrefsBot/7.0; +http://ahrefs.com/robot/)"
194.233.80.159 - - [06/May/2025:14:19:09 +0200] "GET /assets/extra-libs/ckeditor/plugins/tabletools/dialogs/ HTTP/1.1" 404 3913 "-" "Mozilla/5.0 (X11; U; Linux x86_64; en-US; rv:1.9.0.8) Gecko/2009033100 Ubuntu/9.04 (jaunty) Firefox/3.0.8"
194.233.80.159 - - [06/May/2025:14:19:14 +0200] "GET /assets/extra-libs/ckeditor/plugins/templates/ HTTP/1.1" 404 3913 "-" "Mozilla/5.0 (X11; U; Linux x86_64; en-US; rv:1.9.0.8) Gecko/2009033100 Ubuntu/9.04 (jaunty) Firefox/3.0.8"
194.233.80.159 - - [06/May/2025:14:19:20 +0200] "GET /assets/extra-libs/ckeditor/plugins/templates/dialogs/ HTTP/1.1" 404 3913 "-" "Mozilla/5.0 (X11; U; Linux x86_64; en-US; rv:1.9.0.8) Gecko/2009033100 Ubuntu/9.04 (jaunty) Firefox/3.0.8"
3.148.206.183 - - [06/May/2025:14:19:20 +0200] "GET /index.php/Alqalam/article/view/29?articlesBySimilarityPage=23 HTTP/1.1" 200 7818 "-" "Mozilla/5.0 AppleWebKit/537.36 (KHTML, like Gecko; compatible; ClaudeBot/1.0; +claudebot@anthropic.com)"
3.148.206.183 - - [06/May/2025:14:19:20 +0200] "GET /index.php/Alqalam/article/view/824?articlesBySimilarityPage=23 HTTP/1.1" 200 9336 "-" "Mozilla/5.0 AppleWebKit/537.36 (KHTML, like Gecko; compatible; ClaudeBot/1.0; +claudebot@anthropic.com)"
194.233.80.159 - - [06/May/2025:14:19:26 +0200] "GET /assets/extra-libs/ckeditor/plugins/templates/icons/ HTTP/1.1" 404 3913 "-" "Mozilla/5.0 (X11; U; Linux x86_64; en-US; rv:1.9.0.8) Gecko/2009033100 Ubuntu/9.04 (jaunty) Firefox/3.0.8"
68.221.67.174 - - [06/May/2025:14:19:27 +0200] "GET / HTTP/1.1" 302 - "-" "Mozilla/5.0 AppleWebKit/537.36 (KHTML, like Gecko); compatible; ChatGPT-User/1.0; +https://openai.com/bot"
68.221.67.174 - - [06/May/2025:14:19:27 +0200] "GET /index.php/Alqalam HTTP/1.1" 200 8849 "-" "Mozilla/5.0 AppleWebKit/537.36 (KHTML, like Gecko); compatible; ChatGPT-User/1.0; +https://openai.com/bot"
68.221.67.164 - - [06/May/2025:14:19:27 +0200] "GET /index.php/Alqalam/article/view/91 HTTP/1.1" 200 7548 "-" "Mozilla/5.0 AppleWebKit/537.36 (KHTML, like Gecko); compatible; ChatGPT-User/1.0; +https://openai.com/bot"
194.233.80.159 - - [06/May/2025:14:19:30 +0200] "GET /assets/extra-libs/ckeditor/plugins/templates/icons/hidpi/ HTTP/1.1" 404 3913 "-" "Mozilla/5.0 (X11; U; Linux x86_64; en-US; rv:1.9.0.8) Gecko/2009033100 Ubuntu/9.04 (jaunty) Firefox/3.0.8"
194.233.80.159 - - [06/May/2025:14:19:34 +0200] "GET /assets/extra-libs/ckeditor/plugins/templates/lang/ HTTP/1.1" 404 3913 "-" "Mozilla/5.0 (X11; U; Linux x86_64; en-US; rv:1.9.0.8) Gecko/2009033100 Ubuntu/9.04 (jaunty) Firefox/3.0.8"
194.233.80.159 - - [06/May/2025:14:19:39 +0200] "GET /assets/extra-libs/ckeditor/plugins/templates/templates/ HTTP/1.1" 404 3913 "-" "Mozilla/5.0 (X11; U; Linux x86_64; en-US; rv:1.9.0.8) Gecko/2009033100 Ubuntu/9.04 (jaunty) Firefox/3.0.8"
194.233.80.159 - - [06/May/2025:14:19:45 +0200] "GET /assets/extra-libs/ckeditor/plugins/templates/templates/images/ HTTP/1.1" 404 3913 "-" "Mozilla/5.0 (X11; U; Linux x86_64; en-US; rv:1.9.0.8) Gecko/2009033100 Ubuntu/9.04 (jaunty) Firefox/3.0.8"
194.233.80.159 - - [06/May/2025:14:19:52 +0200] "GET /assets/extra-libs/ckeditor/plugins/textmatch/ HTTP/1.1" 404 3913 "-" "Mozilla/5.0 (X11; U; Linux x86_64; en-US; rv:1.9.0.8) Gecko/2009033100 Ubuntu/9.04 (jaunty) Firefox/3.0.8"
194.233.80.159 - - [06/May/2025:14:19:56 +0200] "GET /assets/extra-libs/ckeditor/plugins/textwatcher/ HTTP/1.1" 404 3913 "-" "Mozilla/5.0 (X11; U; Linux x86_64; en-US; rv:1.9.0.8) Gecko/2009033100 Ubuntu/9.04 (jaunty) Firefox/3.0.8"
194.233.80.159 - - [06/May/2025:14:20:01 +0200] "GET /assets/extra-libs/ckeditor/plugins/uicolor/ HTTP/1.1" 404 3913 "-" "Mozilla/5.0 (X11; U; Linux x86_64; en-US; rv:1.9.0.8) Gecko/2009033100 Ubuntu/9.04 (jaunty) Firefox/3.0.8"
66.249.64.131 - - [06/May/2025:14:20:12 +0200] "GET /index.php/Alqalam/article/view/346?articlesBySimilarityPage=3 HTTP/1.1" 200 7413 "-" "Mozilla/5.0 (Linux; Android 6.0.1; Nexus 5X Build/MMB29P) AppleWebKit/537.36 (KHTML, like Gecko) Chrome/136.0.7103.59 Mobile Safari/537.36 (compatible; Googlebot/2.1; +http://www.google.com/bot.html)"
54.36.148.74 - - [06/May/2025:14:20:14 +0200] "GET /index.php/Alqalam/citationstylelanguage/get/vancouver?submissionId=122&publicationId=122 HTTP/1.1" 200 369 "-" "Mozilla/5.0 (compatible; AhrefsBot/7.0; +http://ahrefs.com/robot/)"
194.233.80.159 - - [06/May/2025:14:20:22 +0200] "GET /assets/extra-libs/ckeditor/plugins/uicolor/dialogs/ HTTP/1.1" 404 3913 "-" "Mozilla/5.0 (X11; U; Linux x86_64; en-US; rv:1.9.0.8) Gecko/2009033100 Ubuntu/9.04 (jaunty) Firefox/3.0.8"
66.249.64.131 - - [06/May/2025:14:20:24 +0200] "GET /index.php/Alqalam/article/view/168 HTTP/1.1" 200 7548 "-" "Mozilla/5.0 (Linux; Android 6.0.1; Nexus 5X Build/MMB29P) AppleWebKit/537.36 (KHTML, like Gecko) Chrome/136.0.7103.59 Mobile Safari/537.36 (compatible; Googlebot/2.1; +http://www.google.com/bot.html)"
66.249.64.131 - - [06/May/2025:14:20:28 +0200] "GET /index.php/Alqalam/citationstylelanguage/get/acs-nano?submissionId=262&publicationId=262 HTTP/1.1" 200 282 "-" "Mozilla/5.0 (Linux; Android 6.0.1; Nexus 5X Build/MMB29P) AppleWebKit/537.36 (KHTML, like Gecko) Chrome/136.0.7103.59 Mobile Safari/537.36 (compatible; Googlebot/2.1; +http://www.google.com/bot.html)"
194.233.80.159 - - [06/May/2025:14:20:44 +0200] "GET /assets/extra-libs/ckeditor/plugins/uicolor/icons/ HTTP/1.1" 404 3913 "-" "Mozilla/5.0 (X11; U; Linux x86_64; en-US; rv:1.9.0.8) Gecko/2009033100 Ubuntu/9.04 (jaunty) Firefox/3.0.8"
52.15.165.239 - - [06/May/2025:14:20:44 +0200] "GET /index.php/Alqalam/article/view/158?articlesBySimilarityPage=28 HTTP/1.1" 200 6865 "-" "Mozilla/5.0 AppleWebKit/537.36 (KHTML, like Gecko; compatible; ClaudeBot/1.0; +claudebot@anthropic.com)"
52.15.165.239 - - [06/May/2025:14:20:44 +0200] "GET /index.php/Alqalam/article/view/147?articlesBySimilarityPage=51 HTTP/1.1" 200 8148 "-" "Mozilla/5.0 AppleWebKit/537.36 (KHTML, like Gecko; compatible; ClaudeBot/1.0; +claudebot@anthropic.com)"
66.249.64.130 - - [06/May/2025:14:20:48 +0200] "GET /index.php/Alqalam/citationstylelanguage/get/ieee?submissionId=262&publicationId=262 HTTP/1.1" 200 298 "-" "Mozilla/5.0 (Linux; Android 6.0.1; Nexus 5X Build/MMB29P) AppleWebKit/537.36 (KHTML, like Gecko) Chrome/136.0.7103.59 Mobile Safari/537.36 (compatible; Googlebot/2.1; +http://www.google.com/bot.html)"
194.233.80.159 - - [06/May/2025:14:21:01 +0200] "GET /assets/extra-libs/ckeditor/plugins/uicolor/icons/hidpi/ HTTP/1.1" 404 3913 "-" "Mozilla/5.0 (X11; U; Linux x86_64; en-US; rv:1.9.0.8) Gecko/2009033100 Ubuntu/9.04 (jaunty) Firefox/3.0.8"
52.225.75.213 - - [06/May/2025:14:21:07 +0200] "GET /robots.txt HTTP/1.1" 200 32 "-" "Mozilla/5.0 AppleWebKit/537.36 (KHTML, like Gecko); compatible; ChatGPT-User/1.0; +https://openai.com/bot"
37.120.185.161 - - [06/May/2025:14:21:14 +0200] "GET /index.php/Alqalam/citationstylelanguage/get/chicago-author-date?submissionId=26&publicationId=26 HTTP/1.1" 200 281 "-" "Mozilla/5.0 (Windows NT 10.0; Win64; x64) AppleWebKit/537.36 (KHTML, like Gecko) Chrome/100.0.9120.634 Safari/537.36"
194.233.80.159 - - [06/May/2025:14:21:18 +0200] "GET /assets/extra-libs/ckeditor/plugins/uicolor/lang/ HTTP/1.1" 404 3913 "-" "Mozilla/5.0 (X11; U; Linux x86_64; en-US; rv:1.9.0.8) Gecko/2009033100 Ubuntu/9.04 (jaunty) Firefox/3.0.8"
66.249.64.130 - - [06/May/2025:14:21:18 +0200] "GET /index.php/Alqalam/article/view/172?articlesBySimilarityPage=7 HTTP/1.1" 200 7401 "-" "Mozilla/5.0 (Linux; Android 6.0.1; Nexus 5X Build/MMB29P) AppleWebKit/537.36 (KHTML, like Gecko) Chrome/136.0.7103.59 Mobile Safari/537.36 (compatible; Googlebot/2.1; +http://www.google.com/bot.html)"
194.233.80.159 - - [06/May/2025:14:21:20 +0200] "GET /assets/extra-libs/ckeditor/plugins/uploadfile/ HTTP/1.1" 404 3913 "-" "Mozilla/5.0 (X11; U; Linux x86_64; en-US; rv:1.9.0.8) Gecko/2009033100 Ubuntu/9.04 (jaunty) Firefox/3.0.8"
216.244.66.243 - - [06/May/2025:14:21:22 +0200] "GET /robots.txt HTTP/1.1" 200 32 "-" "Mozilla/5.0 (compatible; DotBot/1.2; +https://opensiteexplorer.org/dotbot; help@moz.com)"
216.244.66.243 - - [06/May/2025:14:21:22 +0200] "GET /robots.txt HTTP/1.1" 200 32 "-" "Mozilla/5.0 (compatible; DotBot/1.2; +https://opensiteexplorer.org/dotbot; help@moz.com)"
