194.233.80.159 - - [06/May/2025:14:58:55 +0200] "GET /assets/plugins/ckeditor/plugins/ HTTP/1.1" 404 3913 "-" "Mozilla/5.0 (X11; U; Linux x86_64; en-US; rv:1.9.0.8) Gecko/2009033100 Ubuntu/9.04 (jaunty) Firefox/3.0.8"
54.36.148.43 - - [06/May/2025:14:58:59 +0200] "GET /index.php/Alqalam/article/view/231?articlesBySimilarityPage=5 HTTP/1.1" 200 7705 "-" "Mozilla/5.0 (compatible; AhrefsBot/7.0; +http://ahrefs.com/robot/)"
194.233.80.159 - - [06/May/2025:14:59:00 +0200] "GET /assets/plugins/ckeditor/plugins/a11yhelp/dialogs/ HTTP/1.1" 404 3913 "-" "Mozilla/5.0 (X11; U; Linux x86_64; en-US; rv:1.9.0.8) Gecko/2009033100 Ubuntu/9.04 (jaunty) Firefox/3.0.8"
66.249.64.132 - - [06/May/2025:14:59:00 +0200] "GET /index.php/Alqalam/citationstylelanguage/get/chicago-author-date?submissionId=550&publicationId=550 HTTP/1.1" 200 263 "-" "Mozilla/5.0 (Linux; Android 6.0.1; Nexus 5X Build/MMB29P) AppleWebKit/537.36 (KHTML, like Gecko) Chrome/136.0.7103.59 Mobile Safari/537.36 (compatible; Googlebot/2.1; +http://www.google.com/bot.html)"
194.233.80.159 - - [06/May/2025:14:59:07 +0200] "GET /assets/plugins/ckeditor/plugins/a11yhelp/dialogs/lang/ HTTP/1.1" 404 3913 "-" "Mozilla/5.0 (X11; U; Linux x86_64; en-US; rv:1.9.0.8) Gecko/2009033100 Ubuntu/9.04 (jaunty) Firefox/3.0.8"
197.156.120.146 - - [06/May/2025:14:59:08 +0200] "GET /index.php/Alqalam/article/view/500/387 HTTP/1.1" 302 - "https://doc.pl/" "Mozilla/5.0 (Windows NT 10.0; Win64; x64) AppleWebKit/537.36 (KHTML, like Gecko) Chrome/135.0.0.0 Safari/537.36"
197.156.120.146 - - [06/May/2025:14:59:08 +0200] "GET /index.php/Alqalam/article/download/500/387 HTTP/1.1" 200 478542 "https://doc.pl/" "Mozilla/5.0 (Windows NT 10.0; Win64; x64) AppleWebKit/537.36 (KHTML, like Gecko) Chrome/135.0.0.0 Safari/537.36"
194.233.80.159 - - [06/May/2025:14:59:11 +0200] "GET /assets/plugins/ckeditor/plugins/about/dialogs/ HTTP/1.1" 404 3913 "-" "Mozilla/5.0 (X11; U; Linux x86_64; en-US; rv:1.9.0.8) Gecko/2009033100 Ubuntu/9.04 (jaunty) Firefox/3.0.8"
194.233.80.159 - - [06/May/2025:14:59:16 +0200] "GET /assets/plugins/ckeditor/plugins/about/dialogs/hidpi/ HTTP/1.1" 404 3913 "-" "Mozilla/5.0 (X11; U; Linux x86_64; en-US; rv:1.9.0.8) Gecko/2009033100 Ubuntu/9.04 (jaunty) Firefox/3.0.8"
3.219.81.66 - - [06/May/2025:14:59:17 +0200] "GET /index.php/Alqalam/article/view/105?articlesBySimilarityPage=24 HTTP/1.1" 200 6889 "-" "Mozilla/5.0 AppleWebKit/537.36 (KHTML, like Gecko; compatible; Amazonbot/0.1; +https://developer.amazon.com/support/amazonbot) Chrome/119.0.6045.214 Safari/537.36"
66.249.64.130 - - [06/May/2025:14:59:19 +0200] "GET /index.php/Alqalam/citationstylelanguage/get/associacao-brasileira-de-normas-tecnicas?submissionId=550&publicationId=550 HTTP/1.1" 200 337 "-" "Mozilla/5.0 (Linux; Android 6.0.1; Nexus 5X Build/MMB29P) AppleWebKit/537.36 (KHTML, like Gecko) Chrome/136.0.7103.59 Mobile Safari/537.36 (compatible; Googlebot/2.1; +http://www.google.com/bot.html)"
194.233.80.159 - - [06/May/2025:14:59:21 +0200] "GET /assets/plugins/ckeditor/plugins/clipboard/dialogs/ HTTP/1.1" 404 3913 "-" "Mozilla/5.0 (X11; U; Linux x86_64; en-US; rv:1.9.0.8) Gecko/2009033100 Ubuntu/9.04 (jaunty) Firefox/3.0.8"
194.233.80.159 - - [06/May/2025:14:59:25 +0200] "GET /assets/plugins/ckeditor/plugins/colordialog/dialogs/ HTTP/1.1" 404 3913 "-" "Mozilla/5.0 (X11; U; Linux x86_64; en-US; rv:1.9.0.8) Gecko/2009033100 Ubuntu/9.04 (jaunty) Firefox/3.0.8"
194.233.80.159 - - [06/May/2025:14:59:29 +0200] "GET /assets/plugins/ckeditor/plugins/dialog/ HTTP/1.1" 404 3913 "-" "Mozilla/5.0 (X11; U; Linux x86_64; en-US; rv:1.9.0.8) Gecko/2009033100 Ubuntu/9.04 (jaunty) Firefox/3.0.8"
194.233.80.159 - - [06/May/2025:14:59:33 +0200] "GET /assets/plugins/ckeditor/plugins/div/dialogs/ HTTP/1.1" 404 3913 "-" "Mozilla/5.0 (X11; U; Linux x86_64; en-US; rv:1.9.0.8) Gecko/2009033100 Ubuntu/9.04 (jaunty) Firefox/3.0.8"
194.233.80.159 - - [06/May/2025:14:59:37 +0200] "GET /assets/plugins/ckeditor/plugins/find/dialogs/ HTTP/1.1" 404 3913 "-" "Mozilla/5.0 (X11; U; Linux x86_64; en-US; rv:1.9.0.8) Gecko/2009033100 Ubuntu/9.04 (jaunty) Firefox/3.0.8"
49.13.130.29 - - [06/May/2025:14:59:38 +0200] "HEAD / HTTP/1.1" 302 - "https://journal.utripoli.edu.ly/" "Mozilla/5.0+(compatible; UptimeRobot/2.0; http://www.uptimerobot.com/)"
49.13.130.29 - - [06/May/2025:14:59:38 +0200] "HEAD /index.php/Alqalam HTTP/1.1" 200 - "https://journal.utripoli.edu.ly/" "Mozilla/5.0+(compatible; UptimeRobot/2.0; http://www.uptimerobot.com/)"
177.69.144.41 - - [06/May/2025:14:59:33 +0200] "GET /index.php/Alqalam/article/view/592/486 HTTP/1.1" 302 - "https://www.google.com/" "Mozilla/5.0 (Windows NT 10.0; Win64; x64) AppleWebKit/537.36 (KHTML, like Gecko) Chrome/131.0.0.0 Safari/537.36"
177.69.144.41 - - [06/May/2025:14:59:38 +0200] "GET /index.php/Alqalam/article/download/592/486 HTTP/1.1" 200 368616 "https://www.google.com/" "Mozilla/5.0 (Windows NT 10.0; Win64; x64) AppleWebKit/537.36 (KHTML, like Gecko) Chrome/131.0.0.0 Safari/537.36"
194.233.80.159 - - [06/May/2025:14:59:41 +0200] "GET /assets/plugins/ckeditor/plugins/flash/dialogs/ HTTP/1.1" 404 3913 "-" "Mozilla/5.0 (X11; U; Linux x86_64; en-US; rv:1.9.0.8) Gecko/2009033100 Ubuntu/9.04 (jaunty) Firefox/3.0.8"
177.69.144.41 - - [06/May/2025:14:59:42 +0200] "GET /index.php/Alqalam/article/view/592/486 HTTP/1.1" 302 - "https://www.google.com/" "Mozilla/5.0 (Windows NT 10.0; Win64; x64) AppleWebKit/537.36 (KHTML, like Gecko) Chrome/131.0.0.0 Safari/537.36"
177.69.144.41 - - [06/May/2025:14:59:42 +0200] "GET /index.php/Alqalam/article/download/592/486 HTTP/1.1" 200 368616 "https://www.google.com/" "Mozilla/5.0 (Windows NT 10.0; Win64; x64) AppleWebKit/537.36 (KHTML, like Gecko) Chrome/131.0.0.0 Safari/537.36"
194.233.80.159 - - [06/May/2025:14:59:45 +0200] "GET /assets/plugins/ckeditor/plugins/flash/images/ HTTP/1.1" 404 3913 "-" "Mozilla/5.0 (X11; U; Linux x86_64; en-US; rv:1.9.0.8) Gecko/2009033100 Ubuntu/9.04 (jaunty) Firefox/3.0.8"
194.233.80.159 - - [06/May/2025:14:59:48 +0200] "GET /assets/plugins/ckeditor/plugins/forms/dialogs/ HTTP/1.1" 404 3913 "-" "Mozilla/5.0 (X11; U; Linux x86_64; en-US; rv:1.9.0.8) Gecko/2009033100 Ubuntu/9.04 (jaunty) Firefox/3.0.8"
194.233.80.159 - - [06/May/2025:14:59:51 +0200] "GET /assets/plugins/ckeditor/plugins/forms/images/ HTTP/1.1" 404 3913 "-" "Mozilla/5.0 (X11; U; Linux x86_64; en-US; rv:1.9.0.8) Gecko/2009033100 Ubuntu/9.04 (jaunty) Firefox/3.0.8"
3.15.0.151 - - [06/May/2025:14:59:50 +0200] "GET /index.php/Alqalam/article/view/239?articlesBySimilarityPage=19 HTTP/1.1" 200 7995 "-" "Mozilla/5.0 AppleWebKit/537.36 (KHTML, like Gecko; compatible; ClaudeBot/1.0; +claudebot@anthropic.com)"
194.233.80.159 - - [06/May/2025:14:59:56 +0200] "GET /assets/plugins/ckeditor/plugins/iframe/dialogs/ HTTP/1.1" 404 3913 "-" "Mozilla/5.0 (X11; U; Linux x86_64; en-US; rv:1.9.0.8) Gecko/2009033100 Ubuntu/9.04 (jaunty) Firefox/3.0.8"
194.233.80.159 - - [06/May/2025:15:00:01 +0200] "GET /assets/plugins/ckeditor/plugins/iframe/images/ HTTP/1.1" 404 3913 "-" "Mozilla/5.0 (X11; U; Linux x86_64; en-US; rv:1.9.0.8) Gecko/2009033100 Ubuntu/9.04 (jaunty) Firefox/3.0.8"
45.139.104.181 - - [06/May/2025:15:00:08 +0200] "GET /.git/config HTTP/1.1" 404 3913 "-" "Mozilla/5.0 (Windows NT 10.0; WOW64) AppleWebKit/537.36 (KHTML, like Gecko) Chrome/51.0.2704.103 Safari/537.36"
66.249.64.130 - - [06/May/2025:15:00:13 +0200] "GET /index.php/Alqalam/article/view/834/711 HTTP/1.1" 302 - "-" "Mozilla/5.0 (Linux; Android 6.0.1; Nexus 5X Build/MMB29P) AppleWebKit/537.36 (KHTML, like Gecko) Chrome/136.0.7103.59 Mobile Safari/537.36 (compatible; Googlebot/2.1; +http://www.google.com/bot.html)"
194.233.80.159 - - [06/May/2025:15:00:14 +0200] "GET /assets/plugins/ckeditor/plugins/image/dialogs/ HTTP/1.1" 404 3913 "-" "Mozilla/5.0 (X11; U; Linux x86_64; en-US; rv:1.9.0.8) Gecko/2009033100 Ubuntu/9.04 (jaunty) Firefox/3.0.8"
66.249.64.131 - - [06/May/2025:15:00:14 +0200] "GET /index.php/Alqalam/article/download/834/711 HTTP/1.1" 200 433311 "-" "Mozilla/5.0 (Linux; Android 6.0.1; Nexus 5X Build/MMB29P) AppleWebKit/537.36 (KHTML, like Gecko) Chrome/136.0.7103.59 Mobile Safari/537.36 (compatible; Googlebot/2.1; +http://www.google.com/bot.html)"
194.233.80.159 - - [06/May/2025:15:00:18 +0200] "GET /assets/plugins/ckeditor/plugins/image/images/ HTTP/1.1" 404 3913 "-" "Mozilla/5.0 (X11; U; Linux x86_64; en-US; rv:1.9.0.8) Gecko/2009033100 Ubuntu/9.04 (jaunty) Firefox/3.0.8"
185.191.171.1 - - [06/May/2025:15:00:25 +0200] "GET /index.php/Alqalam/article/view/774?articlesBySimilarityPage=6 HTTP/1.1" 200 9614 "-" "Mozilla/5.0 (compatible; SemrushBot/7~bl; +http://www.semrush.com/bot.html)"
194.233.80.159 - - [06/May/2025:15:00:34 +0200] "GET /assets/plugins/ckeditor/plugins/imageuploader/ HTTP/1.1" 404 3913 "-" "Mozilla/5.0 (X11; U; Linux x86_64; en-US; rv:1.9.0.8) Gecko/2009033100 Ubuntu/9.04 (jaunty) Firefox/3.0.8"
194.233.80.159 - - [06/May/2025:15:00:41 +0200] "GET /assets/plugins/ckeditor/plugins/imageuploader/dist/ HTTP/1.1" 404 3913 "-" "Mozilla/5.0 (X11; U; Linux x86_64; en-US; rv:1.9.0.8) Gecko/2009033100 Ubuntu/9.04 (jaunty) Firefox/3.0.8"
185.191.171.13 - - [06/May/2025:15:00:46 +0200] "GET /index.php/Alqalam/article/view/146?articlesBySimilarityPage=16 HTTP/1.1" 200 7924 "-" "Mozilla/5.0 (compatible; SemrushBot/7~bl; +http://www.semrush.com/bot.html)"
194.233.80.159 - - [06/May/2025:15:00:48 +0200] "GET /assets/plugins/ckeditor/plugins/imageuploader/img/ HTTP/1.1" 404 3913 "-" "Mozilla/5.0 (X11; U; Linux x86_64; en-US; rv:1.9.0.8) Gecko/2009033100 Ubuntu/9.04 (jaunty) Firefox/3.0.8"
85.208.96.208 - - [06/May/2025:15:00:51 +0200] "GET /index.php/Alqalam/article/view/801?articlesBySimilarityPage=19 HTTP/1.1" 200 9205 "-" "Mozilla/5.0 (compatible; SemrushBot/7~bl; +http://www.semrush.com/bot.html)"
194.233.80.159 - - [06/May/2025:15:00:54 +0200] "GET /assets/plugins/ckeditor/plugins/imageuploader/uploads/ HTTP/1.1" 404 3913 "-" "Mozilla/5.0 (X11; U; Linux x86_64; en-US; rv:1.9.0.8) Gecko/2009033100 Ubuntu/9.04 (jaunty) Firefox/3.0.8"
156.202.223.87 - - [06/May/2025:15:00:57 +0200] "GET /index.php/Alqalam/index HTTP/1.1" 200 8849 "-" "Mozilla/5.0 (Linux; Android 10; K) AppleWebKit/537.36 (KHTML, like Gecko) Chrome/117.0.0.0 Mobile Safari/537.36"
156.202.223.87 - - [06/May/2025:15:00:57 +0200] "GET /index.php/Alqalam/$$$call$$$/page/page/css?name=stylesheet HTTP/1.1" 200 10173 "-" "Mozilla/5.0 (Linux; Android 10; K) AppleWebKit/537.36 (KHTML, like Gecko) Chrome/117.0.0.0 Mobile Safari/537.36"
156.202.223.87 - - [06/May/2025:15:00:58 +0200] "GET /lib/pkp/styles/fontawesome/fontawesome.css?v=3.3.0.14 HTTP/1.1" 200 7430 "-" "Mozilla/5.0 (Linux; Android 10; K) AppleWebKit/537.36 (KHTML, like Gecko) Chrome/117.0.0.0 Mobile Safari/537.36"
156.202.223.87 - - [06/May/2025:15:00:58 +0200] "GET /public/journals/1/styleSheet.css?d=2024-01-03+17%3A34%3A30 HTTP/1.1" 404 3913 "-" "Mozilla/5.0 (Linux; Android 10; K) AppleWebKit/537.36 (KHTML, like Gecko) Chrome/117.0.0.0 Mobile Safari/537.36"
156.202.223.87 - - [06/May/2025:15:00:58 +0200] "GET /index.php/Alqalam/$$$call$$$/page/page/css?name=font HTTP/1.1" 200 380 "-" "Mozilla/5.0 (Linux; Android 10; K) AppleWebKit/537.36 (KHTML, like Gecko) Chrome/117.0.0.0 Mobile Safari/537.36"
156.202.223.87 - - [06/May/2025:15:00:58 +0200] "GET /public/journals/1/pageHeaderLogoImage_en_US.png HTTP/1.1" 200 77984 "https://journal.utripoli.edu.ly/index.php/Alqalam/index" "Mozilla/5.0 (Linux; Android 10; K) AppleWebKit/537.36 (KHTML, like Gecko) Chrome/117.0.0.0 Mobile Safari/537.36"
156.202.223.87 - - [06/May/2025:15:00:58 +0200] "GET /public/site/images/admin/images-7ebefdfe542a8ccb6c69ed6034ca26fd.jpg HTTP/1.1" 200 7228 "https://journal.utripoli.edu.ly/index.php/Alqalam/index" "Mozilla/5.0 (Linux; Android 10; K) AppleWebKit/537.36 (KHTML, like Gecko) Chrome/117.0.0.0 Mobile Safari/537.36"
156.202.223.87 - - [06/May/2025:15:00:58 +0200] "GET /public/site/images/admin/whatsapp-image-2025-04-23-at-21.02.04-c9d49382.jpg HTTP/1.1" 200 36177 "https://journal.utripoli.edu.ly/index.php/Alqalam/index" "Mozilla/5.0 (Linux; Android 10; K) AppleWebKit/537.36 (KHTML, like Gecko) Chrome/117.0.0.0 Mobile Safari/537.36"
156.202.223.87 - - [06/May/2025:15:00:58 +0200] "GET /lib/pkp/lib/vendor/components/jquery/jquery.min.js?v=3.3.0.14 HTTP/1.1" 200 89476 "https://journal.utripoli.edu.ly/index.php/Alqalam/index" "Mozilla/5.0 (Linux; Android 10; K) AppleWebKit/537.36 (KHTML, like Gecko) Chrome/117.0.0.0 Mobile Safari/537.36"
156.202.223.87 - - [06/May/2025:15:00:58 +0200] "GET /plugins/themes/default/fonts/noto-serif-v9-vietnamese_latin-ext_latin_greek-ext_greek_cyrillic-ext_cyrillic-regular.woff2 HTTP/1.1" 200 154816 "https://journal.utripoli.edu.ly/index.php/Alqalam/$$$call$$$/page/page/css?name=font" "Mozilla/5.0 (Linux; Android 10; K) AppleWebKit/537.36 (KHTML, like Gecko) Chrome/117.0.0.0 Mobile Safari/537.36"
156.202.223.87 - - [06/May/2025:15:00:59 +0200] "GET /plugins/themes/default/fonts/noto-serif-v9-vietnamese_latin-ext_latin_greek-ext_greek_cyrillic-ext_cyrillic-700italic.woff2 HTTP/1.1" 200 144476 "https://journal.utripoli.edu.ly/index.php/Alqalam/$$$call$$$/page/page/css?name=font" "Mozilla/5.0 (Linux; Android 10; K) AppleWebKit/537.36 (KHTML, like Gecko) Chrome/117.0.0.0 Mobile Safari/537.36"
156.202.223.87 - - [06/May/2025:15:00:59 +0200] "GET /lib/pkp/styles/fontawesome/fontawesome-webfont.woff2?v=4.7.0 HTTP/1.1" 200 77160 "https://journal.utripoli.edu.ly/lib/pkp/styles/fontawesome/fontawesome.css?v=3.3.0.14" "Mozilla/5.0 (Linux; Android 10; K) AppleWebKit/537.36 (KHTML, like Gecko) Chrome/117.0.0.0 Mobile Safari/537.36"
156.202.223.87 - - [06/May/2025:15:00:59 +0200] "GET /lib/pkp/lib/vendor/components/jqueryui/jquery-ui.min.js?v=3.3.0.14 HTTP/1.1" 200 253669 "https://journal.utripoli.edu.ly/index.php/Alqalam/index" "Mozilla/5.0 (Linux; Android 10; K) AppleWebKit/537.36 (KHTML, like Gecko) Chrome/117.0.0.0 Mobile Safari/537.36"
194.233.80.159 - - [06/May/2025:15:01:00 +0200] "GET /assets/plugins/ckeditor/plugins/imgbrowse/ HTTP/1.1" 404 3913 "-" "Mozilla/5.0 (X11; U; Linux x86_64; en-US; rv:1.9.0.8) Gecko/2009033100 Ubuntu/9.04 (jaunty) Firefox/3.0.8"
156.202.223.87 - - [06/May/2025:15:01:00 +0200] "GET /plugins/themes/default/js/lib/popper/popper.js?v=3.3.0.14 HTTP/1.1" 200 81675 "https://journal.utripoli.edu.ly/index.php/Alqalam/index" "Mozilla/5.0 (Linux; Android 10; K) AppleWebKit/537.36 (KHTML, like Gecko) Chrome/117.0.0.0 Mobile Safari/537.36"
156.202.223.87 - - [06/May/2025:15:01:02 +0200] "GET /plugins/themes/default/js/lib/bootstrap/util.js?v=3.3.0.14 HTTP/1.1" 200 4193 "https://journal.utripoli.edu.ly/index.php/Alqalam/index" "Mozilla/5.0 (Linux; Android 10; K) AppleWebKit/537.36 (KHTML, like Gecko) Chrome/117.0.0.0 Mobile Safari/537.36"
156.202.223.87 - - [06/May/2025:15:01:02 +0200] "GET /plugins/themes/default/js/lib/bootstrap/dropdown.js?v=3.3.0.14 HTTP/1.1" 200 13932 "https://journal.utripoli.edu.ly/index.php/Alqalam/index" "Mozilla/5.0 (Linux; Android 10; K) AppleWebKit/537.36 (KHTML, like Gecko) Chrome/117.0.0.0 Mobile Safari/537.36"
156.202.223.87 - - [06/May/2025:15:01:05 +0200] "GET /plugins/themes/default/js/main.js?v=3.3.0.14 HTTP/1.1" 200 3160 "https://journal.utripoli.edu.ly/index.php/Alqalam/index" "Mozilla/5.0 (Linux; Android 10; K) AppleWebKit/537.36 (KHTML, like Gecko) Chrome/117.0.0.0 Mobile Safari/537.36"
54.36.148.155 - - [06/May/2025:15:01:06 +0200] "GET /index.php/Alqalam/citationstylelanguage/get/harvard-cite-them-right?submissionId=178&publicationId=178 HTTP/1.1" 200 321 "-" "Mozilla/5.0 (compatible; AhrefsBot/7.0; +http://ahrefs.com/robot/)"
156.202.223.87 - - [06/May/2025:15:00:58 +0200] "GET /plugins/themes/default/fonts/noto-serif-v9-vietnamese_latin-ext_latin_greek-ext_greek_cyrillic-ext_cyrillic-700.woff2 HTTP/1.1" 200 167372 "https://journal.utripoli.edu.ly/index.php/Alqalam/$$$call$$$/page/page/css?name=font" "Mozilla/5.0 (Linux; Android 10; K) AppleWebKit/537.36 (KHTML, like Gecko) Chrome/117.0.0.0 Mobile Safari/537.36"
194.233.80.159 - - [06/May/2025:15:01:08 +0200] "GET /assets/plugins/ckeditor/plugins/link/dialogs/ HTTP/1.1" 404 3913 "-" "Mozilla/5.0 (X11; U; Linux x86_64; en-US; rv:1.9.0.8) Gecko/2009033100 Ubuntu/9.04 (jaunty) Firefox/3.0.8"
18.188.100.195 - - [06/May/2025:15:01:10 +0200] "GET /robots.txt HTTP/1.1" 200 32 "-" "Mozilla/5.0 AppleWebKit/537.36 (KHTML, like Gecko; compatible; ClaudeBot/1.0; +claudebot@anthropic.com)"
156.202.223.87 - - [06/May/2025:15:00:58 +0200] "GET /public/journals/1/cover_issue_29_en_US.png HTTP/1.1" 200 1524795 "https://journal.utripoli.edu.ly/index.php/Alqalam/index" "Mozilla/5.0 (Linux; Android 10; K) AppleWebKit/537.36 (KHTML, like Gecko) Chrome/117.0.0.0 Mobile Safari/537.36"
18.188.100.195 - - [06/May/2025:15:01:10 +0200] "GET /index.php/Alqalam/article/view/577?articlesBySimilarityPage=16 HTTP/1.1" 200 8059 "-" "Mozilla/5.0 AppleWebKit/537.36 (KHTML, like Gecko; compatible; ClaudeBot/1.0; +claudebot@anthropic.com)"
194.233.80.159 - - [06/May/2025:15:01:15 +0200] "GET /assets/plugins/ckeditor/plugins/link/images/ HTTP/1.1" 404 3913 "-" "Mozilla/5.0 (X11; U; Linux x86_64; en-US; rv:1.9.0.8) Gecko/2009033100 Ubuntu/9.04 (jaunty) Firefox/3.0.8"
66.249.64.131 - - [06/May/2025:15:01:14 +0200] "GET /index.php/Alqalam/article/view/262?articlesBySimilarityPage=27 HTTP/1.1" 200 9146 "-" "Mozilla/5.0 (Linux; Android 6.0.1; Nexus 5X Build/MMB29P) AppleWebKit/537.36 (KHTML, like Gecko) Chrome/136.0.7103.59 Mobile Safari/537.36 (compatible; Googlebot/2.1; +http://www.google.com/bot.html)"
194.233.80.159 - - [06/May/2025:15:01:18 +0200] "GET /assets/plugins/ckeditor/plugins/link/images/hidpi/ HTTP/1.1" 404 3913 "-" "Mozilla/5.0 (X11; U; Linux x86_64; en-US; rv:1.9.0.8) Gecko/2009033100 Ubuntu/9.04 (jaunty) Firefox/3.0.8"
194.233.80.159 - - [06/May/2025:15:01:22 +0200] "GET /assets/plugins/ckeditor/plugins/liststyle/dialogs/ HTTP/1.1" 404 3913 "-" "Mozilla/5.0 (X11; U; Linux x86_64; en-US; rv:1.9.0.8) Gecko/2009033100 Ubuntu/9.04 (jaunty) Firefox/3.0.8"
194.233.80.159 - - [06/May/2025:15:01:27 +0200] "GET /assets/plugins/ckeditor/plugins/magicline/images/ HTTP/1.1" 404 3913 "-" "Mozilla/5.0 (X11; U; Linux x86_64; en-US; rv:1.9.0.8) Gecko/2009033100 Ubuntu/9.04 (jaunty) Firefox/3.0.8"
47.128.119.209 - - [06/May/2025:15:01:29 +0200] "GET /index.php/Alqalam/article/view/101?articlesBySimilarityPage=32 HTTP/1.1" 200 7018 "-" "Mozilla/5.0 (compatible; Bytespider; spider-feedback@bytedance.com) AppleWebKit/537.36 (KHTML, like Gecko) Chrome/70.0.0.0 Safari/537.36"
47.128.119.209 - - [06/May/2025:15:01:29 +0200] "GET /public/journals/1/styleSheet.css?d=2024-01-03+17%3A34%3A30 HTTP/1.1" 404 3913 "https://www.journal.utripoli.edu.ly/index.php/Alqalam/article/view/101?articlesBySimilarityPage=32" "Mozilla/5.0 (compatible; Bytespider; spider-feedback@bytedance.com) AppleWebKit/537.36 (KHTML, like Gecko) Chrome/70.0.0.0 Safari/537.36"
47.128.119.209 - - [06/May/2025:15:01:30 +0200] "GET /public/journals/1/cover_issue_6_en_US.png HTTP/1.1" 206 500 "https://www.journal.utripoli.edu.ly/index.php/Alqalam/article/view/101?articlesBySimilarityPage=32" "Mozilla/5.0 (compatible; Bytespider; spider-feedback@bytedance.com) AppleWebKit/537.36 (KHTML, like Gecko) Chrome/70.0.0.0 Safari/537.36"
194.233.80.159 - - [06/May/2025:15:01:32 +0200] "GET /assets/plugins/ckeditor/plugins/magicline/images/hidpi/ HTTP/1.1" 404 3913 "-" "Mozilla/5.0 (X11; U; Linux x86_64; en-US; rv:1.9.0.8) Gecko/2009033100 Ubuntu/9.04 (jaunty) Firefox/3.0.8"
43.166.239.145 - - [06/May/2025:15:01:34 +0200] "GET /index.php/Alqalam/article/view/364 HTTP/1.1" 200 6066 "-" "Mozilla/5.0 (iPhone; CPU iPhone OS 13_2_3 like Mac OS X) AppleWebKit/605.1.15 (KHTML, like Gecko) Version/13.0.3 Mobile/15E148 Safari/604.1"
194.233.80.159 - - [06/May/2025:15:01:36 +0200] "GET /assets/plugins/ckeditor/plugins/pagebreak/images/ HTTP/1.1" 404 3913 "-" "Mozilla/5.0 (X11; U; Linux x86_64; en-US; rv:1.9.0.8) Gecko/2009033100 Ubuntu/9.04 (jaunty) Firefox/3.0.8"
194.233.80.159 - - [06/May/2025:15:01:40 +0200] "GET /assets/plugins/ckeditor/plugins/pastefromword/filter/ HTTP/1.1" 404 3913 "-" "Mozilla/5.0 (X11; U; Linux x86_64; en-US; rv:1.9.0.8) Gecko/2009033100 Ubuntu/9.04 (jaunty) Firefox/3.0.8"
194.233.80.159 - - [06/May/2025:15:01:45 +0200] "GET /assets/plugins/ckeditor/plugins/preview/ HTTP/1.1" 404 3913 "-" "Mozilla/5.0 (X11; U; Linux x86_64; en-US; rv:1.9.0.8) Gecko/2009033100 Ubuntu/9.04 (jaunty) Firefox/3.0.8"
66.249.64.130 - - [06/May/2025:15:01:48 +0200] "GET /index.php/Alqalam/citationstylelanguage/get/turabian-fullnote-bibliography?submissionId=550&publicationId=550 HTTP/1.1" 200 296 "-" "Mozilla/5.0 (Linux; Android 6.0.1; Nexus 5X Build/MMB29P) AppleWebKit/537.36 (KHTML, like Gecko) Chrome/136.0.7103.59 Mobile Safari/537.36 (compatible; Googlebot/2.1; +http://www.google.com/bot.html)"
194.233.80.159 - - [06/May/2025:15:01:49 +0200] "GET /assets/plugins/ckeditor/plugins/scayt/ HTTP/1.1" 404 3913 "-" "Mozilla/5.0 (X11; U; Linux x86_64; en-US; rv:1.9.0.8) Gecko/2009033100 Ubuntu/9.04 (jaunty) Firefox/3.0.8"
194.233.80.159 - - [06/May/2025:15:01:56 +0200] "GET /assets/plugins/ckeditor/plugins/scayt/dialogs/ HTTP/1.1" 404 3913 "-" "Mozilla/5.0 (X11; U; Linux x86_64; en-US; rv:1.9.0.8) Gecko/2009033100 Ubuntu/9.04 (jaunty) Firefox/3.0.8"
194.233.80.159 - - [06/May/2025:15:01:59 +0200] "GET /assets/plugins/ckeditor/plugins/showblocks/images/ HTTP/1.1" 404 3913 "-" "Mozilla/5.0 (X11; U; Linux x86_64; en-US; rv:1.9.0.8) Gecko/2009033100 Ubuntu/9.04 (jaunty) Firefox/3.0.8"
194.233.80.159 - - [06/May/2025:15:02:04 +0200] "GET /assets/plugins/ckeditor/plugins/smiley/dialogs/ HTTP/1.1" 404 3913 "-" "Mozilla/5.0 (X11; U; Linux x86_64; en-US; rv:1.9.0.8) Gecko/2009033100 Ubuntu/9.04 (jaunty) Firefox/3.0.8"
194.233.80.159 - - [06/May/2025:15:02:08 +0200] "GET /assets/plugins/ckeditor/plugins/smiley/images/ HTTP/1.1" 404 3913 "-" "Mozilla/5.0 (X11; U; Linux x86_64; en-US; rv:1.9.0.8) Gecko/2009033100 Ubuntu/9.04 (jaunty) Firefox/3.0.8"
194.233.80.159 - - [06/May/2025:15:02:12 +0200] "GET /assets/plugins/ckeditor/plugins/specialchar/dialogs/ HTTP/1.1" 404 3913 "-" "Mozilla/5.0 (X11; U; Linux x86_64; en-US; rv:1.9.0.8) Gecko/2009033100 Ubuntu/9.04 (jaunty) Firefox/3.0.8"
66.249.64.132 - - [06/May/2025:15:02:15 +0200] "GET /index.php/Alqalam/article/download/103/104/118 HTTP/1.1" 200 915504 "-" "Mozilla/5.0 (Linux; Android 6.0.1; Nexus 5X Build/MMB29P) AppleWebKit/537.36 (KHTML, like Gecko) Chrome/136.0.7103.59 Mobile Safari/537.36 (compatible; Googlebot/2.1; +http://www.google.com/bot.html)"
66.249.64.132 - - [06/May/2025:15:02:16 +0200] "GET /index.php/Alqalam/citationstylelanguage/download/ris?submissionId=289&publicationId=289 HTTP/1.1" 200 6104 "-" "Mozilla/5.0 (Linux; Android 6.0.1; Nexus 5X Build/MMB29P) AppleWebKit/537.36 (KHTML, like Gecko) Chrome/136.0.7103.59 Mobile Safari/537.36 (compatible; Googlebot/2.1; +http://www.google.com/bot.html)"
194.233.80.159 - - [06/May/2025:15:02:16 +0200] "GET /assets/plugins/ckeditor/plugins/specialchar/dialogs/lang/ HTTP/1.1" 404 3913 "-" "Mozilla/5.0 (X11; U; Linux x86_64; en-US; rv:1.9.0.8) Gecko/2009033100 Ubuntu/9.04 (jaunty) Firefox/3.0.8"
66.249.64.131 - - [06/May/2025:15:02:17 +0200] "GET /index.php/Alqalam/citationstylelanguage/get/apa?submissionId=550&publicationId=550 HTTP/1.1" 200 263 "-" "Mozilla/5.0 (Linux; Android 6.0.1; Nexus 5X Build/MMB29P) AppleWebKit/537.36 (KHTML, like Gecko) Chrome/136.0.7103.59 Mobile Safari/537.36 (compatible; Googlebot/2.1; +http://www.google.com/bot.html)"
194.233.80.159 - - [06/May/2025:15:02:20 +0200] "GET /assets/plugins/ckeditor/plugins/table/dialogs/ HTTP/1.1" 404 3913 "-" "Mozilla/5.0 (X11; U; Linux x86_64; en-US; rv:1.9.0.8) Gecko/2009033100 Ubuntu/9.04 (jaunty) Firefox/3.0.8"
194.233.80.159 - - [06/May/2025:15:02:25 +0200] "GET /assets/plugins/ckeditor/plugins/tabletools/dialogs/ HTTP/1.1" 404 3913 "-" "Mozilla/5.0 (X11; U; Linux x86_64; en-US; rv:1.9.0.8) Gecko/2009033100 Ubuntu/9.04 (jaunty) Firefox/3.0.8"
185.191.171.8 - - [06/May/2025:15:02:27 +0200] "GET /index.php/Alqalam/article/view/716?articlesBySimilarityPage=7 HTTP/1.1" 200 9267 "-" "Mozilla/5.0 (compatible; SemrushBot/7~bl; +http://www.semrush.com/bot.html)"
194.233.80.159 - - [06/May/2025:15:02:29 +0200] "GET /assets/plugins/ckeditor/plugins/templates/dialogs/ HTTP/1.1" 404 3913 "-" "Mozilla/5.0 (X11; U; Linux x86_64; en-US; rv:1.9.0.8) Gecko/2009033100 Ubuntu/9.04 (jaunty) Firefox/3.0.8"
194.233.80.159 - - [06/May/2025:15:02:32 +0200] "GET /assets/plugins/ckeditor/plugins/templates/templates/ HTTP/1.1" 404 3913 "-" "Mozilla/5.0 (X11; U; Linux x86_64; en-US; rv:1.9.0.8) Gecko/2009033100 Ubuntu/9.04 (jaunty) Firefox/3.0.8"
194.233.80.159 - - [06/May/2025:15:02:37 +0200] "GET /assets/plugins/ckeditor/plugins/templates/templates/images/ HTTP/1.1" 404 3913 "-" "Mozilla/5.0 (X11; U; Linux x86_64; en-US; rv:1.9.0.8) Gecko/2009033100 Ubuntu/9.04 (jaunty) Firefox/3.0.8"
68.221.67.161 - - [06/May/2025:15:02:37 +0200] "GET /index.php/Alqalam/article/view/585/464 HTTP/1.1" 302 - "-" "Mozilla/5.0 AppleWebKit/537.36 (KHTML, like Gecko); compatible; ChatGPT-User/1.0; +https://openai.com/bot"
68.221.67.161 - - [06/May/2025:15:02:37 +0200] "GET /index.php/Alqalam/article/download/585/464 HTTP/1.1" 200 487775 "-" "Mozilla/5.0 AppleWebKit/537.36 (KHTML, like Gecko); compatible; ChatGPT-User/1.0; +https://openai.com/bot"
68.221.67.171 - - [06/May/2025:15:02:37 +0200] "GET /index.php/Alqalam/article/view/585/464 HTTP/1.1" 302 - "-" "Mozilla/5.0 AppleWebKit/537.36 (KHTML, like Gecko); compatible; ChatGPT-User/1.0; +https://openai.com/bot"
18.116.235.184 - - [06/May/2025:15:02:36 +0200] "GET /index.php/Alqalam/article/view/236?articlesBySimilarityPage=16 HTTP/1.1" 200 7884 "-" "Mozilla/5.0 AppleWebKit/537.36 (KHTML, like Gecko; compatible; ClaudeBot/1.0; +claudebot@anthropic.com)"
194.233.80.159 - - [06/May/2025:15:02:41 +0200] "GET /assets/plugins/ckeditor/plugins/wsc/ HTTP/1.1" 404 3913 "-" "Mozilla/5.0 (X11; U; Linux x86_64; en-US; rv:1.9.0.8) Gecko/2009033100 Ubuntu/9.04 (jaunty) Firefox/3.0.8"
194.233.80.159 - - [06/May/2025:15:02:45 +0200] "GET /assets/plugins/ckeditor/plugins/wsc/dialogs/ HTTP/1.1" 404 3913 "-" "Mozilla/5.0 (X11; U; Linux x86_64; en-US; rv:1.9.0.8) Gecko/2009033100 Ubuntu/9.04 (jaunty) Firefox/3.0.8"
194.233.80.159 - - [06/May/2025:15:02:50 +0200] "GET /assets/plugins/ckeditor/skins/moono/ HTTP/1.1" 404 3913 "-" "Mozilla/5.0 (X11; U; Linux x86_64; en-US; rv:1.9.0.8) Gecko/2009033100 Ubuntu/9.04 (jaunty) Firefox/3.0.8"
194.233.80.159 - - [06/May/2025:15:02:54 +0200] "GET /assets/plugins/ckeditor/skins/moono/images/ HTTP/1.1" 404 3913 "-" "Mozilla/5.0 (X11; U; Linux x86_64; en-US; rv:1.9.0.8) Gecko/2009033100 Ubuntu/9.04 (jaunty) Firefox/3.0.8"
194.233.80.159 - - [06/May/2025:15:02:58 +0200] "GET /assets/plugins/ckeditor/skins/moono/images/hidpi/ HTTP/1.1" 404 3913 "-" "Mozilla/5.0 (X11; U; Linux x86_64; en-US; rv:1.9.0.8) Gecko/2009033100 Ubuntu/9.04 (jaunty) Firefox/3.0.8"
194.233.80.159 - - [06/May/2025:15:03:05 +0200] "GET /assets/plugins/colorpicker/ HTTP/1.1" 404 3913 "-" "Mozilla/5.0 (X11; U; Linux x86_64; en-US; rv:1.9.0.8) Gecko/2009033100 Ubuntu/9.04 (jaunty) Firefox/3.0.8"
194.233.80.159 - - [06/May/2025:15:03:11 +0200] "GET /assets/plugins/colorpicker/img/ HTTP/1.1" 404 3913 "-" "Mozilla/5.0 (X11; U; Linux x86_64; en-US; rv:1.9.0.8) Gecko/2009033100 Ubuntu/9.04 (jaunty) Firefox/3.0.8"
66.249.64.131 - - [06/May/2025:15:03:11 +0200] "GET /index.php/Alqalam/citationstylelanguage/get/ieee?submissionId=550&publicationId=550 HTTP/1.1" 200 248 "-" "Mozilla/5.0 (Linux; Android 6.0.1; Nexus 5X Build/MMB29P) AppleWebKit/537.36 (KHTML, like Gecko) Chrome/136.0.7103.59 Mobile Safari/537.36 (compatible; Googlebot/2.1; +http://www.google.com/bot.html)"
88.118.59.78 - - [06/May/2025:15:03:14 +0200] "GET /index.php/Alqalam/article/view/585/464?utm_source=chatgpt.com HTTP/1.1" 302 - "https://chatgpt.com/" "Mozilla/5.0 (Windows NT 10.0; Win64; x64) AppleWebKit/537.36 (KHTML, like Gecko) Chrome/133.0.0.0 Safari/537.36 OPR/118.0.0.0"
194.233.80.159 - - [06/May/2025:15:03:15 +0200] "GET /assets/plugins/datatables/ HTTP/1.1" 404 3913 "-" "Mozilla/5.0 (X11; U; Linux x86_64; en-US; rv:1.9.0.8) Gecko/2009033100 Ubuntu/9.04 (jaunty) Firefox/3.0.8"
88.118.59.78 - - [06/May/2025:15:03:14 +0200] "GET /index.php/Alqalam/article/download/585/464 HTTP/1.1" 200 487775 "https://chatgpt.com/" "Mozilla/5.0 (Windows NT 10.0; Win64; x64) AppleWebKit/537.36 (KHTML, like Gecko) Chrome/133.0.0.0 Safari/537.36 OPR/118.0.0.0"
194.233.80.159 - - [06/May/2025:15:03:19 +0200] "GET /assets/plugins/datatables/extensions/AutoFill/ HTTP/1.1" 404 3913 "-" "Mozilla/5.0 (X11; U; Linux x86_64; en-US; rv:1.9.0.8) Gecko/2009033100 Ubuntu/9.04 (jaunty) Firefox/3.0.8"
54.36.148.108 - - [06/May/2025:15:03:21 +0200] "GET /index.php/Alqalam/article/view/824 HTTP/1.1" 200 9775 "-" "Mozilla/5.0 (compatible; AhrefsBot/7.0; +http://ahrefs.com/robot/)"
66.249.64.131 - - [06/May/2025:15:03:24 +0200] "GET /index.php/Alqalam/citationstylelanguage/get/harvard-cite-them-right?submissionId=363&publicationId=363 HTTP/1.1" 200 305 "-" "Mozilla/5.0 (Linux; Android 6.0.1; Nexus 5X Build/MMB29P) AppleWebKit/537.36 (KHTML, like Gecko) Chrome/136.0.7103.59 Mobile Safari/537.36 (compatible; Googlebot/2.1; +http://www.google.com/bot.html)"
194.233.80.159 - - [06/May/2025:15:03:25 +0200] "GET /assets/plugins/datatables/extensions/AutoFill/css/ HTTP/1.1" 404 3913 "-" "Mozilla/5.0 (X11; U; Linux x86_64; en-US; rv:1.9.0.8) Gecko/2009033100 Ubuntu/9.04 (jaunty) Firefox/3.0.8"
194.233.80.159 - - [06/May/2025:15:03:29 +0200] "GET /assets/plugins/datatables/extensions/AutoFill/examples/ HTTP/1.1" 404 3913 "-" "Mozilla/5.0 (X11; U; Linux x86_64; en-US; rv:1.9.0.8) Gecko/2009033100 Ubuntu/9.04 (jaunty) Firefox/3.0.8"
194.233.80.159 - - [06/May/2025:15:03:32 +0200] "GET /assets/plugins/datatables/extensions/AutoFill/images/ HTTP/1.1" 404 3913 "-" "Mozilla/5.0 (X11; U; Linux x86_64; en-US; rv:1.9.0.8) Gecko/2009033100 Ubuntu/9.04 (jaunty) Firefox/3.0.8"
194.233.80.159 - - [06/May/2025:15:03:36 +0200] "GET /assets/plugins/datatables/extensions/AutoFill/js/ HTTP/1.1" 404 3913 "-" "Mozilla/5.0 (X11; U; Linux x86_64; en-US; rv:1.9.0.8) Gecko/2009033100 Ubuntu/9.04 (jaunty) Firefox/3.0.8"
194.233.80.159 - - [06/May/2025:15:03:40 +0200] "GET /assets/plugins/datatables/extensions/ColReorder/ HTTP/1.1" 404 3913 "-" "Mozilla/5.0 (X11; U; Linux x86_64; en-US; rv:1.9.0.8) Gecko/2009033100 Ubuntu/9.04 (jaunty) Firefox/3.0.8"
194.233.80.159 - - [06/May/2025:15:03:44 +0200] "GET /assets/plugins/datatables/extensions/ColReorder/css/ HTTP/1.1" 404 3913 "-" "Mozilla/5.0 (X11; U; Linux x86_64; en-US; rv:1.9.0.8) Gecko/2009033100 Ubuntu/9.04 (jaunty) Firefox/3.0.8"
194.233.80.159 - - [06/May/2025:15:03:48 +0200] "GET /assets/plugins/datatables/extensions/ColReorder/examples/ HTTP/1.1" 404 3913 "-" "Mozilla/5.0 (X11; U; Linux x86_64; en-US; rv:1.9.0.8) Gecko/2009033100 Ubuntu/9.04 (jaunty) Firefox/3.0.8"
194.233.80.159 - - [06/May/2025:15:03:52 +0200] "GET /assets/plugins/datatables/extensions/ColReorder/images/ HTTP/1.1" 404 3913 "-" "Mozilla/5.0 (X11; U; Linux x86_64; en-US; rv:1.9.0.8) Gecko/2009033100 Ubuntu/9.04 (jaunty) Firefox/3.0.8"
194.233.80.159 - - [06/May/2025:15:03:57 +0200] "GET /assets/plugins/datatables/extensions/ColReorder/js/ HTTP/1.1" 404 3913 "-" "Mozilla/5.0 (X11; U; Linux x86_64; en-US; rv:1.9.0.8) Gecko/2009033100 Ubuntu/9.04 (jaunty) Firefox/3.0.8"
194.233.80.159 - - [06/May/2025:15:04:02 +0200] "GET /assets/plugins/datatables/extensions/ColVis/ HTTP/1.1" 404 3913 "-" "Mozilla/5.0 (X11; U; Linux x86_64; en-US; rv:1.9.0.8) Gecko/2009033100 Ubuntu/9.04 (jaunty) Firefox/3.0.8"
13.59.113.183 - - [06/May/2025:15:03:58 +0200] "GET /index.php/Alqalam/article/view/861?articlesBySimilarityPage=15 HTTP/1.1" 200 8362 "-" "Mozilla/5.0 AppleWebKit/537.36 (KHTML, like Gecko; compatible; ClaudeBot/1.0; +claudebot@anthropic.com)"
194.233.80.159 - - [06/May/2025:15:04:06 +0200] "GET /assets/plugins/datatables/extensions/ColVis/css/ HTTP/1.1" 404 3913 "-" "Mozilla/5.0 (X11; U; Linux x86_64; en-US; rv:1.9.0.8) Gecko/2009033100 Ubuntu/9.04 (jaunty) Firefox/3.0.8"
194.233.80.159 - - [06/May/2025:15:04:10 +0200] "GET /assets/plugins/datatables/extensions/ColVis/examples/ HTTP/1.1" 404 3913 "-" "Mozilla/5.0 (X11; U; Linux x86_64; en-US; rv:1.9.0.8) Gecko/2009033100 Ubuntu/9.04 (jaunty) Firefox/3.0.8"
194.233.80.159 - - [06/May/2025:15:04:15 +0200] "GET /assets/plugins/datatables/extensions/ColVis/js/ HTTP/1.1" 404 3913 "-" "Mozilla/5.0 (X11; U; Linux x86_64; en-US; rv:1.9.0.8) Gecko/2009033100 Ubuntu/9.04 (jaunty) Firefox/3.0.8"
66.249.64.132 - - [06/May/2025:15:04:17 +0200] "GET /index.php/Alqalam/citationstylelanguage/get/acm-sig-proceedings?submissionId=308&publicationId=308 HTTP/1.1" 200 328 "-" "Mozilla/5.0 (Linux; Android 6.0.1; Nexus 5X Build/MMB29P) AppleWebKit/537.36 (KHTML, like Gecko) Chrome/136.0.7103.59 Mobile Safari/537.36 (compatible; Googlebot/2.1; +http://www.google.com/bot.html)"
194.233.80.159 - - [06/May/2025:15:04:19 +0200] "GET /assets/plugins/datatables/extensions/FixedColumns/ HTTP/1.1" 404 3913 "-" "Mozilla/5.0 (X11; U; Linux x86_64; en-US; rv:1.9.0.8) Gecko/2009033100 Ubuntu/9.04 (jaunty) Firefox/3.0.8"
194.233.80.159 - - [06/May/2025:15:04:22 +0200] "GET /assets/plugins/datatables/extensions/FixedColumns/css/ HTTP/1.1" 404 3913 "-" "Mozilla/5.0 (X11; U; Linux x86_64; en-US; rv:1.9.0.8) Gecko/2009033100 Ubuntu/9.04 (jaunty) Firefox/3.0.8"
194.233.80.159 - - [06/May/2025:15:04:26 +0200] "GET /assets/plugins/datatables/extensions/FixedColumns/examples/ HTTP/1.1" 404 3913 "-" "Mozilla/5.0 (X11; U; Linux x86_64; en-US; rv:1.9.0.8) Gecko/2009033100 Ubuntu/9.04 (jaunty) Firefox/3.0.8"
194.233.80.159 - - [06/May/2025:15:04:30 +0200] "GET /assets/plugins/datatables/extensions/FixedColumns/js/ HTTP/1.1" 404 3913 "-" "Mozilla/5.0 (X11; U; Linux x86_64; en-US; rv:1.9.0.8) Gecko/2009033100 Ubuntu/9.04 (jaunty) Firefox/3.0.8"
194.233.80.159 - - [06/May/2025:15:04:33 +0200] "GET /assets/plugins/datatables/extensions/FixedHeader/ HTTP/1.1" 404 3913 "-" "Mozilla/5.0 (X11; U; Linux x86_64; en-US; rv:1.9.0.8) Gecko/2009033100 Ubuntu/9.04 (jaunty) Firefox/3.0.8"
194.233.80.159 - - [06/May/2025:15:04:38 +0200] "GET /assets/plugins/datatables/extensions/FixedHeader/css/ HTTP/1.1" 404 3913 "-" "Mozilla/5.0 (X11; U; Linux x86_64; en-US; rv:1.9.0.8) Gecko/2009033100 Ubuntu/9.04 (jaunty) Firefox/3.0.8"
194.233.80.159 - - [06/May/2025:15:04:42 +0200] "GET /assets/plugins/datatables/extensions/FixedHeader/examples/ HTTP/1.1" 404 3913 "-" "Mozilla/5.0 (X11; U; Linux x86_64; en-US; rv:1.9.0.8) Gecko/2009033100 Ubuntu/9.04 (jaunty) Firefox/3.0.8"
128.140.41.193 - - [06/May/2025:15:04:43 +0200] "HEAD / HTTP/1.1" 302 - "https://journal.utripoli.edu.ly/" "Mozilla/5.0+(compatible; UptimeRobot/2.0; http://www.uptimerobot.com/)"
128.140.41.193 - - [06/May/2025:15:04:43 +0200] "HEAD /index.php/Alqalam HTTP/1.1" 200 - "https://journal.utripoli.edu.ly/" "Mozilla/5.0+(compatible; UptimeRobot/2.0; http://www.uptimerobot.com/)"
194.233.80.159 - - [06/May/2025:15:04:45 +0200] "GET /assets/plugins/datatables/extensions/FixedHeader/js/ HTTP/1.1" 404 3913 "-" "Mozilla/5.0 (X11; U; Linux x86_64; en-US; rv:1.9.0.8) Gecko/2009033100 Ubuntu/9.04 (jaunty) Firefox/3.0.8"
185.191.171.8 - - [06/May/2025:15:04:44 +0200] "GET /index.php/Alqalam/article/view/75?articlesBySimilarityPage=38 HTTP/1.1" 200 7787 "-" "Mozilla/5.0 (compatible; SemrushBot/7~bl; +http://www.semrush.com/bot.html)"
194.233.80.159 - - [06/May/2025:15:04:49 +0200] "GET /assets/plugins/datatables/extensions/KeyTable/ HTTP/1.1" 404 3913 "-" "Mozilla/5.0 (X11; U; Linux x86_64; en-US; rv:1.9.0.8) Gecko/2009033100 Ubuntu/9.04 (jaunty) Firefox/3.0.8"
194.233.80.159 - - [06/May/2025:15:04:54 +0200] "GET /assets/plugins/datatables/extensions/KeyTable/css/ HTTP/1.1" 404 3913 "-" "Mozilla/5.0 (X11; U; Linux x86_64; en-US; rv:1.9.0.8) Gecko/2009033100 Ubuntu/9.04 (jaunty) Firefox/3.0.8"
194.233.80.159 - - [06/May/2025:15:04:59 +0200] "GET /assets/plugins/datatables/extensions/KeyTable/examples/ HTTP/1.1" 404 3913 "-" "Mozilla/5.0 (X11; U; Linux x86_64; en-US; rv:1.9.0.8) Gecko/2009033100 Ubuntu/9.04 (jaunty) Firefox/3.0.8"
3.145.159.123 - - [06/May/2025:15:05:05 +0200] "GET /robots.txt HTTP/1.1" 200 32 "-" "Mozilla/5.0 AppleWebKit/537.36 (KHTML, like Gecko; compatible; ClaudeBot/1.0; +claudebot@anthropic.com)"
47.128.97.126 - - [06/May/2025:15:05:06 +0200] "GET /index.php/Alqalam/article/view/851 HTTP/1.1" 200 8496 "-" "Mozilla/5.0 (compatible; Bytespider; spider-feedback@bytedance.com) AppleWebKit/537.36 (KHTML, like Gecko) Chrome/70.0.0.0 Safari/537.36"
47.128.97.126 - - [06/May/2025:15:05:07 +0200] "GET /public/journals/1/styleSheet.css?d=2024-01-03+17%3A34%3A30 HTTP/1.1" 404 3913 "https://journal.utripoli.edu.ly/index.php/Alqalam/article/view/851" "Mozilla/5.0 (compatible; Bytespider; spider-feedback@bytedance.com) AppleWebKit/537.36 (KHTML, like Gecko) Chrome/70.0.0.0 Safari/537.36"
3.145.159.123 - - [06/May/2025:15:05:05 +0200] "GET /index.php/Alqalam/article/view/861?articlesBySimilarityPage=12 HTTP/1.1" 200 8119 "-" "Mozilla/5.0 AppleWebKit/537.36 (KHTML, like Gecko; compatible; ClaudeBot/1.0; +claudebot@anthropic.com)"
194.233.80.159 - - [06/May/2025:15:05:18 +0200] "GET /assets/plugins/datatables/extensions/KeyTable/js/ HTTP/1.1" 404 3913 "-" "Mozilla/5.0 (X11; U; Linux x86_64; en-US; rv:1.9.0.8) Gecko/2009033100 Ubuntu/9.04 (jaunty) Firefox/3.0.8"
66.249.64.132 - - [06/May/2025:15:05:17 +0200] "GET /index.php/Alqalam/article/view/24?articlesBySimilarityPage=44 HTTP/1.1" 200 7296 "-" "Mozilla/5.0 (Linux; Android 6.0.1; Nexus 5X Build/MMB29P) AppleWebKit/537.36 (KHTML, like Gecko) Chrome/136.0.7103.59 Mobile Safari/537.36 (compatible; Googlebot/2.1; +http://www.google.com/bot.html)"
194.233.80.159 - - [06/May/2025:15:05:25 +0200] "GET /assets/plugins/datatables/extensions/Responsive/ HTTP/1.1" 404 3913 "-" "Mozilla/5.0 (X11; U; Linux x86_64; en-US; rv:1.9.0.8) Gecko/2009033100 Ubuntu/9.04 (jaunty) Firefox/3.0.8"
194.233.80.159 - - [06/May/2025:15:05:29 +0200] "GET /assets/plugins/datatables/extensions/Responsive/css/ HTTP/1.1" 404 3913 "-" "Mozilla/5.0 (X11; U; Linux x86_64; en-US; rv:1.9.0.8) Gecko/2009033100 Ubuntu/9.04 (jaunty) Firefox/3.0.8"
85.253.33.37 - - [06/May/2025:15:05:34 +0200] "GET /index.php/Alqalam/article/view/626 HTTP/1.1" 200 6746 "https://scholar.google.com/" "Mozilla/5.0 (Windows NT 10.0; Win64; x64) AppleWebKit/537.36 (KHTML, like Gecko) Chrome/136.0.0.0 Safari/537.36"
85.253.33.37 - - [06/May/2025:15:05:35 +0200] "GET /index.php/Alqalam/$$$call$$$/page/page/css?name=stylesheet HTTP/1.1" 200 10173 "https://www.journal.utripoli.edu.ly/index.php/Alqalam/article/view/626" "Mozilla/5.0 (Windows NT 10.0; Win64; x64) AppleWebKit/537.36 (KHTML, like Gecko) Chrome/136.0.0.0 Safari/537.36"
85.253.33.37 - - [06/May/2025:15:05:35 +0200] "GET /public/journals/1/styleSheet.css?d=2024-01-03+17%3A34%3A30 HTTP/1.1" 404 3913 "https://www.journal.utripoli.edu.ly/index.php/Alqalam/article/view/626" "Mozilla/5.0 (Windows NT 10.0; Win64; x64) AppleWebKit/537.36 (KHTML, like Gecko) Chrome/136.0.0.0 Safari/537.36"
85.253.33.37 - - [06/May/2025:15:05:35 +0200] "GET /lib/pkp/styles/fontawesome/fontawesome.css?v=3.3.0.14 HTTP/1.1" 200 7430 "https://www.journal.utripoli.edu.ly/index.php/Alqalam/article/view/626" "Mozilla/5.0 (Windows NT 10.0; Win64; x64) AppleWebKit/537.36 (KHTML, like Gecko) Chrome/136.0.0.0 Safari/537.36"
85.253.33.37 - - [06/May/2025:15:05:35 +0200] "GET /index.php/Alqalam/$$$call$$$/page/page/css?name=font HTTP/1.1" 200 380 "https://www.journal.utripoli.edu.ly/index.php/Alqalam/article/view/626" "Mozilla/5.0 (Windows NT 10.0; Win64; x64) AppleWebKit/537.36 (KHTML, like Gecko) Chrome/136.0.0.0 Safari/537.36"
85.253.33.37 - - [06/May/2025:15:05:35 +0200] "GET /public/journals/1/pageHeaderLogoImage_en_US.png HTTP/1.1" 200 77984 "https://www.journal.utripoli.edu.ly/index.php/Alqalam/article/view/626" "Mozilla/5.0 (Windows NT 10.0; Win64; x64) AppleWebKit/537.36 (KHTML, like Gecko) Chrome/136.0.0.0 Safari/537.36"
85.253.33.37 - - [06/May/2025:15:05:35 +0200] "GET /public/site/images/admin/images-7ebefdfe542a8ccb6c69ed6034ca26fd.jpg HTTP/1.1" 200 7228 "https://www.journal.utripoli.edu.ly/" "Mozilla/5.0 (Windows NT 10.0; Win64; x64) AppleWebKit/537.36 (KHTML, like Gecko) Chrome/136.0.0.0 Safari/537.36"
85.253.33.37 - - [06/May/2025:15:05:35 +0200] "GET /public/site/images/admin/whatsapp-image-2025-04-23-at-21.02.04-c9d49382.jpg HTTP/1.1" 200 36177 "https://www.journal.utripoli.edu.ly/" "Mozilla/5.0 (Windows NT 10.0; Win64; x64) AppleWebKit/537.36 (KHTML, like Gecko) Chrome/136.0.0.0 Safari/537.36"
85.253.33.37 - - [06/May/2025:15:05:35 +0200] "GET /lib/pkp/lib/vendor/components/jquery/jquery.min.js?v=3.3.0.14 HTTP/1.1" 200 89476 "https://www.journal.utripoli.edu.ly/index.php/Alqalam/article/view/626" "Mozilla/5.0 (Windows NT 10.0; Win64; x64) AppleWebKit/537.36 (KHTML, like Gecko) Chrome/136.0.0.0 Safari/537.36"
85.253.33.37 - - [06/May/2025:15:05:35 +0200] "GET /public/site/images/admin/ajol-logo.png HTTP/1.1" 200 21098 "https://www.journal.utripoli.edu.ly/" "Mozilla/5.0 (Windows NT 10.0; Win64; x64) AppleWebKit/537.36 (KHTML, like Gecko) Chrome/136.0.0.0 Safari/537.36"
85.253.33.37 - - [06/May/2025:15:05:35 +0200] "GET /plugins/themes/default/js/lib/popper/popper.js?v=3.3.0.14 HTTP/1.1" 200 81675 "https://www.journal.utripoli.edu.ly/index.php/Alqalam/article/view/626" "Mozilla/5.0 (Windows NT 10.0; Win64; x64) AppleWebKit/537.36 (KHTML, like Gecko) Chrome/136.0.0.0 Safari/537.36"
85.253.33.37 - - [06/May/2025:15:05:35 +0200] "GET /plugins/themes/default/js/lib/bootstrap/util.js?v=3.3.0.14 HTTP/1.1" 200 4193 "https://www.journal.utripoli.edu.ly/index.php/Alqalam/article/view/626" "Mozilla/5.0 (Windows NT 10.0; Win64; x64) AppleWebKit/537.36 (KHTML, like Gecko) Chrome/136.0.0.0 Safari/537.36"
85.253.33.37 - - [06/May/2025:15:05:35 +0200] "GET /plugins/themes/default/js/lib/bootstrap/dropdown.js?v=3.3.0.14 HTTP/1.1" 200 13932 "https://www.journal.utripoli.edu.ly/index.php/Alqalam/article/view/626" "Mozilla/5.0 (Windows NT 10.0; Win64; x64) AppleWebKit/537.36 (KHTML, like Gecko) Chrome/136.0.0.0 Safari/537.36"
85.253.33.37 - - [06/May/2025:15:05:35 +0200] "GET /public/site/images/admin/blobid0-db525be3a52385e067c75304370e3cd3.png HTTP/1.1" 200 4348 "https://www.journal.utripoli.edu.ly/" "Mozilla/5.0 (Windows NT 10.0; Win64; x64) AppleWebKit/537.36 (KHTML, like Gecko) Chrome/136.0.0.0 Safari/537.36"
85.253.33.37 - - [06/May/2025:15:05:35 +0200] "GET /public/site/images/admin/blobid0.png HTTP/1.1" 200 3474 "https://www.journal.utripoli.edu.ly/" "Mozilla/5.0 (Windows NT 10.0; Win64; x64) AppleWebKit/537.36 (KHTML, like Gecko) Chrome/136.0.0.0 Safari/537.36"
85.253.33.37 - - [06/May/2025:15:05:35 +0200] "GET /public/site/images/admin/blobid0-9158c27dc6489c3248b1e7d631a921ab.png HTTP/1.1" 200 6004 "https://www.journal.utripoli.edu.ly/" "Mozilla/5.0 (Windows NT 10.0; Win64; x64) AppleWebKit/537.36 (KHTML, like Gecko) Chrome/136.0.0.0 Safari/537.36"
85.253.33.37 - - [06/May/2025:15:05:35 +0200] "GET /public/site/images/admin/images.png HTTP/1.1" 200 5043 "https://www.journal.utripoli.edu.ly/" "Mozilla/5.0 (Windows NT 10.0; Win64; x64) AppleWebKit/537.36 (KHTML, like Gecko) Chrome/136.0.0.0 Safari/537.36"
85.253.33.37 - - [06/May/2025:15:05:35 +0200] "GET /public/site/images/admin/orcid-logo-with-tagline.svg.png HTTP/1.1" 200 25660 "https://www.journal.utripoli.edu.ly/" "Mozilla/5.0 (Windows NT 10.0; Win64; x64) AppleWebKit/537.36 (KHTML, like Gecko) Chrome/136.0.0.0 Safari/537.36"
85.253.33.37 - - [06/May/2025:15:05:35 +0200] "GET /lib/pkp/styles/fontawesome/fontawesome-webfont.woff2?v=4.7.0 HTTP/1.1" 200 77160 "https://www.journal.utripoli.edu.ly/lib/pkp/styles/fontawesome/fontawesome.css?v=3.3.0.14" "Mozilla/5.0 (Windows NT 10.0; Win64; x64) AppleWebKit/537.36 (KHTML, like Gecko) Chrome/136.0.0.0 Safari/537.36"
85.253.33.37 - - [06/May/2025:15:05:35 +0200] "GET /plugins/generic/citationStyleLanguage/js/articleCitation.js?v=3.3.0.14 HTTP/1.1" 200 3070 "https://www.journal.utripoli.edu.ly/index.php/Alqalam/article/view/626" "Mozilla/5.0 (Windows NT 10.0; Win64; x64) AppleWebKit/537.36 (KHTML, like Gecko) Chrome/136.0.0.0 Safari/537.36"
85.253.33.37 - - [06/May/2025:15:05:35 +0200] "GET /plugins/themes/default/js/main.js?v=3.3.0.14 HTTP/1.1" 200 3160 "https://www.journal.utripoli.edu.ly/index.php/Alqalam/article/view/626" "Mozilla/5.0 (Windows NT 10.0; Win64; x64) AppleWebKit/537.36 (KHTML, like Gecko) Chrome/136.0.0.0 Safari/537.36"
85.253.33.37 - - [06/May/2025:15:05:35 +0200] "GET /lib/pkp/lib/vendor/components/jqueryui/jquery-ui.min.js?v=3.3.0.14 HTTP/1.1" 200 253669 "https://www.journal.utripoli.edu.ly/index.php/Alqalam/article/view/626" "Mozilla/5.0 (Windows NT 10.0; Win64; x64) AppleWebKit/537.36 (KHTML, like Gecko) Chrome/136.0.0.0 Safari/537.36"
85.253.33.37 - - [06/May/2025:15:05:35 +0200] "GET /public/journals/1/cover_issue_25_en_US.png HTTP/1.1" 200 1606223 "https://www.journal.utripoli.edu.ly/index.php/Alqalam/article/view/626" "Mozilla/5.0 (Windows NT 10.0; Win64; x64) AppleWebKit/537.36 (KHTML, like Gecko) Chrome/136.0.0.0 Safari/537.36"
85.253.33.37 - - [06/May/2025:15:05:35 +0200] "GET /templates/images/ojs_brand.png HTTP/1.1" 200 13150 "https://www.journal.utripoli.edu.ly/index.php/Alqalam/article/view/626" "Mozilla/5.0 (Windows NT 10.0; Win64; x64) AppleWebKit/537.36 (KHTML, like Gecko) Chrome/136.0.0.0 Safari/537.36"
85.253.33.37 - - [06/May/2025:15:05:36 +0200] "GET /plugins/themes/default/fonts/noto-serif-v9-vietnamese_latin-ext_latin_greek-ext_greek_cyrillic-ext_cyrillic-regular.woff2 HTTP/1.1" 200 154816 "https://www.journal.utripoli.edu.ly/" "Mozilla/5.0 (Windows NT 10.0; Win64; x64) AppleWebKit/537.36 (KHTML, like Gecko) Chrome/136.0.0.0 Safari/537.36"
85.253.33.37 - - [06/May/2025:15:05:36 +0200] "GET /plugins/themes/default/fonts/noto-serif-v9-vietnamese_latin-ext_latin_greek-ext_greek_cyrillic-ext_cyrillic-700.woff2 HTTP/1.1" 200 167372 "https://www.journal.utripoli.edu.ly/" "Mozilla/5.0 (Windows NT 10.0; Win64; x64) AppleWebKit/537.36 (KHTML, like Gecko) Chrome/136.0.0.0 Safari/537.36"
47.82.13.244 - - [06/May/2025:15:05:36 +0200] "GET /index.php/Alqalam/article/view/322 HTTP/1.1" 200 8517 "-" "Mozilla/5.0 (Linux; Android 10; K) AppleWebKit/537.36 (KHTML, like Gecko) Chrome/122.0.0.0 Mobile Safari/537.36"
68.221.75.18 - - [06/May/2025:15:05:37 +0200] "GET /index.php/Alqalam/article/view/816/679 HTTP/1.1" 302 - "-" "Mozilla/5.0 AppleWebKit/537.36 (KHTML, like Gecko); compatible; ChatGPT-User/1.0; +https://openai.com/bot"
85.253.33.37 - - [06/May/2025:15:05:37 +0200] "GET /plugins/themes/default/fonts/noto-serif-v9-vietnamese_latin-ext_latin_greek-ext_greek_cyrillic-ext_cyrillic-700.woff HTTP/1.1" 200 210000 "https://www.journal.utripoli.edu.ly/" "Mozilla/5.0 (Windows NT 10.0; Win64; x64) AppleWebKit/537.36 (KHTML, like Gecko) Chrome/136.0.0.0 Safari/537.36"
85.253.33.37 - - [06/May/2025:15:05:37 +0200] "GET /plugins/themes/default/fonts/noto-serif-v9-vietnamese_latin-ext_latin_greek-ext_greek_cyrillic-ext_cyrillic-regular.woff HTTP/1.1" 200 194208 "https://www.journal.utripoli.edu.ly/" "Mozilla/5.0 (Windows NT 10.0; Win64; x64) AppleWebKit/537.36 (KHTML, like Gecko) Chrome/136.0.0.0 Safari/537.36"
194.233.80.159 - - [06/May/2025:15:05:37 +0200] "GET /assets/plugins/datatables/extensions/Responsive/examples/ HTTP/1.1" 404 3913 "-" "Mozilla/5.0 (X11; U; Linux x86_64; en-US; rv:1.9.0.8) Gecko/2009033100 Ubuntu/9.04 (jaunty) Firefox/3.0.8"
85.253.33.37 - - [06/May/2025:15:05:37 +0200] "GET /plugins/themes/default/fonts/noto-serif-v9-vietnamese_latin-ext_latin_greek-ext_greek_cyrillic-ext_cyrillic-700.ttf HTTP/1.1" 200 348024 "https://www.journal.utripoli.edu.ly/" "Mozilla/5.0 (Windows NT 10.0; Win64; x64) AppleWebKit/537.36 (KHTML, like Gecko) Chrome/136.0.0.0 Safari/537.36"
85.253.33.37 - - [06/May/2025:15:05:37 +0200] "GET /public/journals/1/favicon_en_US.png HTTP/1.1" 404 3913 "https://www.journal.utripoli.edu.ly/index.php/Alqalam/article/view/626" "Mozilla/5.0 (Windows NT 10.0; Win64; x64) AppleWebKit/537.36 (KHTML, like Gecko) Chrome/136.0.0.0 Safari/537.36"
68.221.75.18 - - [06/May/2025:15:05:37 +0200] "GET /index.php/Alqalam/article/download/816/679 HTTP/1.1" 200 686748 "-" "Mozilla/5.0 AppleWebKit/537.36 (KHTML, like Gecko); compatible; ChatGPT-User/1.0; +https://openai.com/bot"
85.253.33.37 - - [06/May/2025:15:05:37 +0200] "GET /plugins/themes/default/fonts/noto-serif-v9-vietnamese_latin-ext_latin_greek-ext_greek_cyrillic-ext_cyrillic-regular.ttf HTTP/1.1" 200 329320 "https://www.journal.utripoli.edu.ly/" "Mozilla/5.0 (Windows NT 10.0; Win64; x64) AppleWebKit/537.36 (KHTML, like Gecko) Chrome/136.0.0.0 Safari/537.36"
194.233.80.159 - - [06/May/2025:15:05:41 +0200] "GET /assets/plugins/datatables/extensions/Responsive/examples/child-rows/ HTTP/1.1" 404 3913 "-" "Mozilla/5.0 (X11; U; Linux x86_64; en-US; rv:1.9.0.8) Gecko/2009033100 Ubuntu/9.04 (jaunty) Firefox/3.0.8"
54.36.149.19 - - [06/May/2025:15:05:44 +0200] "GET /index.php/Alqalam/article/view/660 HTTP/1.1" 200 9005 "-" "Mozilla/5.0 (compatible; AhrefsBot/7.0; +http://ahrefs.com/robot/)"
194.233.80.159 - - [06/May/2025:15:05:47 +0200] "GET /assets/plugins/datatables/extensions/Responsive/examples/display-control/ HTTP/1.1" 404 3913 "-" "Mozilla/5.0 (X11; U; Linux x86_64; en-US; rv:1.9.0.8) Gecko/2009033100 Ubuntu/9.04 (jaunty) Firefox/3.0.8"
18.219.195.35 - - [06/May/2025:15:05:53 +0200] "GET /index.php/Alqalam/article/view/155?articlesBySimilarityPage=42 HTTP/1.1" 200 8698 "-" "Mozilla/5.0 AppleWebKit/537.36 (KHTML, like Gecko; compatible; ClaudeBot/1.0; +claudebot@anthropic.com)"
152.53.86.252 - - [06/May/2025:15:05:58 +0200] "GET /index.php/Alqalam/article/view/257?articlesBySimilarityPage=5 HTTP/1.1" 200 7434 "-" "Mozilla/5.0 (Windows NT 10.0; Win64; x64) AppleWebKit/537.36 (KHTML, like Gecko) Chrome/100.0.8346.265 Safari/537.36"
