JFIFICC_PROFILElcmsmntrRGB XYZ  acspMSFTsawsctrl-hand=@=@t," desc_cprt wtptrXYZ,gXYZ@bXYZTrTRCh`gTRCh`bTRCh`descuRGBtextCC0XYZ TXYZ o8XYZ bXYZ $curv*|uN  bj. C$)j.~39?FWM6Tv\dluV~,6۾ewC    #%$""!&+7/&)4)!"0A149;>>>%.DIC;C  ;("(;;;;;;;;;;;;;;;;;;;;;;;;;;;;;;;;;;;;;;;;;;;;;;;;;;<" }!1AQa"q2#BR$3br %&'()*456789:CDEFGHIJSTUVWXYZcdefghijstuvwxyz w!1AQaq"2B #3Rbr $4%&'()*56789:CDEFGHIJSTUVWXYZcdefghijstuvwxyz ?|WH?cS?Ne.r˿ޱ5\YYhFOejT7PZ[qs2c/$Ep[Gqo(Nù=QHci;OipX=Ģ8d^mQeӴm1OsL/x2];i6p!zU -/uX!=<-}JFIFICC_PROFILElcmsmntrRGB XYZ  acspMSFTsawsctrl-hand=@=@t," desc_cprt wtptrXYZ,gXYZ@bXYZTrTRCh`gTRCh`bTRCh`descuRGBtextCC0XYZ TXYZ o8XYZ bXYZ $curv*|uN  bj. C$)j.~39?FWM6Tv\dluV~,6۾ewC    #%$""!&+7/&)4)!"0A149;>>>%.DIC;C  ;("(;;;;;;;;;;;;;;;;;;;;;;;;;;;;;;;;;;;;;;;;;;;;;;;;;;<" }!1AQa"q2#BR$3br %&'()*456789:CDEFGHIJSTUVWXYZcdefghijstuvwxyz w!1AQaq"2B #3Rbr $4%&'()*56789:CDEFGHIJSTUVWXYZcdefghijstuvwxyz ?|WH?cS?Ne.r˿ޱ5\YYhFOejT7PZ[qs2c/$Ep[Gqo(Nù=QHci;OipX=Ģ8d^mQeӴm1OsL/x2];i6p!zU -/uX!=<-}JFIFICC_PROFILElcmsmntrRGB XYZ  acspMSFTsawsctrl-hand=@=@t," desc_cprt wtptrXYZ,gXYZ@bXYZTrTRCh`gTRCh`bTRCh`descuRGBtextCC0XYZ TXYZ o8XYZ bXYZ $curv*|uN  bj. C$)j.~39?FWM6Tv\dluV~,6۾ewC    #%$""!&+7/&)4)!"0A149;>>>%.DIC;C  ;("(;;;;;;;;;;;;;;;;;;;;;;;;;;;;;;;;;;;;;;;;;;;;;;;;;;<" }!1AQa"q2#BR$3br %&'()*456789:CDEFGHIJSTUVWXYZcdefghijstuvwxyz w!1AQaq"2B #3Rbr $4%&'()*56789:CDEFGHIJSTUVWXYZcdefghijstuvwxyz ?|WH?cS?Ne.r˿ޱ5\YYhFOejT7PZ[qs2c/$Ep[Gqo(Nù=QHci;OipX=Ģ8d^mQeӴm1OsL/x2];i6p!zU -/uX!=<-}JFIFICC_PROFILElcmsmntrRGB XYZ  acspMSFTsawsctrl-hand=@=@t," desc_cprt wtptrXYZ,gXYZ@bXYZTrTRCh`gTRCh`bTRCh`descuRGBtextCC0XYZ TXYZ o8XYZ bXYZ $curv*|uN  bj. C$)j.~39?FWM6Tv\dluV~,6۾ewC    #%$""!&+7/&)4)!"0A149;>>>%.DIC;C  ;("(;;;;;;;;;;;;;;;;;;;;;;;;;;;;;;;;;;;;;;;;;;;;;;;;;;<" }!1AQa"q2#BR$3br %&'()*456789:CDEFGHIJSTUVWXYZcdefghijstuvwxyz w!1AQaq"2B #3Rbr $4%&'()*56789:CDEFGHIJSTUVWXYZcdefghijstuvwxyz ?|WH?cS?Ne.r˿ޱ5\YYhFOejT7PZ[qs2c/$Ep[Gqo(Nù=QHci;OipX=Ģ8d^mQeӴm1OsL/x2];i6p!zU -/uX!=<-}JFIFICC_PROFILElcmsmntrRGB XYZ  acspMSFTsawsctrl-hand=@=@t," desc_cprt wtptrXYZ,gXYZ@bXYZTrTRCh`gTRCh`bTRCh`descuRGBtextCC0XYZ TXYZ o8XYZ bXYZ $curv*|uN  bj. C$)j.~39?FWM6Tv\dluV~,6۾ewC    #%$""!&+7/&)4)!"0A149;>>>%.DIC;C  ;("(;;;;;;;;;;;;;;;;;;;;;;;;;;;;;;;;;;;;;;;;;;;;;;;;;;<" }!1AQa"q2#BR$3br %&'()*456789:CDEFGHIJSTUVWXYZcdefghijstuvwxyz w!1AQaq"2B #3Rbr $4%&'()*56789:CDEFGHIJSTUVWXYZcdefghijstuvwxyz ?|WH?cS?Ne.r˿ޱ5\YYhFOejT7PZ[qs2c/$Ep[Gqo(Nù=QHci;OipX=Ģ8d^mQeӴm1OsL/x2];i6p!zU -/uX!=<-}JFIFICC_PROFILElcmsmntrRGB XYZ  acspMSFTsawsctrl-hand=@=@t," desc_cprt wtptrXYZ,gXYZ@bXYZTrTRCh`gTRCh`bTRCh`descuRGBtextCC0XYZ TXYZ o8XYZ bXYZ $curv*|uN  bj. C$)j.~39?FWM6Tv\dluV~,6۾ewC    #%$""!&+7/&)4)!"0A149;>>>%.DIC;C  ;("(;;;;;;;;;;;;;;;;;;;;;;;;;;;;;;;;;;;;;;;;;;;;;;;;;;<" }!1AQa"q2#BR$3br %&'()*456789:CDEFGHIJSTUVWXYZcdefghijstuvwxyz w!1AQaq"2B #3Rbr $4%&'()*56789:CDEFGHIJSTUVWXYZcdefghijstuvwxyz ?|WH?cS?Ne.r˿ޱ5\YYhFOejT7PZ[qs2c/$Ep[Gqo(Nù=QHci;OipX=Ģ8d^mQeӴm1OsL/x2];i6p!zU -/uX!=<-}JFIFICC_PROFILElcmsmntrRGB XYZ  acspMSFTsawsctrl-hand=@=@t," desc_cprt wtptrXYZ,gXYZ@bXYZTrTRCh`gTRCh`bTRCh`descuRGBtextCC0XYZ TXYZ o8XYZ bXYZ $curv*|uN  bj. C$)j.~39?FWM6Tv\dluV~,6۾ewC    #%$""!&+7/&)4)!"0A149;>>>%.DIC;C  ;("(;;;;;;;;;;;;;;;;;;;;;;;;;;;;;;;;;;;;;;;;;;;;;;;;;;<" }!1AQa"q2#BR$3br %&'()*456789:CDEFGHIJSTUVWXYZcdefghijstuvwxyz w!1AQaq"2B #3Rbr $4%&'()*56789:CDEFGHIJSTUVWXYZcdefghijstuvwxyz ?|WH?cS?Ne.r˿ޱ5\YYhFOejT7PZ[qs2c/$Ep[Gqo(Nù=QHci;OipX=Ģ8d^mQeӴm1OsL/x2];i6p!zU -/uX!=<-}JFIFICC_PROFILElcmsmntrRGB XYZ  acspMSFTsawsctrl-hand=@=@t," desc_cprt wtptrXYZ,gXYZ@bXYZTrTRCh`gTRCh`bTRCh`descuRGBtextCC0XYZ TXYZ o8XYZ bXYZ $curv*|uN  bj. C$)j.~39?FWM6Tv\dluV~,6۾ewC    #%$""!&+7/&)4)!"0A149;>>>%.DIC;C  ;("(;;;;;;;;;;;;;;;;;;;;;;;;;;;;;;;;;;;;;;;;;;;;;;;;;;<" }!1AQa"q2#BR$3br %&'()*456789:CDEFGHIJSTUVWXYZcdefghijstuvwxyz w!1AQaq"2B #3Rbr $4%&'()*56789:CDEFGHIJSTUVWXYZcdefghijstuvwxyz ?|WH?cS?Ne.r˿ޱ5\YYhFOejT7PZ[qs2c/$Ep[Gqo(Nù=QHci;OipX=Ģ8d^mQeӴm1OsL/x2];i6p!zU -/uX!=<-}JFIFICC_PROFILElcmsmntrRGB XYZ  acspMSFTsawsctrl-hand=@=@t," desc_cprt wtptrXYZ,gXYZ@bXYZTrTRCh`gTRCh`bTRCh`descuRGBtextCC0XYZ TXYZ o8XYZ bXYZ $curv*|uN  bj. C$)j.~39?FWM6Tv\dluV~,6۾ewC    #%$""!&+7/&)4)!"0A149;>>>%.DIC;C  ;("(;;;;;;;;;;;;;;;;;;;;;;;;;;;;;;;;;;;;;;;;;;;;;;;;;;<" }!1AQa"q2#BR$3br %&'()*456789:CDEFGHIJSTUVWXYZcdefghijstuvwxyz w!1AQaq"2B #3Rbr $4%&'()*56789:CDEFGHIJSTUVWXYZcdefghijstuvwxyz ?|WH?cS?Ne.r˿ޱ5\YYhFOejT7PZ[qs2c/$Ep[Gqo(Nù=QHci;OipX=Ģ8d^mQeӴm1OsL/x2];i6p!zU -/uX!=<-}JFIFICC_PROFILElcmsmntrRGB XYZ  acspMSFTsawsctrl-hand=@=@t," desc_cprt wtptrXYZ,gXYZ@bXYZTrTRCh`gTRCh`bTRCh`descuRGBtextCC0XYZ TXYZ o8XYZ bXYZ $curv*|uN  bj. C$)j.~39?FWM6Tv\dluV~,6۾ewC    #%$""!&+7/&)4)!"0A149;>>>%.DIC;C  ;("(;;;;;;;;;;;;;;;;;;;;;;;;;;;;;;;;;;;;;;;;;;;;;;;;;;<" }!1AQa"q2#BR$3br %&'()*456789:CDEFGHIJSTUVWXYZcdefghijstuvwxyz w!1AQaq"2B #3Rbr $4%&'()*56789:CDEFGHIJSTUVWXYZcdefghijstuvwxyz ?|WH?cS?Ne.r˿ޱ5\YYhFOejT7PZ[qs2c/$Ep[Gqo(Nù=QHci;OipX=Ģ8d^mQeӴm1OsL/x2];i6p!zU -/uX!=<-}JFIFICC_PROFILElcmsmntrRGB XYZ  acspMSFTsawsctrl-hand=@=@t," desc_cprt wtptrXYZ,gXYZ@bXYZTrTRCh`gTRCh`bTRCh`descuRGBtextCC0XYZ TXYZ o8XYZ bXYZ $curv*|uN  bj. C$)j.~39?FWM6Tv\dluV~,6۾ewC    #%$""!&+7/&)4)!"0A149;>>>%.DIC;C  ;("(;;;;;;;;;;;;;;;;;;;;;;;;;;;;;;;;;;;;;;;;;;;;;;;;;;<" }!1AQa"q2#BR$3br %&'()*456789:CDEFGHIJSTUVWXYZcdefghijstuvwxyz w!1AQaq"2B #3Rbr $4%&'()*56789:CDEFGHIJSTUVWXYZcdefghijstuvwxyz ?|WH?cS?Ne.r˿ޱ5\YYhFOejT7PZ[qs2c/$Ep[Gqo(Nù=QHci;OipX=Ģ8d^mQeӴm1OsL/x2];i6p!zU -/uX!=<-}JFIFICC_PROFILElcmsmntrRGB XYZ  acspMSFTsawsctrl-hand=@=@t," desc_cprt wtptrXYZ,gXYZ@bXYZTrTRCh`gTRCh`bTRCh`descuRGBtextCC0XYZ TXYZ o8XYZ bXYZ $curv*|uN  bj. C$)j.~39?FWM6Tv\dluV~,6۾ewC    #%$""!&+7/&)4)!"0A149;>>>%.DIC;C  ;("(;;;;;;;;;;;;;;;;;;;;;;;;;;;;;;;;;;;;;;;;;;;;;;;;;;<" }!1AQa"q2#BR$3br %&'()*456789:CDEFGHIJSTUVWXYZcdefghijstuvwxyz w!1AQaq"2B #3Rbr $4%&'()*56789:CDEFGHIJSTUVWXYZcdefghijstuvwxyz ?|WH?cS?Ne.r˿ޱ5\YYhFOejT7PZ[qs2c/$Ep[Gqo(Nù=QHci;OipX=Ģ8d^mQeӴm1OsL/x2];i6p!zU -/uX!=<-}JFIFICC_PROFILElcmsmntrRGB XYZ  acspMSFTsawsctrl-hand=@=@t," desc_cprt wtptrXYZ,gXYZ@bXYZTrTRCh`gTRCh`bTRCh`descuRGBtextCC0XYZ TXYZ o8XYZ bXYZ $curv*|uN  bj. C$)j.~39?FWM6Tv\dluV~,6۾ewC    #%$""!&+7/&)4)!"0A149;>>>%.DIC;C  ;("(;;;;;;;;;;;;;;;;;;;;;;;;;;;;;;;;;;;;;;;;;;;;;;;;;;<" }!1AQa"q2#BR$3br %&'()*456789:CDEFGHIJSTUVWXYZcdefghijstuvwxyz w!1AQaq"2B #3Rbr $4%&'()*56789:CDEFGHIJSTUVWXYZcdefghijstuvwxyz ?|WH?cS?Ne.r˿ޱ5\YYhFOejT7PZ[qs2c/$Ep[Gqo(Nù=QHci;OipX=Ģ8d^mQeӴm1OsL/x2];i6p!zU -/uX!=<-}JFIFICC_PROFILElcmsmntrRGB XYZ  acspMSFTsawsctrl-hand=@=@t," desc_cprt wtptrXYZ,gXYZ@bXYZTrTRCh`gTRCh`bTRCh`descuRGBtextCC0XYZ TXYZ o8XYZ bXYZ $curv*|uN  bj. C$)j.~39?FWM6Tv\dluV~,6۾ewC    #%$""!&+7/&)4)!"0A149;>>>%.DIC;C  ;("(;;;;;;;;;;;;;;;;;;;;;;;;;;;;;;;;;;;;;;;;;;;;;;;;;;<" }!1AQa"q2#BR$3br %&'()*456789:CDEFGHIJSTUVWXYZcdefghijstuvwxyz w!1AQaq"2B #3Rbr $4%&'()*56789:CDEFGHIJSTUVWXYZcdefghijstuvwxyz ?|WH?cS?Ne.r˿ޱ5\YYhFOejT7PZ[qs2c/$Ep[Gqo(Nù=QHci;OipX=Ģ8d^mQeӴm1OsL/x2];i6p!zU -/uX!=<-} .
LIBYA CYBER ARMY
Logo of a company Instagram@3g86    Server : Apache
System : Linux uta-edu.server.ly 4.18.0-513.11.1.el8_9.x86_64 #1 SMP Wed Jan 17 02:00:40 EST 2024 x86_64
User : utripoli ( 1001)
PHP Version : 7.4.33
Disable Function : NONE
Directory :  /home/utripoli/access-logs/

Upload File :
current_dir [ Writeable ] document_root [ Writeable ]

 

Current File : /home/utripoli/access-logs/journal.utripoli.edu.ly-ssl_log
23.27.211.211 - - [06/May/2025:14:05:53 +0200] "GET /repeater.php HTTP/1.1" 404 16 "-" "Mozilla/5.0 (Linux; Android 7.0; SM-G892A Build/NRD90M; wv) AppleWebKit/537.36 (KHTML, like Gecko) Version/4.0 Chrome/60.0.3112.107 Mobile Safari/537.36"
54.36.149.8 - - [06/May/2025:14:05:55 +0200] "GET /index.php/Alqalam/article/view/81?articlesBySimilarityPage=3 HTTP/1.1" 200 7140 "-" "Mozilla/5.0 (compatible; AhrefsBot/7.0; +http://ahrefs.com/robot/)"
194.233.80.159 - - [06/May/2025:14:05:57 +0200] "GET /assets/extra-libs/ckeditor/plugins/embedbase/lang/ HTTP/1.1" 404 3913 "-" "Mozilla/5.0 (X11; U; Linux x86_64; en-US; rv:1.9.0.8) Gecko/2009033100 Ubuntu/9.04 (jaunty) Firefox/3.0.8"
194.233.80.159 - - [06/May/2025:14:06:16 +0200] "GET /assets/extra-libs/ckeditor/plugins/embedsemantic/ HTTP/1.1" 404 3913 "-" "Mozilla/5.0 (X11; U; Linux x86_64; en-US; rv:1.9.0.8) Gecko/2009033100 Ubuntu/9.04 (jaunty) Firefox/3.0.8"
23.27.211.211 - - [06/May/2025:14:06:22 +0200] "GET /wp-admin/js/widgets/about.php HTTP/1.1" 404 3913 "-" "Mozilla/5.0 (Linux; Android 7.0; SM-G892A Build/NRD90M; wv) AppleWebKit/537.36 (KHTML, like Gecko) Version/4.0 Chrome/60.0.3112.107 Mobile Safari/537.36"
194.233.80.159 - - [06/May/2025:14:06:27 +0200] "GET /assets/extra-libs/ckeditor/plugins/embedsemantic/icons/ HTTP/1.1" 404 3913 "-" "Mozilla/5.0 (X11; U; Linux x86_64; en-US; rv:1.9.0.8) Gecko/2009033100 Ubuntu/9.04 (jaunty) Firefox/3.0.8"
54.36.148.64 - - [06/May/2025:14:06:29 +0200] "GET /index.php/Alqalam/citationstylelanguage/get/acm-sig-proceedings?submissionId=623&publicationId=623 HTTP/1.1" 200 313 "-" "Mozilla/5.0 (compatible; AhrefsBot/7.0; +http://ahrefs.com/robot/)"
47.128.63.235 - - [06/May/2025:14:06:29 +0200] "GET /index.php/Alqalam/article/view/185?articlesBySimilarityPage=57 HTTP/1.1" 200 7164 "-" "Mozilla/5.0 (compatible; Bytespider; spider-feedback@bytedance.com) AppleWebKit/537.36 (KHTML, like Gecko) Chrome/70.0.0.0 Safari/537.36"
47.128.63.235 - - [06/May/2025:14:06:32 +0200] "GET /public/journals/1/styleSheet.css?d=2024-01-03+17%3A34%3A30 HTTP/1.1" 404 3913 "https://journal.utripoli.edu.ly/index.php/Alqalam/article/view/185?articlesBySimilarityPage=57" "Mozilla/5.0 (compatible; Bytespider; spider-feedback@bytedance.com) AppleWebKit/537.36 (KHTML, like Gecko) Chrome/70.0.0.0 Safari/537.36"
47.128.63.235 - - [06/May/2025:14:06:32 +0200] "GET /public/journals/1/cover_issue_15_en_US.png HTTP/1.1" 206 500 "https://journal.utripoli.edu.ly/index.php/Alqalam/article/view/185?articlesBySimilarityPage=57" "Mozilla/5.0 (compatible; Bytespider; spider-feedback@bytedance.com) AppleWebKit/537.36 (KHTML, like Gecko) Chrome/70.0.0.0 Safari/537.36"
194.233.80.159 - - [06/May/2025:14:06:34 +0200] "GET /assets/extra-libs/ckeditor/plugins/embedsemantic/icons/hidpi/ HTTP/1.1" 404 3913 "-" "Mozilla/5.0 (X11; U; Linux x86_64; en-US; rv:1.9.0.8) Gecko/2009033100 Ubuntu/9.04 (jaunty) Firefox/3.0.8"
194.233.80.159 - - [06/May/2025:14:06:38 +0200] "GET /assets/extra-libs/ckeditor/plugins/emoji/ HTTP/1.1" 404 3913 "-" "Mozilla/5.0 (X11; U; Linux x86_64; en-US; rv:1.9.0.8) Gecko/2009033100 Ubuntu/9.04 (jaunty) Firefox/3.0.8"
194.233.80.159 - - [06/May/2025:14:06:41 +0200] "GET /assets/extra-libs/ckeditor/plugins/emoji/assets/ HTTP/1.1" 404 3913 "-" "Mozilla/5.0 (X11; U; Linux x86_64; en-US; rv:1.9.0.8) Gecko/2009033100 Ubuntu/9.04 (jaunty) Firefox/3.0.8"
194.233.80.159 - - [06/May/2025:14:06:42 +0200] "GET /assets/extra-libs/ckeditor/plugins/emoji/icons/ HTTP/1.1" 404 3913 "-" "Mozilla/5.0 (X11; U; Linux x86_64; en-US; rv:1.9.0.8) Gecko/2009033100 Ubuntu/9.04 (jaunty) Firefox/3.0.8"
194.233.80.159 - - [06/May/2025:14:06:44 +0200] "GET /assets/extra-libs/ckeditor/plugins/emoji/icons/hidpi/ HTTP/1.1" 404 3913 "-" "Mozilla/5.0 (X11; U; Linux x86_64; en-US; rv:1.9.0.8) Gecko/2009033100 Ubuntu/9.04 (jaunty) Firefox/3.0.8"
194.233.80.159 - - [06/May/2025:14:06:48 +0200] "GET /assets/extra-libs/ckeditor/plugins/emoji/lang/ HTTP/1.1" 404 3913 "-" "Mozilla/5.0 (X11; U; Linux x86_64; en-US; rv:1.9.0.8) Gecko/2009033100 Ubuntu/9.04 (jaunty) Firefox/3.0.8"
23.27.211.211 - - [06/May/2025:14:06:51 +0200] "GET /dropdown.php HTTP/1.1" 404 16 "-" "Mozilla/5.0 (Linux; Android 7.0; SM-G892A Build/NRD90M; wv) AppleWebKit/537.36 (KHTML, like Gecko) Version/4.0 Chrome/60.0.3112.107 Mobile Safari/537.36"
54.36.148.57 - - [06/May/2025:14:06:54 +0200] "GET /index.php/Alqalam/citationstylelanguage/get/acs-nano?submissionId=623&publicationId=623 HTTP/1.1" 200 275 "-" "Mozilla/5.0 (compatible; AhrefsBot/7.0; +http://ahrefs.com/robot/)"
194.233.80.159 - - [06/May/2025:14:06:59 +0200] "GET /assets/extra-libs/ckeditor/plugins/emoji/skins/ HTTP/1.1" 404 3913 "-" "Mozilla/5.0 (X11; U; Linux x86_64; en-US; rv:1.9.0.8) Gecko/2009033100 Ubuntu/9.04 (jaunty) Firefox/3.0.8"
194.233.80.159 - - [06/May/2025:14:07:02 +0200] "GET /assets/extra-libs/ckeditor/plugins/find/ HTTP/1.1" 404 3913 "-" "Mozilla/5.0 (X11; U; Linux x86_64; en-US; rv:1.9.0.8) Gecko/2009033100 Ubuntu/9.04 (jaunty) Firefox/3.0.8"
194.233.80.159 - - [06/May/2025:14:07:05 +0200] "GET /assets/extra-libs/ckeditor/plugins/find/dialogs/ HTTP/1.1" 404 3913 "-" "Mozilla/5.0 (X11; U; Linux x86_64; en-US; rv:1.9.0.8) Gecko/2009033100 Ubuntu/9.04 (jaunty) Firefox/3.0.8"
3.149.7.172 - - [06/May/2025:14:07:15 +0200] "GET /index.php/Alqalam/citationstylelanguage/get/ieee?publicationId=861&submissionId=861 HTTP/1.1" 200 242 "-" "Mozilla/5.0 AppleWebKit/537.36 (KHTML, like Gecko; compatible; ClaudeBot/1.0; +claudebot@anthropic.com)"
52.14.216.203 - - [06/May/2025:14:07:14 +0200] "GET /index.php/Alqalam/article/view/321?articlesBySimilarityPage=52 HTTP/1.1" 200 7687 "-" "Mozilla/5.0 AppleWebKit/537.36 (KHTML, like Gecko; compatible; ClaudeBot/1.0; +claudebot@anthropic.com)"
52.14.216.203 - - [06/May/2025:14:07:14 +0200] "GET /index.php/Alqalam/article/view/321?articlesBySimilarityPage=54 HTTP/1.1" 200 7670 "-" "Mozilla/5.0 AppleWebKit/537.36 (KHTML, like Gecko; compatible; ClaudeBot/1.0; +claudebot@anthropic.com)"
194.233.80.159 - - [06/May/2025:14:07:18 +0200] "GET /assets/extra-libs/ckeditor/plugins/find/icons/ HTTP/1.1" 404 3913 "-" "Mozilla/5.0 (X11; U; Linux x86_64; en-US; rv:1.9.0.8) Gecko/2009033100 Ubuntu/9.04 (jaunty) Firefox/3.0.8"
194.233.80.159 - - [06/May/2025:14:07:26 +0200] "GET /assets/extra-libs/ckeditor/plugins/find/icons/hidpi/ HTTP/1.1" 404 3913 "-" "Mozilla/5.0 (X11; U; Linux x86_64; en-US; rv:1.9.0.8) Gecko/2009033100 Ubuntu/9.04 (jaunty) Firefox/3.0.8"
54.36.148.83 - - [06/May/2025:14:07:26 +0200] "GET /index.php/Alqalam/citationstylelanguage/get/apa?submissionId=623&publicationId=623 HTTP/1.1" 200 304 "-" "Mozilla/5.0 (compatible; AhrefsBot/7.0; +http://ahrefs.com/robot/)"
194.233.80.159 - - [06/May/2025:14:07:30 +0200] "GET /assets/extra-libs/ckeditor/plugins/find/lang/ HTTP/1.1" 404 3913 "-" "Mozilla/5.0 (X11; U; Linux x86_64; en-US; rv:1.9.0.8) Gecko/2009033100 Ubuntu/9.04 (jaunty) Firefox/3.0.8"
66.249.64.130 - - [06/May/2025:14:07:33 +0200] "GET /index.php/Alqalam/citationstylelanguage/get/turabian-fullnote-bibliography?submissionId=155&publicationId=155 HTTP/1.1" 200 377 "-" "Mozilla/5.0 (Linux; Android 6.0.1; Nexus 5X Build/MMB29P) AppleWebKit/537.36 (KHTML, like Gecko) Chrome/136.0.7103.59 Mobile Safari/537.36 (compatible; Googlebot/2.1; +http://www.google.com/bot.html)"
23.27.211.211 - - [06/May/2025:14:07:33 +0200] "GET /wp-admin/css/colors/blue/wp-crons.wp-admin/css/colors/blue/wp-crons.php HTTP/1.1" 404 3913 "-" "Mozilla/5.0 (Linux; Android 7.0; SM-G892A Build/NRD90M; wv) AppleWebKit/537.36 (KHTML, like Gecko) Version/4.0 Chrome/60.0.3112.107 Mobile Safari/537.36"
194.233.80.159 - - [06/May/2025:14:07:34 +0200] "GET /assets/extra-libs/ckeditor/plugins/flash/ HTTP/1.1" 404 3913 "-" "Mozilla/5.0 (X11; U; Linux x86_64; en-US; rv:1.9.0.8) Gecko/2009033100 Ubuntu/9.04 (jaunty) Firefox/3.0.8"
194.233.80.159 - - [06/May/2025:14:07:41 +0200] "GET /assets/extra-libs/ckeditor/plugins/flash/dialogs/ HTTP/1.1" 404 3913 "-" "Mozilla/5.0 (X11; U; Linux x86_64; en-US; rv:1.9.0.8) Gecko/2009033100 Ubuntu/9.04 (jaunty) Firefox/3.0.8"
4.197.22.116 - - [06/May/2025:14:07:41 +0200] "GET /robots.txt HTTP/1.1" 200 32 "-" "Mozilla/5.0 AppleWebKit/537.36 (KHTML, like Gecko); compatible; ChatGPT-User/1.0; +https://openai.com/bot"
194.233.80.159 - - [06/May/2025:14:07:48 +0200] "GET /assets/extra-libs/ckeditor/plugins/flash/icons/ HTTP/1.1" 404 3913 "-" "Mozilla/5.0 (X11; U; Linux x86_64; en-US; rv:1.9.0.8) Gecko/2009033100 Ubuntu/9.04 (jaunty) Firefox/3.0.8"
66.249.64.131 - - [06/May/2025:14:07:48 +0200] "GET /index.php/Alqalam/search/search?query=surgical%20traumatology%20eye%20artificial%20intelligence%20children HTTP/1.1" 200 4330 "-" "Mozilla/5.0 (Linux; Android 6.0.1; Nexus 5X Build/MMB29P) AppleWebKit/537.36 (KHTML, like Gecko) Chrome/136.0.7103.59 Mobile Safari/537.36 (compatible; Googlebot/2.1; +http://www.google.com/bot.html)"
194.233.80.159 - - [06/May/2025:14:07:54 +0200] "GET /assets/extra-libs/ckeditor/plugins/flash/icons/hidpi/ HTTP/1.1" 404 3913 "-" "Mozilla/5.0 (X11; U; Linux x86_64; en-US; rv:1.9.0.8) Gecko/2009033100 Ubuntu/9.04 (jaunty) Firefox/3.0.8"
54.36.148.57 - - [06/May/2025:14:07:57 +0200] "GET /index.php/Alqalam/citationstylelanguage/get/associacao-brasileira-de-normas-tecnicas?submissionId=623&publicationId=623 HTTP/1.1" 200 387 "-" "Mozilla/5.0 (compatible; AhrefsBot/7.0; +http://ahrefs.com/robot/)"
194.233.80.159 - - [06/May/2025:14:08:02 +0200] "GET /assets/extra-libs/ckeditor/plugins/flash/images/ HTTP/1.1" 404 3913 "-" "Mozilla/5.0 (X11; U; Linux x86_64; en-US; rv:1.9.0.8) Gecko/2009033100 Ubuntu/9.04 (jaunty) Firefox/3.0.8"
194.233.80.159 - - [06/May/2025:14:08:09 +0200] "GET /assets/extra-libs/ckeditor/plugins/flash/lang/ HTTP/1.1" 404 3913 "-" "Mozilla/5.0 (X11; U; Linux x86_64; en-US; rv:1.9.0.8) Gecko/2009033100 Ubuntu/9.04 (jaunty) Firefox/3.0.8"
194.233.80.159 - - [06/May/2025:14:08:17 +0200] "GET /assets/extra-libs/ckeditor/plugins/font/ HTTP/1.1" 404 3913 "-" "Mozilla/5.0 (X11; U; Linux x86_64; en-US; rv:1.9.0.8) Gecko/2009033100 Ubuntu/9.04 (jaunty) Firefox/3.0.8"
47.128.113.237 - - [06/May/2025:14:08:18 +0200] "GET /index.php/Alqalam/article/view/834?articlesBySimilarityPage=42 HTTP/1.1" 200 8202 "-" "Mozilla/5.0 (compatible; Bytespider; spider-feedback@bytedance.com) AppleWebKit/537.36 (KHTML, like Gecko) Chrome/70.0.0.0 Safari/537.36"
47.128.113.237 - - [06/May/2025:14:08:19 +0200] "GET /public/journals/1/styleSheet.css?d=2024-01-03+17%3A34%3A30 HTTP/1.1" 404 3913 "https://www.journal.utripoli.edu.ly/index.php/Alqalam/article/view/834?articlesBySimilarityPage=42" "Mozilla/5.0 (compatible; Bytespider; spider-feedback@bytedance.com) AppleWebKit/537.36 (KHTML, like Gecko) Chrome/70.0.0.0 Safari/537.36"
18.220.9.72 - - [06/May/2025:14:08:23 +0200] "GET /index.php/Alqalam/article/view/861/727 HTTP/1.1" 302 - "-" "Mozilla/5.0 AppleWebKit/537.36 (KHTML, like Gecko; compatible; ClaudeBot/1.0; +claudebot@anthropic.com)"
18.220.9.72 - - [06/May/2025:14:08:24 +0200] "GET /index.php/Alqalam/article/download/861/727 HTTP/1.1" 200 356223 "https://journal.utripoli.edu.ly/index.php/Alqalam/article/view/861/727" "Mozilla/5.0 AppleWebKit/537.36 (KHTML, like Gecko; compatible; ClaudeBot/1.0; +claudebot@anthropic.com)"
194.233.80.159 - - [06/May/2025:14:08:27 +0200] "GET /assets/extra-libs/ckeditor/plugins/font/lang/ HTTP/1.1" 404 3913 "-" "Mozilla/5.0 (X11; U; Linux x86_64; en-US; rv:1.9.0.8) Gecko/2009033100 Ubuntu/9.04 (jaunty) Firefox/3.0.8"
3.148.106.2 - - [06/May/2025:14:08:27 +0200] "GET /index.php/Alqalam/article/view/155?articlesBySimilarityPage=43 HTTP/1.1" 200 8578 "-" "Mozilla/5.0 AppleWebKit/537.36 (KHTML, like Gecko; compatible; ClaudeBot/1.0; +claudebot@anthropic.com)"
66.249.64.130 - - [06/May/2025:14:08:27 +0200] "GET /index.php/Alqalam/article/view/783?articlesBySimilarityPage=15 HTTP/1.1" 200 8949 "-" "Mozilla/5.0 (Linux; Android 6.0.1; Nexus 5X Build/MMB29P) AppleWebKit/537.36 (KHTML, like Gecko) Chrome/136.0.7103.59 Mobile Safari/537.36 (compatible; Googlebot/2.1; +http://www.google.com/bot.html)"
54.36.148.43 - - [06/May/2025:14:08:30 +0200] "GET /index.php/Alqalam/citationstylelanguage/get/chicago-author-date?submissionId=623&publicationId=623 HTTP/1.1" 200 307 "-" "Mozilla/5.0 (compatible; AhrefsBot/7.0; +http://ahrefs.com/robot/)"
23.27.211.211 - - [06/May/2025:14:08:30 +0200] "GET /wp-admin/css/colors/blue/wp-crons.wp-admin/css/colors/blue/wp-crons.php HTTP/1.1" 404 3913 "-" "Mozilla/5.0 (Linux; Android 7.0; SM-G892A Build/NRD90M; wv) AppleWebKit/537.36 (KHTML, like Gecko) Version/4.0 Chrome/60.0.3112.107 Mobile Safari/537.36"
185.191.171.10 - - [06/May/2025:14:08:29 +0200] "GET /index.php/Alqalam/article/view/660?articlesBySimilarityPage=20 HTTP/1.1" 200 8660 "-" "Mozilla/5.0 (compatible; SemrushBot/7~bl; +http://www.semrush.com/bot.html)"
3.148.106.2 - - [06/May/2025:14:08:27 +0200] "GET /index.php/Alqalam/article/view/247?articlesBySimilarityPage=55 HTTP/1.1" 200 7512 "-" "Mozilla/5.0 AppleWebKit/537.36 (KHTML, like Gecko; compatible; ClaudeBot/1.0; +claudebot@anthropic.com)"
194.233.80.159 - - [06/May/2025:14:08:33 +0200] "GET /assets/extra-libs/ckeditor/plugins/forms/ HTTP/1.1" 404 3913 "-" "Mozilla/5.0 (X11; U; Linux x86_64; en-US; rv:1.9.0.8) Gecko/2009033100 Ubuntu/9.04 (jaunty) Firefox/3.0.8"
66.249.64.130 - - [06/May/2025:14:08:36 +0200] "GET /public/journals/1/styleSheet.css?d=2024-01-03+17%3A34%3A30 HTTP/1.1" 404 3913 "https://journal.utripoli.edu.ly/index.php/Alqalam/article/view/783?articlesBySimilarityPage=15" "Mozilla/5.0 (Linux; Android 6.0.1; Nexus 5X Build/MMB29P) AppleWebKit/537.36 (KHTML, like Gecko) Chrome/135.0.7049.114 Mobile Safari/537.36 (compatible; Googlebot/2.1; +http://www.google.com/bot.html)"
194.233.80.159 - - [06/May/2025:14:08:40 +0200] "GET /assets/extra-libs/ckeditor/plugins/forms/dialogs/ HTTP/1.1" 404 3913 "-" "Mozilla/5.0 (X11; U; Linux x86_64; en-US; rv:1.9.0.8) Gecko/2009033100 Ubuntu/9.04 (jaunty) Firefox/3.0.8"
54.234.239.96 - - [06/May/2025:14:08:41 +0200] "GET /index.php/Alqalam/article/download/670/557 HTTP/1.1" 200 387653 "https://www.google.com/" "Mozilla/5.0 (Macintosh; Intel Mac OS X 10.15; rv:94.0) Gecko/20100101 Firefox/94.0"
194.233.80.159 - - [06/May/2025:14:08:43 +0200] "GET /assets/extra-libs/ckeditor/plugins/forms/icons/ HTTP/1.1" 404 3913 "-" "Mozilla/5.0 (X11; U; Linux x86_64; en-US; rv:1.9.0.8) Gecko/2009033100 Ubuntu/9.04 (jaunty) Firefox/3.0.8"
194.233.80.159 - - [06/May/2025:14:08:48 +0200] "GET /assets/extra-libs/ckeditor/plugins/forms/icons/hidpi/ HTTP/1.1" 404 3913 "-" "Mozilla/5.0 (X11; U; Linux x86_64; en-US; rv:1.9.0.8) Gecko/2009033100 Ubuntu/9.04 (jaunty) Firefox/3.0.8"
49.13.134.145 - - [06/May/2025:14:08:50 +0200] "HEAD / HTTP/1.1" 302 - "https://journal.utripoli.edu.ly/" "Mozilla/5.0+(compatible; UptimeRobot/2.0; http://www.uptimerobot.com/)"
49.13.134.145 - - [06/May/2025:14:08:50 +0200] "HEAD /index.php/Alqalam HTTP/1.1" 200 - "https://journal.utripoli.edu.ly/" "Mozilla/5.0+(compatible; UptimeRobot/2.0; http://www.uptimerobot.com/)"
194.233.80.159 - - [06/May/2025:14:08:51 +0200] "GET /assets/extra-libs/ckeditor/plugins/forms/images/ HTTP/1.1" 404 3913 "-" "Mozilla/5.0 (X11; U; Linux x86_64; en-US; rv:1.9.0.8) Gecko/2009033100 Ubuntu/9.04 (jaunty) Firefox/3.0.8"
23.27.211.211 - - [06/May/2025:14:08:52 +0200] "GET /wp-includes/blocks/calendar/updates.php HTTP/1.1" 404 3913 "-" "Mozilla/5.0 (Linux; Android 7.0; SM-G892A Build/NRD90M; wv) AppleWebKit/537.36 (KHTML, like Gecko) Version/4.0 Chrome/60.0.3112.107 Mobile Safari/537.36"
194.233.80.159 - - [06/May/2025:14:08:55 +0200] "GET /assets/extra-libs/ckeditor/plugins/forms/lang/ HTTP/1.1" 404 3913 "-" "Mozilla/5.0 (X11; U; Linux x86_64; en-US; rv:1.9.0.8) Gecko/2009033100 Ubuntu/9.04 (jaunty) Firefox/3.0.8"
194.233.80.159 - - [06/May/2025:14:08:59 +0200] "GET /assets/extra-libs/ckeditor/plugins/iframe/ HTTP/1.1" 404 3913 "-" "Mozilla/5.0 (X11; U; Linux x86_64; en-US; rv:1.9.0.8) Gecko/2009033100 Ubuntu/9.04 (jaunty) Firefox/3.0.8"
54.36.149.106 - - [06/May/2025:14:08:59 +0200] "GET /index.php/Alqalam/citationstylelanguage/get/harvard-cite-them-right?submissionId=623&publicationId=623 HTTP/1.1" 200 298 "-" "Mozilla/5.0 (compatible; AhrefsBot/7.0; +http://ahrefs.com/robot/)"
23.27.211.211 - - [06/May/2025:14:09:06 +0200] "GET /wp-admin/css/colors/blue/wp-crons.wp-admin/css/colors/blue/wp-crons.php HTTP/1.1" 404 3913 "-" "Mozilla/5.0 (Linux; Android 7.0; SM-G892A Build/NRD90M; wv) AppleWebKit/537.36 (KHTML, like Gecko) Version/4.0 Chrome/60.0.3112.107 Mobile Safari/537.36"
194.233.80.159 - - [06/May/2025:14:09:10 +0200] "GET /assets/extra-libs/ckeditor/plugins/iframe/dialogs/ HTTP/1.1" 404 3913 "-" "Mozilla/5.0 (X11; U; Linux x86_64; en-US; rv:1.9.0.8) Gecko/2009033100 Ubuntu/9.04 (jaunty) Firefox/3.0.8"
194.233.80.159 - - [06/May/2025:14:09:16 +0200] "GET /assets/extra-libs/ckeditor/plugins/iframe/icons/ HTTP/1.1" 404 3913 "-" "Mozilla/5.0 (X11; U; Linux x86_64; en-US; rv:1.9.0.8) Gecko/2009033100 Ubuntu/9.04 (jaunty) Firefox/3.0.8"
194.233.80.159 - - [06/May/2025:14:09:22 +0200] "GET /assets/extra-libs/ckeditor/plugins/iframe/icons/hidpi/ HTTP/1.1" 404 3913 "-" "Mozilla/5.0 (X11; U; Linux x86_64; en-US; rv:1.9.0.8) Gecko/2009033100 Ubuntu/9.04 (jaunty) Firefox/3.0.8"
185.239.151.28 - - [06/May/2025:14:09:25 +0200] "GET /index.php/Alqalam/article/view/255/506 HTTP/1.0" 302 - "https://journal.utripoli.edu.ly/index.php/Alqalam/article/view/255/506" "Mozilla/5.0 (Windows NT 10.0; Win64; x64) AppleWebKit/537.36 (KHTML, like Gecko) Chrome/131.0.0.0 Safari/537.36"
194.233.80.159 - - [06/May/2025:14:09:26 +0200] "GET /assets/extra-libs/ckeditor/plugins/iframe/images/ HTTP/1.1" 404 3913 "-" "Mozilla/5.0 (X11; U; Linux x86_64; en-US; rv:1.9.0.8) Gecko/2009033100 Ubuntu/9.04 (jaunty) Firefox/3.0.8"
185.239.151.28 - - [06/May/2025:14:09:27 +0200] "GET /index.php/Alqalam/article/download/255/506 HTTP/1.0" 200 569357 "https://journal.utripoli.edu.ly/index.php/Alqalam/article/download/255/506" "Mozilla/5.0 (Windows NT 10.0; Win64; x64) AppleWebKit/537.36 (KHTML, like Gecko) Chrome/131.0.0.0 Safari/537.36"
23.27.211.211 - - [06/May/2025:14:09:28 +0200] "GET /moduless.php HTTP/1.1" 404 16 "-" "Mozilla/5.0 (Linux; Android 7.0; SM-G892A Build/NRD90M; wv) AppleWebKit/537.36 (KHTML, like Gecko) Version/4.0 Chrome/60.0.3112.107 Mobile Safari/537.36"
185.239.151.28 - - [06/May/2025:14:09:29 +0200] "GET / HTTP/1.0" 302 - "https://journal.utripoli.edu.ly/" "Mozilla/5.0 (Windows NT 10.0; Win64; x64) AppleWebKit/537.36 (KHTML, like Gecko) Chrome/131.0.0.0 Safari/537.36"
194.233.80.159 - - [06/May/2025:14:09:31 +0200] "GET /assets/extra-libs/ckeditor/plugins/iframe/lang/ HTTP/1.1" 404 3913 "-" "Mozilla/5.0 (X11; U; Linux x86_64; en-US; rv:1.9.0.8) Gecko/2009033100 Ubuntu/9.04 (jaunty) Firefox/3.0.8"
185.239.151.28 - - [06/May/2025:14:09:31 +0200] "GET /index.php/Alqalam HTTP/1.0" 200 44996 "https://journal.utripoli.edu.ly/index.php/Alqalam" "Mozilla/5.0 (Windows NT 10.0; Win64; x64) AppleWebKit/537.36 (KHTML, like Gecko) Chrome/131.0.0.0 Safari/537.36"
3.141.164.124 - - [06/May/2025:14:09:32 +0200] "GET /index.php/Alqalam/article/view/769?articlesBySimilarityPage=19 HTTP/1.1" 200 8360 "-" "Mozilla/5.0 AppleWebKit/537.36 (KHTML, like Gecko; compatible; ClaudeBot/1.0; +claudebot@anthropic.com)"
3.141.164.124 - - [06/May/2025:14:09:32 +0200] "GET /index.php/Alqalam/article/view/155?articlesBySimilarityPage=19 HTTP/1.1" 200 8737 "-" "Mozilla/5.0 AppleWebKit/537.36 (KHTML, like Gecko; compatible; ClaudeBot/1.0; +claudebot@anthropic.com)"
185.239.151.28 - - [06/May/2025:14:09:35 +0200] "GET /index.php HTTP/1.0" 302 - "https://journal.utripoli.edu.ly/index.php" "Mozilla/5.0 (Windows NT 10.0; Win64; x64) AppleWebKit/537.36 (KHTML, like Gecko) Chrome/131.0.0.0 Safari/537.36"
194.233.80.159 - - [06/May/2025:14:09:37 +0200] "GET /assets/extra-libs/ckeditor/plugins/iframedialog/ HTTP/1.1" 404 3913 "-" "Mozilla/5.0 (X11; U; Linux x86_64; en-US; rv:1.9.0.8) Gecko/2009033100 Ubuntu/9.04 (jaunty) Firefox/3.0.8"
185.239.151.28 - - [06/May/2025:14:09:38 +0200] "GET /index.php/Alqalam/about/contact HTTP/1.0" 200 14947 "https://journal.utripoli.edu.ly/index.php/Alqalam/about/contact" "Mozilla/5.0 (Windows NT 10.0; Win64; x64) AppleWebKit/537.36 (KHTML, like Gecko) Chrome/131.0.0.0 Safari/537.36"
185.239.151.28 - - [06/May/2025:14:09:40 +0200] "GET /index.php/Alqalam/about/index.php HTTP/1.0" 404 754 "https://journal.utripoli.edu.ly/index.php" "Mozilla/5.0 (Windows NT 10.0; Win64; x64) AppleWebKit/537.36 (KHTML, like Gecko) Chrome/131.0.0.0 Safari/537.36"
194.233.80.159 - - [06/May/2025:14:09:42 +0200] "GET /assets/extra-libs/ckeditor/plugins/image/dialogs/ HTTP/1.1" 404 3913 "-" "Mozilla/5.0 (X11; U; Linux x86_64; en-US; rv:1.9.0.8) Gecko/2009033100 Ubuntu/9.04 (jaunty) Firefox/3.0.8"
185.239.151.28 - - [06/May/2025:14:09:42 +0200] "GET /Alqalam/about/index.php HTTP/1.0" 404 3913 "https://journal.utripoli.edu.ly/Alqalam/about/index.php" "Mozilla/5.0 (Windows NT 10.0; Win64; x64) AppleWebKit/537.36 (KHTML, like Gecko) Chrome/131.0.0.0 Safari/537.36"
23.27.211.211 - - [06/May/2025:14:09:42 +0200] "GET /beence.php HTTP/1.1" 404 16 "-" "Mozilla/5.0 (Linux; Android 7.0; SM-G892A Build/NRD90M; wv) AppleWebKit/537.36 (KHTML, like Gecko) Version/4.0 Chrome/60.0.3112.107 Mobile Safari/537.36"
185.239.151.28 - - [06/May/2025:14:09:44 +0200] "GET /index.php/Alqalam/about/index.php HTTP/1.0" 404 754 "https://journal.utripoli.edu.ly/index.php" "Mozilla/5.0 (Windows NT 10.0; Win64; x64) AppleWebKit/537.36 (KHTML, like Gecko) Chrome/131.0.0.0 Safari/537.36"
194.233.80.159 - - [06/May/2025:14:09:45 +0200] "GET /assets/extra-libs/ckeditor/plugins/image/images/ HTTP/1.1" 404 3913 "-" "Mozilla/5.0 (X11; U; Linux x86_64; en-US; rv:1.9.0.8) Gecko/2009033100 Ubuntu/9.04 (jaunty) Firefox/3.0.8"
185.239.151.28 - - [06/May/2025:14:09:46 +0200] "GET /Alqalam/about/index.php HTTP/1.0" 404 3913 "https://journal.utripoli.edu.ly/Alqalam/about/index.php" "Mozilla/5.0 (Windows NT 10.0; Win64; x64) AppleWebKit/537.36 (KHTML, like Gecko) Chrome/131.0.0.0 Safari/537.36"
185.239.151.28 - - [06/May/2025:14:09:48 +0200] "GET /index.php/Alqalam/about/index.php HTTP/1.0" 404 754 "https://journal.utripoli.edu.ly/index.php" "Mozilla/5.0 (Windows NT 10.0; Win64; x64) AppleWebKit/537.36 (KHTML, like Gecko) Chrome/131.0.0.0 Safari/537.36"
194.233.80.159 - - [06/May/2025:14:09:50 +0200] "GET /assets/extra-libs/ckeditor/plugins/image2/ HTTP/1.1" 404 3913 "-" "Mozilla/5.0 (X11; U; Linux x86_64; en-US; rv:1.9.0.8) Gecko/2009033100 Ubuntu/9.04 (jaunty) Firefox/3.0.8"
23.27.211.211 - - [06/May/2025:14:09:50 +0200] "GET /wp-admin/css/colors/coffee/index.php HTTP/1.1" 404 3913 "-" "Mozilla/5.0 (Linux; Android 7.0; SM-G892A Build/NRD90M; wv) AppleWebKit/537.36 (KHTML, like Gecko) Version/4.0 Chrome/60.0.3112.107 Mobile Safari/537.36"
185.239.151.28 - - [06/May/2025:14:09:51 +0200] "GET /Alqalam/about/index.php HTTP/1.0" 404 3913 "https://journal.utripoli.edu.ly/Alqalam/about/index.php" "Mozilla/5.0 (Windows NT 10.0; Win64; x64) AppleWebKit/537.36 (KHTML, like Gecko) Chrome/131.0.0.0 Safari/537.36"
194.233.80.159 - - [06/May/2025:14:09:54 +0200] "GET /assets/extra-libs/ckeditor/plugins/image2/dialogs/ HTTP/1.1" 404 3913 "-" "Mozilla/5.0 (X11; U; Linux x86_64; en-US; rv:1.9.0.8) Gecko/2009033100 Ubuntu/9.04 (jaunty) Firefox/3.0.8"
54.36.148.110 - - [06/May/2025:14:09:55 +0200] "GET /index.php/Alqalam/citationstylelanguage/get/modern-language-association?submissionId=623&publicationId=623 HTTP/1.1" 200 270 "-" "Mozilla/5.0 (compatible; AhrefsBot/7.0; +http://ahrefs.com/robot/)"
194.233.80.159 - - [06/May/2025:14:09:58 +0200] "GET /assets/extra-libs/ckeditor/plugins/image2/icons/ HTTP/1.1" 404 3913 "-" "Mozilla/5.0 (X11; U; Linux x86_64; en-US; rv:1.9.0.8) Gecko/2009033100 Ubuntu/9.04 (jaunty) Firefox/3.0.8"
34.239.197.197 - - [06/May/2025:14:10:02 +0200] "GET /index.php/Alqalam/article/view/805?articlesBySimilarityPage=20 HTTP/1.1" 200 8233 "-" "Mozilla/5.0 AppleWebKit/537.36 (KHTML, like Gecko; compatible; Amazonbot/0.1; +https://developer.amazon.com/support/amazonbot) Chrome/119.0.6045.214 Safari/537.36"
43.167.245.18 - - [06/May/2025:14:10:09 +0200] "GET /index.php/Alqalam/article/view/836/700 HTTP/1.1" 302 - "-" "Mozilla/5.0 (iPhone; CPU iPhone OS 13_2_3 like Mac OS X) AppleWebKit/605.1.15 (KHTML, like Gecko) Version/13.0.3 Mobile/15E148 Safari/604.1"
43.167.245.18 - - [06/May/2025:14:10:12 +0200] "GET /index.php/Alqalam/article/download/836/700 HTTP/1.1" 200 629599 "https://journal.utripoli.edu.ly/index.php/Alqalam/article/view/836/700" "Mozilla/5.0 (iPhone; CPU iPhone OS 13_2_3 like Mac OS X) AppleWebKit/605.1.15 (KHTML, like Gecko) Version/13.0.3 Mobile/15E148 Safari/604.1"
194.233.80.159 - - [06/May/2025:14:10:17 +0200] "GET /assets/extra-libs/ckeditor/plugins/image2/icons/hidpi/ HTTP/1.1" 404 3913 "-" "Mozilla/5.0 (X11; U; Linux x86_64; en-US; rv:1.9.0.8) Gecko/2009033100 Ubuntu/9.04 (jaunty) Firefox/3.0.8"
194.163.152.77 - - [06/May/2025:14:10:20 +0200] "GET / HTTP/1.1" 302 - "-" "w3m/0.5.1"
54.36.148.8 - - [06/May/2025:14:10:23 +0200] "GET /index.php/Alqalam/citationstylelanguage/get/turabian-fullnote-bibliography?submissionId=623&publicationId=623 HTTP/1.1" 200 340 "-" "Mozilla/5.0 (compatible; AhrefsBot/7.0; +http://ahrefs.com/robot/)"
103.120.51.100 - - [06/May/2025:14:10:24 +0200] "GET /index.php/Alqalam/article/view/824/687 HTTP/1.1" 302 - "https://www.google.com/" "Mozilla/5.0 (Windows NT 10.0; Win64; x64; rv:138.0) Gecko/20100101 Firefox/138.0"
103.120.51.100 - - [06/May/2025:14:10:24 +0200] "GET /index.php/Alqalam/article/download/824/687 HTTP/1.1" 200 365546 "https://www.google.com/" "Mozilla/5.0 (Windows NT 10.0; Win64; x64; rv:138.0) Gecko/20100101 Firefox/138.0"
194.233.80.159 - - [06/May/2025:14:10:26 +0200] "GET /assets/extra-libs/ckeditor/plugins/image2/lang/ HTTP/1.1" 404 3913 "-" "Mozilla/5.0 (X11; U; Linux x86_64; en-US; rv:1.9.0.8) Gecko/2009033100 Ubuntu/9.04 (jaunty) Firefox/3.0.8"
66.249.64.130 - - [06/May/2025:14:10:30 +0200] "GET /index.php/Alqalam/article/view/336?articlesBySimilarityPage=8 HTTP/1.1" 200 7701 "-" "Mozilla/5.0 (Linux; Android 6.0.1; Nexus 5X Build/MMB29P) AppleWebKit/537.36 (KHTML, like Gecko) Chrome/136.0.7103.59 Mobile Safari/537.36 (compatible; Googlebot/2.1; +http://www.google.com/bot.html)"
194.233.80.159 - - [06/May/2025:14:10:32 +0200] "GET /assets/extra-libs/ckeditor/plugins/imagebase/ HTTP/1.1" 404 3913 "-" "Mozilla/5.0 (X11; U; Linux x86_64; en-US; rv:1.9.0.8) Gecko/2009033100 Ubuntu/9.04 (jaunty) Firefox/3.0.8"
194.233.80.159 - - [06/May/2025:14:10:38 +0200] "GET /assets/extra-libs/ckeditor/plugins/imagebase/lang/ HTTP/1.1" 404 3913 "-" "Mozilla/5.0 (X11; U; Linux x86_64; en-US; rv:1.9.0.8) Gecko/2009033100 Ubuntu/9.04 (jaunty) Firefox/3.0.8"
85.208.96.203 - - [06/May/2025:14:10:39 +0200] "GET /index.php/Alqalam/article/view/754?articlesBySimilarityPage=5 HTTP/1.1" 200 8689 "-" "Mozilla/5.0 (compatible; SemrushBot/7~bl; +http://www.semrush.com/bot.html)"
194.233.80.159 - - [06/May/2025:14:10:44 +0200] "GET /assets/extra-libs/ckeditor/plugins/imagebase/styles/ HTTP/1.1" 404 3913 "-" "Mozilla/5.0 (X11; U; Linux x86_64; en-US; rv:1.9.0.8) Gecko/2009033100 Ubuntu/9.04 (jaunty) Firefox/3.0.8"
23.27.211.211 - - [06/May/2025:14:10:47 +0200] "GET /xmlrpc.php HTTP/1.1" 404 16 "-" "Mozilla/5.0 (Linux; Android 7.0; SM-G892A Build/NRD90M; wv) AppleWebKit/537.36 (KHTML, like Gecko) Version/4.0 Chrome/60.0.3112.107 Mobile Safari/537.36"
194.233.80.159 - - [06/May/2025:14:10:49 +0200] "GET /assets/extra-libs/ckeditor/plugins/indentblock/ HTTP/1.1" 404 3913 "-" "Mozilla/5.0 (X11; U; Linux x86_64; en-US; rv:1.9.0.8) Gecko/2009033100 Ubuntu/9.04 (jaunty) Firefox/3.0.8"
54.36.148.170 - - [06/May/2025:14:10:51 +0200] "GET /index.php/Alqalam/citationstylelanguage/get/vancouver?submissionId=623&publicationId=623 HTTP/1.1" 200 346 "-" "Mozilla/5.0 (compatible; AhrefsBot/7.0; +http://ahrefs.com/robot/)"
194.233.80.159 - - [06/May/2025:14:10:54 +0200] "GET /assets/extra-libs/ckeditor/plugins/justify/ HTTP/1.1" 404 3913 "-" "Mozilla/5.0 (X11; U; Linux x86_64; en-US; rv:1.9.0.8) Gecko/2009033100 Ubuntu/9.04 (jaunty) Firefox/3.0.8"
2a03:2880:30ff:3:: - - [06/May/2025:14:10:54 +0200] "GET /index.php/Alqalam/article/view/561/465 HTTP/1.1" 302 - "-" "meta-externalagent/1.1 (+https://developers.facebook.com/docs/sharing/webmasters/crawler)"
18.220.204.192 - - [06/May/2025:14:10:56 +0200] "GET /index.php/Alqalam/article/view/769?articlesBySimilarityPage=22 HTTP/1.1" 200 8538 "-" "Mozilla/5.0 AppleWebKit/537.36 (KHTML, like Gecko; compatible; ClaudeBot/1.0; +claudebot@anthropic.com)"
18.220.204.192 - - [06/May/2025:14:10:56 +0200] "GET /index.php/Alqalam/article/view/155?articlesBySimilarityPage=22 HTTP/1.1" 200 8712 "-" "Mozilla/5.0 AppleWebKit/537.36 (KHTML, like Gecko; compatible; ClaudeBot/1.0; +claudebot@anthropic.com)"
194.233.80.159 - - [06/May/2025:14:11:00 +0200] "GET /assets/extra-libs/ckeditor/plugins/justify/icons/ HTTP/1.1" 404 3913 "-" "Mozilla/5.0 (X11; U; Linux x86_64; en-US; rv:1.9.0.8) Gecko/2009033100 Ubuntu/9.04 (jaunty) Firefox/3.0.8"
47.128.38.37 - - [06/May/2025:14:11:00 +0200] "GET /index.php/Alqalam/article/view/598 HTTP/1.1" 200 8158 "-" "Mozilla/5.0 (compatible; Bytespider; spider-feedback@bytedance.com) AppleWebKit/537.36 (KHTML, like Gecko) Chrome/70.0.0.0 Safari/537.36"
47.128.38.37 - - [06/May/2025:14:11:01 +0200] "GET /public/journals/1/styleSheet.css?d=2024-01-03+17%3A34%3A30 HTTP/1.1" 404 3913 "https://journal.utripoli.edu.ly/index.php/Alqalam/article/view/598" "Mozilla/5.0 (compatible; Bytespider; spider-feedback@bytedance.com) AppleWebKit/537.36 (KHTML, like Gecko) Chrome/70.0.0.0 Safari/537.36"
194.233.80.159 - - [06/May/2025:14:11:02 +0200] "GET /assets/extra-libs/ckeditor/plugins/justify/icons/hidpi/ HTTP/1.1" 404 3913 "-" "Mozilla/5.0 (X11; U; Linux x86_64; en-US; rv:1.9.0.8) Gecko/2009033100 Ubuntu/9.04 (jaunty) Firefox/3.0.8"
37.120.185.77 - - [06/May/2025:14:11:08 +0200] "GET /index.php/Alqalam/citationstylelanguage/get/associacao-brasileira-de-normas-tecnicas?submissionId=16&publicationId=16 HTTP/1.1" 200 304 "-" "Mozilla/5.0 (Windows NT 10.0; Win64; x64) AppleWebKit/537.36 (KHTML, like Gecko) Chrome/100.0.6498.325 Safari/537.36"
194.233.80.159 - - [06/May/2025:14:11:10 +0200] "GET /assets/extra-libs/ckeditor/plugins/language/ HTTP/1.1" 404 3913 "-" "Mozilla/5.0 (X11; U; Linux x86_64; en-US; rv:1.9.0.8) Gecko/2009033100 Ubuntu/9.04 (jaunty) Firefox/3.0.8"
194.233.80.159 - - [06/May/2025:14:11:15 +0200] "GET /assets/extra-libs/ckeditor/plugins/language/icons/ HTTP/1.1" 404 3913 "-" "Mozilla/5.0 (X11; U; Linux x86_64; en-US; rv:1.9.0.8) Gecko/2009033100 Ubuntu/9.04 (jaunty) Firefox/3.0.8"
194.233.80.159 - - [06/May/2025:14:11:19 +0200] "GET /assets/extra-libs/ckeditor/plugins/language/icons/hidpi/ HTTP/1.1" 404 3913 "-" "Mozilla/5.0 (X11; U; Linux x86_64; en-US; rv:1.9.0.8) Gecko/2009033100 Ubuntu/9.04 (jaunty) Firefox/3.0.8"
194.233.80.159 - - [06/May/2025:14:11:24 +0200] "GET /assets/extra-libs/ckeditor/plugins/language/lang/ HTTP/1.1" 404 3913 "-" "Mozilla/5.0 (X11; U; Linux x86_64; en-US; rv:1.9.0.8) Gecko/2009033100 Ubuntu/9.04 (jaunty) Firefox/3.0.8"
54.36.149.27 - - [06/May/2025:14:11:26 +0200] "GET /index.php/Alqalam/citationstylelanguage/get/associacao-brasileira-de-normas-tecnicas?submissionId=492&publicationId=492 HTTP/1.1" 200 371 "-" "Mozilla/5.0 (compatible; AhrefsBot/7.0; +http://ahrefs.com/robot/)"
194.233.80.159 - - [06/May/2025:14:11:28 +0200] "GET /assets/extra-libs/ckeditor/plugins/layoutmanager/ HTTP/1.1" 404 3913 "-" "Mozilla/5.0 (X11; U; Linux x86_64; en-US; rv:1.9.0.8) Gecko/2009033100 Ubuntu/9.04 (jaunty) Firefox/3.0.8"
194.233.80.159 - - [06/May/2025:14:11:32 +0200] "GET /assets/extra-libs/ckeditor/plugins/layoutmanager/css/ HTTP/1.1" 404 3913 "-" "Mozilla/5.0 (X11; U; Linux x86_64; en-US; rv:1.9.0.8) Gecko/2009033100 Ubuntu/9.04 (jaunty) Firefox/3.0.8"
23.27.211.211 - - [06/May/2025:14:11:35 +0200] "GET /wp-admin/css/colors/light/admin.php HTTP/1.1" 404 3913 "-" "Mozilla/5.0 (Linux; Android 7.0; SM-G892A Build/NRD90M; wv) AppleWebKit/537.36 (KHTML, like Gecko) Version/4.0 Chrome/60.0.3112.107 Mobile Safari/537.36"
194.233.80.159 - - [06/May/2025:14:11:36 +0200] "GET /assets/extra-libs/ckeditor/plugins/layoutmanager/icons/ HTTP/1.1" 404 3913 "-" "Mozilla/5.0 (X11; U; Linux x86_64; en-US; rv:1.9.0.8) Gecko/2009033100 Ubuntu/9.04 (jaunty) Firefox/3.0.8"
194.233.80.159 - - [06/May/2025:14:11:41 +0200] "GET /assets/extra-libs/ckeditor/plugins/layoutmanager/lang/ HTTP/1.1" 404 3913 "-" "Mozilla/5.0 (X11; U; Linux x86_64; en-US; rv:1.9.0.8) Gecko/2009033100 Ubuntu/9.04 (jaunty) Firefox/3.0.8"
18.97.9.97 - - [06/May/2025:14:11:44 +0200] "GET /index.php/Alqalam/article/view/145 HTTP/1.1" 200 7340 "-" "Mozilla/5.0 AppleWebKit/537.36 (KHTML, like Gecko; compatible; PerplexityBot/1.0; +https://perplexity.ai/perplexitybot)"
66.249.64.132 - - [06/May/2025:14:11:47 +0200] "GET /index.php/Alqalam/citationstylelanguage/get/modern-language-association?submissionId=173&publicationId=173 HTTP/1.1" 200 260 "-" "Mozilla/5.0 (Linux; Android 6.0.1; Nexus 5X Build/MMB29P) AppleWebKit/537.36 (KHTML, like Gecko) Chrome/136.0.7103.59 Mobile Safari/537.36 (compatible; Googlebot/2.1; +http://www.google.com/bot.html)"
194.233.80.159 - - [06/May/2025:14:11:48 +0200] "GET /assets/extra-libs/ckeditor/plugins/link/dialogs/ HTTP/1.1" 404 3913 "-" "Mozilla/5.0 (X11; U; Linux x86_64; en-US; rv:1.9.0.8) Gecko/2009033100 Ubuntu/9.04 (jaunty) Firefox/3.0.8"
54.36.149.25 - - [06/May/2025:14:11:52 +0200] "GET /index.php/Alqalam/citationstylelanguage/get/vancouver?submissionId=492&publicationId=492 HTTP/1.1" 200 324 "-" "Mozilla/5.0 (compatible; AhrefsBot/7.0; +http://ahrefs.com/robot/)"
68.221.75.18 - - [06/May/2025:14:12:02 +0200] "GET / HTTP/1.1" 302 - "-" "Mozilla/5.0 AppleWebKit/537.36 (KHTML, like Gecko); compatible; ChatGPT-User/1.0; +https://openai.com/bot"
68.221.75.18 - - [06/May/2025:14:12:02 +0200] "GET /index.php/Alqalam HTTP/1.1" 200 8849 "-" "Mozilla/5.0 AppleWebKit/537.36 (KHTML, like Gecko); compatible; ChatGPT-User/1.0; +https://openai.com/bot"
52.167.144.238 - - [06/May/2025:14:12:03 +0200] "GET /index.php/Alqalam/article/view/769?articlesBySimilarityPage=16 HTTP/1.1" 200 8641 "-" "Mozilla/5.0 AppleWebKit/537.36 (KHTML, like Gecko; compatible; bingbot/2.0; +http://www.bing.com/bingbot.htm) Chrome/116.0.1938.76 Safari/537.36"
194.233.80.159 - - [06/May/2025:14:12:04 +0200] "GET /assets/extra-libs/ckeditor/plugins/link/images/ HTTP/1.1" 404 3913 "-" "Mozilla/5.0 (X11; U; Linux x86_64; en-US; rv:1.9.0.8) Gecko/2009033100 Ubuntu/9.04 (jaunty) Firefox/3.0.8"
34.193.163.52 - - [06/May/2025:14:12:06 +0200] "GET /index.php/Alqalam/article/view/145/211 HTTP/1.1" 302 - "-" "Mozilla/5.0 AppleWebKit/537.36 (KHTML, like Gecko; compatible; Perplexity-User/1.0; +https://perplexity.ai/perplexity-user)"
34.193.163.52 - - [06/May/2025:14:12:14 +0200] "GET /index.php/Alqalam/article/view/145/211 HTTP/1.1" 302 - "-" "Mozilla/5.0 AppleWebKit/537.36 (KHTML, like Gecko; compatible; Perplexity-User/1.0; +https://perplexity.ai/perplexity-user)"
194.233.80.159 - - [06/May/2025:14:12:16 +0200] "GET /assets/extra-libs/ckeditor/plugins/link/images/hidpi/ HTTP/1.1" 404 3913 "-" "Mozilla/5.0 (X11; U; Linux x86_64; en-US; rv:1.9.0.8) Gecko/2009033100 Ubuntu/9.04 (jaunty) Firefox/3.0.8"
54.36.148.159 - - [06/May/2025:14:12:16 +0200] "GET /index.php/Alqalam/citationstylelanguage/get/turabian-fullnote-bibliography?submissionId=492&publicationId=492 HTTP/1.1" 200 321 "-" "Mozilla/5.0 (compatible; AhrefsBot/7.0; +http://ahrefs.com/robot/)"
18.117.151.179 - - [06/May/2025:14:12:17 +0200] "GET /index.php/Alqalam/article/view/147?articlesBySimilarityPage=52 HTTP/1.1" 200 7857 "-" "Mozilla/5.0 AppleWebKit/537.36 (KHTML, like Gecko; compatible; ClaudeBot/1.0; +claudebot@anthropic.com)"
18.117.151.179 - - [06/May/2025:14:12:17 +0200] "GET /index.php/Alqalam/article/view/321?articlesBySimilarityPage=51 HTTP/1.1" 200 7613 "-" "Mozilla/5.0 AppleWebKit/537.36 (KHTML, like Gecko; compatible; ClaudeBot/1.0; +claudebot@anthropic.com)"
194.233.80.159 - - [06/May/2025:14:12:24 +0200] "GET /assets/extra-libs/ckeditor/plugins/liststyle/ HTTP/1.1" 404 3913 "-" "Mozilla/5.0 (X11; U; Linux x86_64; en-US; rv:1.9.0.8) Gecko/2009033100 Ubuntu/9.04 (jaunty) Firefox/3.0.8"
194.233.80.159 - - [06/May/2025:14:12:33 +0200] "GET /assets/extra-libs/ckeditor/plugins/liststyle/dialogs/ HTTP/1.1" 404 3913 "-" "Mozilla/5.0 (X11; U; Linux x86_64; en-US; rv:1.9.0.8) Gecko/2009033100 Ubuntu/9.04 (jaunty) Firefox/3.0.8"
194.233.80.159 - - [06/May/2025:14:12:37 +0200] "GET /assets/extra-libs/ckeditor/plugins/liststyle/lang/ HTTP/1.1" 404 3913 "-" "Mozilla/5.0 (X11; U; Linux x86_64; en-US; rv:1.9.0.8) Gecko/2009033100 Ubuntu/9.04 (jaunty) Firefox/3.0.8"
194.233.80.159 - - [06/May/2025:14:12:42 +0200] "GET /assets/extra-libs/ckeditor/plugins/magicline/images/ HTTP/1.1" 404 3913 "-" "Mozilla/5.0 (X11; U; Linux x86_64; en-US; rv:1.9.0.8) Gecko/2009033100 Ubuntu/9.04 (jaunty) Firefox/3.0.8"
54.36.149.80 - - [06/May/2025:14:12:45 +0200] "GET /index.php/Alqalam/article/view/40?articlesBySimilarityPage=1 HTTP/1.1" 200 8058 "-" "Mozilla/5.0 (compatible; AhrefsBot/7.0; +http://ahrefs.com/robot/)"
194.233.80.159 - - [06/May/2025:14:12:46 +0200] "GET /assets/extra-libs/ckeditor/plugins/magicline/images/hidpi/ HTTP/1.1" 404 3913 "-" "Mozilla/5.0 (X11; U; Linux x86_64; en-US; rv:1.9.0.8) Gecko/2009033100 Ubuntu/9.04 (jaunty) Firefox/3.0.8"
85.208.96.201 - - [06/May/2025:14:12:46 +0200] "GET /robots.txt HTTP/1.1" 200 32 "-" "Mozilla/5.0 (compatible; SemrushBot/7~bl; +http://www.semrush.com/bot.html)"
194.233.80.159 - - [06/May/2025:14:12:49 +0200] "GET /assets/extra-libs/ckeditor/plugins/mathjax/ HTTP/1.1" 404 3913 "-" "Mozilla/5.0 (X11; U; Linux x86_64; en-US; rv:1.9.0.8) Gecko/2009033100 Ubuntu/9.04 (jaunty) Firefox/3.0.8"
23.27.211.211 - - [06/May/2025:14:12:50 +0200] "GET /wp-admin/css/colors/modern/lofter.php HTTP/1.1" 404 3913 "-" "Mozilla/5.0 (Linux; Android 7.0; SM-G892A Build/NRD90M; wv) AppleWebKit/537.36 (KHTML, like Gecko) Version/4.0 Chrome/60.0.3112.107 Mobile Safari/537.36"
47.128.16.246 - - [06/May/2025:14:12:49 +0200] "GET /index.php/Alqalam/article/view/774?articlesBySimilarityPage=57 HTTP/1.1" 200 9181 "-" "Mozilla/5.0 (compatible; Bytespider; spider-feedback@bytedance.com) AppleWebKit/537.36 (KHTML, like Gecko) Chrome/70.0.0.0 Safari/537.36"
47.128.16.246 - - [06/May/2025:14:12:51 +0200] "GET /public/journals/1/styleSheet.css?d=2024-01-03+17%3A34%3A30 HTTP/1.1" 404 3913 "https://www.journal.utripoli.edu.ly/index.php/Alqalam/article/view/774?articlesBySimilarityPage=57" "Mozilla/5.0 (compatible; Bytespider; spider-feedback@bytedance.com) AppleWebKit/537.36 (KHTML, like Gecko) Chrome/70.0.0.0 Safari/537.36"
185.191.171.12 - - [06/May/2025:14:12:50 +0200] "GET /index.php/Alqalam/article/view/11?articlesBySimilarityPage=42 HTTP/1.1" 200 8035 "-" "Mozilla/5.0 (compatible; SemrushBot/7~bl; +http://www.semrush.com/bot.html)"
194.233.80.159 - - [06/May/2025:14:12:54 +0200] "GET /assets/extra-libs/ckeditor/plugins/mathjax/dialogs/ HTTP/1.1" 404 3913 "-" "Mozilla/5.0 (X11; U; Linux x86_64; en-US; rv:1.9.0.8) Gecko/2009033100 Ubuntu/9.04 (jaunty) Firefox/3.0.8"
172.213.21.124 - - [06/May/2025:14:12:55 +0200] "GET /index.php/Alqalam/article/view/9/12 HTTP/1.1" 302 - "-" "Mozilla/5.0 AppleWebKit/537.36 (KHTML, like Gecko); compatible; ChatGPT-User/1.0; +https://openai.com/bot"
172.213.21.115 - - [06/May/2025:14:12:55 +0200] "GET / HTTP/1.1" 302 - "-" "Mozilla/5.0 AppleWebKit/537.36 (KHTML, like Gecko); compatible; ChatGPT-User/1.0; +https://openai.com/bot"
172.213.21.124 - - [06/May/2025:14:12:55 +0200] "GET /index.php/Alqalam/article/download/9/12 HTTP/1.1" 200 448902 "-" "Mozilla/5.0 AppleWebKit/537.36 (KHTML, like Gecko); compatible; ChatGPT-User/1.0; +https://openai.com/bot"
172.213.21.115 - - [06/May/2025:14:12:55 +0200] "GET /index.php/Alqalam HTTP/1.1" 200 8849 "-" "Mozilla/5.0 AppleWebKit/537.36 (KHTML, like Gecko); compatible; ChatGPT-User/1.0; +https://openai.com/bot"
194.233.80.159 - - [06/May/2025:14:12:59 +0200] "GET /assets/extra-libs/ckeditor/plugins/mathjax/icons/ HTTP/1.1" 404 3913 "-" "Mozilla/5.0 (X11; U; Linux x86_64; en-US; rv:1.9.0.8) Gecko/2009033100 Ubuntu/9.04 (jaunty) Firefox/3.0.8"
160.179.106.47 - - [06/May/2025:14:13:04 +0200] "GET /index.php/Alqalam/article/view/609 HTTP/1.1" 200 7437 "https://chatgpt.com/" "Mozilla/5.0 (Windows NT 10.0; Win64; x64) AppleWebKit/537.36 (KHTML, like Gecko) Chrome/135.0.0.0 Safari/537.36"
160.179.106.47 - - [06/May/2025:14:13:05 +0200] "GET /index.php/Alqalam/$$$call$$$/page/page/css?name=stylesheet HTTP/1.1" 200 10173 "https://journal.utripoli.edu.ly/index.php/Alqalam/article/view/609" "Mozilla/5.0 (Windows NT 10.0; Win64; x64) AppleWebKit/537.36 (KHTML, like Gecko) Chrome/135.0.0.0 Safari/537.36"
160.179.106.47 - - [06/May/2025:14:13:05 +0200] "GET /index.php/Alqalam/$$$call$$$/page/page/css?name=font HTTP/1.1" 200 380 "https://journal.utripoli.edu.ly/index.php/Alqalam/article/view/609" "Mozilla/5.0 (Windows NT 10.0; Win64; x64) AppleWebKit/537.36 (KHTML, like Gecko) Chrome/135.0.0.0 Safari/537.36"
160.179.106.47 - - [06/May/2025:14:13:05 +0200] "GET /lib/pkp/styles/fontawesome/fontawesome.css?v=3.3.0.14 HTTP/1.1" 200 7430 "https://journal.utripoli.edu.ly/index.php/Alqalam/article/view/609" "Mozilla/5.0 (Windows NT 10.0; Win64; x64) AppleWebKit/537.36 (KHTML, like Gecko) Chrome/135.0.0.0 Safari/537.36"
160.179.106.47 - - [06/May/2025:14:13:05 +0200] "GET /public/journals/1/styleSheet.css?d=2024-01-03+17%3A34%3A30 HTTP/1.1" 404 3913 "https://journal.utripoli.edu.ly/index.php/Alqalam/article/view/609" "Mozilla/5.0 (Windows NT 10.0; Win64; x64) AppleWebKit/537.36 (KHTML, like Gecko) Chrome/135.0.0.0 Safari/537.36"
160.179.106.47 - - [06/May/2025:14:13:05 +0200] "GET /public/journals/1/pageHeaderLogoImage_en_US.png HTTP/1.1" 200 77984 "https://journal.utripoli.edu.ly/index.php/Alqalam/article/view/609" "Mozilla/5.0 (Windows NT 10.0; Win64; x64) AppleWebKit/537.36 (KHTML, like Gecko) Chrome/135.0.0.0 Safari/537.36"
160.179.106.47 - - [06/May/2025:14:13:05 +0200] "GET /lib/pkp/lib/vendor/components/jquery/jquery.min.js?v=3.3.0.14 HTTP/1.1" 200 89476 "https://journal.utripoli.edu.ly/index.php/Alqalam/article/view/609" "Mozilla/5.0 (Windows NT 10.0; Win64; x64) AppleWebKit/537.36 (KHTML, like Gecko) Chrome/135.0.0.0 Safari/537.36"
