194.233.80.159 - - [06/May/2025:14:21:30 +0200] "GET /assets/extra-libs/ckeditor/plugins/widget/images/ HTTP/1.1" 404 3913 "-" "Mozilla/5.0 (X11; U; Linux x86_64; en-US; rv:1.9.0.8) Gecko/2009033100 Ubuntu/9.04 (jaunty) Firefox/3.0.8"
194.233.80.159 - - [06/May/2025:14:21:43 +0200] "GET /assets/extra-libs/ckeditor/plugins/wsc/ HTTP/1.1" 404 3913 "-" "Mozilla/5.0 (X11; U; Linux x86_64; en-US; rv:1.9.0.8) Gecko/2009033100 Ubuntu/9.04 (jaunty) Firefox/3.0.8"
194.233.80.159 - - [06/May/2025:14:21:50 +0200] "GET /assets/extra-libs/ckeditor/plugins/wsc/dialogs/ HTTP/1.1" 404 3913 "-" "Mozilla/5.0 (X11; U; Linux x86_64; en-US; rv:1.9.0.8) Gecko/2009033100 Ubuntu/9.04 (jaunty) Firefox/3.0.8"
194.233.80.159 - - [06/May/2025:14:21:55 +0200] "GET /assets/extra-libs/ckeditor/plugins/wsc/skins/moono-lisa/ HTTP/1.1" 404 3913 "-" "Mozilla/5.0 (X11; U; Linux x86_64; en-US; rv:1.9.0.8) Gecko/2009033100 Ubuntu/9.04 (jaunty) Firefox/3.0.8"
54.36.148.195 - - [06/May/2025:14:21:56 +0200] "GET /index.php/Alqalam/citationstylelanguage/get/associacao-brasileira-de-normas-tecnicas?submissionId=117&publicationId=117 HTTP/1.1" 200 363 "-" "Mozilla/5.0 (compatible; AhrefsBot/7.0; +http://ahrefs.com/robot/)"
194.233.80.159 - - [06/May/2025:14:21:58 +0200] "GET /assets/extra-libs/ckeditor/plugins/xml/ HTTP/1.1" 404 3913 "-" "Mozilla/5.0 (X11; U; Linux x86_64; en-US; rv:1.9.0.8) Gecko/2009033100 Ubuntu/9.04 (jaunty) Firefox/3.0.8"
194.233.80.159 - - [06/May/2025:14:22:03 +0200] "GET /assets/extra-libs/ckeditor/plugins/youtube/ HTTP/1.1" 404 3913 "-" "Mozilla/5.0 (X11; U; Linux x86_64; en-US; rv:1.9.0.8) Gecko/2009033100 Ubuntu/9.04 (jaunty) Firefox/3.0.8"
43.130.71.237 - - [06/May/2025:14:22:07 +0200] "GET /index.php/Alqalam/article/view/749 HTTP/1.1" 200 9313 "-" "Mozilla/5.0 (iPhone; CPU iPhone OS 13_2_3 like Mac OS X) AppleWebKit/605.1.15 (KHTML, like Gecko) Version/13.0.3 Mobile/15E148 Safari/604.1"
194.233.80.159 - - [06/May/2025:14:22:08 +0200] "GET /assets/extra-libs/ckeditor/plugins/youtube/images/ HTTP/1.1" 404 3913 "-" "Mozilla/5.0 (X11; U; Linux x86_64; en-US; rv:1.9.0.8) Gecko/2009033100 Ubuntu/9.04 (jaunty) Firefox/3.0.8"
3.139.234.41 - - [06/May/2025:14:22:07 +0200] "GET /index.php/Alqalam/article/view/853?articlesBySimilarityPage=28 HTTP/1.1" 200 9112 "-" "Mozilla/5.0 AppleWebKit/537.36 (KHTML, like Gecko; compatible; ClaudeBot/1.0; +claudebot@anthropic.com)"
85.208.96.209 - - [06/May/2025:14:22:07 +0200] "GET /index.php/Alqalam/article/view/503?articlesBySimilarityPage=33 HTTP/1.1" 200 9293 "-" "Mozilla/5.0 (compatible; SemrushBot/7~bl; +http://www.semrush.com/bot.html)"
3.139.234.41 - - [06/May/2025:14:22:06 +0200] "GET /index.php/Alqalam/article/view/829?articlesBySimilarityPage=19 HTTP/1.1" 200 9582 "-" "Mozilla/5.0 AppleWebKit/537.36 (KHTML, like Gecko; compatible; ClaudeBot/1.0; +claudebot@anthropic.com)"
194.233.80.159 - - [06/May/2025:14:22:14 +0200] "GET /assets/extra-libs/ckeditor/plugins/youtube/lang/ HTTP/1.1" 404 3913 "-" "Mozilla/5.0 (X11; U; Linux x86_64; en-US; rv:1.9.0.8) Gecko/2009033100 Ubuntu/9.04 (jaunty) Firefox/3.0.8"
194.233.80.159 - - [06/May/2025:14:22:20 +0200] "GET /assets/extra-libs/ckeditor/samples/ HTTP/1.1" 404 3913 "-" "Mozilla/5.0 (X11; U; Linux x86_64; en-US; rv:1.9.0.8) Gecko/2009033100 Ubuntu/9.04 (jaunty) Firefox/3.0.8"
185.191.171.18 - - [06/May/2025:14:22:19 +0200] "GET /index.php/Alqalam/article/view/833?articlesBySimilarityPage=47 HTTP/1.1" 200 8310 "-" "Mozilla/5.0 (compatible; SemrushBot/7~bl; +http://www.semrush.com/bot.html)"
152.53.54.186 - - [06/May/2025:14:22:22 +0200] "GET /index.php/Alqalam/citationstylelanguage/get/acs-nano?submissionId=183&publicationId=183 HTTP/1.1" 200 221 "-" "Mozilla/5.0 (Windows NT 10.0; Win64; x64) AppleWebKit/537.36 (KHTML, like Gecko) Chrome/100.0.3623.773 Safari/537.36"
194.233.80.159 - - [06/May/2025:14:22:24 +0200] "GET /assets/extra-libs/ckeditor/samples/css/ HTTP/1.1" 404 3913 "-" "Mozilla/5.0 (X11; U; Linux x86_64; en-US; rv:1.9.0.8) Gecko/2009033100 Ubuntu/9.04 (jaunty) Firefox/3.0.8"
194.233.80.159 - - [06/May/2025:14:22:29 +0200] "GET /assets/extra-libs/ckeditor/samples/img/ HTTP/1.1" 404 3913 "-" "Mozilla/5.0 (X11; U; Linux x86_64; en-US; rv:1.9.0.8) Gecko/2009033100 Ubuntu/9.04 (jaunty) Firefox/3.0.8"
194.233.80.159 - - [06/May/2025:14:22:35 +0200] "GET /assets/extra-libs/ckeditor/samples/js/ HTTP/1.1" 404 3913 "-" "Mozilla/5.0 (X11; U; Linux x86_64; en-US; rv:1.9.0.8) Gecko/2009033100 Ubuntu/9.04 (jaunty) Firefox/3.0.8"
194.233.80.159 - - [06/May/2025:14:22:39 +0200] "GET /assets/extra-libs/ckeditor/samples/old/ HTTP/1.1" 404 3913 "-" "Mozilla/5.0 (X11; U; Linux x86_64; en-US; rv:1.9.0.8) Gecko/2009033100 Ubuntu/9.04 (jaunty) Firefox/3.0.8"
66.249.64.130 - - [06/May/2025:14:22:40 +0200] "GET /index.php/Alqalam/article/view/787?articlesBySimilarityPage=2 HTTP/1.1" 200 8363 "-" "Mozilla/5.0 (Linux; Android 6.0.1; Nexus 5X Build/MMB29P) AppleWebKit/537.36 (KHTML, like Gecko) Chrome/136.0.7103.59 Mobile Safari/537.36 (compatible; Googlebot/2.1; +http://www.google.com/bot.html)"
54.36.148.191 - - [06/May/2025:14:22:44 +0200] "GET /index.php/Alqalam/citationstylelanguage/get/modern-language-association?submissionId=117&publicationId=117 HTTP/1.1" 200 318 "-" "Mozilla/5.0 (compatible; AhrefsBot/7.0; +http://ahrefs.com/robot/)"
194.233.80.159 - - [06/May/2025:14:22:47 +0200] "GET /assets/extra-libs/ckeditor/samples/old/assets/ HTTP/1.1" 404 3913 "-" "Mozilla/5.0 (X11; U; Linux x86_64; en-US; rv:1.9.0.8) Gecko/2009033100 Ubuntu/9.04 (jaunty) Firefox/3.0.8"
194.233.80.159 - - [06/May/2025:14:22:52 +0200] "GET /assets/extra-libs/ckeditor/samples/old/assets/inlineall/ HTTP/1.1" 404 3913 "-" "Mozilla/5.0 (X11; U; Linux x86_64; en-US; rv:1.9.0.8) Gecko/2009033100 Ubuntu/9.04 (jaunty) Firefox/3.0.8"
194.233.80.159 - - [06/May/2025:14:22:58 +0200] "GET /assets/extra-libs/ckeditor/samples/old/assets/outputxhtml/ HTTP/1.1" 404 3913 "-" "Mozilla/5.0 (X11; U; Linux x86_64; en-US; rv:1.9.0.8) Gecko/2009033100 Ubuntu/9.04 (jaunty) Firefox/3.0.8"
194.233.80.159 - - [06/May/2025:14:23:02 +0200] "GET /assets/extra-libs/ckeditor/samples/old/assets/uilanguages/ HTTP/1.1" 404 3913 "-" "Mozilla/5.0 (X11; U; Linux x86_64; en-US; rv:1.9.0.8) Gecko/2009033100 Ubuntu/9.04 (jaunty) Firefox/3.0.8"
52.23.112.144 - - [06/May/2025:14:23:05 +0200] "GET /index.php/Alqalam/article/view/850?articlesBySimilarityPage=3 HTTP/1.1" 200 9634 "-" "Mozilla/5.0 AppleWebKit/537.36 (KHTML, like Gecko; compatible; Amazonbot/0.1; +https://developer.amazon.com/support/amazonbot) Chrome/119.0.6045.214 Safari/537.36"
194.233.80.159 - - [06/May/2025:14:23:07 +0200] "GET /assets/extra-libs/ckeditor/samples/old/autocomplete/ HTTP/1.1" 404 3913 "-" "Mozilla/5.0 (X11; U; Linux x86_64; en-US; rv:1.9.0.8) Gecko/2009033100 Ubuntu/9.04 (jaunty) Firefox/3.0.8"
194.233.80.159 - - [06/May/2025:14:23:09 +0200] "GET /assets/extra-libs/ckeditor/samples/old/autogrow/ HTTP/1.1" 404 3913 "-" "Mozilla/5.0 (X11; U; Linux x86_64; en-US; rv:1.9.0.8) Gecko/2009033100 Ubuntu/9.04 (jaunty) Firefox/3.0.8"
20.191.45.212 - - [06/May/2025:14:23:10 +0200] "GET / HTTP/1.1" 302 - "https://journal.utripoli.edu.ly/" "DuckDuckBot/1.1; (+http://duckduckgo.com/duckduckbot.html)"
20.191.45.212 - - [06/May/2025:14:23:10 +0200] "GET /index.php/Alqalam HTTP/1.1" 200 8849 "https://journal.utripoli.edu.ly/index.php/Alqalam" "DuckDuckBot/1.1; (+http://duckduckgo.com/duckduckbot.html)"
20.191.45.212 - - [06/May/2025:14:23:10 +0200] "GET /public/journals/1/favicon_en_US.png HTTP/1.1" 404 3913 "https://journal.utripoli.edu.ly/public/journals/1/favicon_en_US.png" "DuckDuckBot/1.1; (+http://duckduckgo.com/duckduckbot.html)"
20.191.45.212 - - [06/May/2025:14:23:10 +0200] "GET /favicon.ico HTTP/1.1" 200 1150 "https://journal.utripoli.edu.ly/favicon.ico" "DuckDuckBot/1.1; (+http://duckduckgo.com/duckduckbot.html)"
194.233.80.159 - - [06/May/2025:14:23:15 +0200] "GET /assets/extra-libs/ckeditor/samples/old/bbcode/ HTTP/1.1" 404 3913 "-" "Mozilla/5.0 (X11; U; Linux x86_64; en-US; rv:1.9.0.8) Gecko/2009033100 Ubuntu/9.04 (jaunty) Firefox/3.0.8"
194.233.80.159 - - [06/May/2025:14:23:20 +0200] "GET /assets/extra-libs/ckeditor/samples/old/codesnippet/ HTTP/1.1" 404 3913 "-" "Mozilla/5.0 (X11; U; Linux x86_64; en-US; rv:1.9.0.8) Gecko/2009033100 Ubuntu/9.04 (jaunty) Firefox/3.0.8"
2a03:2880:f800:14:: - - [06/May/2025:14:23:21 +0200] "GET /index.php/Alqalam/article/view/66?articlesBySimilarityPage=8 HTTP/1.1" 200 31648 "-" "meta-externalagent/1.1 (+https://developers.facebook.com/docs/sharing/webmasters/crawler)"
194.233.80.159 - - [06/May/2025:14:23:24 +0200] "GET /assets/extra-libs/ckeditor/samples/old/devtools/ HTTP/1.1" 404 3913 "-" "Mozilla/5.0 (X11; U; Linux x86_64; en-US; rv:1.9.0.8) Gecko/2009033100 Ubuntu/9.04 (jaunty) Firefox/3.0.8"
194.233.80.159 - - [06/May/2025:14:23:27 +0200] "GET /assets/extra-libs/ckeditor/samples/old/dialog/ HTTP/1.1" 404 3913 "-" "Mozilla/5.0 (X11; U; Linux x86_64; en-US; rv:1.9.0.8) Gecko/2009033100 Ubuntu/9.04 (jaunty) Firefox/3.0.8"
194.233.80.159 - - [06/May/2025:14:23:31 +0200] "GET /assets/extra-libs/ckeditor/samples/old/dialog/assets/ HTTP/1.1" 404 3913 "-" "Mozilla/5.0 (X11; U; Linux x86_64; en-US; rv:1.9.0.8) Gecko/2009033100 Ubuntu/9.04 (jaunty) Firefox/3.0.8"
194.233.80.159 - - [06/May/2025:14:23:35 +0200] "GET /assets/extra-libs/ckeditor/samples/old/divarea/ HTTP/1.1" 404 3913 "-" "Mozilla/5.0 (X11; U; Linux x86_64; en-US; rv:1.9.0.8) Gecko/2009033100 Ubuntu/9.04 (jaunty) Firefox/3.0.8"
216.244.66.243 - - [06/May/2025:14:23:36 +0200] "GET /index.php/Alqalam/article/view/771 HTTP/1.1" 200 41830 "-" "Mozilla/5.0 (compatible; DotBot/1.2; +https://opensiteexplorer.org/dotbot; help@moz.com)"
194.233.80.159 - - [06/May/2025:14:23:40 +0200] "GET /assets/extra-libs/ckeditor/samples/old/docprops/ HTTP/1.1" 404 3913 "-" "Mozilla/5.0 (X11; U; Linux x86_64; en-US; rv:1.9.0.8) Gecko/2009033100 Ubuntu/9.04 (jaunty) Firefox/3.0.8"
3.145.79.94 - - [06/May/2025:14:23:40 +0200] "GET /index.php/Alqalam/article/view/29?articlesBySimilarityPage=21 HTTP/1.1" 200 7712 "-" "Mozilla/5.0 AppleWebKit/537.36 (KHTML, like Gecko; compatible; ClaudeBot/1.0; +claudebot@anthropic.com)"
3.145.79.94 - - [06/May/2025:14:23:40 +0200] "GET /index.php/Alqalam/article/view/112?articlesBySimilarityPage=23 HTTP/1.1" 200 8210 "-" "Mozilla/5.0 AppleWebKit/537.36 (KHTML, like Gecko; compatible; ClaudeBot/1.0; +claudebot@anthropic.com)"
54.36.149.22 - - [06/May/2025:14:23:45 +0200] "GET /index.php/Alqalam/citationstylelanguage/get/turabian-fullnote-bibliography?submissionId=117&publicationId=117 HTTP/1.1" 200 340 "-" "Mozilla/5.0 (compatible; AhrefsBot/7.0; +http://ahrefs.com/robot/)"
194.233.80.159 - - [06/May/2025:14:23:47 +0200] "GET /assets/extra-libs/ckeditor/samples/old/easyimage/ HTTP/1.1" 404 3913 "-" "Mozilla/5.0 (X11; U; Linux x86_64; en-US; rv:1.9.0.8) Gecko/2009033100 Ubuntu/9.04 (jaunty) Firefox/3.0.8"
194.233.80.159 - - [06/May/2025:14:23:53 +0200] "GET /assets/extra-libs/ckeditor/samples/old/emoji/ HTTP/1.1" 404 3913 "-" "Mozilla/5.0 (X11; U; Linux x86_64; en-US; rv:1.9.0.8) Gecko/2009033100 Ubuntu/9.04 (jaunty) Firefox/3.0.8"
3.12.146.87 - - [06/May/2025:14:23:59 +0200] "GET /index.php/Alqalam/citationstylelanguage/get/acs-nano?publicationId=861&submissionId=861 HTTP/1.1" 200 225 "-" "Mozilla/5.0 AppleWebKit/537.36 (KHTML, like Gecko; compatible; ClaudeBot/1.0; +claudebot@anthropic.com)"
194.233.80.159 - - [06/May/2025:14:24:01 +0200] "GET /assets/extra-libs/ckeditor/samples/old/enterkey/ HTTP/1.1" 404 3913 "-" "Mozilla/5.0 (X11; U; Linux x86_64; en-US; rv:1.9.0.8) Gecko/2009033100 Ubuntu/9.04 (jaunty) Firefox/3.0.8"
49.13.167.123 - - [06/May/2025:14:24:05 +0200] "HEAD / HTTP/1.1" 302 - "https://journal.utripoli.edu.ly/" "Mozilla/5.0+(compatible; UptimeRobot/2.0; http://www.uptimerobot.com/)"
49.13.167.123 - - [06/May/2025:14:24:05 +0200] "HEAD /index.php/Alqalam HTTP/1.1" 200 - "https://journal.utripoli.edu.ly/" "Mozilla/5.0+(compatible; UptimeRobot/2.0; http://www.uptimerobot.com/)"
194.233.80.159 - - [06/May/2025:14:24:10 +0200] "GET /assets/extra-libs/ckeditor/samples/old/htmlwriter/ HTTP/1.1" 404 3913 "-" "Mozilla/5.0 (X11; U; Linux x86_64; en-US; rv:1.9.0.8) Gecko/2009033100 Ubuntu/9.04 (jaunty) Firefox/3.0.8"
66.249.64.130 - - [06/May/2025:14:24:16 +0200] "GET /index.php/Alqalam/citationstylelanguage/get/apa?submissionId=262&publicationId=262 HTTP/1.1" 200 310 "-" "Mozilla/5.0 (Linux; Android 6.0.1; Nexus 5X Build/MMB29P) AppleWebKit/537.36 (KHTML, like Gecko) Chrome/136.0.7103.59 Mobile Safari/537.36 (compatible; Googlebot/2.1; +http://www.google.com/bot.html)"
194.233.80.159 - - [06/May/2025:14:24:18 +0200] "GET /assets/extra-libs/ckeditor/samples/old/htmlwriter/assets/outputforflash/ HTTP/1.1" 404 3913 "-" "Mozilla/5.0 (X11; U; Linux x86_64; en-US; rv:1.9.0.8) Gecko/2009033100 Ubuntu/9.04 (jaunty) Firefox/3.0.8"
194.233.80.159 - - [06/May/2025:14:24:23 +0200] "GET /assets/extra-libs/ckeditor/samples/old/image2/ HTTP/1.1" 404 3913 "-" "Mozilla/5.0 (X11; U; Linux x86_64; en-US; rv:1.9.0.8) Gecko/2009033100 Ubuntu/9.04 (jaunty) Firefox/3.0.8"
194.233.80.159 - - [06/May/2025:14:24:29 +0200] "GET /assets/extra-libs/ckeditor/samples/old/image2/assets/ HTTP/1.1" 404 3913 "-" "Mozilla/5.0 (X11; U; Linux x86_64; en-US; rv:1.9.0.8) Gecko/2009033100 Ubuntu/9.04 (jaunty) Firefox/3.0.8"
194.233.80.159 - - [06/May/2025:14:24:33 +0200] "GET /assets/extra-libs/ckeditor/samples/old/magicline/ HTTP/1.1" 404 3913 "-" "Mozilla/5.0 (X11; U; Linux x86_64; en-US; rv:1.9.0.8) Gecko/2009033100 Ubuntu/9.04 (jaunty) Firefox/3.0.8"
194.233.80.159 - - [06/May/2025:14:24:42 +0200] "GET /assets/extra-libs/ckeditor/samples/old/mathjax/ HTTP/1.1" 404 3913 "-" "Mozilla/5.0 (X11; U; Linux x86_64; en-US; rv:1.9.0.8) Gecko/2009033100 Ubuntu/9.04 (jaunty) Firefox/3.0.8"
54.36.148.31 - - [06/May/2025:14:24:44 +0200] "GET /index.php/Alqalam/citationstylelanguage/get/vancouver?submissionId=117&publicationId=117 HTTP/1.1" 200 341 "-" "Mozilla/5.0 (compatible; AhrefsBot/7.0; +http://ahrefs.com/robot/)"
216.244.66.243 - - [06/May/2025:14:24:43 +0200] "GET /index.php/Alqalam/article/view/332?articlesBySimilarityPage=51 HTTP/1.1" 200 40595 "-" "Mozilla/5.0 (compatible; DotBot/1.2; +https://opensiteexplorer.org/dotbot; help@moz.com)"
194.233.80.159 - - [06/May/2025:14:24:48 +0200] "GET /assets/extra-libs/ckeditor/samples/old/mentions/ HTTP/1.1" 404 3913 "-" "Mozilla/5.0 (X11; U; Linux x86_64; en-US; rv:1.9.0.8) Gecko/2009033100 Ubuntu/9.04 (jaunty) Firefox/3.0.8"
194.233.80.159 - - [06/May/2025:14:24:55 +0200] "GET /assets/extra-libs/ckeditor/samples/old/placeholder/ HTTP/1.1" 404 3913 "-" "Mozilla/5.0 (X11; U; Linux x86_64; en-US; rv:1.9.0.8) Gecko/2009033100 Ubuntu/9.04 (jaunty) Firefox/3.0.8"
194.233.80.159 - - [06/May/2025:14:25:00 +0200] "GET /assets/extra-libs/ckeditor/samples/old/sharedspace/ HTTP/1.1" 404 3913 "-" "Mozilla/5.0 (X11; U; Linux x86_64; en-US; rv:1.9.0.8) Gecko/2009033100 Ubuntu/9.04 (jaunty) Firefox/3.0.8"
194.233.80.159 - - [06/May/2025:14:25:07 +0200] "GET /assets/extra-libs/ckeditor/samples/old/sourcedialog/ HTTP/1.1" 404 3913 "-" "Mozilla/5.0 (X11; U; Linux x86_64; en-US; rv:1.9.0.8) Gecko/2009033100 Ubuntu/9.04 (jaunty) Firefox/3.0.8"
66.249.64.130 - - [06/May/2025:14:25:08 +0200] "GET /index.php/Alqalam/article/view/305/272 HTTP/1.1" 302 - "-" "Mozilla/5.0 (Linux; Android 6.0.1; Nexus 5X Build/MMB29P) AppleWebKit/537.36 (KHTML, like Gecko) Chrome/136.0.7103.59 Mobile Safari/537.36 (compatible; Googlebot/2.1; +http://www.google.com/bot.html)"
66.249.64.130 - - [06/May/2025:14:25:08 +0200] "GET /index.php/Alqalam/article/download/305/272 HTTP/1.1" 200 1310894 "-" "Mozilla/5.0 (Linux; Android 6.0.1; Nexus 5X Build/MMB29P) AppleWebKit/537.36 (KHTML, like Gecko) Chrome/136.0.7103.59 Mobile Safari/537.36 (compatible; Googlebot/2.1; +http://www.google.com/bot.html)"
66.249.64.130 - - [06/May/2025:14:25:09 +0200] "GET / HTTP/1.1" 302 - "-" "Mozilla/5.0 (compatible; Googlebot/2.1; +http://www.google.com/bot.html)"
66.249.64.131 - - [06/May/2025:14:25:10 +0200] "GET /index.php/Alqalam HTTP/1.1" 200 8849 "-" "Mozilla/5.0 (compatible; Googlebot/2.1; +http://www.google.com/bot.html)"
66.249.64.130 - - [06/May/2025:14:25:11 +0200] "GET /public/journals/1/styleSheet.css?d=2024-01-03+17%3A34%3A30 HTTP/1.1" 404 3913 "https://journal.utripoli.edu.ly/index.php/Alqalam" "Mozilla/5.0 AppleWebKit/537.36 (KHTML, like Gecko; compatible; Googlebot/2.1; +http://www.google.com/bot.html) Chrome/135.0.7049.114 Safari/537.36"
3.144.153.204 - - [06/May/2025:14:25:22 +0200] "GET /index.php/Alqalam/article/view/147?articlesBySimilarityPage=23 HTTP/1.1" 200 8166 "-" "Mozilla/5.0 AppleWebKit/537.36 (KHTML, like Gecko; compatible; ClaudeBot/1.0; +claudebot@anthropic.com)"
3.144.153.204 - - [06/May/2025:14:25:22 +0200] "GET /index.php/Alqalam/article/view/824?articlesBySimilarityPage=26 HTTP/1.1" 200 9715 "-" "Mozilla/5.0 AppleWebKit/537.36 (KHTML, like Gecko; compatible; ClaudeBot/1.0; +claudebot@anthropic.com)"
194.233.80.159 - - [06/May/2025:14:25:25 +0200] "GET /assets/extra-libs/ckeditor/samples/old/stylesheetparser/ HTTP/1.1" 404 3913 "-" "Mozilla/5.0 (X11; U; Linux x86_64; en-US; rv:1.9.0.8) Gecko/2009033100 Ubuntu/9.04 (jaunty) Firefox/3.0.8"
194.233.80.159 - - [06/May/2025:14:25:27 +0200] "GET /assets/extra-libs/ckeditor/samples/old/stylesheetparser/assets/ HTTP/1.1" 404 3913 "-" "Mozilla/5.0 (X11; U; Linux x86_64; en-US; rv:1.9.0.8) Gecko/2009033100 Ubuntu/9.04 (jaunty) Firefox/3.0.8"
194.233.80.159 - - [06/May/2025:14:25:28 +0200] "GET /assets/extra-libs/ckeditor/samples/old/tableresize/ HTTP/1.1" 404 3913 "-" "Mozilla/5.0 (X11; U; Linux x86_64; en-US; rv:1.9.0.8) Gecko/2009033100 Ubuntu/9.04 (jaunty) Firefox/3.0.8"
54.36.148.234 - - [06/May/2025:14:25:55 +0200] "GET /index.php/Alqalam/citationstylelanguage/get/chicago-author-date?submissionId=117&publicationId=117 HTTP/1.1" 200 310 "-" "Mozilla/5.0 (compatible; AhrefsBot/7.0; +http://ahrefs.com/robot/)"
194.233.80.159 - - [06/May/2025:14:26:00 +0200] "GET /assets/extra-libs/ckeditor/samples/old/toolbar/ HTTP/1.1" 404 3913 "-" "Mozilla/5.0 (X11; U; Linux x86_64; en-US; rv:1.9.0.8) Gecko/2009033100 Ubuntu/9.04 (jaunty) Firefox/3.0.8"
194.233.80.159 - - [06/May/2025:14:26:14 +0200] "GET /assets/extra-libs/ckeditor/samples/old/uicolor/ HTTP/1.1" 404 3913 "-" "Mozilla/5.0 (X11; U; Linux x86_64; en-US; rv:1.9.0.8) Gecko/2009033100 Ubuntu/9.04 (jaunty) Firefox/3.0.8"
54.36.148.243 - - [06/May/2025:14:26:30 +0200] "GET /index.php/Alqalam/citationstylelanguage/get/harvard-cite-them-right?submissionId=117&publicationId=117 HTTP/1.1" 200 346 "-" "Mozilla/5.0 (compatible; AhrefsBot/7.0; +http://ahrefs.com/robot/)"
194.233.80.159 - - [06/May/2025:14:26:36 +0200] "GET /assets/extra-libs/ckeditor/samples/old/wysiwygarea/ HTTP/1.1" 404 3913 "-" "Mozilla/5.0 (X11; U; Linux x86_64; en-US; rv:1.9.0.8) Gecko/2009033100 Ubuntu/9.04 (jaunty) Firefox/3.0.8"
172.203.190.131 - - [06/May/2025:14:26:38 +0200] "GET /robots.txt HTTP/1.1" 200 32 "-" "Mozilla/5.0 (Macintosh; Intel Mac OS X 10_15_7) AppleWebKit/537.36 (KHTML, like Gecko) Chrome/131.0.0.0 Safari/537.36; compatible; OAI-SearchBot/1.0; +https://openai.com/searchbot"
3.22.66.60 - - [06/May/2025:14:26:46 +0200] "GET /index.php/Alqalam/article/view/321?articlesBySimilarityPage=24 HTTP/1.1" 200 7820 "-" "Mozilla/5.0 AppleWebKit/537.36 (KHTML, like Gecko; compatible; ClaudeBot/1.0; +claudebot@anthropic.com)"
66.249.64.131 - - [06/May/2025:14:26:48 +0200] "GET /index.php/Alqalam/citationstylelanguage/get/vancouver?submissionId=262&publicationId=262 HTTP/1.1" 200 349 "-" "Mozilla/5.0 (Linux; Android 6.0.1; Nexus 5X Build/MMB29P) AppleWebKit/537.36 (KHTML, like Gecko) Chrome/136.0.7103.59 Mobile Safari/537.36 (compatible; Googlebot/2.1; +http://www.google.com/bot.html)"
3.22.66.60 - - [06/May/2025:14:26:46 +0200] "GET /index.php/Alqalam/article/view/829?articlesBySimilarityPage=22 HTTP/1.1" 200 9294 "-" "Mozilla/5.0 AppleWebKit/537.36 (KHTML, like Gecko; compatible; ClaudeBot/1.0; +claudebot@anthropic.com)"
194.233.80.159 - - [06/May/2025:14:26:49 +0200] "GET /assets/extra-libs/ckeditor/samples/toolbarconfigurator/ HTTP/1.1" 404 3913 "-" "Mozilla/5.0 (X11; U; Linux x86_64; en-US; rv:1.9.0.8) Gecko/2009033100 Ubuntu/9.04 (jaunty) Firefox/3.0.8"
194.233.80.159 - - [06/May/2025:14:26:56 +0200] "GET /assets/extra-libs/ckeditor/samples/toolbarconfigurator/css/ HTTP/1.1" 404 3913 "-" "Mozilla/5.0 (X11; U; Linux x86_64; en-US; rv:1.9.0.8) Gecko/2009033100 Ubuntu/9.04 (jaunty) Firefox/3.0.8"
172.178.140.154 - - [06/May/2025:14:26:59 +0200] "GET /index.php/Alqalam/article/view/475/373 HTTP/1.1" 302 - "-" "Mozilla/5.0 AppleWebKit/537.36 (KHTML, like Gecko); compatible; ChatGPT-User/1.0; +https://openai.com/bot"
51.8.102.190 - - [06/May/2025:14:26:59 +0200] "GET /index.php/Alqalam/article/view/313/273 HTTP/1.1" 302 - "-" "Mozilla/5.0 (Macintosh; Intel Mac OS X 10_15_7) AppleWebKit/537.36 (KHTML, like Gecko) Chrome/131.0.0.0 Safari/537.36; compatible; OAI-SearchBot/1.0; +https://openai.com/searchbot"
172.178.140.154 - - [06/May/2025:14:26:59 +0200] "GET /index.php/Alqalam/article/download/475/373 HTTP/1.1" 200 362709 "-" "Mozilla/5.0 AppleWebKit/537.36 (KHTML, like Gecko); compatible; ChatGPT-User/1.0; +https://openai.com/bot"
51.8.102.190 - - [06/May/2025:14:26:59 +0200] "GET /index.php/Alqalam/article/download/313/273 HTTP/1.1" 200 699320 "-" "Mozilla/5.0 (Macintosh; Intel Mac OS X 10_15_7) AppleWebKit/537.36 (KHTML, like Gecko) Chrome/131.0.0.0 Safari/537.36; compatible; OAI-SearchBot/1.0; +https://openai.com/searchbot"
74.125.151.110 - - [06/May/2025:14:27:01 +0200] "GET / HTTP/1.1" 302 - "http://www.journal.utripoli.edu.ly/" "Google-Firebase"
194.233.80.159 - - [06/May/2025:14:27:03 +0200] "GET /assets/extra-libs/ckeditor/samples/toolbarconfigurator/font/ HTTP/1.1" 404 3913 "-" "Mozilla/5.0 (X11; U; Linux x86_64; en-US; rv:1.9.0.8) Gecko/2009033100 Ubuntu/9.04 (jaunty) Firefox/3.0.8"
54.36.148.8 - - [06/May/2025:14:27:04 +0200] "GET /index.php/Alqalam/citationstylelanguage/get/vancouver?submissionId=518&publicationId=518 HTTP/1.1" 200 315 "-" "Mozilla/5.0 (compatible; AhrefsBot/7.0; +http://ahrefs.com/robot/)"
194.233.80.159 - - [06/May/2025:14:27:11 +0200] "GET /assets/extra-libs/ckeditor/samples/toolbarconfigurator/js/ HTTP/1.1" 404 3913 "-" "Mozilla/5.0 (X11; U; Linux x86_64; en-US; rv:1.9.0.8) Gecko/2009033100 Ubuntu/9.04 (jaunty) Firefox/3.0.8"
102.164.97.73 - - [06/May/2025:14:27:12 +0200] "GET /index.php/Alqalam HTTP/1.1" 200 8849 "https://dolj.ly/" "Mozilla/5.0 (Linux; Android 10; K) AppleWebKit/537.36 (KHTML, like Gecko) Chrome/135.0.0.0 Mobile Safari/537.36"
102.164.97.73 - - [06/May/2025:14:27:12 +0200] "GET /index.php/Alqalam/$$$call$$$/page/page/css?name=stylesheet HTTP/1.1" 200 10173 "https://journal.utripoli.edu.ly/index.php/Alqalam" "Mozilla/5.0 (Linux; Android 10; K) AppleWebKit/537.36 (KHTML, like Gecko) Chrome/135.0.0.0 Mobile Safari/537.36"
102.164.97.73 - - [06/May/2025:14:27:12 +0200] "GET /index.php/Alqalam/$$$call$$$/page/page/css?name=font HTTP/1.1" 200 380 "https://journal.utripoli.edu.ly/index.php/Alqalam" "Mozilla/5.0 (Linux; Android 10; K) AppleWebKit/537.36 (KHTML, like Gecko) Chrome/135.0.0.0 Mobile Safari/537.36"
102.164.97.73 - - [06/May/2025:14:27:12 +0200] "GET /lib/pkp/styles/fontawesome/fontawesome.css?v=3.3.0.14 HTTP/1.1" 200 7430 "https://journal.utripoli.edu.ly/index.php/Alqalam" "Mozilla/5.0 (Linux; Android 10; K) AppleWebKit/537.36 (KHTML, like Gecko) Chrome/135.0.0.0 Mobile Safari/537.36"
102.164.97.73 - - [06/May/2025:14:27:12 +0200] "GET /public/journals/1/styleSheet.css?d=2024-01-03+17%3A34%3A30 HTTP/1.1" 404 3913 "https://journal.utripoli.edu.ly/index.php/Alqalam" "Mozilla/5.0 (Linux; Android 10; K) AppleWebKit/537.36 (KHTML, like Gecko) Chrome/135.0.0.0 Mobile Safari/537.36"
102.164.97.73 - - [06/May/2025:14:27:12 +0200] "GET /public/site/images/admin/images-7ebefdfe542a8ccb6c69ed6034ca26fd.jpg HTTP/1.1" 200 7228 "https://journal.utripoli.edu.ly/index.php/Alqalam" "Mozilla/5.0 (Linux; Android 10; K) AppleWebKit/537.36 (KHTML, like Gecko) Chrome/135.0.0.0 Mobile Safari/537.36"
102.164.97.73 - - [06/May/2025:14:27:12 +0200] "GET /public/site/images/admin/whatsapp-image-2025-04-23-at-21.02.04-c9d49382.jpg HTTP/1.1" 200 36177 "https://journal.utripoli.edu.ly/index.php/Alqalam" "Mozilla/5.0 (Linux; Android 10; K) AppleWebKit/537.36 (KHTML, like Gecko) Chrome/135.0.0.0 Mobile Safari/537.36"
102.164.97.73 - - [06/May/2025:14:27:12 +0200] "GET /public/journals/1/pageHeaderLogoImage_en_US.png HTTP/1.1" 200 77984 "https://journal.utripoli.edu.ly/index.php/Alqalam" "Mozilla/5.0 (Linux; Android 10; K) AppleWebKit/537.36 (KHTML, like Gecko) Chrome/135.0.0.0 Mobile Safari/537.36"
102.164.97.73 - - [06/May/2025:14:27:12 +0200] "GET /lib/pkp/lib/vendor/components/jquery/jquery.min.js?v=3.3.0.14 HTTP/1.1" 200 89476 "https://journal.utripoli.edu.ly/index.php/Alqalam" "Mozilla/5.0 (Linux; Android 10; K) AppleWebKit/537.36 (KHTML, like Gecko) Chrome/135.0.0.0 Mobile Safari/537.36"
102.164.97.73 - - [06/May/2025:14:27:12 +0200] "GET /plugins/themes/default/fonts/noto-serif-v9-vietnamese_latin-ext_latin_greek-ext_greek_cyrillic-ext_cyrillic-regular.woff2 HTTP/1.1" 200 154816 "https://journal.utripoli.edu.ly/index.php/Alqalam/$$$call$$$/page/page/css?name=font" "Mozilla/5.0 (Linux; Android 10; K) AppleWebKit/537.36 (KHTML, like Gecko) Chrome/135.0.0.0 Mobile Safari/537.36"
102.164.97.73 - - [06/May/2025:14:27:13 +0200] "GET /plugins/themes/default/fonts/noto-serif-v9-vietnamese_latin-ext_latin_greek-ext_greek_cyrillic-ext_cyrillic-700.woff2 HTTP/1.1" 200 167372 "https://journal.utripoli.edu.ly/index.php/Alqalam/$$$call$$$/page/page/css?name=font" "Mozilla/5.0 (Linux; Android 10; K) AppleWebKit/537.36 (KHTML, like Gecko) Chrome/135.0.0.0 Mobile Safari/537.36"
102.164.97.73 - - [06/May/2025:14:27:13 +0200] "GET /plugins/themes/default/fonts/noto-serif-v9-vietnamese_latin-ext_latin_greek-ext_greek_cyrillic-ext_cyrillic-700italic.woff2 HTTP/1.1" 200 144476 "https://journal.utripoli.edu.ly/index.php/Alqalam/$$$call$$$/page/page/css?name=font" "Mozilla/5.0 (Linux; Android 10; K) AppleWebKit/537.36 (KHTML, like Gecko) Chrome/135.0.0.0 Mobile Safari/537.36"
102.164.97.73 - - [06/May/2025:14:27:13 +0200] "GET /lib/pkp/styles/fontawesome/fontawesome-webfont.woff2?v=4.7.0 HTTP/1.1" 200 77160 "https://journal.utripoli.edu.ly/lib/pkp/styles/fontawesome/fontawesome.css?v=3.3.0.14" "Mozilla/5.0 (Linux; Android 10; K) AppleWebKit/537.36 (KHTML, like Gecko) Chrome/135.0.0.0 Mobile Safari/537.36"
102.164.97.73 - - [06/May/2025:14:27:12 +0200] "GET /lib/pkp/lib/vendor/components/jqueryui/jquery-ui.min.js?v=3.3.0.14 HTTP/1.1" 200 253669 "https://journal.utripoli.edu.ly/index.php/Alqalam" "Mozilla/5.0 (Linux; Android 10; K) AppleWebKit/537.36 (KHTML, like Gecko) Chrome/135.0.0.0 Mobile Safari/537.36"
102.164.97.73 - - [06/May/2025:14:27:13 +0200] "GET /plugins/themes/default/js/lib/popper/popper.js?v=3.3.0.14 HTTP/1.1" 200 81675 "https://journal.utripoli.edu.ly/index.php/Alqalam" "Mozilla/5.0 (Linux; Android 10; K) AppleWebKit/537.36 (KHTML, like Gecko) Chrome/135.0.0.0 Mobile Safari/537.36"
102.164.97.73 - - [06/May/2025:14:27:13 +0200] "GET /plugins/themes/default/js/lib/bootstrap/util.js?v=3.3.0.14 HTTP/1.1" 200 4193 "https://journal.utripoli.edu.ly/index.php/Alqalam" "Mozilla/5.0 (Linux; Android 10; K) AppleWebKit/537.36 (KHTML, like Gecko) Chrome/135.0.0.0 Mobile Safari/537.36"
102.164.97.73 - - [06/May/2025:14:27:13 +0200] "GET /plugins/themes/default/js/lib/bootstrap/dropdown.js?v=3.3.0.14 HTTP/1.1" 200 13932 "https://journal.utripoli.edu.ly/index.php/Alqalam" "Mozilla/5.0 (Linux; Android 10; K) AppleWebKit/537.36 (KHTML, like Gecko) Chrome/135.0.0.0 Mobile Safari/537.36"
102.164.97.73 - - [06/May/2025:14:27:13 +0200] "GET /plugins/themes/default/js/main.js?v=3.3.0.14 HTTP/1.1" 200 3160 "https://journal.utripoli.edu.ly/index.php/Alqalam" "Mozilla/5.0 (Linux; Android 10; K) AppleWebKit/537.36 (KHTML, like Gecko) Chrome/135.0.0.0 Mobile Safari/537.36"
102.164.97.73 - - [06/May/2025:14:27:13 +0200] "GET /public/site/images/admin/ajol-logo.png HTTP/1.1" 200 21098 "https://journal.utripoli.edu.ly/index.php/Alqalam" "Mozilla/5.0 (Linux; Android 10; K) AppleWebKit/537.36 (KHTML, like Gecko) Chrome/135.0.0.0 Mobile Safari/537.36"
194.233.80.159 - - [06/May/2025:14:27:13 +0200] "GET /assets/extra-libs/ckeditor/samples/toolbarconfigurator/lib/codemirror/ HTTP/1.1" 404 3913 "-" "Mozilla/5.0 (X11; U; Linux x86_64; en-US; rv:1.9.0.8) Gecko/2009033100 Ubuntu/9.04 (jaunty) Firefox/3.0.8"
102.164.97.73 - - [06/May/2025:14:27:13 +0200] "GET /public/site/images/admin/blobid0-9158c27dc6489c3248b1e7d631a921ab.png HTTP/1.1" 200 6004 "https://journal.utripoli.edu.ly/index.php/Alqalam" "Mozilla/5.0 (Linux; Android 10; K) AppleWebKit/537.36 (KHTML, like Gecko) Chrome/135.0.0.0 Mobile Safari/537.36"
102.164.97.73 - - [06/May/2025:14:27:13 +0200] "GET /public/site/images/admin/images.png HTTP/1.1" 200 5043 "https://journal.utripoli.edu.ly/index.php/Alqalam" "Mozilla/5.0 (Linux; Android 10; K) AppleWebKit/537.36 (KHTML, like Gecko) Chrome/135.0.0.0 Mobile Safari/537.36"
102.164.97.73 - - [06/May/2025:14:27:13 +0200] "GET /public/site/images/admin/orcid-logo-with-tagline.svg.png HTTP/1.1" 200 25660 "https://journal.utripoli.edu.ly/index.php/Alqalam" "Mozilla/5.0 (Linux; Android 10; K) AppleWebKit/537.36 (KHTML, like Gecko) Chrome/135.0.0.0 Mobile Safari/537.36"
102.164.97.73 - - [06/May/2025:14:27:13 +0200] "GET /public/site/images/admin/blobid0.png HTTP/1.1" 200 3474 "https://journal.utripoli.edu.ly/index.php/Alqalam" "Mozilla/5.0 (Linux; Android 10; K) AppleWebKit/537.36 (KHTML, like Gecko) Chrome/135.0.0.0 Mobile Safari/537.36"
102.164.97.73 - - [06/May/2025:14:27:13 +0200] "GET /public/site/images/admin/blobid0-db525be3a52385e067c75304370e3cd3.png HTTP/1.1" 200 4348 "https://journal.utripoli.edu.ly/index.php/Alqalam" "Mozilla/5.0 (Linux; Android 10; K) AppleWebKit/537.36 (KHTML, like Gecko) Chrome/135.0.0.0 Mobile Safari/537.36"
102.164.97.73 - - [06/May/2025:14:27:13 +0200] "GET /templates/images/ojs_brand.png HTTP/1.1" 200 13150 "https://journal.utripoli.edu.ly/index.php/Alqalam" "Mozilla/5.0 (Linux; Android 10; K) AppleWebKit/537.36 (KHTML, like Gecko) Chrome/135.0.0.0 Mobile Safari/537.36"
102.164.97.73 - - [06/May/2025:14:27:12 +0200] "GET /public/journals/1/cover_issue_29_en_US.png HTTP/1.1" 200 1524795 "https://journal.utripoli.edu.ly/index.php/Alqalam" "Mozilla/5.0 (Linux; Android 10; K) AppleWebKit/537.36 (KHTML, like Gecko) Chrome/135.0.0.0 Mobile Safari/537.36"
102.164.97.73 - - [06/May/2025:14:27:15 +0200] "GET /public/journals/1/favicon_en_US.png HTTP/1.1" 404 3913 "https://journal.utripoli.edu.ly/index.php/Alqalam" "Mozilla/5.0 (Linux; Android 10; K) AppleWebKit/537.36 (KHTML, like Gecko) Chrome/135.0.0.0 Mobile Safari/537.36"
194.233.80.159 - - [06/May/2025:14:27:17 +0200] "GET /assets/extra-libs/ckeditor/skins/kama/ HTTP/1.1" 404 3913 "-" "Mozilla/5.0 (X11; U; Linux x86_64; en-US; rv:1.9.0.8) Gecko/2009033100 Ubuntu/9.04 (jaunty) Firefox/3.0.8"
194.233.80.159 - - [06/May/2025:14:27:21 +0200] "GET /assets/extra-libs/ckeditor/skins/kama/images/ HTTP/1.1" 404 3913 "-" "Mozilla/5.0 (X11; U; Linux x86_64; en-US; rv:1.9.0.8) Gecko/2009033100 Ubuntu/9.04 (jaunty) Firefox/3.0.8"
194.233.80.159 - - [06/May/2025:14:27:25 +0200] "GET /assets/extra-libs/ckeditor/skins/moono-lisa/ HTTP/1.1" 404 3913 "-" "Mozilla/5.0 (X11; U; Linux x86_64; en-US; rv:1.9.0.8) Gecko/2009033100 Ubuntu/9.04 (jaunty) Firefox/3.0.8"
194.233.80.159 - - [06/May/2025:14:27:29 +0200] "GET /assets/extra-libs/ckeditor/skins/moono-lisa/images/ HTTP/1.1" 404 3913 "-" "Mozilla/5.0 (X11; U; Linux x86_64; en-US; rv:1.9.0.8) Gecko/2009033100 Ubuntu/9.04 (jaunty) Firefox/3.0.8"
54.36.149.80 - - [06/May/2025:14:27:31 +0200] "GET /index.php/Alqalam/citationstylelanguage/get/apa?submissionId=322&publicationId=322 HTTP/1.1" 200 316 "-" "Mozilla/5.0 (compatible; AhrefsBot/7.0; +http://ahrefs.com/robot/)"
47.128.61.213 - - [06/May/2025:14:27:30 +0200] "GET /index.php/Alqalam/article/view/468?articlesBySimilarityPage=23 HTTP/1.1" 200 8589 "-" "Mozilla/5.0 (compatible; Bytespider; spider-feedback@bytedance.com) AppleWebKit/537.36 (KHTML, like Gecko) Chrome/70.0.0.0 Safari/537.36"
47.128.61.213 - - [06/May/2025:14:27:31 +0200] "GET /public/journals/1/styleSheet.css?d=2024-01-03+17%3A34%3A30 HTTP/1.1" 404 3913 "https://journal.utripoli.edu.ly/index.php/Alqalam/article/view/468?articlesBySimilarityPage=23" "Mozilla/5.0 (compatible; Bytespider; spider-feedback@bytedance.com) AppleWebKit/537.36 (KHTML, like Gecko) Chrome/70.0.0.0 Safari/537.36"
194.233.80.159 - - [06/May/2025:14:27:34 +0200] "GET /assets/extra-libs/ckeditor/skins/moono-lisa/images/hidpi/ HTTP/1.1" 404 3913 "-" "Mozilla/5.0 (X11; U; Linux x86_64; en-US; rv:1.9.0.8) Gecko/2009033100 Ubuntu/9.04 (jaunty) Firefox/3.0.8"
66.249.70.106 - - [06/May/2025:14:27:36 +0200] "GET /index.php/Alqalam/article/view/787?articlesBySimilarityPage=7 HTTP/1.1" 200 8050 "-" "Mozilla/5.0 (Linux; Android 6.0.1; Nexus 5X Build/MMB29P) AppleWebKit/537.36 (KHTML, like Gecko) Chrome/136.0.7103.59 Mobile Safari/537.36 (compatible; Googlebot/2.1; +http://www.google.com/bot.html)"
194.233.80.159 - - [06/May/2025:14:27:40 +0200] "GET /assets/extra-libs/ckeditor/skins/moono/ HTTP/1.1" 404 3913 "-" "Mozilla/5.0 (X11; U; Linux x86_64; en-US; rv:1.9.0.8) Gecko/2009033100 Ubuntu/9.04 (jaunty) Firefox/3.0.8"
85.208.96.198 - - [06/May/2025:14:27:46 +0200] "GET /index.php/Alqalam/article/view/526 HTTP/1.1" 200 9931 "-" "Mozilla/5.0 (compatible; SemrushBot/7~bl; +http://www.semrush.com/bot.html)"
194.233.80.159 - - [06/May/2025:14:27:48 +0200] "GET /assets/extra-libs/ckeditor/skins/moono/images/ HTTP/1.1" 404 3913 "-" "Mozilla/5.0 (X11; U; Linux x86_64; en-US; rv:1.9.0.8) Gecko/2009033100 Ubuntu/9.04 (jaunty) Firefox/3.0.8"
194.233.80.159 - - [06/May/2025:14:27:52 +0200] "GET /assets/extra-libs/ckeditor/skins/moono/images/hidpi/ HTTP/1.1" 404 3913 "-" "Mozilla/5.0 (X11; U; Linux x86_64; en-US; rv:1.9.0.8) Gecko/2009033100 Ubuntu/9.04 (jaunty) Firefox/3.0.8"
194.233.80.159 - - [06/May/2025:14:27:56 +0200] "GET /assets/extra-libs/ckeditor/vendor/ HTTP/1.1" 404 3913 "-" "Mozilla/5.0 (X11; U; Linux x86_64; en-US; rv:1.9.0.8) Gecko/2009033100 Ubuntu/9.04 (jaunty) Firefox/3.0.8"
194.233.80.159 - - [06/May/2025:14:27:58 +0200] "GET /assets/extra-libs/datatables.net-bs4/ HTTP/1.1" 404 3913 "-" "Mozilla/5.0 (X11; U; Linux x86_64; en-US; rv:1.9.0.8) Gecko/2009033100 Ubuntu/9.04 (jaunty) Firefox/3.0.8"
54.36.148.15 - - [06/May/2025:14:28:01 +0200] "GET /index.php/Alqalam/article/view/66?articlesBySimilarityPage=5 HTTP/1.1" 200 7279 "-" "Mozilla/5.0 (compatible; AhrefsBot/7.0; +http://ahrefs.com/robot/)"
194.233.80.159 - - [06/May/2025:14:28:04 +0200] "GET /assets/extra-libs/datatables.net-bs4/css/ HTTP/1.1" 404 3913 "-" "Mozilla/5.0 (X11; U; Linux x86_64; en-US; rv:1.9.0.8) Gecko/2009033100 Ubuntu/9.04 (jaunty) Firefox/3.0.8"
194.233.80.159 - - [06/May/2025:14:28:09 +0200] "GET /assets/extra-libs/datatables.net-bs4/js/ HTTP/1.1" 404 3913 "-" "Mozilla/5.0 (X11; U; Linux x86_64; en-US; rv:1.9.0.8) Gecko/2009033100 Ubuntu/9.04 (jaunty) Firefox/3.0.8"
194.233.80.159 - - [06/May/2025:14:28:14 +0200] "GET /assets/extra-libs/datatables.net/ HTTP/1.1" 404 3913 "-" "Mozilla/5.0 (X11; U; Linux x86_64; en-US; rv:1.9.0.8) Gecko/2009033100 Ubuntu/9.04 (jaunty) Firefox/3.0.8"
66.249.70.108 - - [06/May/2025:14:28:14 +0200] "GET /index.php/Alqalam/citationstylelanguage/get/modern-language-association?submissionId=333&publicationId=333 HTTP/1.1" 200 258 "-" "Mozilla/5.0 (Linux; Android 6.0.1; Nexus 5X Build/MMB29P) AppleWebKit/537.36 (KHTML, like Gecko) Chrome/136.0.7103.59 Mobile Safari/537.36 (compatible; GoogleOther)"
194.233.80.159 - - [06/May/2025:14:28:19 +0200] "GET /assets/extra-libs/datatables.net/js/ HTTP/1.1" 404 3913 "-" "Mozilla/5.0 (X11; U; Linux x86_64; en-US; rv:1.9.0.8) Gecko/2009033100 Ubuntu/9.04 (jaunty) Firefox/3.0.8"
216.244.66.243 - - [06/May/2025:14:28:21 +0200] "GET /index.php/Alqalam/article/view/120?articlesBySimilarityPage=1 HTTP/1.1" 200 35305 "-" "Mozilla/5.0 (compatible; DotBot/1.2; +https://opensiteexplorer.org/dotbot; help@moz.com)"
194.233.80.159 - - [06/May/2025:14:28:23 +0200] "GET /assets/extra-libs/js-orgChart-2/ HTTP/1.1" 404 3913 "-" "Mozilla/5.0 (X11; U; Linux x86_64; en-US; rv:1.9.0.8) Gecko/2009033100 Ubuntu/9.04 (jaunty) Firefox/3.0.8"
194.233.80.159 - - [06/May/2025:14:28:25 +0200] "GET /assets/extra-libs/js-orgChart-2/demo/ HTTP/1.1" 404 3913 "-" "Mozilla/5.0 (X11; U; Linux x86_64; en-US; rv:1.9.0.8) Gecko/2009033100 Ubuntu/9.04 (jaunty) Firefox/3.0.8"
194.233.80.159 - - [06/May/2025:14:28:29 +0200] "GET /assets/extra-libs/js-orgChart-2/js/ HTTP/1.1" 404 3913 "-" "Mozilla/5.0 (X11; U; Linux x86_64; en-US; rv:1.9.0.8) Gecko/2009033100 Ubuntu/9.04 (jaunty) Firefox/3.0.8"
54.36.149.87 - - [06/May/2025:14:28:29 +0200] "GET /index.php/Alqalam/citationstylelanguage/get/harvard-cite-them-right?submissionId=122&publicationId=122 HTTP/1.1" 200 374 "-" "Mozilla/5.0 (compatible; AhrefsBot/7.0; +http://ahrefs.com/robot/)"
216.244.66.243 - - [06/May/2025:14:28:30 +0200] "GET /index.php/Alqalam/article/view/305?articlesBySimilarityPage=2 HTTP/1.1" 200 39658 "-" "Mozilla/5.0 (compatible; DotBot/1.2; +https://opensiteexplorer.org/dotbot; help@moz.com)"
18.119.122.86 - - [06/May/2025:14:28:28 +0200] "GET /index.php/Alqalam/article/view/147?articlesBySimilarityPage=21 HTTP/1.1" 200 8179 "-" "Mozilla/5.0 AppleWebKit/537.36 (KHTML, like Gecko; compatible; ClaudeBot/1.0; +claudebot@anthropic.com)"
18.119.122.86 - - [06/May/2025:14:28:28 +0200] "GET /index.php/Alqalam/article/view/112?articlesBySimilarityPage=21 HTTP/1.1" 200 7981 "-" "Mozilla/5.0 AppleWebKit/537.36 (KHTML, like Gecko; compatible; ClaudeBot/1.0; +claudebot@anthropic.com)"
194.233.80.159 - - [06/May/2025:14:28:33 +0200] "GET /assets/extra-libs/js-orgChart-2/sample/ HTTP/1.1" 404 3913 "-" "Mozilla/5.0 (X11; U; Linux x86_64; en-US; rv:1.9.0.8) Gecko/2009033100 Ubuntu/9.04 (jaunty) Firefox/3.0.8"
194.233.80.159 - - [06/May/2025:14:28:37 +0200] "GET /assets/extra-libs/js-orgChart-2/sample/css/ HTTP/1.1" 404 3913 "-" "Mozilla/5.0 (X11; U; Linux x86_64; en-US; rv:1.9.0.8) Gecko/2009033100 Ubuntu/9.04 (jaunty) Firefox/3.0.8"
194.233.80.159 - - [06/May/2025:14:28:40 +0200] "GET /assets/extra-libs/js-orgChart-2/sample/data/ HTTP/1.1" 404 3913 "-" "Mozilla/5.0 (X11; U; Linux x86_64; en-US; rv:1.9.0.8) Gecko/2009033100 Ubuntu/9.04 (jaunty) Firefox/3.0.8"
194.233.80.159 - - [06/May/2025:14:28:45 +0200] "GET /assets/extra-libs/js-orgChart-2/sample/images/avatar/ HTTP/1.1" 404 3913 "-" "Mozilla/5.0 (X11; U; Linux x86_64; en-US; rv:1.9.0.8) Gecko/2009033100 Ubuntu/9.04 (jaunty) Firefox/3.0.8"
194.233.80.159 - - [06/May/2025:14:28:51 +0200] "GET /assets/extra-libs/jvector/ HTTP/1.1" 404 3913 "-" "Mozilla/5.0 (X11; U; Linux x86_64; en-US; rv:1.9.0.8) Gecko/2009033100 Ubuntu/9.04 (jaunty) Firefox/3.0.8"
54.36.148.219 - - [06/May/2025:14:28:53 +0200] "GET /index.php/Alqalam/citationstylelanguage/get/chicago-author-date?submissionId=322&publicationId=322 HTTP/1.1" 200 310 "-" "Mozilla/5.0 (compatible; AhrefsBot/7.0; +http://ahrefs.com/robot/)"
194.233.80.159 - - [06/May/2025:14:28:56 +0200] "GET /assets/extra-libs/knob/ HTTP/1.1" 404 3913 "-" "Mozilla/5.0 (X11; U; Linux x86_64; en-US; rv:1.9.0.8) Gecko/2009033100 Ubuntu/9.04 (jaunty) Firefox/3.0.8"
194.233.80.159 - - [06/May/2025:14:29:05 +0200] "GET /assets/extra-libs/lightbox/ HTTP/1.1" 404 3913 "-" "Mozilla/5.0 (X11; U; Linux x86_64; en-US; rv:1.9.0.8) Gecko/2009033100 Ubuntu/9.04 (jaunty) Firefox/3.0.8"
66.249.64.130 - - [06/May/2025:14:29:06 +0200] "GET /index.php/Alqalam/citationstylelanguage/get/modern-language-association?submissionId=262&publicationId=262 HTTP/1.1" 200 256 "-" "Mozilla/5.0 (Linux; Android 6.0.1; Nexus 5X Build/MMB29P) AppleWebKit/537.36 (KHTML, like Gecko) Chrome/136.0.7103.59 Mobile Safari/537.36 (compatible; Googlebot/2.1; +http://www.google.com/bot.html)"
168.119.96.239 - - [06/May/2025:14:29:09 +0200] "HEAD / HTTP/1.1" 302 - "https://journal.utripoli.edu.ly/" "Mozilla/5.0+(compatible; UptimeRobot/2.0; http://www.uptimerobot.com/)"
168.119.96.239 - - [06/May/2025:14:29:09 +0200] "HEAD /index.php/Alqalam HTTP/1.1" 200 - "https://journal.utripoli.edu.ly/" "Mozilla/5.0+(compatible; UptimeRobot/2.0; http://www.uptimerobot.com/)"
194.233.80.159 - - [06/May/2025:14:29:17 +0200] "GET /assets/extra-libs/lightbox/dist/css/ HTTP/1.1" 404 3913 "-" "Mozilla/5.0 (X11; U; Linux x86_64; en-US; rv:1.9.0.8) Gecko/2009033100 Ubuntu/9.04 (jaunty) Firefox/3.0.8"
54.36.148.57 - - [06/May/2025:14:29:17 +0200] "GET /index.php/Alqalam/citationstylelanguage/get/turabian-fullnote-bibliography?submissionId=322&publicationId=322 HTTP/1.1" 200 332 "-" "Mozilla/5.0 (compatible; AhrefsBot/7.0; +http://ahrefs.com/robot/)"
47.128.118.226 - - [06/May/2025:14:29:19 +0200] "GET /index.php/Alqalam/article/view/468?articlesBySimilarityPage=13 HTTP/1.1" 200 8757 "-" "Mozilla/5.0 (compatible; Bytespider; spider-feedback@bytedance.com) AppleWebKit/537.36 (KHTML, like Gecko) Chrome/70.0.0.0 Safari/537.36"
47.128.118.226 - - [06/May/2025:14:29:20 +0200] "GET /public/journals/1/styleSheet.css?d=2024-01-03+17%3A34%3A30 HTTP/1.1" 404 3913 "https://www.journal.utripoli.edu.ly/index.php/Alqalam/article/view/468?articlesBySimilarityPage=13" "Mozilla/5.0 (compatible; Bytespider; spider-feedback@bytedance.com) AppleWebKit/537.36 (KHTML, like Gecko) Chrome/70.0.0.0 Safari/537.36"
194.233.80.159 - - [06/May/2025:14:29:20 +0200] "GET /assets/extra-libs/lightbox/dist/images/ HTTP/1.1" 404 3913 "-" "Mozilla/5.0 (X11; U; Linux x86_64; en-US; rv:1.9.0.8) Gecko/2009033100 Ubuntu/9.04 (jaunty) Firefox/3.0.8"
194.233.80.159 - - [06/May/2025:14:29:24 +0200] "GET /assets/extra-libs/lightbox/dist/js/ HTTP/1.1" 404 3913 "-" "Mozilla/5.0 (X11; U; Linux x86_64; en-US; rv:1.9.0.8) Gecko/2009033100 Ubuntu/9.04 (jaunty) Firefox/3.0.8"
216.244.66.243 - - [06/May/2025:14:29:25 +0200] "GET /index.php/Alqalam/article/view/321?articlesBySimilarityPage=1 HTTP/1.1" 200 38324 "-" "Mozilla/5.0 (compatible; DotBot/1.2; +https://opensiteexplorer.org/dotbot; help@moz.com)"
194.233.80.159 - - [06/May/2025:14:29:28 +0200] "GET /assets/extra-libs/lightbox/examples/ HTTP/1.1" 404 3913 "-" "Mozilla/5.0 (X11; U; Linux x86_64; en-US; rv:1.9.0.8) Gecko/2009033100 Ubuntu/9.04 (jaunty) Firefox/3.0.8"
194.233.80.159 - - [06/May/2025:14:29:33 +0200] "GET /assets/extra-libs/lightbox/src/css/ HTTP/1.1" 404 3913 "-" "Mozilla/5.0 (X11; U; Linux x86_64; en-US; rv:1.9.0.8) Gecko/2009033100 Ubuntu/9.04 (jaunty) Firefox/3.0.8"
191.37.226.133 - - [06/May/2025:14:29:38 +0200] "GET /index.php/Alqalam/article/view/708 HTTP/1.1" 200 6907 "-" "Mozilla/5.0 (Windows NT 10.0; Win64; x64) AppleWebKit/537.36 (KHTML, like Gecko) Gecko/20100101 Firefox/88.0"
194.233.80.159 - - [06/May/2025:14:29:39 +0200] "GET /assets/extra-libs/lightbox/src/images/ HTTP/1.1" 404 3913 "-" "Mozilla/5.0 (X11; U; Linux x86_64; en-US; rv:1.9.0.8) Gecko/2009033100 Ubuntu/9.04 (jaunty) Firefox/3.0.8"
194.233.80.159 - - [06/May/2025:14:29:43 +0200] "GET /assets/extra-libs/lightbox/src/js/ HTTP/1.1" 404 3913 "-" "Mozilla/5.0 (X11; U; Linux x86_64; en-US; rv:1.9.0.8) Gecko/2009033100 Ubuntu/9.04 (jaunty) Firefox/3.0.8"
194.233.80.159 - - [06/May/2025:14:29:47 +0200] "GET /assets/extra-libs/prism/ HTTP/1.1" 404 3913 "-" "Mozilla/5.0 (X11; U; Linux x86_64; en-US; rv:1.9.0.8) Gecko/2009033100 Ubuntu/9.04 (jaunty) Firefox/3.0.8"
191.37.226.133 - - [06/May/2025:14:29:48 +0200] "GET /index.php/Alqalam/article/view/708/596 HTTP/1.1" 302 - "-" "Mozilla/5.0 (Windows NT 10.0; Win64; x64) AppleWebKit/537.36 (KHTML, like Gecko) Chrome/90.0.4430.85 Safari/537.36"
191.37.226.133 - - [06/May/2025:14:29:49 +0200] "GET /index.php/Alqalam/article/download/708/596 HTTP/1.1" 200 281678 "-" "Mozilla/5.0 (Windows NT 10.0; Win64; x64) AppleWebKit/537.36 (KHTML, like Gecko) Chrome/90.0.4430.85 Safari/537.36"
194.233.80.159 - - [06/May/2025:14:29:51 +0200] "GET /assets/extra-libs/sparkline/ HTTP/1.1" 404 3913 "-" "Mozilla/5.0 (X11; U; Linux x86_64; en-US; rv:1.9.0.8) Gecko/2009033100 Ubuntu/9.04 (jaunty) Firefox/3.0.8"
43.153.123.4 - - [06/May/2025:14:29:55 +0200] "GET /index.php/Alqalam/article/view/749 HTTP/1.1" 200 9313 "-" "Mozilla/5.0 (iPhone; CPU iPhone OS 13_2_3 like Mac OS X) AppleWebKit/605.1.15 (KHTML, like Gecko) Version/13.0.3 Mobile/15E148 Safari/604.1"
54.36.149.29 - - [06/May/2025:14:29:56 +0200] "GET /index.php/Alqalam/article/view/232?articlesBySimilarityPage=4 HTTP/1.1" 200 7777 "-" "Mozilla/5.0 (compatible; AhrefsBot/7.0; +http://ahrefs.com/robot/)"
194.233.80.159 - - [06/May/2025:14:29:58 +0200] "GET /assets/extra-libs/sweetalert/ HTTP/1.1" 404 3913 "-" "Mozilla/5.0 (X11; U; Linux x86_64; en-US; rv:1.9.0.8) Gecko/2009033100 Ubuntu/9.04 (jaunty) Firefox/3.0.8"
45.148.10.98 - - [06/May/2025:14:30:01 +0200] "GET /.git/config HTTP/1.1" 404 3913 "-" "Mozilla/5.0 (X11; Linux x86_64) AppleWebKit/537.36 (KHTML, like Gecko) Chrome/73.0.3683.103 Safari/537.36 OPR/60.0.3255.59"
45.148.10.98 - - [06/May/2025:14:30:02 +0200] "GET /.git/config HTTP/1.1" 404 3913 "-" "Opera/9.80 (Android 4.0.4; Linux; Opera Mobi/ADR-1205181138; U; pl) Presto/2.10.254 Version/12.00"
66.249.64.131 - - [06/May/2025:14:30:04 +0200] "GET /index.php/Alqalam/citationstylelanguage/download/bibtex?submissionId=312&publicationId=312 HTTP/1.1" 200 5759 "-" "Mozilla/5.0 (Linux; Android 6.0.1; Nexus 5X Build/MMB29P) AppleWebKit/537.36 (KHTML, like Gecko) Chrome/136.0.7103.59 Mobile Safari/537.36 (compatible; Googlebot/2.1; +http://www.google.com/bot.html)"
194.233.80.159 - - [06/May/2025:14:30:05 +0200] "GET /assets/extra-libs/taskboard/css/ HTTP/1.1" 404 3913 "-" "Mozilla/5.0 (X11; U; Linux x86_64; en-US; rv:1.9.0.8) Gecko/2009033100 Ubuntu/9.04 (jaunty) Firefox/3.0.8"
40.116.73.212 - - [06/May/2025:14:30:09 +0200] "GET /index.php/Alqalam/article/view/317/523 HTTP/1.1" 302 - "-" "Mozilla/5.0 AppleWebKit/537.36 (KHTML, like Gecko); compatible; ChatGPT-User/1.0; +https://openai.com/bot"
40.116.73.222 - - [06/May/2025:14:30:09 +0200] "GET / HTTP/1.1" 302 - "-" "Mozilla/5.0 AppleWebKit/537.36 (KHTML, like Gecko); compatible; ChatGPT-User/1.0; +https://openai.com/bot"
18.189.143.114 - - [06/May/2025:14:30:09 +0200] "GET /index.php/Alqalam/article/view/328?articlesBySimilarityPage=18 HTTP/1.1" 200 7783 "-" "Mozilla/5.0 AppleWebKit/537.36 (KHTML, like Gecko; compatible; ClaudeBot/1.0; +claudebot@anthropic.com)"
40.116.73.222 - - [06/May/2025:14:30:09 +0200] "GET /index.php/Alqalam HTTP/1.1" 200 8849 "-" "Mozilla/5.0 AppleWebKit/537.36 (KHTML, like Gecko); compatible; ChatGPT-User/1.0; +https://openai.com/bot"
40.116.73.212 - - [06/May/2025:14:30:09 +0200] "GET /index.php/Alqalam/article/download/317/523 HTTP/1.1" 200 527644 "-" "Mozilla/5.0 AppleWebKit/537.36 (KHTML, like Gecko); compatible; ChatGPT-User/1.0; +https://openai.com/bot"
66.249.64.131 - - [06/May/2025:14:30:10 +0200] "GET /index.php/Alqalam/citationstylelanguage/get/turabian-fullnote-bibliography?submissionId=262&publicationId=262 HTTP/1.1" 200 344 "-" "Mozilla/5.0 (Linux; Android 6.0.1; Nexus 5X Build/MMB29P) AppleWebKit/537.36 (KHTML, like Gecko) Chrome/136.0.7103.59 Mobile Safari/537.36 (compatible; Googlebot/2.1; +http://www.google.com/bot.html)"
18.189.143.114 - - [06/May/2025:14:30:09 +0200] "GET /index.php/Alqalam/article/view/829?articlesBySimilarityPage=21 HTTP/1.1" 200 9237 "-" "Mozilla/5.0 AppleWebKit/537.36 (KHTML, like Gecko; compatible; ClaudeBot/1.0; +claudebot@anthropic.com)"
194.233.80.159 - - [06/May/2025:14:30:14 +0200] "GET /assets/extra-libs/taskboard/example1/ HTTP/1.1" 404 3913 "-" "Mozilla/5.0 (X11; U; Linux x86_64; en-US; rv:1.9.0.8) Gecko/2009033100 Ubuntu/9.04 (jaunty) Firefox/3.0.8"
148.81.137.221 - - [06/May/2025:14:30:13 +0200] "GET /index.php/Alqalam/article/view/837 HTTP/1.1" 200 8143 "https://scholar.google.com/" "Mozilla/5.0 (Windows NT 10.0; Win64; x64) AppleWebKit/537.36 (KHTML, like Gecko) Chrome/135.0.0.0 Safari/537.36"
148.81.137.221 - - [06/May/2025:14:30:14 +0200] "GET /index.php/Alqalam/$$$call$$$/page/page/css?name=stylesheet HTTP/1.1" 200 10173 "https://www.journal.utripoli.edu.ly/index.php/Alqalam/article/view/837" "Mozilla/5.0 (Windows NT 10.0; Win64; x64) AppleWebKit/537.36 (KHTML, like Gecko) Chrome/135.0.0.0 Safari/537.36"
148.81.137.221 - - [06/May/2025:14:30:14 +0200] "GET /index.php/Alqalam/$$$call$$$/page/page/css?name=font HTTP/1.1" 200 380 "https://www.journal.utripoli.edu.ly/index.php/Alqalam/article/view/837" "Mozilla/5.0 (Windows NT 10.0; Win64; x64) AppleWebKit/537.36 (KHTML, like Gecko) Chrome/135.0.0.0 Safari/537.36"
148.81.137.221 - - [06/May/2025:14:30:14 +0200] "GET /lib/pkp/styles/fontawesome/fontawesome.css?v=3.3.0.14 HTTP/1.1" 200 7430 "https://www.journal.utripoli.edu.ly/index.php/Alqalam/article/view/837" "Mozilla/5.0 (Windows NT 10.0; Win64; x64) AppleWebKit/537.36 (KHTML, like Gecko) Chrome/135.0.0.0 Safari/537.36"
148.81.137.221 - - [06/May/2025:14:30:14 +0200] "GET /public/journals/1/styleSheet.css?d=2024-01-03+17%3A34%3A30 HTTP/1.1" 404 3913 "https://www.journal.utripoli.edu.ly/index.php/Alqalam/article/view/837" "Mozilla/5.0 (Windows NT 10.0; Win64; x64) AppleWebKit/537.36 (KHTML, like Gecko) Chrome/135.0.0.0 Safari/537.36"
148.81.137.221 - - [06/May/2025:14:30:14 +0200] "GET /lib/pkp/lib/vendor/components/jquery/jquery.min.js?v=3.3.0.14 HTTP/1.1" 200 89476 "https://www.journal.utripoli.edu.ly/index.php/Alqalam/article/view/837" "Mozilla/5.0 (Windows NT 10.0; Win64; x64) AppleWebKit/537.36 (KHTML, like Gecko) Chrome/135.0.0.0 Safari/537.36"
148.81.137.221 - - [06/May/2025:14:30:14 +0200] "GET /public/journals/1/pageHeaderLogoImage_en_US.png HTTP/1.1" 200 77984 "https://www.journal.utripoli.edu.ly/index.php/Alqalam/article/view/837" "Mozilla/5.0 (Windows NT 10.0; Win64; x64) AppleWebKit/537.36 (KHTML, like Gecko) Chrome/135.0.0.0 Safari/537.36"
