2404:8000:1038:e7d:6d72:abe7:f12a:a1e9 - - [06/May/2025:18:33:00 +0200] "GET /index.php/Alqalam/$$$call$$$/page/page/css?name=stylesheet HTTP/1.1" 200 10173 "https://journal.utripoli.edu.ly/index.php/Alqalam/article_processing_charges" "Mozilla/5.0 (Linux; U; Android 14; en-us; SM-A155F Build/JOP24G) AppleWebKit/537.36 (KHTML, like Gecko) Version/4.0 Chrome/68.0.3440.91 Mobile Safari/537.36"
163.5.160.134 - - [06/May/2025:18:33:00 +0200] "GET /index.php/alqalam/2019/wp-includes/wlwmanifest.xml HTTP/1.1" 404 754 "-" "Mozilla/5.0 (Windows NT 10.0; Win64; x64) AppleWebKit/537.36 (KHTML, like Gecko) Chrome/88.0.4240.193 Safari/537.36"
163.5.160.134 - - [06/May/2025:18:33:00 +0200] "GET /index.php/alqalam/shop/wp-includes/wlwmanifest.xml HTTP/1.1" 404 754 "-" "Mozilla/5.0 (Windows NT 10.0; Win64; x64) AppleWebKit/537.36 (KHTML, like Gecko) Chrome/88.0.4240.193 Safari/537.36"
163.5.160.134 - - [06/May/2025:18:33:00 +0200] "GET /index.php/alqalam/wp1/wp-includes/wlwmanifest.xml HTTP/1.1" 404 754 "-" "Mozilla/5.0 (Windows NT 10.0; Win64; x64) AppleWebKit/537.36 (KHTML, like Gecko) Chrome/88.0.4240.193 Safari/537.36"
163.5.160.134 - - [06/May/2025:18:33:00 +0200] "GET /index.php/alqalam/test/wp-includes/wlwmanifest.xml HTTP/1.1" 404 754 "-" "Mozilla/5.0 (Windows NT 10.0; Win64; x64) AppleWebKit/537.36 (KHTML, like Gecko) Chrome/88.0.4240.193 Safari/537.36"
163.5.160.134 - - [06/May/2025:18:33:01 +0200] "GET /index.php/alqalam/wp2/wp-includes/wlwmanifest.xml HTTP/1.1" 404 754 "-" "Mozilla/5.0 (Windows NT 10.0; Win64; x64) AppleWebKit/537.36 (KHTML, like Gecko) Chrome/88.0.4240.193 Safari/537.36"
2404:8000:1038:e7d:6d72:abe7:f12a:a1e9 - - [06/May/2025:18:33:01 +0200] "GET /index.php/Alqalam/$$$call$$$/page/page/css?name=font HTTP/1.1" 200 380 "https://journal.utripoli.edu.ly/index.php/Alqalam/article_processing_charges" "Mozilla/5.0 (Linux; U; Android 14; en-us; SM-A155F Build/JOP24G) AppleWebKit/537.36 (KHTML, like Gecko) Version/4.0 Chrome/68.0.3440.91 Mobile Safari/537.36"
163.5.160.134 - - [06/May/2025:18:33:01 +0200] "GET /index.php/alqalam/site/wp-includes/wlwmanifest.xml HTTP/1.1" 404 754 "-" "Mozilla/5.0 (Windows NT 10.0; Win64; x64) AppleWebKit/537.36 (KHTML, like Gecko) Chrome/88.0.4240.193 Safari/537.36"
66.249.64.132 - - [06/May/2025:18:33:01 +0200] "GET /index.php/Alqalam/article/view/18?articlesBySameAuthorPage=2 HTTP/1.1" 200 6161 "-" "Mozilla/5.0 (Linux; Android 6.0.1; Nexus 5X Build/MMB29P) AppleWebKit/537.36 (KHTML, like Gecko) Chrome/136.0.7103.59 Mobile Safari/537.36 (compatible; Googlebot/2.1; +http://www.google.com/bot.html)"
163.5.160.134 - - [06/May/2025:18:33:01 +0200] "GET /index.php/alqalam/cms/wp-includes/wlwmanifest.xml HTTP/1.1" 404 754 "-" "Mozilla/5.0 (Windows NT 10.0; Win64; x64) AppleWebKit/537.36 (KHTML, like Gecko) Chrome/88.0.4240.193 Safari/537.36"
163.5.160.134 - - [06/May/2025:18:33:01 +0200] "GET /index.php/alqalam/sito/wp-includes/wlwmanifest.xml HTTP/1.1" 404 754 "-" "Mozilla/5.0 (Windows NT 10.0; Win64; x64) AppleWebKit/537.36 (KHTML, like Gecko) Chrome/88.0.4240.193 Safari/537.36"
2404:8000:1038:e7d:6d72:abe7:f12a:a1e9 - - [06/May/2025:18:33:01 +0200] "GET /lib/pkp/styles/fontawesome/fontawesome.css?v=3.3.0.14 HTTP/1.1" 200 7430 "https://journal.utripoli.edu.ly/index.php/Alqalam/article_processing_charges" "Mozilla/5.0 (Linux; U; Android 14; en-us; SM-A155F Build/JOP24G) AppleWebKit/537.36 (KHTML, like Gecko) Version/4.0 Chrome/68.0.3440.91 Mobile Safari/537.36"
2404:8000:1038:e7d:6d72:abe7:f12a:a1e9 - - [06/May/2025:18:33:01 +0200] "GET /public/journals/1/styleSheet.css?d=2024-01-03+17%3A34%3A30 HTTP/1.1" 404 3913 "https://journal.utripoli.edu.ly/index.php/Alqalam/article_processing_charges" "Mozilla/5.0 (Linux; U; Android 14; en-us; SM-A155F Build/JOP24G) AppleWebKit/537.36 (KHTML, like Gecko) Version/4.0 Chrome/68.0.3440.91 Mobile Safari/537.36"
2404:8000:1038:e7d:6d72:abe7:f12a:a1e9 - - [06/May/2025:18:33:01 +0200] "GET /public/site/images/admin/whatsapp-image-2025-04-23-at-21.02.04-c9d49382.jpg HTTP/1.1" 200 36177 "https://journal.utripoli.edu.ly/index.php/Alqalam/article_processing_charges" "Mozilla/5.0 (Linux; U; Android 14; en-us; SM-A155F Build/JOP24G) AppleWebKit/537.36 (KHTML, like Gecko) Version/4.0 Chrome/68.0.3440.91 Mobile Safari/537.36"
2404:8000:1038:e7d:6d72:abe7:f12a:a1e9 - - [06/May/2025:18:33:01 +0200] "GET /public/site/images/admin/images-7ebefdfe542a8ccb6c69ed6034ca26fd.jpg HTTP/1.1" 200 7228 "https://journal.utripoli.edu.ly/index.php/Alqalam/article_processing_charges" "Mozilla/5.0 (Linux; U; Android 14; en-us; SM-A155F Build/JOP24G) AppleWebKit/537.36 (KHTML, like Gecko) Version/4.0 Chrome/68.0.3440.91 Mobile Safari/537.36"
2404:8000:1038:e7d:6d72:abe7:f12a:a1e9 - - [06/May/2025:18:33:01 +0200] "GET /public/site/images/admin/blobid0-9158c27dc6489c3248b1e7d631a921ab.png HTTP/1.1" 200 6004 "https://journal.utripoli.edu.ly/index.php/Alqalam/article_processing_charges" "Mozilla/5.0 (Linux; U; Android 14; en-us; SM-A155F Build/JOP24G) AppleWebKit/537.36 (KHTML, like Gecko) Version/4.0 Chrome/68.0.3440.91 Mobile Safari/537.36"
2404:8000:1038:e7d:6d72:abe7:f12a:a1e9 - - [06/May/2025:18:33:01 +0200] "GET /lib/pkp/lib/vendor/components/jquery/jquery.min.js?v=3.3.0.14 HTTP/1.1" 200 89476 "https://journal.utripoli.edu.ly/index.php/Alqalam/article_processing_charges" "Mozilla/5.0 (Linux; U; Android 14; en-us; SM-A155F Build/JOP24G) AppleWebKit/537.36 (KHTML, like Gecko) Version/4.0 Chrome/68.0.3440.91 Mobile Safari/537.36"
2404:8000:1038:e7d:6d72:abe7:f12a:a1e9 - - [06/May/2025:18:33:01 +0200] "GET /public/journals/1/pageHeaderLogoImage_en_US.png HTTP/1.1" 200 77984 "https://journal.utripoli.edu.ly/index.php/Alqalam/article_processing_charges" "Mozilla/5.0 (Linux; U; Android 14; en-us; SM-A155F Build/JOP24G) AppleWebKit/537.36 (KHTML, like Gecko) Version/4.0 Chrome/68.0.3440.91 Mobile Safari/537.36"
2404:8000:1038:e7d:6d72:abe7:f12a:a1e9 - - [06/May/2025:18:33:01 +0200] "GET /plugins/themes/default/js/lib/popper/popper.js?v=3.3.0.14 HTTP/1.1" 200 81675 "https://journal.utripoli.edu.ly/index.php/Alqalam/article_processing_charges" "Mozilla/5.0 (Linux; U; Android 14; en-us; SM-A155F Build/JOP24G) AppleWebKit/537.36 (KHTML, like Gecko) Version/4.0 Chrome/68.0.3440.91 Mobile Safari/537.36"
66.249.64.130 - - [06/May/2025:18:33:01 +0200] "GET /index.php/Alqalam/article/view/113?articlesBySimilarityPage=18 HTTP/1.1" 200 7316 "-" "Mozilla/5.0 (Linux; Android 6.0.1; Nexus 5X Build/MMB29P) AppleWebKit/537.36 (KHTML, like Gecko) Chrome/136.0.7103.59 Mobile Safari/537.36 (compatible; Googlebot/2.1; +http://www.google.com/bot.html)"
2404:8000:1038:e7d:6d72:abe7:f12a:a1e9 - - [06/May/2025:18:33:01 +0200] "GET /plugins/themes/default/fonts/noto-serif-v9-vietnamese_latin-ext_latin_greek-ext_greek_cyrillic-ext_cyrillic-regular.woff2 HTTP/1.1" 200 154816 "https://journal.utripoli.edu.ly/index.php/Alqalam/$$$call$$$/page/page/css?name=font" "Mozilla/5.0 (Linux; U; Android 14; en-us; SM-A155F Build/JOP24G) AppleWebKit/537.36 (KHTML, like Gecko) Version/4.0 Chrome/68.0.3440.91 Mobile Safari/537.36"
2404:8000:1038:e7d:6d72:abe7:f12a:a1e9 - - [06/May/2025:18:33:01 +0200] "GET /plugins/themes/default/fonts/noto-serif-v9-vietnamese_latin-ext_latin_greek-ext_greek_cyrillic-ext_cyrillic-700.woff2 HTTP/1.1" 200 167372 "https://journal.utripoli.edu.ly/index.php/Alqalam/$$$call$$$/page/page/css?name=font" "Mozilla/5.0 (Linux; U; Android 14; en-us; SM-A155F Build/JOP24G) AppleWebKit/537.36 (KHTML, like Gecko) Version/4.0 Chrome/68.0.3440.91 Mobile Safari/537.36"
2404:8000:1038:e7d:6d72:abe7:f12a:a1e9 - - [06/May/2025:18:33:02 +0200] "GET /plugins/themes/default/js/lib/bootstrap/util.js?v=3.3.0.14 HTTP/1.1" 200 4193 "https://journal.utripoli.edu.ly/index.php/Alqalam/article_processing_charges" "Mozilla/5.0 (Linux; U; Android 14; en-us; SM-A155F Build/JOP24G) AppleWebKit/537.36 (KHTML, like Gecko) Version/4.0 Chrome/68.0.3440.91 Mobile Safari/537.36"
2404:8000:1038:e7d:6d72:abe7:f12a:a1e9 - - [06/May/2025:18:33:02 +0200] "GET /plugins/themes/default/js/lib/bootstrap/dropdown.js?v=3.3.0.14 HTTP/1.1" 200 13932 "https://journal.utripoli.edu.ly/index.php/Alqalam/article_processing_charges" "Mozilla/5.0 (Linux; U; Android 14; en-us; SM-A155F Build/JOP24G) AppleWebKit/537.36 (KHTML, like Gecko) Version/4.0 Chrome/68.0.3440.91 Mobile Safari/537.36"
2404:8000:1038:e7d:6d72:abe7:f12a:a1e9 - - [06/May/2025:18:33:02 +0200] "GET /plugins/themes/default/js/main.js?v=3.3.0.14 HTTP/1.1" 200 3160 "https://journal.utripoli.edu.ly/index.php/Alqalam/article_processing_charges" "Mozilla/5.0 (Linux; U; Android 14; en-us; SM-A155F Build/JOP24G) AppleWebKit/537.36 (KHTML, like Gecko) Version/4.0 Chrome/68.0.3440.91 Mobile Safari/537.36"
2404:8000:1038:e7d:6d72:abe7:f12a:a1e9 - - [06/May/2025:18:33:01 +0200] "GET /lib/pkp/lib/vendor/components/jqueryui/jquery-ui.min.js?v=3.3.0.14 HTTP/1.1" 200 253669 "https://journal.utripoli.edu.ly/index.php/Alqalam/article_processing_charges" "Mozilla/5.0 (Linux; U; Android 14; en-us; SM-A155F Build/JOP24G) AppleWebKit/537.36 (KHTML, like Gecko) Version/4.0 Chrome/68.0.3440.91 Mobile Safari/537.36"
2404:8000:1038:e7d:6d72:abe7:f12a:a1e9 - - [06/May/2025:18:33:03 +0200] "GET /public/site/images/admin/ajol-logo.png HTTP/1.1" 200 21098 "https://journal.utripoli.edu.ly/index.php/Alqalam/article_processing_charges" "Mozilla/5.0 (Linux; U; Android 14; en-us; SM-A155F Build/JOP24G) AppleWebKit/537.36 (KHTML, like Gecko) Version/4.0 Chrome/68.0.3440.91 Mobile Safari/537.36"
2404:8000:1038:e7d:6d72:abe7:f12a:a1e9 - - [06/May/2025:18:33:03 +0200] "GET /public/site/images/admin/images.png HTTP/1.1" 200 5043 "https://journal.utripoli.edu.ly/index.php/Alqalam/article_processing_charges" "Mozilla/5.0 (Linux; U; Android 14; en-us; SM-A155F Build/JOP24G) AppleWebKit/537.36 (KHTML, like Gecko) Version/4.0 Chrome/68.0.3440.91 Mobile Safari/537.36"
2404:8000:1038:e7d:6d72:abe7:f12a:a1e9 - - [06/May/2025:18:33:03 +0200] "GET /public/site/images/admin/orcid-logo-with-tagline.svg.png HTTP/1.1" 200 25660 "https://journal.utripoli.edu.ly/index.php/Alqalam/article_processing_charges" "Mozilla/5.0 (Linux; U; Android 14; en-us; SM-A155F Build/JOP24G) AppleWebKit/537.36 (KHTML, like Gecko) Version/4.0 Chrome/68.0.3440.91 Mobile Safari/537.36"
2404:8000:1038:e7d:6d72:abe7:f12a:a1e9 - - [06/May/2025:18:33:03 +0200] "GET /public/site/images/admin/blobid0.png HTTP/1.1" 200 3474 "https://journal.utripoli.edu.ly/index.php/Alqalam/article_processing_charges" "Mozilla/5.0 (Linux; U; Android 14; en-us; SM-A155F Build/JOP24G) AppleWebKit/537.36 (KHTML, like Gecko) Version/4.0 Chrome/68.0.3440.91 Mobile Safari/537.36"
2404:8000:1038:e7d:6d72:abe7:f12a:a1e9 - - [06/May/2025:18:33:03 +0200] "GET /templates/images/ojs_brand.png HTTP/1.1" 200 13150 "https://journal.utripoli.edu.ly/index.php/Alqalam/article_processing_charges" "Mozilla/5.0 (Linux; U; Android 14; en-us; SM-A155F Build/JOP24G) AppleWebKit/537.36 (KHTML, like Gecko) Version/4.0 Chrome/68.0.3440.91 Mobile Safari/537.36"
2404:8000:1038:e7d:6d72:abe7:f12a:a1e9 - - [06/May/2025:18:33:03 +0200] "GET /public/site/images/admin/blobid0-db525be3a52385e067c75304370e3cd3.png HTTP/1.1" 200 4348 "https://journal.utripoli.edu.ly/index.php/Alqalam/article_processing_charges" "Mozilla/5.0 (Linux; U; Android 14; en-us; SM-A155F Build/JOP24G) AppleWebKit/537.36 (KHTML, like Gecko) Version/4.0 Chrome/68.0.3440.91 Mobile Safari/537.36"
2404:8000:1038:e7d:6d72:abe7:f12a:a1e9 - - [06/May/2025:18:33:05 +0200] "GET /public/journals/1/favicon_en_US.png HTTP/1.1" 404 3913 "https://journal.utripoli.edu.ly/index.php/Alqalam/article_processing_charges" "Mozilla/5.0 (Linux; U; Android 14; en-us; SM-A155F Build/JOP24G) AppleWebKit/537.36 (KHTML, like Gecko) Version/4.0 Chrome/68.0.3440.91 Mobile Safari/537.36"
157.90.156.63 - - [06/May/2025:18:33:10 +0200] "HEAD / HTTP/1.1" 302 - "https://journal.utripoli.edu.ly/" "Mozilla/5.0+(compatible; UptimeRobot/2.0; http://www.uptimerobot.com/)"
157.90.156.63 - - [06/May/2025:18:33:10 +0200] "HEAD /index.php/Alqalam HTTP/1.1" 200 - "https://journal.utripoli.edu.ly/" "Mozilla/5.0+(compatible; UptimeRobot/2.0; http://www.uptimerobot.com/)"
2a03:2880:f800:4:: - - [06/May/2025:18:33:14 +0200] "GET /index.php/Alqalam/article/view/319?articlesBySimilarityPage=9 HTTP/1.1" 200 39045 "-" "meta-externalagent/1.1 (+https://developers.facebook.com/docs/sharing/webmasters/crawler)"
23.22.59.87 - - [06/May/2025:18:33:17 +0200] "GET /index.php/Alqalam/article/view/261?articlesBySimilarityPage=58 HTTP/1.1" 200 6526 "-" "Mozilla/5.0 AppleWebKit/537.36 (KHTML, like Gecko; compatible; Amazonbot/0.1; +https://developer.amazon.com/support/amazonbot) Chrome/119.0.6045.214 Safari/537.36"
2a03:2880:f800:3:: - - [06/May/2025:18:33:21 +0200] "GET /index.php/Alqalam/article/view/293?articlesBySimilarityPage=5 HTTP/1.1" 200 41904 "-" "meta-externalagent/1.1 (+https://developers.facebook.com/docs/sharing/webmasters/crawler)"
2404:8000:1038:e7d:6d72:abe7:f12a:a1e9 - - [06/May/2025:18:33:24 +0200] "GET /index.php/Alqalam/about/submissions HTTP/1.1" 200 4336 "-" "Mozilla/5.0 (Linux; U; Android 14; en-us; SM-A155F Build/JOP24G) AppleWebKit/537.36 (KHTML, like Gecko) Version/4.0 Chrome/68.0.3440.91 Mobile Safari/537.36"
2404:8000:1038:e7d:6d72:abe7:f12a:a1e9 - - [06/May/2025:18:33:24 +0200] "GET /public/journals/1/styleSheet.css?d=2024-01-03+17%3A34%3A30 HTTP/1.1" 404 3913 "https://journal.utripoli.edu.ly/index.php/Alqalam/about/submissions" "Mozilla/5.0 (Linux; U; Android 14; en-us; SM-A155F Build/JOP24G) AppleWebKit/537.36 (KHTML, like Gecko) Version/4.0 Chrome/68.0.3440.91 Mobile Safari/537.36"
2404:8000:1038:e7d:6d72:abe7:f12a:a1e9 - - [06/May/2025:18:33:24 +0200] "GET /lib/pkp/styles/fontawesome/fontawesome-webfont.woff2?v=4.7.0 HTTP/1.1" 200 77160 "https://journal.utripoli.edu.ly/lib/pkp/styles/fontawesome/fontawesome.css?v=3.3.0.14" "Mozilla/5.0 (Linux; U; Android 14; en-us; SM-A155F Build/JOP24G) AppleWebKit/537.36 (KHTML, like Gecko) Version/4.0 Chrome/68.0.3440.91 Mobile Safari/537.36"
47.128.27.15 - - [06/May/2025:18:33:25 +0200] "GET /index.php/Alqalam/citationstylelanguage/get/apa?publicationId=872&submissionId=872 HTTP/1.1" 200 288 "-" "Mozilla/5.0 (Linux; Android 5.0) AppleWebKit/537.36 (KHTML, like Gecko) Mobile Safari/537.36 (compatible; Bytespider; spider-feedback@bytedance.com)"
66.249.64.130 - - [06/May/2025:18:33:29 +0200] "GET /index.php/Alqalam/article/view/144?articlesBySimilarityPage=4 HTTP/1.1" 200 7441 "-" "Mozilla/5.0 (Linux; Android 6.0.1; Nexus 5X Build/MMB29P) AppleWebKit/537.36 (KHTML, like Gecko) Chrome/136.0.7103.59 Mobile Safari/537.36 (compatible; Googlebot/2.1; +http://www.google.com/bot.html)"
66.249.64.130 - - [06/May/2025:18:33:31 +0200] "GET /public/journals/1/styleSheet.css?d=2024-01-03+17%3A34%3A30 HTTP/1.1" 404 3913 "https://journal.utripoli.edu.ly/index.php/Alqalam/article/view/144?articlesBySimilarityPage=4" "Mozilla/5.0 (Linux; Android 6.0.1; Nexus 5X Build/MMB29P) AppleWebKit/537.36 (KHTML, like Gecko) Chrome/135.0.7049.114 Mobile Safari/537.36 (compatible; Googlebot/2.1; +http://www.google.com/bot.html)"
159.138.99.144 - - [06/May/2025:18:33:43 +0200] "GET /index.php/Alqalam/article/view/45 HTTP/1.1" 200 8153 "https://journal.utripoli.edu.ly/index.php/Alqalam/article/view/45" "Mozilla/5.0 (Windows NT 10.0; Win64; x64) AppleWebKit/537.36 (KHTML, like Gecko) Chrome/116.0.0.0 Safari/537.36"
2a03:2880:f800:17:: - - [06/May/2025:18:33:47 +0200] "GET /index.php/Alqalam/article/view/396?articlesBySimilarityPage=13 HTTP/1.1" 200 42592 "-" "meta-externalagent/1.1 (+https://developers.facebook.com/docs/sharing/webmasters/crawler)"
66.249.70.107 - - [06/May/2025:18:33:52 +0200] "GET /plugins/themes/default/js/lib/popper/popper.js?v=3.3.0.14 HTTP/1.1" 200 81675 "https://www.journal.utripoli.edu.ly/index.php/Alqalam/article/view/853?articlesBySimilarityPage=2" "Mozilla/5.0 (Linux; Android 6.0.1; Nexus 5X Build/MMB29P) AppleWebKit/537.36 (KHTML, like Gecko) Chrome/135.0.7049.114 Mobile Safari/537.36 (compatible; Googlebot/2.1; +http://www.google.com/bot.html)"
41.111.55.112 - - [06/May/2025:18:33:58 +0200] "GET /index.php/Alqalam/article/view/718/617 HTTP/1.1" 302 - "https://www.google.com/" "Mozilla/5.0 (Windows NT 10.0; Win64; x64) AppleWebKit/537.36 (KHTML, like Gecko) Chrome/135.0.0.0 Safari/537.36"
2a03:2880:f800:16:: - - [06/May/2025:18:33:58 +0200] "GET /index.php/Alqalam/article/view/67?articlesBySimilarityPage=1 HTTP/1.1" 200 39070 "-" "meta-externalagent/1.1 (+https://developers.facebook.com/docs/sharing/webmasters/crawler)"
41.111.55.112 - - [06/May/2025:18:33:58 +0200] "GET /index.php/Alqalam/article/download/718/617 HTTP/1.1" 200 469442 "https://www.google.com/" "Mozilla/5.0 (Windows NT 10.0; Win64; x64) AppleWebKit/537.36 (KHTML, like Gecko) Chrome/135.0.0.0 Safari/537.36"
66.249.64.131 - - [06/May/2025:18:34:17 +0200] "GET /index.php/Alqalam/article/view/181 HTTP/1.1" 200 7809 "-" "Mozilla/5.0 (Linux; Android 6.0.1; Nexus 5X Build/MMB29P) AppleWebKit/537.36 (KHTML, like Gecko) Chrome/136.0.7103.59 Mobile Safari/537.36 (compatible; Googlebot/2.1; +http://www.google.com/bot.html)"
18.97.9.100 - - [06/May/2025:18:34:18 +0200] "GET /index.php/Alqalam/article/view/337 HTTP/1.1" 200 7579 "-" "Mozilla/5.0 AppleWebKit/537.36 (KHTML, like Gecko; compatible; PerplexityBot/1.0; +https://perplexity.ai/perplexitybot)"
2a03:2880:f800:19:: - - [06/May/2025:18:34:19 +0200] "GET /index.php/Alqalam/article/view/97?articlesBySimilarityPage=2 HTTP/1.1" 200 36860 "-" "meta-externalagent/1.1 (+https://developers.facebook.com/docs/sharing/webmasters/crawler)"
185.191.171.6 - - [06/May/2025:18:34:25 +0200] "GET /index.php/Alqalam/article/view/287?articlesBySimilarityPage=26 HTTP/1.1" 200 7807 "-" "Mozilla/5.0 (compatible; SemrushBot/7~bl; +http://www.semrush.com/bot.html)"
18.97.9.99 - - [06/May/2025:18:34:28 +0200] "GET /index.php/Alqalam/article/view/337?articlesBySimilarityPage=10 HTTP/1.1" 200 6627 "-" "Mozilla/5.0 AppleWebKit/537.36 (KHTML, like Gecko; compatible; PerplexityBot/1.0; +https://perplexity.ai/perplexitybot)"
54.36.149.106 - - [06/May/2025:18:34:35 +0200] "GET /index.php/Alqalam/article/view/163?articlesBySimilarityPage=7 HTTP/1.1" 200 8022 "-" "Mozilla/5.0 (compatible; AhrefsBot/7.0; +http://ahrefs.com/robot/)"
52.156.77.156 - - [06/May/2025:18:34:38 +0200] "GET /index.php/Alqalam/article/view/677/563 HTTP/1.1" 302 - "-" "Mozilla/5.0 AppleWebKit/537.36 (KHTML, like Gecko); compatible; ChatGPT-User/1.0; +https://openai.com/bot"
52.156.77.156 - - [06/May/2025:18:34:38 +0200] "GET /index.php/Alqalam/article/download/677/563 HTTP/1.1" 200 372355 "-" "Mozilla/5.0 AppleWebKit/537.36 (KHTML, like Gecko); compatible; ChatGPT-User/1.0; +https://openai.com/bot"
52.156.77.149 - - [06/May/2025:18:34:38 +0200] "GET / HTTP/1.1" 302 - "-" "Mozilla/5.0 AppleWebKit/537.36 (KHTML, like Gecko); compatible; ChatGPT-User/1.0; +https://openai.com/bot"
52.156.77.149 - - [06/May/2025:18:34:39 +0200] "GET /index.php/Alqalam HTTP/1.1" 200 8849 "-" "Mozilla/5.0 AppleWebKit/537.36 (KHTML, like Gecko); compatible; ChatGPT-User/1.0; +https://openai.com/bot"
216.244.66.243 - - [06/May/2025:18:34:51 +0200] "GET /index.php/Alqalam/citationstylelanguage/get/associacao-brasileira-de-normas-tecnicas?submissionId=858&publicationId=858 HTTP/1.1" 200 459 "-" "Mozilla/5.0 (compatible; DotBot/1.2; +https://opensiteexplorer.org/dotbot; help@moz.com)"
2a03:2880:f800:2:: - - [06/May/2025:18:34:52 +0200] "GET /index.php/Alqalam/article/view/380 HTTP/1.1" 200 32629 "-" "meta-externalagent/1.1 (+https://developers.facebook.com/docs/sharing/webmasters/crawler)"
41.111.55.112 - - [06/May/2025:18:34:53 +0200] "GET /index.php/Alqalam/article/view/718/617 HTTP/1.1" 302 - "https://www.google.com/" "Mozilla/5.0 (Windows NT 10.0; Win64; x64) AppleWebKit/537.36 (KHTML, like Gecko) Chrome/135.0.0.0 Safari/537.36"
41.111.55.112 - - [06/May/2025:18:34:53 +0200] "GET /index.php/Alqalam/article/download/718/617 HTTP/1.1" 200 469442 "https://www.google.com/" "Mozilla/5.0 (Windows NT 10.0; Win64; x64) AppleWebKit/537.36 (KHTML, like Gecko) Chrome/135.0.0.0 Safari/537.36"
2401:4900:4e72:1cb4:729c:337:8a9b:3c9b - - [06/May/2025:18:34:54 +0200] "GET /index.php/Alqalam/article/view/15 HTTP/1.1" 200 7793 "https://scholar.google.com/" "Mozilla/5.0 (Windows NT 10.0; Win64; x64) AppleWebKit/537.36 (KHTML, like Gecko) Chrome/135.0.0.0 Safari/537.36"
2401:4900:4e72:1cb4:729c:337:8a9b:3c9b - - [06/May/2025:18:34:55 +0200] "GET /index.php/Alqalam/$$$call$$$/page/page/css?name=font HTTP/1.1" 200 380 "https://journal.utripoli.edu.ly/index.php/Alqalam/article/view/15" "Mozilla/5.0 (Windows NT 10.0; Win64; x64) AppleWebKit/537.36 (KHTML, like Gecko) Chrome/135.0.0.0 Safari/537.36"
2401:4900:4e72:1cb4:729c:337:8a9b:3c9b - - [06/May/2025:18:34:55 +0200] "GET /index.php/Alqalam/$$$call$$$/page/page/css?name=stylesheet HTTP/1.1" 200 10173 "https://journal.utripoli.edu.ly/index.php/Alqalam/article/view/15" "Mozilla/5.0 (Windows NT 10.0; Win64; x64) AppleWebKit/537.36 (KHTML, like Gecko) Chrome/135.0.0.0 Safari/537.36"
2401:4900:4e72:1cb4:729c:337:8a9b:3c9b - - [06/May/2025:18:34:55 +0200] "GET /lib/pkp/styles/fontawesome/fontawesome.css?v=3.3.0.14 HTTP/1.1" 200 7430 "https://journal.utripoli.edu.ly/index.php/Alqalam/article/view/15" "Mozilla/5.0 (Windows NT 10.0; Win64; x64) AppleWebKit/537.36 (KHTML, like Gecko) Chrome/135.0.0.0 Safari/537.36"
2401:4900:4e72:1cb4:729c:337:8a9b:3c9b - - [06/May/2025:18:34:55 +0200] "GET /public/journals/1/styleSheet.css?d=2024-01-03+17%3A34%3A30 HTTP/1.1" 404 3913 "https://journal.utripoli.edu.ly/index.php/Alqalam/article/view/15" "Mozilla/5.0 (Windows NT 10.0; Win64; x64) AppleWebKit/537.36 (KHTML, like Gecko) Chrome/135.0.0.0 Safari/537.36"
2401:4900:4e72:1cb4:729c:337:8a9b:3c9b - - [06/May/2025:18:34:55 +0200] "GET /public/site/images/admin/images-7ebefdfe542a8ccb6c69ed6034ca26fd.jpg HTTP/1.1" 200 7228 "https://journal.utripoli.edu.ly/index.php/Alqalam/article/view/15" "Mozilla/5.0 (Windows NT 10.0; Win64; x64) AppleWebKit/537.36 (KHTML, like Gecko) Chrome/135.0.0.0 Safari/537.36"
2401:4900:4e72:1cb4:729c:337:8a9b:3c9b - - [06/May/2025:18:34:56 +0200] "GET /public/site/images/admin/whatsapp-image-2025-04-23-at-21.02.04-c9d49382.jpg HTTP/1.1" 200 36177 "https://journal.utripoli.edu.ly/index.php/Alqalam/article/view/15" "Mozilla/5.0 (Windows NT 10.0; Win64; x64) AppleWebKit/537.36 (KHTML, like Gecko) Chrome/135.0.0.0 Safari/537.36"
2401:4900:4e72:1cb4:729c:337:8a9b:3c9b - - [06/May/2025:18:34:56 +0200] "GET /plugins/themes/default/js/lib/popper/popper.js?v=3.3.0.14 HTTP/1.1" 200 81675 "https://journal.utripoli.edu.ly/index.php/Alqalam/article/view/15" "Mozilla/5.0 (Windows NT 10.0; Win64; x64) AppleWebKit/537.36 (KHTML, like Gecko) Chrome/135.0.0.0 Safari/537.36"
2401:4900:4e72:1cb4:729c:337:8a9b:3c9b - - [06/May/2025:18:34:55 +0200] "GET /lib/pkp/lib/vendor/components/jquery/jquery.min.js?v=3.3.0.14 HTTP/1.1" 200 89476 "https://journal.utripoli.edu.ly/index.php/Alqalam/article/view/15" "Mozilla/5.0 (Windows NT 10.0; Win64; x64) AppleWebKit/537.36 (KHTML, like Gecko) Chrome/135.0.0.0 Safari/537.36"
2401:4900:4e72:1cb4:729c:337:8a9b:3c9b - - [06/May/2025:18:34:55 +0200] "GET /public/journals/1/pageHeaderLogoImage_en_US.png HTTP/1.1" 200 77984 "https://journal.utripoli.edu.ly/index.php/Alqalam/article/view/15" "Mozilla/5.0 (Windows NT 10.0; Win64; x64) AppleWebKit/537.36 (KHTML, like Gecko) Chrome/135.0.0.0 Safari/537.36"
2401:4900:4e72:1cb4:729c:337:8a9b:3c9b - - [06/May/2025:18:34:56 +0200] "GET /public/journals/1/cover_issue_2_en_US.png HTTP/1.1" 200 162475 "https://journal.utripoli.edu.ly/index.php/Alqalam/article/view/15" "Mozilla/5.0 (Windows NT 10.0; Win64; x64) AppleWebKit/537.36 (KHTML, like Gecko) Chrome/135.0.0.0 Safari/537.36"
2401:4900:4e72:1cb4:729c:337:8a9b:3c9b - - [06/May/2025:18:34:56 +0200] "GET /plugins/themes/default/fonts/noto-serif-v9-vietnamese_latin-ext_latin_greek-ext_greek_cyrillic-ext_cyrillic-regular.woff2 HTTP/1.1" 200 154816 "https://journal.utripoli.edu.ly/index.php/Alqalam/$$$call$$$/page/page/css?name=font" "Mozilla/5.0 (Windows NT 10.0; Win64; x64) AppleWebKit/537.36 (KHTML, like Gecko) Chrome/135.0.0.0 Safari/537.36"
2401:4900:4e72:1cb4:729c:337:8a9b:3c9b - - [06/May/2025:18:34:56 +0200] "GET /lib/pkp/lib/vendor/components/jqueryui/jquery-ui.min.js?v=3.3.0.14 HTTP/1.1" 200 253669 "https://journal.utripoli.edu.ly/index.php/Alqalam/article/view/15" "Mozilla/5.0 (Windows NT 10.0; Win64; x64) AppleWebKit/537.36 (KHTML, like Gecko) Chrome/135.0.0.0 Safari/537.36"
2401:4900:4e72:1cb4:729c:337:8a9b:3c9b - - [06/May/2025:18:34:56 +0200] "GET /plugins/themes/default/fonts/noto-serif-v9-vietnamese_latin-ext_latin_greek-ext_greek_cyrillic-ext_cyrillic-700.woff2 HTTP/1.1" 200 167372 "https://journal.utripoli.edu.ly/index.php/Alqalam/$$$call$$$/page/page/css?name=font" "Mozilla/5.0 (Windows NT 10.0; Win64; x64) AppleWebKit/537.36 (KHTML, like Gecko) Chrome/135.0.0.0 Safari/537.36"
2401:4900:4e72:1cb4:729c:337:8a9b:3c9b - - [06/May/2025:18:34:56 +0200] "GET /lib/pkp/styles/fontawesome/fontawesome-webfont.woff2?v=4.7.0 HTTP/1.1" 200 77160 "https://journal.utripoli.edu.ly/lib/pkp/styles/fontawesome/fontawesome.css?v=3.3.0.14" "Mozilla/5.0 (Windows NT 10.0; Win64; x64) AppleWebKit/537.36 (KHTML, like Gecko) Chrome/135.0.0.0 Safari/537.36"
2401:4900:4e72:1cb4:729c:337:8a9b:3c9b - - [06/May/2025:18:34:56 +0200] "GET /public/site/images/admin/ajol-logo.png HTTP/1.1" 200 21098 "https://journal.utripoli.edu.ly/index.php/Alqalam/article/view/15" "Mozilla/5.0 (Windows NT 10.0; Win64; x64) AppleWebKit/537.36 (KHTML, like Gecko) Chrome/135.0.0.0 Safari/537.36"
2401:4900:4e72:1cb4:729c:337:8a9b:3c9b - - [06/May/2025:18:34:56 +0200] "GET /public/site/images/admin/blobid0-9158c27dc6489c3248b1e7d631a921ab.png HTTP/1.1" 200 6004 "https://journal.utripoli.edu.ly/index.php/Alqalam/article/view/15" "Mozilla/5.0 (Windows NT 10.0; Win64; x64) AppleWebKit/537.36 (KHTML, like Gecko) Chrome/135.0.0.0 Safari/537.36"
2401:4900:4e72:1cb4:729c:337:8a9b:3c9b - - [06/May/2025:18:34:56 +0200] "GET /public/site/images/admin/orcid-logo-with-tagline.svg.png HTTP/1.1" 200 25660 "https://journal.utripoli.edu.ly/index.php/Alqalam/article/view/15" "Mozilla/5.0 (Windows NT 10.0; Win64; x64) AppleWebKit/537.36 (KHTML, like Gecko) Chrome/135.0.0.0 Safari/537.36"
2401:4900:4e72:1cb4:729c:337:8a9b:3c9b - - [06/May/2025:18:34:57 +0200] "GET /plugins/themes/default/js/lib/bootstrap/util.js?v=3.3.0.14 HTTP/1.1" 200 4193 "https://journal.utripoli.edu.ly/index.php/Alqalam/article/view/15" "Mozilla/5.0 (Windows NT 10.0; Win64; x64) AppleWebKit/537.36 (KHTML, like Gecko) Chrome/135.0.0.0 Safari/537.36"
2401:4900:4e72:1cb4:729c:337:8a9b:3c9b - - [06/May/2025:18:34:57 +0200] "GET /public/site/images/admin/images.png HTTP/1.1" 200 5043 "https://journal.utripoli.edu.ly/index.php/Alqalam/article/view/15" "Mozilla/5.0 (Windows NT 10.0; Win64; x64) AppleWebKit/537.36 (KHTML, like Gecko) Chrome/135.0.0.0 Safari/537.36"
2401:4900:4e72:1cb4:729c:337:8a9b:3c9b - - [06/May/2025:18:34:57 +0200] "GET /plugins/themes/default/js/lib/bootstrap/dropdown.js?v=3.3.0.14 HTTP/1.1" 200 13932 "https://journal.utripoli.edu.ly/index.php/Alqalam/article/view/15" "Mozilla/5.0 (Windows NT 10.0; Win64; x64) AppleWebKit/537.36 (KHTML, like Gecko) Chrome/135.0.0.0 Safari/537.36"
2401:4900:4e72:1cb4:729c:337:8a9b:3c9b - - [06/May/2025:18:34:57 +0200] "GET /plugins/themes/default/js/main.js?v=3.3.0.14 HTTP/1.1" 200 3160 "https://journal.utripoli.edu.ly/index.php/Alqalam/article/view/15" "Mozilla/5.0 (Windows NT 10.0; Win64; x64) AppleWebKit/537.36 (KHTML, like Gecko) Chrome/135.0.0.0 Safari/537.36"
2401:4900:4e72:1cb4:729c:337:8a9b:3c9b - - [06/May/2025:18:34:57 +0200] "GET /public/site/images/admin/blobid0.png HTTP/1.1" 200 3474 "https://journal.utripoli.edu.ly/index.php/Alqalam/article/view/15" "Mozilla/5.0 (Windows NT 10.0; Win64; x64) AppleWebKit/537.36 (KHTML, like Gecko) Chrome/135.0.0.0 Safari/537.36"
2401:4900:4e72:1cb4:729c:337:8a9b:3c9b - - [06/May/2025:18:34:57 +0200] "GET /plugins/generic/citationStyleLanguage/js/articleCitation.js?v=3.3.0.14 HTTP/1.1" 200 3070 "https://journal.utripoli.edu.ly/index.php/Alqalam/article/view/15" "Mozilla/5.0 (Windows NT 10.0; Win64; x64) AppleWebKit/537.36 (KHTML, like Gecko) Chrome/135.0.0.0 Safari/537.36"
2401:4900:4e72:1cb4:729c:337:8a9b:3c9b - - [06/May/2025:18:34:57 +0200] "GET /public/site/images/admin/blobid0-db525be3a52385e067c75304370e3cd3.png HTTP/1.1" 200 4348 "https://journal.utripoli.edu.ly/index.php/Alqalam/article/view/15" "Mozilla/5.0 (Windows NT 10.0; Win64; x64) AppleWebKit/537.36 (KHTML, like Gecko) Chrome/135.0.0.0 Safari/537.36"
2401:4900:4e72:1cb4:729c:337:8a9b:3c9b - - [06/May/2025:18:34:57 +0200] "GET /templates/images/ojs_brand.png HTTP/1.1" 200 13150 "https://journal.utripoli.edu.ly/index.php/Alqalam/article/view/15" "Mozilla/5.0 (Windows NT 10.0; Win64; x64) AppleWebKit/537.36 (KHTML, like Gecko) Chrome/135.0.0.0 Safari/537.36"
13.59.228.99 - - [06/May/2025:18:34:57 +0200] "GET /index.php/Alqalam/article/view/102?articlesBySimilarityPage=21 HTTP/1.1" 200 7873 "-" "Mozilla/5.0 AppleWebKit/537.36 (KHTML, like Gecko; compatible; ClaudeBot/1.0; +claudebot@anthropic.com)"
13.59.228.99 - - [06/May/2025:18:34:57 +0200] "GET /index.php/Alqalam/article/view/805?articlesBySimilarityPage=57 HTTP/1.1" 200 8038 "-" "Mozilla/5.0 AppleWebKit/537.36 (KHTML, like Gecko; compatible; ClaudeBot/1.0; +claudebot@anthropic.com)"
57.141.0.26 - - [06/May/2025:18:34:59 +0200] "GET /index.php/Alqalam/article/view/546?articlesBySimilarityPage=2 HTTP/1.1" 200 46896 "-" "meta-externalagent/1.1 (+https://developers.facebook.com/docs/sharing/webmasters/crawler)"
2401:4900:4e72:1cb4:729c:337:8a9b:3c9b - - [06/May/2025:18:35:00 +0200] "GET /index.php/Alqalam/article/view/15/18 HTTP/1.1" 302 - "https://journal.utripoli.edu.ly/index.php/Alqalam/article/view/15" "Mozilla/5.0 (Windows NT 10.0; Win64; x64) AppleWebKit/537.36 (KHTML, like Gecko) Chrome/135.0.0.0 Safari/537.36"
2401:4900:4e72:1cb4:729c:337:8a9b:3c9b - - [06/May/2025:18:35:00 +0200] "GET /index.php/Alqalam/article/download/15/18 HTTP/1.1" 200 493272 "https://journal.utripoli.edu.ly/index.php/Alqalam/article/view/15" "Mozilla/5.0 (Windows NT 10.0; Win64; x64) AppleWebKit/537.36 (KHTML, like Gecko) Chrome/135.0.0.0 Safari/537.36"
47.128.116.227 - - [06/May/2025:18:35:13 +0200] "GET /index.php/Alqalam/citationstylelanguage/get/apa?publicationId=872&submissionId=872 HTTP/1.1" 200 288 "-" "Mozilla/5.0 (Linux; Android 5.0) AppleWebKit/537.36 (KHTML, like Gecko) Mobile Safari/537.36 (compatible; Bytespider; spider-feedback@bytedance.com)"
57.141.0.22 - - [06/May/2025:18:35:16 +0200] "GET /index.php/Alqalam/article/view/858?articlesBySimilarityPage=14 HTTP/1.1" 200 41386 "-" "meta-externalagent/1.1 (+https://developers.facebook.com/docs/sharing/webmasters/crawler)"
2a03:2880:f800:1a:: - - [06/May/2025:18:35:17 +0200] "GET /index.php/Alqalam/article/view/236?articlesBySimilarityPage=2 HTTP/1.1" 200 40810 "-" "meta-externalagent/1.1 (+https://developers.facebook.com/docs/sharing/webmasters/crawler)"
2a03:2880:f800:3:: - - [06/May/2025:18:35:23 +0200] "GET /index.php/Alqalam/article/view/194?articlesBySimilarityPage=9 HTTP/1.1" 200 37848 "-" "meta-externalagent/1.1 (+https://developers.facebook.com/docs/sharing/webmasters/crawler)"
66.249.64.130 - - [06/May/2025:18:35:28 +0200] "GET /index.php/Alqalam/article/view/220 HTTP/1.1" 200 7704 "-" "Mozilla/5.0 (Linux; Android 6.0.1; Nexus 5X Build/MMB29P) AppleWebKit/537.36 (KHTML, like Gecko) Chrome/136.0.7103.59 Mobile Safari/537.36 (compatible; Googlebot/2.1; +http://www.google.com/bot.html)"
2a03:2880:f800:1a:: - - [06/May/2025:18:35:46 +0200] "GET /index.php/Alqalam/article/view/105?articlesBySimilarityPage=6 HTTP/1.1" 200 37303 "-" "meta-externalagent/1.1 (+https://developers.facebook.com/docs/sharing/webmasters/crawler)"
2a03:2880:f800:8:: - - [06/May/2025:18:35:56 +0200] "GET /index.php/Alqalam/article/view/100?articlesBySimilarityPage=12 HTTP/1.1" 200 36469 "-" "meta-externalagent/1.1 (+https://developers.facebook.com/docs/sharing/webmasters/crawler)"
66.249.70.106 - - [06/May/2025:18:36:06 +0200] "GET /index.php/Alqalam/citationstylelanguage/download/ris?submissionId=853&publicationId=853 HTTP/1.1" 200 3610 "-" "Mozilla/5.0 (Linux; Android 6.0.1; Nexus 5X Build/MMB29P) AppleWebKit/537.36 (KHTML, like Gecko) Chrome/136.0.7103.59 Mobile Safari/537.36 (compatible; Googlebot/2.1; +http://www.google.com/bot.html)"
2a03:2880:f800:19:: - - [06/May/2025:18:36:08 +0200] "GET /index.php/Alqalam/article/view/243?articlesBySimilarityPage=12 HTTP/1.1" 200 40520 "-" "meta-externalagent/1.1 (+https://developers.facebook.com/docs/sharing/webmasters/crawler)"
85.208.96.199 - - [06/May/2025:18:36:12 +0200] "GET /index.php/Alqalam/article/view/80?articlesBySimilarityPage=13 HTTP/1.1" 200 7189 "-" "Mozilla/5.0 (compatible; SemrushBot/7~bl; +http://www.semrush.com/bot.html)"
3.23.101.186 - - [06/May/2025:18:36:31 +0200] "GET /index.php/Alqalam/article/view/809?articlesBySimilarityPage=17 HTTP/1.1" 200 9584 "-" "Mozilla/5.0 AppleWebKit/537.36 (KHTML, like Gecko; compatible; ClaudeBot/1.0; +claudebot@anthropic.com)"
3.23.101.186 - - [06/May/2025:18:36:30 +0200] "GET /index.php/Alqalam/article/view/784?articlesBySimilarityPage=49 HTTP/1.1" 200 7827 "-" "Mozilla/5.0 AppleWebKit/537.36 (KHTML, like Gecko; compatible; ClaudeBot/1.0; +claudebot@anthropic.com)"
2a03:2880:f800:d:: - - [06/May/2025:18:36:36 +0200] "GET /index.php/Alqalam/article/view/320 HTTP/1.1" 200 37939 "-" "meta-externalagent/1.1 (+https://developers.facebook.com/docs/sharing/webmasters/crawler)"
197.250.34.36 - - [06/May/2025:18:36:49 +0200] "GET /index.php/Alqalam/article/view/690/590?utm_source=perplexity HTTP/1.1" 302 - "-" "Mozilla/5.0 (Linux; Android 10; K) AppleWebKit/537.36 (KHTML, like Gecko) Chrome/136.0.0.0 Mobile Safari/537.36"
2404:8000:1038:e7d:6d72:abe7:f12a:a1e9 - - [06/May/2025:18:37:39 +0200] "GET /public/journals/1/styleSheet.css?d=2024-01-03+17%3A34%3A30 HTTP/1.1" 404 3913 "https://journal.utripoli.edu.ly/index.php/Alqalam/about/submissions" "Mozilla/5.0 (Linux; U; Android 14; en-us; SM-A155F Build/JOP24G) AppleWebKit/537.36 (KHTML, like Gecko) Version/4.0 Chrome/68.0.3440.91 Mobile Safari/537.36"
2404:8000:1038:e7d:6d72:abe7:f12a:a1e9 - - [06/May/2025:18:37:40 +0200] "GET /index.php/Alqalam/article_processing_charges HTTP/1.1" 200 3607 "-" "Mozilla/5.0 (Linux; U; Android 14; en-us; SM-A155F Build/JOP24G) AppleWebKit/537.36 (KHTML, like Gecko) Version/4.0 Chrome/68.0.3440.91 Mobile Safari/537.36"
2404:8000:1038:e7d:6d72:abe7:f12a:a1e9 - - [06/May/2025:18:37:40 +0200] "GET /public/journals/1/styleSheet.css?d=2024-01-03+17%3A34%3A30 HTTP/1.1" 404 3913 "https://journal.utripoli.edu.ly/index.php/Alqalam/article_processing_charges" "Mozilla/5.0 (Linux; U; Android 14; en-us; SM-A155F Build/JOP24G) AppleWebKit/537.36 (KHTML, like Gecko) Version/4.0 Chrome/68.0.3440.91 Mobile Safari/537.36"
2a03:2880:f800:1:: - - [06/May/2025:18:37:44 +0200] "GET /index.php/Alqalam/article/view/332?articlesBySimilarityPage=6 HTTP/1.1" 200 41069 "-" "meta-externalagent/1.1 (+https://developers.facebook.com/docs/sharing/webmasters/crawler)"
18.191.223.26 - - [06/May/2025:18:37:51 +0200] "GET /index.php/Alqalam/article/view/234?articlesBySimilarityPage=25 HTTP/1.1" 200 8687 "-" "Mozilla/5.0 AppleWebKit/537.36 (KHTML, like Gecko; compatible; ClaudeBot/1.0; +claudebot@anthropic.com)"
44.215.210.112 - - [06/May/2025:18:37:52 +0200] "GET /index.php/Alqalam/article/view/862?articlesBySimilarityPage=6 HTTP/1.1" 200 7997 "-" "Mozilla/5.0 AppleWebKit/537.36 (KHTML, like Gecko; compatible; Amazonbot/0.1; +https://developer.amazon.com/support/amazonbot) Chrome/119.0.6045.214 Safari/537.36"
2a03:2880:f800:2:: - - [06/May/2025:18:37:52 +0200] "GET /index.php/Alqalam/article/view/31?articlesBySimilarityPage=9 HTTP/1.1" 200 38839 "-" "meta-externalagent/1.1 (+https://developers.facebook.com/docs/sharing/webmasters/crawler)"
18.191.223.26 - - [06/May/2025:18:37:51 +0200] "GET /index.php/Alqalam/article/view/333?articlesBySimilarityPage=14 HTTP/1.1" 200 8120 "-" "Mozilla/5.0 AppleWebKit/537.36 (KHTML, like Gecko; compatible; ClaudeBot/1.0; +claudebot@anthropic.com)"
47.128.98.180 - - [06/May/2025:18:37:56 +0200] "GET /index.php/Alqalam/article/view/850?articlesBySimilarityPage=1 HTTP/1.1" 200 9639 "-" "Mozilla/5.0 (Linux; Android 5.0) AppleWebKit/537.36 (KHTML, like Gecko) Mobile Safari/537.36 (compatible; Bytespider; spider-feedback@bytedance.com)"
47.128.98.180 - - [06/May/2025:18:37:57 +0200] "GET /public/journals/1/styleSheet.css?d=2024-01-03+17%3A34%3A30 HTTP/1.1" 404 3913 "https://journal.utripoli.edu.ly/index.php/Alqalam/article/view/850?articlesBySimilarityPage=1" "Mozilla/5.0 (Linux; Android 5.0) AppleWebKit/537.36 (KHTML, like Gecko) Mobile Safari/537.36 (compatible; Bytespider; spider-feedback@bytedance.com)"
197.250.34.36 - - [06/May/2025:18:36:50 +0200] "GET /index.php/Alqalam/article/download/690/590 HTTP/1.1" 200 489061 "-" "Mozilla/5.0 (Linux; Android 10; K) AppleWebKit/537.36 (KHTML, like Gecko) Chrome/136.0.0.0 Mobile Safari/537.36"
2a03:2880:f800:4:: - - [06/May/2025:18:38:12 +0200] "GET /index.php/Alqalam/article/view/24?articlesBySimilarityPage=50 HTTP/1.1" 200 37916 "-" "meta-externalagent/1.1 (+https://developers.facebook.com/docs/sharing/webmasters/crawler)"
66.249.64.131 - - [06/May/2025:18:38:14 +0200] "GET /index.php/Alqalam/issue/current HTTP/1.1" 302 - "-" "Googlebot/2.1 (+http://www.google.com/bot.html)"
128.140.106.114 - - [06/May/2025:18:38:16 +0200] "HEAD / HTTP/1.1" 302 - "https://journal.utripoli.edu.ly/" "Mozilla/5.0+(compatible; UptimeRobot/2.0; http://www.uptimerobot.com/)"
128.140.106.114 - - [06/May/2025:18:38:16 +0200] "HEAD /index.php/Alqalam HTTP/1.1" 200 - "https://journal.utripoli.edu.ly/" "Mozilla/5.0+(compatible; UptimeRobot/2.0; http://www.uptimerobot.com/)"
57.141.0.19 - - [06/May/2025:18:38:27 +0200] "GET /index.php/Alqalam/article/view/787?articlesBySimilarityPage=10 HTTP/1.1" 200 40740 "-" "meta-externalagent/1.1 (+https://developers.facebook.com/docs/sharing/webmasters/crawler)"
66.249.64.131 - - [06/May/2025:18:38:30 +0200] "GET /index.php/Alqalam/issue/view/29 HTTP/1.1" 200 8112 "-" "Googlebot/2.1 (+http://www.google.com/bot.html)"
2a03:2880:f800:2:: - - [06/May/2025:18:38:33 +0200] "GET /index.php/Alqalam/article/view/234?articlesBySimilarityPage=30 HTTP/1.1" 200 44537 "-" "meta-externalagent/1.1 (+https://developers.facebook.com/docs/sharing/webmasters/crawler)"
85.208.96.206 - - [06/May/2025:18:38:36 +0200] "GET /index.php/Alqalam/article/view/558 HTTP/1.1" 200 9145 "-" "Mozilla/5.0 (compatible; SemrushBot/7~bl; +http://www.semrush.com/bot.html)"
66.249.64.130 - - [06/May/2025:18:38:44 +0200] "GET /index.php/Alqalam/article/view/486?articlesBySimilarityPage=4 HTTP/1.1" 200 9510 "-" "Mozilla/5.0 (Linux; Android 6.0.1; Nexus 5X Build/MMB29P) AppleWebKit/537.36 (KHTML, like Gecko) Chrome/136.0.7103.59 Mobile Safari/537.36 (compatible; Googlebot/2.1; +http://www.google.com/bot.html)"
13.67.131.204 - - [06/May/2025:18:38:45 +0200] "GET /wp-content/ HTTP/1.1" 404 3913 "-" "Mozilla/5.0 (Windows NT 10.0; Win64; x64) AppleWebKit/537.36 (KHTML, like Gecko) Chrome/91.0.4472.124 Safari/537.36"
13.67.131.204 - - [06/May/2025:18:38:47 +0200] "GET /.env HTTP/1.1" 404 3913 "-" "Mozilla/5.0 (Windows NT 10.0; Win64; x64) AppleWebKit/537.36 (KHTML, like Gecko) Chrome/91.0.4472.124 Safari/537.36"
47.128.16.22 - - [06/May/2025:18:38:51 +0200] "GET /index.php/Alqalam/article/view/872/724 HTTP/1.1" 302 - "-" "Mozilla/5.0 (Linux; Android 5.0) AppleWebKit/537.36 (KHTML, like Gecko) Mobile Safari/537.36 (compatible; Bytespider; spider-feedback@bytedance.com)"
47.128.16.22 - - [06/May/2025:18:38:51 +0200] "GET /index.php/Alqalam/article/download/872/724 HTTP/1.1" 200 237544 "-" "Mozilla/5.0 (Linux; Android 5.0) AppleWebKit/537.36 (KHTML, like Gecko) Mobile Safari/537.36 (compatible; Bytespider; spider-feedback@bytedance.com)"
66.249.70.108 - - [06/May/2025:18:39:23 +0200] "GET /index.php/Alqalam/article/view/662/551 HTTP/1.1" 302 - "-" "Googlebot/2.1 (+http://www.google.com/bot.html)"
66.249.70.106 - - [06/May/2025:18:39:24 +0200] "GET /index.php/Alqalam/article/view/558/453 HTTP/1.1" 302 - "-" "Googlebot/2.1 (+http://www.google.com/bot.html)"
3.141.164.124 - - [06/May/2025:18:39:26 +0200] "GET /index.php/Alqalam/article/view/783?articlesBySimilarityPage=12 HTTP/1.1" 200 8748 "-" "Mozilla/5.0 AppleWebKit/537.36 (KHTML, like Gecko; compatible; ClaudeBot/1.0; +claudebot@anthropic.com)"
3.141.164.124 - - [06/May/2025:18:39:26 +0200] "GET /index.php/Alqalam/article/view/603?articlesBySimilarityPage=57 HTTP/1.1" 200 8344 "-" "Mozilla/5.0 AppleWebKit/537.36 (KHTML, like Gecko; compatible; ClaudeBot/1.0; +claudebot@anthropic.com)"
57.141.0.18 - - [06/May/2025:18:39:29 +0200] "GET /index.php/Alqalam/article/view/759 HTTP/1.1" 200 43772 "-" "meta-externalagent/1.1 (+https://developers.facebook.com/docs/sharing/webmasters/crawler)"
54.36.148.158 - - [06/May/2025:18:39:34 +0200] "GET /index.php/Alqalam/article/view/163?articlesBySimilarityPage=6 HTTP/1.1" 200 7947 "-" "Mozilla/5.0 (compatible; AhrefsBot/7.0; +http://ahrefs.com/robot/)"
66.249.70.106 - - [06/May/2025:18:39:39 +0200] "GET /index.php/Alqalam/article/download/662/551 HTTP/1.1" 200 490580 "-" "Googlebot/2.1 (+http://www.google.com/bot.html)"
66.249.70.107 - - [06/May/2025:18:39:39 +0200] "GET /index.php/Alqalam/article/download/558/453 HTTP/1.1" 200 418379 "-" "Googlebot/2.1 (+http://www.google.com/bot.html)"
47.128.111.29 - - [06/May/2025:18:39:44 +0200] "GET /index.php/Alqalam/citationstylelanguage/get/associacao-brasileira-de-normas-tecnicas?publicationId=850&submissionId=850 HTTP/1.1" 200 430 "-" "Mozilla/5.0 (Linux; Android 5.0) AppleWebKit/537.36 (KHTML, like Gecko) Mobile Safari/537.36 (compatible; Bytespider; spider-feedback@bytedance.com)"
2a03:2880:f800:7:: - - [06/May/2025:18:39:42 +0200] "GET /index.php/Alqalam/article/view/558?articlesBySimilarityPage=11 HTTP/1.1" 200 45567 "-" "meta-externalagent/1.1 (+https://developers.facebook.com/docs/sharing/webmasters/crawler)"
66.249.70.106 - - [06/May/2025:18:39:52 +0200] "GET /index.php/Alqalam/article/view/403/328 HTTP/1.1" 302 - "-" "Googlebot/2.1 (+http://www.google.com/bot.html)"
66.249.70.106 - - [06/May/2025:18:39:55 +0200] "GET /index.php/Alqalam/article/view/673/570 HTTP/1.1" 302 - "-" "Googlebot/2.1 (+http://www.google.com/bot.html)"
180.242.240.79 - - [06/May/2025:18:40:14 +0200] "GET /index.php/Alqalam/article/view/626 HTTP/1.1" 200 6746 "https://scholar.google.com/" "Mozilla/5.0 (Linux; Android 10; K) AppleWebKit/537.36 (KHTML, like Gecko) Chrome/135.0.0.0 Mobile Safari/537.36"
180.242.240.79 - - [06/May/2025:18:40:25 +0200] "GET /index.php/Alqalam/$$$call$$$/page/page/css?name=stylesheet HTTP/1.1" 200 10173 "https://www.journal.utripoli.edu.ly/index.php/Alqalam/article/view/626" "Mozilla/5.0 (Linux; Android 10; K) AppleWebKit/537.36 (KHTML, like Gecko) Chrome/135.0.0.0 Mobile Safari/537.36"
180.242.240.79 - - [06/May/2025:18:40:25 +0200] "GET /index.php/Alqalam/$$$call$$$/page/page/css?name=font HTTP/1.1" 200 380 "https://www.journal.utripoli.edu.ly/index.php/Alqalam/article/view/626" "Mozilla/5.0 (Linux; Android 10; K) AppleWebKit/537.36 (KHTML, like Gecko) Chrome/135.0.0.0 Mobile Safari/537.36"
180.242.240.79 - - [06/May/2025:18:40:25 +0200] "GET /lib/pkp/styles/fontawesome/fontawesome.css?v=3.3.0.14 HTTP/1.1" 200 7430 "https://www.journal.utripoli.edu.ly/index.php/Alqalam/article/view/626" "Mozilla/5.0 (Linux; Android 10; K) AppleWebKit/537.36 (KHTML, like Gecko) Chrome/135.0.0.0 Mobile Safari/537.36"
180.242.240.79 - - [06/May/2025:18:40:25 +0200] "GET /public/journals/1/styleSheet.css?d=2024-01-03+17%3A34%3A30 HTTP/1.1" 404 3913 "https://www.journal.utripoli.edu.ly/index.php/Alqalam/article/view/626" "Mozilla/5.0 (Linux; Android 10; K) AppleWebKit/537.36 (KHTML, like Gecko) Chrome/135.0.0.0 Mobile Safari/537.36"
180.242.240.79 - - [06/May/2025:18:40:25 +0200] "GET /public/site/images/admin/images-7ebefdfe542a8ccb6c69ed6034ca26fd.jpg HTTP/1.1" 200 7228 "https://www.journal.utripoli.edu.ly/" "Mozilla/5.0 (Linux; Android 10; K) AppleWebKit/537.36 (KHTML, like Gecko) Chrome/135.0.0.0 Mobile Safari/537.36"
180.242.240.79 - - [06/May/2025:18:40:25 +0200] "GET /public/site/images/admin/ajol-logo.png HTTP/1.1" 200 21098 "https://www.journal.utripoli.edu.ly/" "Mozilla/5.0 (Linux; Android 10; K) AppleWebKit/537.36 (KHTML, like Gecko) Chrome/135.0.0.0 Mobile Safari/537.36"
180.242.240.79 - - [06/May/2025:18:40:25 +0200] "GET /public/site/images/admin/whatsapp-image-2025-04-23-at-21.02.04-c9d49382.jpg HTTP/1.1" 200 36177 "https://www.journal.utripoli.edu.ly/" "Mozilla/5.0 (Linux; Android 10; K) AppleWebKit/537.36 (KHTML, like Gecko) Chrome/135.0.0.0 Mobile Safari/537.36"
180.242.240.79 - - [06/May/2025:18:40:25 +0200] "GET /lib/pkp/lib/vendor/components/jquery/jquery.min.js?v=3.3.0.14 HTTP/1.1" 200 89476 "https://www.journal.utripoli.edu.ly/index.php/Alqalam/article/view/626" "Mozilla/5.0 (Linux; Android 10; K) AppleWebKit/537.36 (KHTML, like Gecko) Chrome/135.0.0.0 Mobile Safari/537.36"
180.242.240.79 - - [06/May/2025:18:40:25 +0200] "GET /public/journals/1/pageHeaderLogoImage_en_US.png HTTP/1.1" 200 77984 "https://www.journal.utripoli.edu.ly/index.php/Alqalam/article/view/626" "Mozilla/5.0 (Linux; Android 10; K) AppleWebKit/537.36 (KHTML, like Gecko) Chrome/135.0.0.0 Mobile Safari/537.36"
180.242.240.79 - - [06/May/2025:18:40:26 +0200] "GET /public/site/images/admin/blobid0-9158c27dc6489c3248b1e7d631a921ab.png HTTP/1.1" 200 6004 "https://www.journal.utripoli.edu.ly/" "Mozilla/5.0 (Linux; Android 10; K) AppleWebKit/537.36 (KHTML, like Gecko) Chrome/135.0.0.0 Mobile Safari/537.36"
180.242.240.79 - - [06/May/2025:18:40:26 +0200] "GET /plugins/themes/default/js/lib/popper/popper.js?v=3.3.0.14 HTTP/1.1" 200 81675 "https://www.journal.utripoli.edu.ly/index.php/Alqalam/article/view/626" "Mozilla/5.0 (Linux; Android 10; K) AppleWebKit/537.36 (KHTML, like Gecko) Chrome/135.0.0.0 Mobile Safari/537.36"
180.242.240.79 - - [06/May/2025:18:40:26 +0200] "GET /public/site/images/admin/images.png HTTP/1.1" 200 5043 "https://www.journal.utripoli.edu.ly/" "Mozilla/5.0 (Linux; Android 10; K) AppleWebKit/537.36 (KHTML, like Gecko) Chrome/135.0.0.0 Mobile Safari/537.36"
180.242.240.79 - - [06/May/2025:18:40:26 +0200] "GET /public/site/images/admin/orcid-logo-with-tagline.svg.png HTTP/1.1" 200 25660 "https://www.journal.utripoli.edu.ly/" "Mozilla/5.0 (Linux; Android 10; K) AppleWebKit/537.36 (KHTML, like Gecko) Chrome/135.0.0.0 Mobile Safari/537.36"
180.242.240.79 - - [06/May/2025:18:40:26 +0200] "GET /public/site/images/admin/blobid0.png HTTP/1.1" 200 3474 "https://www.journal.utripoli.edu.ly/" "Mozilla/5.0 (Linux; Android 10; K) AppleWebKit/537.36 (KHTML, like Gecko) Chrome/135.0.0.0 Mobile Safari/537.36"
180.242.240.79 - - [06/May/2025:18:40:25 +0200] "GET /lib/pkp/styles/fontawesome/fontawesome-webfont.woff2?v=4.7.0 HTTP/1.1" 200 77160 "https://www.journal.utripoli.edu.ly/lib/pkp/styles/fontawesome/fontawesome.css?v=3.3.0.14" "Mozilla/5.0 (Linux; Android 10; K) AppleWebKit/537.36 (KHTML, like Gecko) Chrome/135.0.0.0 Mobile Safari/537.36"
180.242.240.79 - - [06/May/2025:18:40:26 +0200] "GET /plugins/themes/default/js/lib/bootstrap/util.js?v=3.3.0.14 HTTP/1.1" 200 4193 "https://www.journal.utripoli.edu.ly/index.php/Alqalam/article/view/626" "Mozilla/5.0 (Linux; Android 10; K) AppleWebKit/537.36 (KHTML, like Gecko) Chrome/135.0.0.0 Mobile Safari/537.36"
180.242.240.79 - - [06/May/2025:18:40:26 +0200] "GET /public/site/images/admin/blobid0-db525be3a52385e067c75304370e3cd3.png HTTP/1.1" 200 4348 "https://www.journal.utripoli.edu.ly/" "Mozilla/5.0 (Linux; Android 10; K) AppleWebKit/537.36 (KHTML, like Gecko) Chrome/135.0.0.0 Mobile Safari/537.36"
180.242.240.79 - - [06/May/2025:18:40:26 +0200] "GET /plugins/themes/default/js/lib/bootstrap/dropdown.js?v=3.3.0.14 HTTP/1.1" 200 13932 "https://www.journal.utripoli.edu.ly/index.php/Alqalam/article/view/626" "Mozilla/5.0 (Linux; Android 10; K) AppleWebKit/537.36 (KHTML, like Gecko) Chrome/135.0.0.0 Mobile Safari/537.36"
180.242.240.79 - - [06/May/2025:18:40:26 +0200] "GET /plugins/themes/default/js/main.js?v=3.3.0.14 HTTP/1.1" 200 3160 "https://www.journal.utripoli.edu.ly/index.php/Alqalam/article/view/626" "Mozilla/5.0 (Linux; Android 10; K) AppleWebKit/537.36 (KHTML, like Gecko) Chrome/135.0.0.0 Mobile Safari/537.36"
180.242.240.79 - - [06/May/2025:18:40:26 +0200] "GET /plugins/generic/citationStyleLanguage/js/articleCitation.js?v=3.3.0.14 HTTP/1.1" 200 3070 "https://www.journal.utripoli.edu.ly/index.php/Alqalam/article/view/626" "Mozilla/5.0 (Linux; Android 10; K) AppleWebKit/537.36 (KHTML, like Gecko) Chrome/135.0.0.0 Mobile Safari/537.36"
180.242.240.79 - - [06/May/2025:18:40:27 +0200] "GET /templates/images/ojs_brand.png HTTP/1.1" 200 13150 "https://www.journal.utripoli.edu.ly/index.php/Alqalam/article/view/626" "Mozilla/5.0 (Linux; Android 10; K) AppleWebKit/537.36 (KHTML, like Gecko) Chrome/135.0.0.0 Mobile Safari/537.36"
2a03:2880:f800:4:: - - [06/May/2025:18:40:27 +0200] "GET /index.php/Alqalam/article/view/81?articlesBySimilarityPage=3 HTTP/1.1" 200 36003 "-" "meta-externalagent/1.1 (+https://developers.facebook.com/docs/sharing/webmasters/crawler)"
180.242.240.79 - - [06/May/2025:18:40:25 +0200] "GET /lib/pkp/lib/vendor/components/jqueryui/jquery-ui.min.js?v=3.3.0.14 HTTP/1.1" 200 253669 "https://www.journal.utripoli.edu.ly/index.php/Alqalam/article/view/626" "Mozilla/5.0 (Linux; Android 10; K) AppleWebKit/537.36 (KHTML, like Gecko) Chrome/135.0.0.0 Mobile Safari/537.36"
180.242.240.79 - - [06/May/2025:18:40:25 +0200] "GET /public/journals/1/cover_issue_25_en_US.png HTTP/1.1" 200 1606223 "https://www.journal.utripoli.edu.ly/index.php/Alqalam/article/view/626" "Mozilla/5.0 (Linux; Android 10; K) AppleWebKit/537.36 (KHTML, like Gecko) Chrome/135.0.0.0 Mobile Safari/537.36"
