148.81.137.221 - - [06/May/2025:14:30:14 +0200] "GET /lib/pkp/styles/fontawesome/fontawesome-webfont.woff2?v=4.7.0 HTTP/1.1" 200 77160 "https://www.journal.utripoli.edu.ly/lib/pkp/styles/fontawesome/fontawesome.css?v=3.3.0.14" "Mozilla/5.0 (Windows NT 10.0; Win64; x64) AppleWebKit/537.36 (KHTML, like Gecko) Chrome/135.0.0.0 Safari/537.36"
148.81.137.221 - - [06/May/2025:14:30:14 +0200] "GET /lib/pkp/lib/vendor/components/jqueryui/jquery-ui.min.js?v=3.3.0.14 HTTP/1.1" 200 253669 "https://www.journal.utripoli.edu.ly/index.php/Alqalam/article/view/837" "Mozilla/5.0 (Windows NT 10.0; Win64; x64) AppleWebKit/537.36 (KHTML, like Gecko) Chrome/135.0.0.0 Safari/537.36"
148.81.137.221 - - [06/May/2025:14:30:14 +0200] "GET /public/journals/1/cover_issue_29_en_US.png HTTP/1.1" 200 1524795 "https://www.journal.utripoli.edu.ly/index.php/Alqalam/article/view/837" "Mozilla/5.0 (Windows NT 10.0; Win64; x64) AppleWebKit/537.36 (KHTML, like Gecko) Chrome/135.0.0.0 Safari/537.36"
148.81.137.221 - - [06/May/2025:14:30:14 +0200] "GET /plugins/themes/default/js/lib/popper/popper.js?v=3.3.0.14 HTTP/1.1" 200 81675 "https://www.journal.utripoli.edu.ly/index.php/Alqalam/article/view/837" "Mozilla/5.0 (Windows NT 10.0; Win64; x64) AppleWebKit/537.36 (KHTML, like Gecko) Chrome/135.0.0.0 Safari/537.36"
148.81.137.221 - - [06/May/2025:14:30:14 +0200] "GET /plugins/themes/default/js/lib/bootstrap/util.js?v=3.3.0.14 HTTP/1.1" 200 4193 "https://www.journal.utripoli.edu.ly/index.php/Alqalam/article/view/837" "Mozilla/5.0 (Windows NT 10.0; Win64; x64) AppleWebKit/537.36 (KHTML, like Gecko) Chrome/135.0.0.0 Safari/537.36"
148.81.137.221 - - [06/May/2025:14:30:15 +0200] "GET /plugins/themes/default/js/lib/bootstrap/dropdown.js?v=3.3.0.14 HTTP/1.1" 200 13932 "https://www.journal.utripoli.edu.ly/index.php/Alqalam/article/view/837" "Mozilla/5.0 (Windows NT 10.0; Win64; x64) AppleWebKit/537.36 (KHTML, like Gecko) Chrome/135.0.0.0 Safari/537.36"
148.81.137.221 - - [06/May/2025:14:30:15 +0200] "GET /plugins/themes/default/js/main.js?v=3.3.0.14 HTTP/1.1" 200 3160 "https://www.journal.utripoli.edu.ly/index.php/Alqalam/article/view/837" "Mozilla/5.0 (Windows NT 10.0; Win64; x64) AppleWebKit/537.36 (KHTML, like Gecko) Chrome/135.0.0.0 Safari/537.36"
148.81.137.221 - - [06/May/2025:14:30:15 +0200] "GET /plugins/generic/citationStyleLanguage/js/articleCitation.js?v=3.3.0.14 HTTP/1.1" 200 3070 "https://www.journal.utripoli.edu.ly/index.php/Alqalam/article/view/837" "Mozilla/5.0 (Windows NT 10.0; Win64; x64) AppleWebKit/537.36 (KHTML, like Gecko) Chrome/135.0.0.0 Safari/537.36"
148.81.137.221 - - [06/May/2025:14:30:15 +0200] "GET /templates/images/ojs_brand.png HTTP/1.1" 200 13150 "https://www.journal.utripoli.edu.ly/index.php/Alqalam/article/view/837" "Mozilla/5.0 (Windows NT 10.0; Win64; x64) AppleWebKit/537.36 (KHTML, like Gecko) Chrome/135.0.0.0 Safari/537.36"
148.81.137.221 - - [06/May/2025:14:30:15 +0200] "GET /public/site/images/admin/blobid0.png HTTP/1.1" 200 3474 "https://www.journal.utripoli.edu.ly/" "Mozilla/5.0 (Windows NT 10.0; Win64; x64) AppleWebKit/537.36 (KHTML, like Gecko) Chrome/135.0.0.0 Safari/537.36"
148.81.137.221 - - [06/May/2025:14:30:15 +0200] "GET /public/site/images/admin/blobid0-db525be3a52385e067c75304370e3cd3.png HTTP/1.1" 200 4348 "https://www.journal.utripoli.edu.ly/" "Mozilla/5.0 (Windows NT 10.0; Win64; x64) AppleWebKit/537.36 (KHTML, like Gecko) Chrome/135.0.0.0 Safari/537.36"
148.81.137.221 - - [06/May/2025:14:30:15 +0200] "GET /public/site/images/admin/images-7ebefdfe542a8ccb6c69ed6034ca26fd.jpg HTTP/1.1" 200 7228 "https://www.journal.utripoli.edu.ly/" "Mozilla/5.0 (Windows NT 10.0; Win64; x64) AppleWebKit/537.36 (KHTML, like Gecko) Chrome/135.0.0.0 Safari/537.36"
148.81.137.221 - - [06/May/2025:14:30:15 +0200] "GET /public/site/images/admin/whatsapp-image-2025-04-23-at-21.02.04-c9d49382.jpg HTTP/1.1" 200 36177 "https://www.journal.utripoli.edu.ly/" "Mozilla/5.0 (Windows NT 10.0; Win64; x64) AppleWebKit/537.36 (KHTML, like Gecko) Chrome/135.0.0.0 Safari/537.36"
148.81.137.221 - - [06/May/2025:14:30:15 +0200] "GET /public/site/images/admin/ajol-logo.png HTTP/1.1" 200 21098 "https://www.journal.utripoli.edu.ly/" "Mozilla/5.0 (Windows NT 10.0; Win64; x64) AppleWebKit/537.36 (KHTML, like Gecko) Chrome/135.0.0.0 Safari/537.36"
148.81.137.221 - - [06/May/2025:14:30:15 +0200] "GET /public/site/images/admin/blobid0-9158c27dc6489c3248b1e7d631a921ab.png HTTP/1.1" 200 6004 "https://www.journal.utripoli.edu.ly/" "Mozilla/5.0 (Windows NT 10.0; Win64; x64) AppleWebKit/537.36 (KHTML, like Gecko) Chrome/135.0.0.0 Safari/537.36"
148.81.137.221 - - [06/May/2025:14:30:15 +0200] "GET /public/site/images/admin/images.png HTTP/1.1" 200 5043 "https://www.journal.utripoli.edu.ly/" "Mozilla/5.0 (Windows NT 10.0; Win64; x64) AppleWebKit/537.36 (KHTML, like Gecko) Chrome/135.0.0.0 Safari/537.36"
148.81.137.221 - - [06/May/2025:14:30:15 +0200] "GET /public/site/images/admin/orcid-logo-with-tagline.svg.png HTTP/1.1" 200 25660 "https://www.journal.utripoli.edu.ly/" "Mozilla/5.0 (Windows NT 10.0; Win64; x64) AppleWebKit/537.36 (KHTML, like Gecko) Chrome/135.0.0.0 Safari/537.36"
148.81.137.221 - - [06/May/2025:14:30:17 +0200] "GET /plugins/themes/default/fonts/noto-serif-v9-vietnamese_latin-ext_latin_greek-ext_greek_cyrillic-ext_cyrillic-regular.woff2 HTTP/1.1" 200 154816 "https://www.journal.utripoli.edu.ly/" "Mozilla/5.0 (Windows NT 10.0; Win64; x64) AppleWebKit/537.36 (KHTML, like Gecko) Chrome/135.0.0.0 Safari/537.36"
148.81.137.221 - - [06/May/2025:14:30:17 +0200] "GET /plugins/themes/default/fonts/noto-serif-v9-vietnamese_latin-ext_latin_greek-ext_greek_cyrillic-ext_cyrillic-700.woff2 HTTP/1.1" 200 167372 "https://www.journal.utripoli.edu.ly/" "Mozilla/5.0 (Windows NT 10.0; Win64; x64) AppleWebKit/537.36 (KHTML, like Gecko) Chrome/135.0.0.0 Safari/537.36"
148.81.137.221 - - [06/May/2025:14:30:24 +0200] "GET /plugins/themes/default/fonts/noto-serif-v9-vietnamese_latin-ext_latin_greek-ext_greek_cyrillic-ext_cyrillic-regular.woff HTTP/1.1" 200 194208 "https://www.journal.utripoli.edu.ly/" "Mozilla/5.0 (Windows NT 10.0; Win64; x64) AppleWebKit/537.36 (KHTML, like Gecko) Chrome/135.0.0.0 Safari/537.36"
194.233.80.159 - - [06/May/2025:14:30:24 +0200] "GET /assets/extra-libs/taskboard/js/ HTTP/1.1" 404 3913 "-" "Mozilla/5.0 (X11; U; Linux x86_64; en-US; rv:1.9.0.8) Gecko/2009033100 Ubuntu/9.04 (jaunty) Firefox/3.0.8"
194.233.80.159 - - [06/May/2025:14:30:33 +0200] "GET /assets/extra-libs/taskboard/less/ HTTP/1.1" 404 3913 "-" "Mozilla/5.0 (X11; U; Linux x86_64; en-US; rv:1.9.0.8) Gecko/2009033100 Ubuntu/9.04 (jaunty) Firefox/3.0.8"
194.233.80.159 - - [06/May/2025:14:30:43 +0200] "GET /assets/files/ HTTP/1.1" 404 3913 "-" "Mozilla/5.0 (X11; U; Linux x86_64; en-US; rv:1.9.0.8) Gecko/2009033100 Ubuntu/9.04 (jaunty) Firefox/3.0.8"
185.118.79.221 - - [06/May/2025:14:30:45 +0200] "GET /plugins/generic/pdfJsViewer/pdf.js/web/viewer.html?file=https%3A%2F%2Fjournal.utripoli.edu.ly%2Findex.php%2FAlqalam%2Farticle%2Fdownload%2F95%2F94%2F107 HTTP/1.1" 200 22022 "-" "Mozilla/5.0 (Windows NT 10.0; Win64; x64) AppleWebKit/537.36 (KHTML, like Gecko) Chrome/126.0.0.0 Safari/537.36"
185.118.79.221 - - [06/May/2025:14:30:47 +0200] "GET /plugins/generic/pdfJsViewer/pdf.js/web/viewer.html?file=https%3A%2F%2Fjournal.utripoli.edu.ly%2Findex.php%2FAlqalam%2Farticle%2Fdownload%2F95%2F94%2F107/viewer.css HTTP/1.1" 200 22022 "-" "Mozilla/5.0 (Windows NT 10.0; Win64; x64) AppleWebKit/537.36 (KHTML, like Gecko) Chrome/126.0.0.0 Safari/537.36"
185.118.79.221 - - [06/May/2025:14:30:47 +0200] "GET /plugins/generic/pdfJsViewer/pdf.js/web/viewer.html?file=https%3A%2F%2Fjournal.utripoli.edu.ly%2Findex.php%2FAlqalam%2Farticle%2Fdownload%2F95%2F94%2F107/viewer.css%27 HTTP/1.1" 200 22022 "-" "Mozilla/5.0 (Windows NT 10.0; Win64; x64) AppleWebKit/537.36 (KHTML, like Gecko) Chrome/126.0.0.0 Safari/537.36"
185.118.79.221 - - [06/May/2025:14:30:48 +0200] "GET /plugins/generic/pdfJsViewer/pdf.js/web/viewer.html?file=https%3A%2F%2Fjournal.utripoli.edu.ly%2Findex.php%2FAlqalam%2Farticle%2Fdownload%2F95%2F94%2F107%27 HTTP/1.1" 200 22022 "-" "Mozilla/5.0 (Windows NT 10.0; Win64; x64) AppleWebKit/537.36 (KHTML, like Gecko) Chrome/126.0.0.0 Safari/537.36"
185.118.79.221 - - [06/May/2025:14:30:48 +0200] "GET /plugins/generic/pdfJsViewer/pdf.js/web/viewer.html?file=https%3A%2F%2Fjournal.utripoli.edu.ly%2Findex.php%2FAlqalam%2Farticle%2Fdownload%2F95%2F94%2F107/viewer.css%27 HTTP/1.1" 200 22022 "-" "Mozilla/5.0 (Windows NT 10.0; Win64; x64) AppleWebKit/537.36 (KHTML, like Gecko) Chrome/126.0.0.0 Safari/537.36"
54.36.148.237 - - [06/May/2025:14:30:52 +0200] "GET /index.php/Alqalam/article/view/790 HTTP/1.1" 200 8922 "-" "Mozilla/5.0 (compatible; AhrefsBot/7.0; +http://ahrefs.com/robot/)"
194.233.80.159 - - [06/May/2025:14:30:55 +0200] "GET /assets/files/artikel/ HTTP/1.1" 404 3913 "-" "Mozilla/5.0 (X11; U; Linux x86_64; en-US; rv:1.9.0.8) Gecko/2009033100 Ubuntu/9.04 (jaunty) Firefox/3.0.8"
194.233.80.159 - - [06/May/2025:14:31:01 +0200] "GET /assets/files/dokumen/ HTTP/1.1" 404 3913 "-" "Mozilla/5.0 (X11; U; Linux x86_64; en-US; rv:1.9.0.8) Gecko/2009033100 Ubuntu/9.04 (jaunty) Firefox/3.0.8"
185.191.171.14 - - [06/May/2025:14:31:03 +0200] "GET /index.php/Alqalam/article/view/243?articlesBySimilarityPage=39 HTTP/1.1" 200 8169 "-" "Mozilla/5.0 (compatible; SemrushBot/7~bl; +http://www.semrush.com/bot.html)"
47.128.47.130 - - [06/May/2025:14:31:07 +0200] "GET /index.php/Alqalam/article/view/845?articlesBySimilarityPage=1 HTTP/1.1" 200 7569 "-" "Mozilla/5.0 (compatible; Bytespider; spider-feedback@bytedance.com) AppleWebKit/537.36 (KHTML, like Gecko) Chrome/70.0.0.0 Safari/537.36"
47.128.47.130 - - [06/May/2025:14:31:08 +0200] "GET /public/journals/1/styleSheet.css?d=2024-01-03+17%3A34%3A30 HTTP/1.1" 404 3913 "https://www.journal.utripoli.edu.ly/index.php/Alqalam/article/view/845?articlesBySimilarityPage=1" "Mozilla/5.0 (compatible; Bytespider; spider-feedback@bytedance.com) AppleWebKit/537.36 (KHTML, like Gecko) Chrome/70.0.0.0 Safari/537.36"
66.249.85.108 - - [06/May/2025:14:31:21 +0200] "GET /index.php/Alqalam/article_processing_charges HTTP/1.1" 200 3607 "-" "Mozilla/5.0 (Macintosh; Intel Mac OS X 11_2_3) AppleWebKit/537.36 (KHTML, like Gecko) Chrome/89.0.4389.90 Safari/537.36,gzip(gfe)"
194.233.80.159 - - [06/May/2025:14:31:22 +0200] "GET /assets/files/galeri/ HTTP/1.1" 404 3913 "-" "Mozilla/5.0 (X11; U; Linux x86_64; en-US; rv:1.9.0.8) Gecko/2009033100 Ubuntu/9.04 (jaunty) Firefox/3.0.8"
18.190.156.78 - - [06/May/2025:14:31:30 +0200] "GET /index.php/Alqalam/article/view/165?articlesBySimilarityPage=22 HTTP/1.1" 200 8028 "-" "Mozilla/5.0 AppleWebKit/537.36 (KHTML, like Gecko; compatible; ClaudeBot/1.0; +claudebot@anthropic.com)"
18.190.156.78 - - [06/May/2025:14:31:30 +0200] "GET /index.php/Alqalam/article/view/165?articlesBySimilarityPage=19 HTTP/1.1" 200 7984 "-" "Mozilla/5.0 AppleWebKit/537.36 (KHTML, like Gecko; compatible; ClaudeBot/1.0; +claudebot@anthropic.com)"
194.233.80.159 - - [06/May/2025:14:31:31 +0200] "GET /assets/files/gis/ HTTP/1.1" 404 3913 "-" "Mozilla/5.0 (X11; U; Linux x86_64; en-US; rv:1.9.0.8) Gecko/2009033100 Ubuntu/9.04 (jaunty) Firefox/3.0.8"
66.249.64.130 - - [06/May/2025:14:31:34 +0200] "GET /index.php/Alqalam/citationstylelanguage/download/ris?submissionId=505&publicationId=505 HTTP/1.1" 200 5695 "-" "Mozilla/5.0 (Linux; Android 6.0.1; Nexus 5X Build/MMB29P) AppleWebKit/537.36 (KHTML, like Gecko) Chrome/136.0.7103.59 Mobile Safari/537.36 (compatible; Googlebot/2.1; +http://www.google.com/bot.html)"
68.221.67.168 - - [06/May/2025:14:31:40 +0200] "GET / HTTP/1.1" 302 - "-" "Mozilla/5.0 AppleWebKit/537.36 (KHTML, like Gecko); compatible; ChatGPT-User/1.0; +https://openai.com/bot"
68.221.67.164 - - [06/May/2025:14:31:40 +0200] "GET /index.php/Alqalam/article/view/328/281 HTTP/1.1" 302 - "-" "Mozilla/5.0 AppleWebKit/537.36 (KHTML, like Gecko); compatible; ChatGPT-User/1.0; +https://openai.com/bot"
194.233.80.159 - - [06/May/2025:14:31:40 +0200] "GET /assets/files/gis/area/ HTTP/1.1" 404 3913 "-" "Mozilla/5.0 (X11; U; Linux x86_64; en-US; rv:1.9.0.8) Gecko/2009033100 Ubuntu/9.04 (jaunty) Firefox/3.0.8"
68.221.67.168 - - [06/May/2025:14:31:40 +0200] "GET /index.php/Alqalam HTTP/1.1" 200 8849 "-" "Mozilla/5.0 AppleWebKit/537.36 (KHTML, like Gecko); compatible; ChatGPT-User/1.0; +https://openai.com/bot"
68.221.67.164 - - [06/May/2025:14:31:40 +0200] "GET /index.php/Alqalam/article/download/328/281 HTTP/1.1" 200 944225 "-" "Mozilla/5.0 AppleWebKit/537.36 (KHTML, like Gecko); compatible; ChatGPT-User/1.0; +https://openai.com/bot"
194.233.80.159 - - [06/May/2025:14:31:44 +0200] "GET /assets/files/gis/garis/ HTTP/1.1" 404 3913 "-" "Mozilla/5.0 (X11; U; Linux x86_64; en-US; rv:1.9.0.8) Gecko/2009033100 Ubuntu/9.04 (jaunty) Firefox/3.0.8"
66.249.64.131 - - [06/May/2025:14:31:47 +0200] "GET /index.php/Alqalam/citationstylelanguage/get/turabian-fullnote-bibliography?submissionId=505&publicationId=505 HTTP/1.1" 200 303 "-" "Mozilla/5.0 (Linux; Android 6.0.1; Nexus 5X Build/MMB29P) AppleWebKit/537.36 (KHTML, like Gecko) Chrome/136.0.7103.59 Mobile Safari/537.36 (compatible; Googlebot/2.1; +http://www.google.com/bot.html)"
194.233.80.159 - - [06/May/2025:14:31:51 +0200] "GET /assets/files/gis/lokasi/ HTTP/1.1" 404 3913 "-" "Mozilla/5.0 (X11; U; Linux x86_64; en-US; rv:1.9.0.8) Gecko/2009033100 Ubuntu/9.04 (jaunty) Firefox/3.0.8"
194.233.80.159 - - [06/May/2025:14:31:54 +0200] "GET /assets/files/logo/ HTTP/1.1" 404 3913 "-" "Mozilla/5.0 (X11; U; Linux x86_64; en-US; rv:1.9.0.8) Gecko/2009033100 Ubuntu/9.04 (jaunty) Firefox/3.0.8"
194.233.80.159 - - [06/May/2025:14:31:57 +0200] "GET /assets/files/sisipan/ HTTP/1.1" 404 3913 "-" "Mozilla/5.0 (X11; U; Linux x86_64; en-US; rv:1.9.0.8) Gecko/2009033100 Ubuntu/9.04 (jaunty) Firefox/3.0.8"
66.249.64.130 - - [06/May/2025:14:31:57 +0200] "GET /index.php/Alqalam/citationstylelanguage/get/associacao-brasileira-de-normas-tecnicas?submissionId=505&publicationId=505 HTTP/1.1" 200 345 "-" "Mozilla/5.0 (Linux; Android 6.0.1; Nexus 5X Build/MMB29P) AppleWebKit/537.36 (KHTML, like Gecko) Chrome/136.0.7103.59 Mobile Safari/537.36 (compatible; Googlebot/2.1; +http://www.google.com/bot.html)"
194.233.80.159 - - [06/May/2025:14:32:03 +0200] "GET /assets/files/sound/ HTTP/1.1" 404 3913 "-" "Mozilla/5.0 (X11; U; Linux x86_64; en-US; rv:1.9.0.8) Gecko/2009033100 Ubuntu/9.04 (jaunty) Firefox/3.0.8"
194.233.80.159 - - [06/May/2025:14:32:10 +0200] "GET /assets/fonts/ HTTP/1.1" 404 3913 "-" "Mozilla/5.0 (X11; U; Linux x86_64; en-US; rv:1.9.0.8) Gecko/2009033100 Ubuntu/9.04 (jaunty) Firefox/3.0.8"
194.233.80.159 - - [06/May/2025:14:32:17 +0200] "GET /assets/fonts/kosmo/ HTTP/1.1" 404 3913 "-" "Mozilla/5.0 (X11; U; Linux x86_64; en-US; rv:1.9.0.8) Gecko/2009033100 Ubuntu/9.04 (jaunty) Firefox/3.0.8"
194.233.80.159 - - [06/May/2025:14:32:20 +0200] "GET /assets/fonts/kosmo/fonts/ HTTP/1.1" 404 3913 "-" "Mozilla/5.0 (X11; U; Linux x86_64; en-US; rv:1.9.0.8) Gecko/2009033100 Ubuntu/9.04 (jaunty) Firefox/3.0.8"
54.36.149.38 - - [06/May/2025:14:32:22 +0200] "GET /index.php/Alqalam/citationstylelanguage/get/vancouver?submissionId=561&publicationId=561 HTTP/1.1" 200 325 "-" "Mozilla/5.0 (compatible; AhrefsBot/7.0; +http://ahrefs.com/robot/)"
194.233.80.159 - - [06/May/2025:14:32:23 +0200] "GET /assets/fonts/line-awesome/css/ HTTP/1.1" 404 3913 "-" "Mozilla/5.0 (X11; U; Linux x86_64; en-US; rv:1.9.0.8) Gecko/2009033100 Ubuntu/9.04 (jaunty) Firefox/3.0.8"
85.208.96.196 - - [06/May/2025:14:32:23 +0200] "GET /index.php/Alqalam/search/search?query=medical%20education%20challenges%20trends HTTP/1.1" 200 4308 "-" "Mozilla/5.0 (compatible; SemrushBot/7~bl; +http://www.semrush.com/bot.html)"
194.233.80.159 - - [06/May/2025:14:32:28 +0200] "GET /assets/fonts/line-awesome/fonts/ HTTP/1.1" 404 3913 "-" "Mozilla/5.0 (X11; U; Linux x86_64; en-US; rv:1.9.0.8) Gecko/2009033100 Ubuntu/9.04 (jaunty) Firefox/3.0.8"
216.244.66.243 - - [06/May/2025:14:32:30 +0200] "GET /index.php/Alqalam/citationstylelanguage/download/bibtex?submissionId=858&publicationId=858 HTTP/1.1" 200 2296 "-" "Mozilla/5.0 (compatible; DotBot/1.2; +https://opensiteexplorer.org/dotbot; help@moz.com)"
194.233.80.159 - - [06/May/2025:14:32:32 +0200] "GET /assets/fonts/montserrat/ HTTP/1.1" 404 3913 "-" "Mozilla/5.0 (X11; U; Linux x86_64; en-US; rv:1.9.0.8) Gecko/2009033100 Ubuntu/9.04 (jaunty) Firefox/3.0.8"
194.233.80.159 - - [06/May/2025:14:32:36 +0200] "GET /assets/fonts/open-sans/ HTTP/1.1" 404 3913 "-" "Mozilla/5.0 (X11; U; Linux x86_64; en-US; rv:1.9.0.8) Gecko/2009033100 Ubuntu/9.04 (jaunty) Firefox/3.0.8"
194.233.80.159 - - [06/May/2025:14:32:43 +0200] "GET /assets/fonts/weather/css/ HTTP/1.1" 404 3913 "-" "Mozilla/5.0 (X11; U; Linux x86_64; en-US; rv:1.9.0.8) Gecko/2009033100 Ubuntu/9.04 (jaunty) Firefox/3.0.8"
165.16.32.231 - - [06/May/2025:14:32:50 +0200] "GET /public/site/images/admin/images-7ebefdfe542a8ccb6c69ed6034ca26fd.jpg HTTP/1.1" 200 7228 "https://uta.edu.ly/" "Mozilla/5.0 (Windows NT 10.0; Win64; x64) AppleWebKit/537.36 (KHTML, like Gecko) Chrome/136.0.0.0 Safari/537.36 Edg/136.0.0.0"
194.233.80.159 - - [06/May/2025:14:32:51 +0200] "GET /assets/fonts/weather/font/ HTTP/1.1" 404 3913 "-" "Mozilla/5.0 (X11; U; Linux x86_64; en-US; rv:1.9.0.8) Gecko/2009033100 Ubuntu/9.04 (jaunty) Firefox/3.0.8"
165.16.32.231 - - [06/May/2025:14:32:51 +0200] "GET /public/site/images/admin/whatsapp-image-2025-04-23-at-21.02.04-c9d49382.jpg HTTP/1.1" 200 36177 "https://uta.edu.ly/" "Mozilla/5.0 (Windows NT 10.0; Win64; x64) AppleWebKit/537.36 (KHTML, like Gecko) Chrome/136.0.0.0 Safari/537.36 Edg/136.0.0.0"
165.16.32.231 - - [06/May/2025:14:32:52 +0200] "GET /plugins/themes/default/fonts/noto-serif-v9-vietnamese_latin-ext_latin_greek-ext_greek_cyrillic-ext_cyrillic-regular.woff2 HTTP/1.1" 200 154816 "https://uta.edu.ly/" "Mozilla/5.0 (Windows NT 10.0; Win64; x64) AppleWebKit/537.36 (KHTML, like Gecko) Chrome/136.0.0.0 Safari/537.36 Edg/136.0.0.0"
165.16.32.231 - - [06/May/2025:14:32:52 +0200] "GET /public/site/images/admin/ajol-logo.png HTTP/1.1" 200 21098 "https://uta.edu.ly/" "Mozilla/5.0 (Windows NT 10.0; Win64; x64) AppleWebKit/537.36 (KHTML, like Gecko) Chrome/136.0.0.0 Safari/537.36 Edg/136.0.0.0"
165.16.32.231 - - [06/May/2025:14:32:52 +0200] "GET /plugins/themes/default/fonts/noto-serif-v9-vietnamese_latin-ext_latin_greek-ext_greek_cyrillic-ext_cyrillic-700.woff2 HTTP/1.1" 200 167372 "https://uta.edu.ly/" "Mozilla/5.0 (Windows NT 10.0; Win64; x64) AppleWebKit/537.36 (KHTML, like Gecko) Chrome/136.0.0.0 Safari/537.36 Edg/136.0.0.0"
165.16.32.231 - - [06/May/2025:14:32:53 +0200] "GET /public/site/images/admin/blobid0-9158c27dc6489c3248b1e7d631a921ab.png HTTP/1.1" 200 6004 "https://uta.edu.ly/" "Mozilla/5.0 (Windows NT 10.0; Win64; x64) AppleWebKit/537.36 (KHTML, like Gecko) Chrome/136.0.0.0 Safari/537.36 Edg/136.0.0.0"
165.16.32.231 - - [06/May/2025:14:32:52 +0200] "GET /plugins/themes/default/fonts/noto-serif-v9-vietnamese_latin-ext_latin_greek-ext_greek_cyrillic-ext_cyrillic-regular.woff HTTP/1.1" 200 194208 "https://uta.edu.ly/" "Mozilla/5.0 (Windows NT 10.0; Win64; x64) AppleWebKit/537.36 (KHTML, like Gecko) Chrome/136.0.0.0 Safari/537.36 Edg/136.0.0.0"
165.16.32.231 - - [06/May/2025:14:32:53 +0200] "GET /public/site/images/admin/images.png HTTP/1.1" 200 5043 "https://uta.edu.ly/" "Mozilla/5.0 (Windows NT 10.0; Win64; x64) AppleWebKit/537.36 (KHTML, like Gecko) Chrome/136.0.0.0 Safari/537.36 Edg/136.0.0.0"
165.16.32.231 - - [06/May/2025:14:32:53 +0200] "GET /public/site/images/admin/orcid-logo-with-tagline.svg.png HTTP/1.1" 200 25660 "https://uta.edu.ly/" "Mozilla/5.0 (Windows NT 10.0; Win64; x64) AppleWebKit/537.36 (KHTML, like Gecko) Chrome/136.0.0.0 Safari/537.36 Edg/136.0.0.0"
165.16.32.231 - - [06/May/2025:14:32:53 +0200] "GET /plugins/themes/default/fonts/noto-serif-v9-vietnamese_latin-ext_latin_greek-ext_greek_cyrillic-ext_cyrillic-700.woff HTTP/1.1" 200 210000 "https://uta.edu.ly/" "Mozilla/5.0 (Windows NT 10.0; Win64; x64) AppleWebKit/537.36 (KHTML, like Gecko) Chrome/136.0.0.0 Safari/537.36 Edg/136.0.0.0"
18.216.95.250 - - [06/May/2025:14:32:52 +0200] "GET /index.php/Alqalam/article/view/155?articlesBySimilarityPage=44 HTTP/1.1" 200 9194 "-" "Mozilla/5.0 AppleWebKit/537.36 (KHTML, like Gecko; compatible; ClaudeBot/1.0; +claudebot@anthropic.com)"
165.16.32.231 - - [06/May/2025:14:32:53 +0200] "GET /plugins/themes/default/fonts/noto-serif-v9-vietnamese_latin-ext_latin_greek-ext_greek_cyrillic-ext_cyrillic-regular.ttf HTTP/1.1" 200 329320 "https://uta.edu.ly/" "Mozilla/5.0 (Windows NT 10.0; Win64; x64) AppleWebKit/537.36 (KHTML, like Gecko) Chrome/136.0.0.0 Safari/537.36 Edg/136.0.0.0"
165.16.32.231 - - [06/May/2025:14:32:54 +0200] "GET /public/site/images/admin/blobid0.png HTTP/1.1" 200 3474 "https://uta.edu.ly/" "Mozilla/5.0 (Windows NT 10.0; Win64; x64) AppleWebKit/537.36 (KHTML, like Gecko) Chrome/136.0.0.0 Safari/537.36 Edg/136.0.0.0"
165.16.32.231 - - [06/May/2025:14:32:54 +0200] "GET /public/site/images/admin/blobid0-db525be3a52385e067c75304370e3cd3.png HTTP/1.1" 200 4348 "https://uta.edu.ly/" "Mozilla/5.0 (Windows NT 10.0; Win64; x64) AppleWebKit/537.36 (KHTML, like Gecko) Chrome/136.0.0.0 Safari/537.36 Edg/136.0.0.0"
18.216.95.250 - - [06/May/2025:14:32:52 +0200] "GET /index.php/Alqalam/article/view/824?articlesBySimilarityPage=24 HTTP/1.1" 200 9473 "-" "Mozilla/5.0 AppleWebKit/537.36 (KHTML, like Gecko; compatible; ClaudeBot/1.0; +claudebot@anthropic.com)"
165.16.32.231 - - [06/May/2025:14:32:56 +0200] "GET /plugins/themes/default/fonts/noto-serif-v9-vietnamese_latin-ext_latin_greek-ext_greek_cyrillic-ext_cyrillic-700.ttf HTTP/1.1" 200 348024 "https://uta.edu.ly/" "Mozilla/5.0 (Windows NT 10.0; Win64; x64) AppleWebKit/537.36 (KHTML, like Gecko) Chrome/136.0.0.0 Safari/537.36 Edg/136.0.0.0"
47.128.22.159 - - [06/May/2025:14:32:55 +0200] "GET /index.php/Alqalam/article/view/284?articlesBySimilarityPage=57 HTTP/1.1" 200 7781 "-" "Mozilla/5.0 (compatible; Bytespider; spider-feedback@bytedance.com) AppleWebKit/537.36 (KHTML, like Gecko) Chrome/70.0.0.0 Safari/537.36"
194.233.80.159 - - [06/May/2025:14:32:58 +0200] "GET /assets/format_excel/ HTTP/1.1" 404 3913 "-" "Mozilla/5.0 (X11; U; Linux x86_64; en-US; rv:1.9.0.8) Gecko/2009033100 Ubuntu/9.04 (jaunty) Firefox/3.0.8"
47.128.22.159 - - [06/May/2025:14:32:58 +0200] "GET /public/journals/1/styleSheet.css?d=2024-01-03+17%3A34%3A30 HTTP/1.1" 404 3913 "https://www.journal.utripoli.edu.ly/index.php/Alqalam/article/view/284?articlesBySimilarityPage=57" "Mozilla/5.0 (compatible; Bytespider; spider-feedback@bytedance.com) AppleWebKit/537.36 (KHTML, like Gecko) Chrome/70.0.0.0 Safari/537.36"
194.233.80.159 - - [06/May/2025:14:33:04 +0200] "GET /assets/front/ HTTP/1.1" 404 3913 "-" "Mozilla/5.0 (X11; U; Linux x86_64; en-US; rv:1.9.0.8) Gecko/2009033100 Ubuntu/9.04 (jaunty) Firefox/3.0.8"
66.249.70.106 - - [06/May/2025:14:33:09 +0200] "GET /index.php/Alqalam/article/view/23?articlesBySimilarityPage=20 HTTP/1.1" 200 7572 "-" "Mozilla/5.0 (Linux; Android 6.0.1; Nexus 5X Build/MMB29P) AppleWebKit/537.36 (KHTML, like Gecko) Chrome/136.0.7103.59 Mobile Safari/537.36 (compatible; Googlebot/2.1; +http://www.google.com/bot.html)"
66.249.64.130 - - [06/May/2025:14:33:09 +0200] "GET /index.php/Alqalam/article/view/686/568 HTTP/1.1" 302 - "-" "Mozilla/5.0 (Linux; Android 6.0.1; Nexus 5X Build/MMB29P) AppleWebKit/537.36 (KHTML, like Gecko) Chrome/136.0.7103.59 Mobile Safari/537.36 (compatible; Googlebot/2.1; +http://www.google.com/bot.html)"
66.249.64.132 - - [06/May/2025:14:33:10 +0200] "GET /index.php/Alqalam/article/download/686/568 HTTP/1.1" 200 274761 "-" "Mozilla/5.0 (Linux; Android 6.0.1; Nexus 5X Build/MMB29P) AppleWebKit/537.36 (KHTML, like Gecko) Chrome/136.0.7103.59 Mobile Safari/537.36 (compatible; Googlebot/2.1; +http://www.google.com/bot.html)"
194.233.80.159 - - [06/May/2025:14:33:11 +0200] "GET /assets/front/css/ HTTP/1.1" 404 3913 "-" "Mozilla/5.0 (X11; U; Linux x86_64; en-US; rv:1.9.0.8) Gecko/2009033100 Ubuntu/9.04 (jaunty) Firefox/3.0.8"
194.233.80.159 - - [06/May/2025:14:33:16 +0200] "GET /assets/front/css/images/ HTTP/1.1" 404 3913 "-" "Mozilla/5.0 (X11; U; Linux x86_64; en-US; rv:1.9.0.8) Gecko/2009033100 Ubuntu/9.04 (jaunty) Firefox/3.0.8"
54.36.148.23 - - [06/May/2025:14:33:18 +0200] "GET /index.php/Alqalam/article/view/811 HTTP/1.1" 200 9436 "-" "Mozilla/5.0 (compatible; AhrefsBot/7.0; +http://ahrefs.com/robot/)"
66.249.64.131 - - [06/May/2025:14:33:21 +0200] "GET /index.php/Alqalam/citationstylelanguage/get/harvard-cite-them-right?submissionId=505&publicationId=505 HTTP/1.1" 200 265 "-" "Mozilla/5.0 (Linux; Android 6.0.1; Nexus 5X Build/MMB29P) AppleWebKit/537.36 (KHTML, like Gecko) Chrome/136.0.7103.59 Mobile Safari/537.36 (compatible; Googlebot/2.1; +http://www.google.com/bot.html)"
194.233.80.159 - - [06/May/2025:14:33:22 +0200] "GET /assets/front/css/images/ie6/ HTTP/1.1" 404 3913 "-" "Mozilla/5.0 (X11; U; Linux x86_64; en-US; rv:1.9.0.8) Gecko/2009033100 Ubuntu/9.04 (jaunty) Firefox/3.0.8"
194.233.80.159 - - [06/May/2025:14:33:26 +0200] "GET /assets/front/css/nanogallery/ HTTP/1.1" 404 3913 "-" "Mozilla/5.0 (X11; U; Linux x86_64; en-US; rv:1.9.0.8) Gecko/2009033100 Ubuntu/9.04 (jaunty) Firefox/3.0.8"
194.233.80.159 - - [06/May/2025:14:33:31 +0200] "GET /assets/front/css/nanogallery/font/ HTTP/1.1" 404 3913 "-" "Mozilla/5.0 (X11; U; Linux x86_64; en-US; rv:1.9.0.8) Gecko/2009033100 Ubuntu/9.04 (jaunty) Firefox/3.0.8"
194.233.80.159 - - [06/May/2025:14:33:37 +0200] "GET /assets/front/fonts/ HTTP/1.1" 404 3913 "-" "Mozilla/5.0 (X11; U; Linux x86_64; en-US; rv:1.9.0.8) Gecko/2009033100 Ubuntu/9.04 (jaunty) Firefox/3.0.8"
194.233.80.159 - - [06/May/2025:14:33:42 +0200] "GET /assets/front/fonts/old/ HTTP/1.1" 404 3913 "-" "Mozilla/5.0 (X11; U; Linux x86_64; en-US; rv:1.9.0.8) Gecko/2009033100 Ubuntu/9.04 (jaunty) Firefox/3.0.8"
194.233.80.159 - - [06/May/2025:14:33:50 +0200] "GET /assets/front/images/ HTTP/1.1" 404 3913 "-" "Mozilla/5.0 (X11; U; Linux x86_64; en-US; rv:1.9.0.8) Gecko/2009033100 Ubuntu/9.04 (jaunty) Firefox/3.0.8"
194.233.80.159 - - [06/May/2025:14:33:55 +0200] "GET /assets/front/images/blog/ HTTP/1.1" 404 3913 "-" "Mozilla/5.0 (X11; U; Linux x86_64; en-US; rv:1.9.0.8) Gecko/2009033100 Ubuntu/9.04 (jaunty) Firefox/3.0.8"
194.233.80.159 - - [06/May/2025:14:33:58 +0200] "GET /assets/front/images/gallery/ HTTP/1.1" 404 3913 "-" "Mozilla/5.0 (X11; U; Linux x86_64; en-US; rv:1.9.0.8) Gecko/2009033100 Ubuntu/9.04 (jaunty) Firefox/3.0.8"
194.233.80.159 - - [06/May/2025:14:34:05 +0200] "GET /assets/front/images/ico/ HTTP/1.1" 404 3913 "-" "Mozilla/5.0 (X11; U; Linux x86_64; en-US; rv:1.9.0.8) Gecko/2009033100 Ubuntu/9.04 (jaunty) Firefox/3.0.8"
194.233.80.159 - - [06/May/2025:14:34:08 +0200] "GET /assets/front/images/partners/ HTTP/1.1" 404 3913 "-" "Mozilla/5.0 (X11; U; Linux x86_64; en-US; rv:1.9.0.8) Gecko/2009033100 Ubuntu/9.04 (jaunty) Firefox/3.0.8"
49.13.130.29 - - [06/May/2025:14:34:14 +0200] "HEAD / HTTP/1.1" 302 - "https://journal.utripoli.edu.ly/" "Mozilla/5.0+(compatible; UptimeRobot/2.0; http://www.uptimerobot.com/)"
49.13.130.29 - - [06/May/2025:14:34:14 +0200] "HEAD /index.php/Alqalam HTTP/1.1" 200 - "https://journal.utripoli.edu.ly/" "Mozilla/5.0+(compatible; UptimeRobot/2.0; http://www.uptimerobot.com/)"
194.233.80.159 - - [06/May/2025:14:34:14 +0200] "GET /assets/front/images/prettyPhoto/ HTTP/1.1" 404 3913 "-" "Mozilla/5.0 (X11; U; Linux x86_64; en-US; rv:1.9.0.8) Gecko/2009033100 Ubuntu/9.04 (jaunty) Firefox/3.0.8"
3.15.168.130 - - [06/May/2025:14:34:14 +0200] "GET /index.php/Alqalam/article/view/16?articlesBySimilarityPage=22 HTTP/1.1" 200 7323 "-" "Mozilla/5.0 AppleWebKit/537.36 (KHTML, like Gecko; compatible; ClaudeBot/1.0; +claudebot@anthropic.com)"
3.15.168.130 - - [06/May/2025:14:34:14 +0200] "GET /index.php/Alqalam/article/view/16?articlesBySimilarityPage=19 HTTP/1.1" 200 7275 "-" "Mozilla/5.0 AppleWebKit/537.36 (KHTML, like Gecko; compatible; ClaudeBot/1.0; +claudebot@anthropic.com)"
194.233.80.159 - - [06/May/2025:14:34:20 +0200] "GET /assets/front/images/prettyPhoto/dark_rounded/ HTTP/1.1" 404 3913 "-" "Mozilla/5.0 (X11; U; Linux x86_64; en-US; rv:1.9.0.8) Gecko/2009033100 Ubuntu/9.04 (jaunty) Firefox/3.0.8"
194.233.80.159 - - [06/May/2025:14:34:24 +0200] "GET /assets/front/images/prettyPhoto/dark_square/ HTTP/1.1" 404 3913 "-" "Mozilla/5.0 (X11; U; Linux x86_64; en-US; rv:1.9.0.8) Gecko/2009033100 Ubuntu/9.04 (jaunty) Firefox/3.0.8"
194.233.80.159 - - [06/May/2025:14:34:29 +0200] "GET /assets/front/images/prettyPhoto/default/ HTTP/1.1" 404 3913 "-" "Mozilla/5.0 (X11; U; Linux x86_64; en-US; rv:1.9.0.8) Gecko/2009033100 Ubuntu/9.04 (jaunty) Firefox/3.0.8"
54.36.148.135 - - [06/May/2025:14:34:34 +0200] "GET /index.php/Alqalam/citationstylelanguage/get/apa?submissionId=178&publicationId=178 HTTP/1.1" 200 342 "-" "Mozilla/5.0 (compatible; AhrefsBot/7.0; +http://ahrefs.com/robot/)"
194.233.80.159 - - [06/May/2025:14:34:36 +0200] "GET /assets/front/images/prettyPhoto/facebook/ HTTP/1.1" 404 3913 "-" "Mozilla/5.0 (X11; U; Linux x86_64; en-US; rv:1.9.0.8) Gecko/2009033100 Ubuntu/9.04 (jaunty) Firefox/3.0.8"
194.233.80.159 - - [06/May/2025:14:34:40 +0200] "GET /assets/front/images/prettyPhoto/light_rounded/ HTTP/1.1" 404 3913 "-" "Mozilla/5.0 (X11; U; Linux x86_64; en-US; rv:1.9.0.8) Gecko/2009033100 Ubuntu/9.04 (jaunty) Firefox/3.0.8"
194.233.80.159 - - [06/May/2025:14:34:46 +0200] "GET /assets/front/images/prettyPhoto/light_square/ HTTP/1.1" 404 3913 "-" "Mozilla/5.0 (X11; U; Linux x86_64; en-US; rv:1.9.0.8) Gecko/2009033100 Ubuntu/9.04 (jaunty) Firefox/3.0.8"
194.233.80.159 - - [06/May/2025:14:34:52 +0200] "GET /assets/front/images/services/ HTTP/1.1" 404 3913 "-" "Mozilla/5.0 (X11; U; Linux x86_64; en-US; rv:1.9.0.8) Gecko/2009033100 Ubuntu/9.04 (jaunty) Firefox/3.0.8"
85.208.96.196 - - [06/May/2025:14:34:52 +0200] "GET /index.php/Alqalam/article/view/559 HTTP/1.1" 200 8099 "-" "Mozilla/5.0 (compatible; SemrushBot/7~bl; +http://www.semrush.com/bot.html)"
194.233.80.159 - - [06/May/2025:14:34:59 +0200] "GET /assets/front/images/slider/ HTTP/1.1" 404 3913 "-" "Mozilla/5.0 (X11; U; Linux x86_64; en-US; rv:1.9.0.8) Gecko/2009033100 Ubuntu/9.04 (jaunty) Firefox/3.0.8"
66.249.64.132 - - [06/May/2025:14:35:00 +0200] "GET /index.php/Alqalam/citationstylelanguage/get/chicago-author-date?submissionId=395&publicationId=395 HTTP/1.1" 200 324 "-" "Mozilla/5.0 (Linux; Android 6.0.1; Nexus 5X Build/MMB29P) AppleWebKit/537.36 (KHTML, like Gecko) Chrome/136.0.7103.59 Mobile Safari/537.36 (compatible; Googlebot/2.1; +http://www.google.com/bot.html)"
194.233.80.159 - - [06/May/2025:14:35:07 +0200] "GET /assets/front/js/ HTTP/1.1" 404 3913 "-" "Mozilla/5.0 (X11; U; Linux x86_64; en-US; rv:1.9.0.8) Gecko/2009033100 Ubuntu/9.04 (jaunty) Firefox/3.0.8"
66.249.64.130 - - [06/May/2025:14:35:09 +0200] "GET / HTTP/1.1" 302 - "-" "Mozilla/5.0 (compatible; Googlebot/2.1; +http://www.google.com/bot.html)"
66.249.64.130 - - [06/May/2025:14:35:10 +0200] "GET /index.php/Alqalam HTTP/1.1" 200 8849 "-" "Mozilla/5.0 (compatible; Googlebot/2.1; +http://www.google.com/bot.html)"
66.249.64.130 - - [06/May/2025:14:35:11 +0200] "GET /public/journals/1/styleSheet.css?d=2024-01-03+17%3A34%3A30 HTTP/1.1" 404 3913 "https://journal.utripoli.edu.ly/index.php/Alqalam" "Mozilla/5.0 AppleWebKit/537.36 (KHTML, like Gecko; compatible; Googlebot/2.1; +http://www.google.com/bot.html) Chrome/135.0.7049.114 Safari/537.36"
194.233.80.159 - - [06/May/2025:14:35:13 +0200] "GET /assets/front/smartmenus-1.1.0/ HTTP/1.1" 404 3913 "-" "Mozilla/5.0 (X11; U; Linux x86_64; en-US; rv:1.9.0.8) Gecko/2009033100 Ubuntu/9.04 (jaunty) Firefox/3.0.8"
194.233.80.159 - - [06/May/2025:14:35:16 +0200] "GET /assets/front/smartmenus-1.1.0/addons/ HTTP/1.1" 404 3913 "-" "Mozilla/5.0 (X11; U; Linux x86_64; en-US; rv:1.9.0.8) Gecko/2009033100 Ubuntu/9.04 (jaunty) Firefox/3.0.8"
194.233.80.159 - - [06/May/2025:14:35:22 +0200] "GET /assets/front/smartmenus-1.1.0/addons/bootstrap-4/ HTTP/1.1" 404 3913 "-" "Mozilla/5.0 (X11; U; Linux x86_64; en-US; rv:1.9.0.8) Gecko/2009033100 Ubuntu/9.04 (jaunty) Firefox/3.0.8"
194.233.80.159 - - [06/May/2025:14:35:27 +0200] "GET /assets/front/smartmenus-1.1.0/addons/bootstrap/ HTTP/1.1" 404 3913 "-" "Mozilla/5.0 (X11; U; Linux x86_64; en-US; rv:1.9.0.8) Gecko/2009033100 Ubuntu/9.04 (jaunty) Firefox/3.0.8"
185.191.171.11 - - [06/May/2025:14:35:27 +0200] "GET /index.php/Alqalam/article/view/145?articlesBySimilarityPage=3 HTTP/1.1" 200 7446 "-" "Mozilla/5.0 (compatible; SemrushBot/7~bl; +http://www.semrush.com/bot.html)"
194.233.80.159 - - [06/May/2025:14:35:33 +0200] "GET /assets/front/smartmenus-1.1.0/addons/keyboard/ HTTP/1.1" 404 3913 "-" "Mozilla/5.0 (X11; U; Linux x86_64; en-US; rv:1.9.0.8) Gecko/2009033100 Ubuntu/9.04 (jaunty) Firefox/3.0.8"
52.167.144.25 - - [06/May/2025:14:35:38 +0200] "GET /index.php/Alqalam/article/view/34?articlesBySimilarityPage=1 HTTP/1.1" 200 7802 "-" "Mozilla/5.0 AppleWebKit/537.36 (KHTML, like Gecko; compatible; bingbot/2.0; +http://www.bing.com/bingbot.htm) Chrome/116.0.1938.76 Safari/537.36"
18.119.1.164 - - [06/May/2025:14:35:38 +0200] "GET /index.php/Alqalam/article/view/875?articlesBySimilarityPage=11 HTTP/1.1" 200 8624 "-" "Mozilla/5.0 AppleWebKit/537.36 (KHTML, like Gecko; compatible; ClaudeBot/1.0; +claudebot@anthropic.com)"
18.119.1.164 - - [06/May/2025:14:35:38 +0200] "GET /index.php/Alqalam/article/view/603?articlesBySimilarityPage=16 HTTP/1.1" 200 8979 "-" "Mozilla/5.0 AppleWebKit/537.36 (KHTML, like Gecko; compatible; ClaudeBot/1.0; +claudebot@anthropic.com)"
194.233.80.159 - - [06/May/2025:14:35:41 +0200] "GET /assets/front/smartmenus-1.1.0/css/ HTTP/1.1" 404 3913 "-" "Mozilla/5.0 (X11; U; Linux x86_64; en-US; rv:1.9.0.8) Gecko/2009033100 Ubuntu/9.04 (jaunty) Firefox/3.0.8"
194.233.80.159 - - [06/May/2025:14:35:46 +0200] "GET /assets/front/smartmenus-1.1.0/css/sm-blue/ HTTP/1.1" 404 3913 "-" "Mozilla/5.0 (X11; U; Linux x86_64; en-US; rv:1.9.0.8) Gecko/2009033100 Ubuntu/9.04 (jaunty) Firefox/3.0.8"
194.233.80.159 - - [06/May/2025:14:35:51 +0200] "GET /assets/front/smartmenus-1.1.0/css/sm-blue/mixins/ HTTP/1.1" 404 3913 "-" "Mozilla/5.0 (X11; U; Linux x86_64; en-US; rv:1.9.0.8) Gecko/2009033100 Ubuntu/9.04 (jaunty) Firefox/3.0.8"
143.110.226.108 - - [06/May/2025:14:35:51 +0200] "GET / HTTP/1.1" 302 - "-" "Mozilla/5.0 (Windows NT 10.0; Win64; x64) AppleWebKit/537.36 (KHTML, like Gecko) Chrome/120.0.6099.71 Safari/537.36"
143.110.226.108 - - [06/May/2025:14:35:51 +0200] "GET /index.php/Alqalam/login HTTP/1.1" 200 3788 "-" "Mozilla/5.0 (Windows NT 10.0; Win64; x64) AppleWebKit/537.36 (KHTML, like Gecko) Chrome/120.0.6099.71 Safari/537.36"
143.110.226.108 - - [06/May/2025:14:35:51 +0200] "POST /index.php/Alqalam/login/signIn HTTP/1.1" 302 - "-" "Mozilla/5.0 (Windows NT 10.0; Win64; x64) AppleWebKit/537.36 (KHTML, like Gecko) Chrome/120.0.6099.71 Safari/537.36"
143.110.226.108 - - [06/May/2025:14:35:52 +0200] "GET /index.php/index/index HTTP/1.1" 302 - "-" "Mozilla/5.0 (Windows NT 10.0; Win64; x64) AppleWebKit/537.36 (KHTML, like Gecko) Chrome/120.0.6099.71 Safari/537.36"
143.110.226.108 - - [06/May/2025:14:35:52 +0200] "GET /index.php/Alqalam/$$$call$$$/grid/settings/plugins/settings-plugin-grid/upload-plugin HTTP/1.1" 200 245 "-" "Mozilla/5.0 (Windows NT 10.0; Win64; x64) AppleWebKit/537.36 (KHTML, like Gecko) Chrome/120.0.6099.71 Safari/537.36"
143.110.226.108 - - [06/May/2025:14:35:52 +0200] "GET /index.php/index/admin/systemInfo HTTP/1.1" 302 - "-" "Mozilla/5.0 (Windows NT 10.0; Win64; x64) AppleWebKit/537.36 (KHTML, like Gecko) Chrome/120.0.6099.71 Safari/537.36"
143.110.226.108 - - [06/May/2025:14:35:52 +0200] "GET /index.php/index/user/authorizationDenied?message=user.authorization.roleBasedAccessDenied HTTP/1.1" 200 1356 "-" "Mozilla/5.0 (Windows NT 10.0; Win64; x64) AppleWebKit/537.36 (KHTML, like Gecko) Chrome/120.0.6099.71 Safari/537.36"
143.110.226.108 - - [06/May/2025:14:35:52 +0200] "GET /index.php/Alqalam/login HTTP/1.1" 302 - "-" "Mozilla/5.0 (Windows NT 10.0; Win64; x64) AppleWebKit/537.36 (KHTML, like Gecko) Chrome/120.0.6099.71 Safari/537.36"
143.110.226.108 - - [06/May/2025:14:35:53 +0200] "GET /index.php/Alqalam/submissions HTTP/1.1" 200 4730 "-" "Mozilla/5.0 (Windows NT 10.0; Win64; x64) AppleWebKit/537.36 (KHTML, like Gecko) Chrome/120.0.6099.71 Safari/537.36"
172.213.11.156 - - [06/May/2025:14:36:01 +0200] "GET /index.php/Alqalam/article/view/622/507 HTTP/1.1" 302 - "-" "Mozilla/5.0 AppleWebKit/537.36 (KHTML, like Gecko); compatible; ChatGPT-User/1.0; +https://openai.com/bot"
172.213.11.155 - - [06/May/2025:14:36:01 +0200] "GET / HTTP/1.1" 302 - "-" "Mozilla/5.0 AppleWebKit/537.36 (KHTML, like Gecko); compatible; ChatGPT-User/1.0; +https://openai.com/bot"
172.213.11.156 - - [06/May/2025:14:36:01 +0200] "GET /index.php/Alqalam/article/download/622/507 HTTP/1.1" 200 390169 "-" "Mozilla/5.0 AppleWebKit/537.36 (KHTML, like Gecko); compatible; ChatGPT-User/1.0; +https://openai.com/bot"
172.213.11.156 - - [06/May/2025:14:36:01 +0200] "GET /index.php/Alqalam HTTP/1.1" 200 8849 "-" "Mozilla/5.0 AppleWebKit/537.36 (KHTML, like Gecko); compatible; ChatGPT-User/1.0; +https://openai.com/bot"
194.233.80.159 - - [06/May/2025:14:36:02 +0200] "GET /assets/front/smartmenus-1.1.0/css/sm-clean/ HTTP/1.1" 404 3913 "-" "Mozilla/5.0 (X11; U; Linux x86_64; en-US; rv:1.9.0.8) Gecko/2009033100 Ubuntu/9.04 (jaunty) Firefox/3.0.8"
54.36.148.140 - - [06/May/2025:14:36:09 +0200] "GET /index.php/Alqalam/citationstylelanguage/get/turabian-fullnote-bibliography?submissionId=178&publicationId=178 HTTP/1.1" 200 356 "-" "Mozilla/5.0 (compatible; AhrefsBot/7.0; +http://ahrefs.com/robot/)"
194.233.80.159 - - [06/May/2025:14:36:10 +0200] "GET /assets/front/smartmenus-1.1.0/css/sm-clean/mixins/ HTTP/1.1" 404 3913 "-" "Mozilla/5.0 (X11; U; Linux x86_64; en-US; rv:1.9.0.8) Gecko/2009033100 Ubuntu/9.04 (jaunty) Firefox/3.0.8"
3.90.73.206 - - [06/May/2025:14:36:08 +0200] "GET /index.php/Alqalam/article/view/786?articlesBySimilarityPage=37 HTTP/1.1" 200 9257 "-" "Mozilla/5.0 AppleWebKit/537.36 (KHTML, like Gecko; compatible; Amazonbot/0.1; +https://developer.amazon.com/support/amazonbot) Chrome/119.0.6045.214 Safari/537.36"
40.84.221.233 - - [06/May/2025:14:36:10 +0200] "GET /robots.txt HTTP/1.1" 200 32 "-" "Mozilla/5.0 AppleWebKit/537.36 (KHTML, like Gecko); compatible; ChatGPT-User/1.0; +https://openai.com/bot"
194.233.80.159 - - [06/May/2025:14:36:16 +0200] "GET /assets/front/smartmenus-1.1.0/css/sm-mint/ HTTP/1.1" 404 3913 "-" "Mozilla/5.0 (X11; U; Linux x86_64; en-US; rv:1.9.0.8) Gecko/2009033100 Ubuntu/9.04 (jaunty) Firefox/3.0.8"
194.233.80.159 - - [06/May/2025:14:36:20 +0200] "GET /assets/front/smartmenus-1.1.0/css/sm-mint/mixins/ HTTP/1.1" 404 3913 "-" "Mozilla/5.0 (X11; U; Linux x86_64; en-US; rv:1.9.0.8) Gecko/2009033100 Ubuntu/9.04 (jaunty) Firefox/3.0.8"
194.233.80.159 - - [06/May/2025:14:36:24 +0200] "GET /assets/front/smartmenus-1.1.0/css/sm-simple/ HTTP/1.1" 404 3913 "-" "Mozilla/5.0 (X11; U; Linux x86_64; en-US; rv:1.9.0.8) Gecko/2009033100 Ubuntu/9.04 (jaunty) Firefox/3.0.8"
66.249.70.106 - - [06/May/2025:14:36:25 +0200] "GET /public/journals/1/styleSheet.css?d=2024-01-03+17%3A34%3A30 HTTP/1.1" 404 3913 "https://www.journal.utripoli.edu.ly/index.php/Alqalam/article/view/23?articlesBySimilarityPage=20" "Mozilla/5.0 (Linux; Android 6.0.1; Nexus 5X Build/MMB29P) AppleWebKit/537.36 (KHTML, like Gecko) Chrome/135.0.7049.114 Mobile Safari/537.36 (compatible; Googlebot/2.1; +http://www.google.com/bot.html)"
66.249.70.107 - - [06/May/2025:14:36:27 +0200] "GET /lib/pkp/lib/vendor/components/jqueryui/jquery-ui.min.js?v=3.3.0.14 HTTP/1.1" 200 253669 "https://www.journal.utripoli.edu.ly/index.php/Alqalam/article/view/23?articlesBySimilarityPage=20" "Mozilla/5.0 (Linux; Android 6.0.1; Nexus 5X Build/MMB29P) AppleWebKit/537.36 (KHTML, like Gecko) Chrome/135.0.7049.114 Mobile Safari/537.36 (compatible; Googlebot/2.1; +http://www.google.com/bot.html)"
194.233.80.159 - - [06/May/2025:14:36:30 +0200] "GET /assets/front/smartmenus-1.1.0/css/sm-simple/mixins/ HTTP/1.1" 404 3913 "-" "Mozilla/5.0 (X11; U; Linux x86_64; en-US; rv:1.9.0.8) Gecko/2009033100 Ubuntu/9.04 (jaunty) Firefox/3.0.8"
194.233.80.159 - - [06/May/2025:14:36:35 +0200] "GET /assets/front/smartmenus-1.1.0/demo/ HTTP/1.1" 404 3913 "-" "Mozilla/5.0 (X11; U; Linux x86_64; en-US; rv:1.9.0.8) Gecko/2009033100 Ubuntu/9.04 (jaunty) Firefox/3.0.8"
194.233.80.159 - - [06/May/2025:14:36:39 +0200] "GET /assets/front/smartmenus-1.1.0/libs/ HTTP/1.1" 404 3913 "-" "Mozilla/5.0 (X11; U; Linux x86_64; en-US; rv:1.9.0.8) Gecko/2009033100 Ubuntu/9.04 (jaunty) Firefox/3.0.8"
194.233.80.159 - - [06/May/2025:14:36:44 +0200] "GET /assets/front/smartmenus-1.1.0/libs/demo-assets/ HTTP/1.1" 404 3913 "-" "Mozilla/5.0 (X11; U; Linux x86_64; en-US; rv:1.9.0.8) Gecko/2009033100 Ubuntu/9.04 (jaunty) Firefox/3.0.8"
211.119.237.51 - - [06/May/2025:14:36:43 +0200] "GET /index.php/Alqalam/article/view/502/389 HTTP/1.1" 302 - "https://www.google.com/" "Mozilla/5.0 (Windows NT 10.0; Win64; x64; rv:137.0) Gecko/20100101 Firefox/137.0"
211.119.237.51 - - [06/May/2025:14:36:44 +0200] "GET /index.php/Alqalam/article/download/502/389 HTTP/1.1" 200 406201 "https://www.google.com/" "Mozilla/5.0 (Windows NT 10.0; Win64; x64; rv:137.0) Gecko/20100101 Firefox/137.0"
40.84.221.239 - - [06/May/2025:14:36:47 +0200] "GET /index.php/Alqalam/article/view/126/128 HTTP/1.1" 302 - "-" "Mozilla/5.0 AppleWebKit/537.36 (KHTML, like Gecko); compatible; ChatGPT-User/1.0; +https://openai.com/bot"
194.233.80.159 - - [06/May/2025:14:36:47 +0200] "GET /assets/front/smartmenus-1.1.0/libs/demo-assets/shjs/ HTTP/1.1" 404 3913 "-" "Mozilla/5.0 (X11; U; Linux x86_64; en-US; rv:1.9.0.8) Gecko/2009033100 Ubuntu/9.04 (jaunty) Firefox/3.0.8"
40.84.221.239 - - [06/May/2025:14:36:47 +0200] "GET /index.php/Alqalam/article/download/126/128 HTTP/1.1" 200 585472 "-" "Mozilla/5.0 AppleWebKit/537.36 (KHTML, like Gecko); compatible; ChatGPT-User/1.0; +https://openai.com/bot"
40.84.221.235 - - [06/May/2025:14:36:48 +0200] "GET /index.php/Alqalam/article/view/126/128 HTTP/1.1" 302 - "-" "Mozilla/5.0 AppleWebKit/537.36 (KHTML, like Gecko); compatible; ChatGPT-User/1.0; +https://openai.com/bot"
40.84.221.235 - - [06/May/2025:14:36:49 +0200] "GET /index.php/Alqalam/article/view/126/128 HTTP/1.1" 302 - "-" "Mozilla/5.0 AppleWebKit/537.36 (KHTML, like Gecko); compatible; ChatGPT-User/1.0; +https://openai.com/bot"
194.233.80.159 - - [06/May/2025:14:36:51 +0200] "GET /assets/front/smartmenus-1.1.0/libs/jquery/ HTTP/1.1" 404 3913 "-" "Mozilla/5.0 (X11; U; Linux x86_64; en-US; rv:1.9.0.8) Gecko/2009033100 Ubuntu/9.04 (jaunty) Firefox/3.0.8"
85.208.96.202 - - [06/May/2025:14:36:54 +0200] "GET /index.php/Alqalam/article/view/805?articlesBySimilarityPage=38 HTTP/1.1" 200 8074 "-" "Mozilla/5.0 (compatible; SemrushBot/7~bl; +http://www.semrush.com/bot.html)"
194.233.80.159 - - [06/May/2025:14:36:56 +0200] "GET /assets/icon/ico-fonts/css/ HTTP/1.1" 404 3913 "-" "Mozilla/5.0 (X11; U; Linux x86_64; en-US; rv:1.9.0.8) Gecko/2009033100 Ubuntu/9.04 (jaunty) Firefox/3.0.8"
54.36.148.57 - - [06/May/2025:14:37:06 +0200] "GET /index.php/Alqalam/citationstylelanguage/get/modern-language-association?submissionId=178&publicationId=178 HTTP/1.1" 200 302 "-" "Mozilla/5.0 (compatible; AhrefsBot/7.0; +http://ahrefs.com/robot/)"
194.233.80.159 - - [06/May/2025:14:37:16 +0200] "GET /assets/icon/ico-fonts/fonts/ HTTP/1.1" 404 3913 "-" "Mozilla/5.0 (X11; U; Linux x86_64; en-US; rv:1.9.0.8) Gecko/2009033100 Ubuntu/9.04 (jaunty) Firefox/3.0.8"
85.208.96.200 - - [06/May/2025:14:37:16 +0200] "GET /robots.txt HTTP/1.1" 200 32 "-" "Mozilla/5.0 (compatible; SemrushBot/7~bl; +http://www.semrush.com/bot.html)"
50.16.72.185 - - [06/May/2025:14:37:17 +0200] "GET /index.php/Alqalam/article/view/567 HTTP/1.1" 200 7160 "-" "Mozilla/5.0 AppleWebKit/537.36 (KHTML, like Gecko; compatible; Amazonbot/0.1; +https://developer.amazon.com/support/amazonbot) Chrome/119.0.6045.214 Safari/537.36"
85.208.96.199 - - [06/May/2025:14:37:18 +0200] "GET /index.php/Alqalam/article/view/127 HTTP/1.1" 200 5822 "-" "Mozilla/5.0 (compatible; SemrushBot/7~bl; +http://www.semrush.com/bot.html)"
3.16.1.194 - - [06/May/2025:14:37:19 +0200] "GET /index.php/Alqalam/article/view/839?articlesBySimilarityPage=22 HTTP/1.1" 200 7610 "-" "Mozilla/5.0 AppleWebKit/537.36 (KHTML, like Gecko; compatible; ClaudeBot/1.0; +claudebot@anthropic.com)"
3.16.1.194 - - [06/May/2025:14:37:19 +0200] "GET /index.php/Alqalam/article/view/321?articlesBySimilarityPage=53 HTTP/1.1" 200 7699 "-" "Mozilla/5.0 AppleWebKit/537.36 (KHTML, like Gecko; compatible; ClaudeBot/1.0; +claudebot@anthropic.com)"
194.233.80.159 - - [06/May/2025:14:37:22 +0200] "GET /assets/icon/icofont/css/ HTTP/1.1" 404 3913 "-" "Mozilla/5.0 (X11; U; Linux x86_64; en-US; rv:1.9.0.8) Gecko/2009033100 Ubuntu/9.04 (jaunty) Firefox/3.0.8"
52.70.138.176 - - [06/May/2025:14:37:24 +0200] "GET /index.php/Alqalam/article/view/40 HTTP/1.1" 200 8040 "-" "Mozilla/5.0 AppleWebKit/537.36 (KHTML, like Gecko; compatible; Amazonbot/0.1; +https://developer.amazon.com/support/amazonbot) Chrome/119.0.6045.214 Safari/537.36"
194.233.80.159 - - [06/May/2025:14:37:27 +0200] "GET /assets/icon/icofont/fonts/ HTTP/1.1" 404 3913 "-" "Mozilla/5.0 (X11; U; Linux x86_64; en-US; rv:1.9.0.8) Gecko/2009033100 Ubuntu/9.04 (jaunty) Firefox/3.0.8"
54.163.169.168 - - [06/May/2025:14:37:29 +0200] "GET /index.php/Alqalam/article/view/293 HTTP/1.1" 200 8393 "-" "Mozilla/5.0 AppleWebKit/537.36 (KHTML, like Gecko; compatible; Amazonbot/0.1; +https://developer.amazon.com/support/amazonbot) Chrome/119.0.6045.214 Safari/537.36"
66.249.64.132 - - [06/May/2025:14:37:28 +0200] "GET /index.php/Alqalam/article/view/174?articlesBySimilarityPage=59 HTTP/1.1" 200 6427 "-" "Mozilla/5.0 (Linux; Android 6.0.1; Nexus 5X Build/MMB29P) AppleWebKit/537.36 (KHTML, like Gecko) Chrome/136.0.7103.59 Mobile Safari/537.36 (compatible; Googlebot/2.1; +http://www.google.com/bot.html)"
194.233.80.159 - - [06/May/2025:14:37:32 +0200] "GET /assets/icon/simple-line-icons/css/ HTTP/1.1" 404 3913 "-" "Mozilla/5.0 (X11; U; Linux x86_64; en-US; rv:1.9.0.8) Gecko/2009033100 Ubuntu/9.04 (jaunty) Firefox/3.0.8"
98.84.60.17 - - [06/May/2025:14:37:32 +0200] "GET /index.php/Alqalam/article/view/196 HTTP/1.1" 200 7636 "-" "Mozilla/5.0 AppleWebKit/537.36 (KHTML, like Gecko; compatible; Amazonbot/0.1; +https://developer.amazon.com/support/amazonbot) Chrome/119.0.6045.214 Safari/537.36"
194.233.80.159 - - [06/May/2025:14:37:36 +0200] "GET /assets/icon/simple-line-icons/fonts/ HTTP/1.1" 404 3913 "-" "Mozilla/5.0 (X11; U; Linux x86_64; en-US; rv:1.9.0.8) Gecko/2009033100 Ubuntu/9.04 (jaunty) Firefox/3.0.8"
35.171.117.160 - - [06/May/2025:14:37:37 +0200] "GET /index.php/Alqalam/article/view/90 HTTP/1.1" 200 6466 "-" "Mozilla/5.0 AppleWebKit/537.36 (KHTML, like Gecko; compatible; Amazonbot/0.1; +https://developer.amazon.com/support/amazonbot) Chrome/119.0.6045.214 Safari/537.36"
216.244.66.243 - - [06/May/2025:14:37:38 +0200] "GET /index.php/Alqalam/article/view/858 HTTP/1.1" 200 40741 "-" "Mozilla/5.0 (compatible; DotBot/1.2; +https://opensiteexplorer.org/dotbot; help@moz.com)"
194.233.80.159 - - [06/May/2025:14:37:40 +0200] "GET /assets/icon/themify-icons/ HTTP/1.1" 404 3913 "-" "Mozilla/5.0 (X11; U; Linux x86_64; en-US; rv:1.9.0.8) Gecko/2009033100 Ubuntu/9.04 (jaunty) Firefox/3.0.8"
44.212.145.46 - - [06/May/2025:14:37:40 +0200] "GET /index.php/Alqalam/article/view/745 HTTP/1.1" 200 9652 "-" "Mozilla/5.0 AppleWebKit/537.36 (KHTML, like Gecko; compatible; Amazonbot/0.1; +https://developer.amazon.com/support/amazonbot) Chrome/119.0.6045.214 Safari/537.36"
194.233.80.159 - - [06/May/2025:14:37:45 +0200] "GET /assets/icon/themify-icons/fonts/ HTTP/1.1" 404 3913 "-" "Mozilla/5.0 (X11; U; Linux x86_64; en-US; rv:1.9.0.8) Gecko/2009033100 Ubuntu/9.04 (jaunty) Firefox/3.0.8"
194.233.80.159 - - [06/May/2025:14:37:50 +0200] "GET /assets/images/ HTTP/1.1" 404 3913 "-" "Mozilla/5.0 (X11; U; Linux x86_64; en-US; rv:1.9.0.8) Gecko/2009033100 Ubuntu/9.04 (jaunty) Firefox/3.0.8"
194.233.80.159 - - [06/May/2025:14:37:57 +0200] "GET /assets/images/alert/ HTTP/1.1" 404 3913 "-" "Mozilla/5.0 (X11; U; Linux x86_64; en-US; rv:1.9.0.8) Gecko/2009033100 Ubuntu/9.04 (jaunty) Firefox/3.0.8"
54.36.149.44 - - [06/May/2025:14:37:58 +0200] "GET /index.php/Alqalam/citationstylelanguage/get/vancouver?submissionId=178&publicationId=178 HTTP/1.1" 200 357 "-" "Mozilla/5.0 (compatible; AhrefsBot/7.0; +http://ahrefs.com/robot/)"
66.249.64.132 - - [06/May/2025:14:38:18 +0200] "GET /index.php/Alqalam/citationstylelanguage/get/apa?submissionId=505&publicationId=505 HTTP/1.1" 200 268 "-" "Mozilla/5.0 (Linux; Android 6.0.1; Nexus 5X Build/MMB29P) AppleWebKit/537.36 (KHTML, like Gecko) Chrome/136.0.7103.59 Mobile Safari/537.36 (compatible; Googlebot/2.1; +http://www.google.com/bot.html)"
44.206.65.8 - - [06/May/2025:14:38:18 +0200] "GET /index.php/Alqalam/article/view/874?articlesBySimilarityPage=5 HTTP/1.1" 200 7716 "-" "Mozilla/5.0 AppleWebKit/537.36 (KHTML, like Gecko; compatible; Amazonbot/0.1; +https://developer.amazon.com/support/amazonbot) Chrome/119.0.6045.214 Safari/537.36"
40.116.73.215 - - [06/May/2025:14:38:20 +0200] "GET /index.php/Alqalam/article/view/822/684 HTTP/1.1" 302 - "-" "Mozilla/5.0 AppleWebKit/537.36 (KHTML, like Gecko); compatible; ChatGPT-User/1.0; +https://openai.com/bot"
40.116.73.215 - - [06/May/2025:14:38:20 +0200] "GET /index.php/Alqalam/article/download/822/684 HTTP/1.1" 200 555702 "-" "Mozilla/5.0 AppleWebKit/537.36 (KHTML, like Gecko); compatible; ChatGPT-User/1.0; +https://openai.com/bot"
194.233.80.159 - - [06/May/2025:14:38:23 +0200] "GET /assets/images/big/ HTTP/1.1" 404 3913 "-" "Mozilla/5.0 (X11; U; Linux x86_64; en-US; rv:1.9.0.8) Gecko/2009033100 Ubuntu/9.04 (jaunty) Firefox/3.0.8"
