163.5.160.134 - - [06/May/2025:15:13:55 +0200] "GET /sym.php HTTP/1.1" 404 16 "-" "Mozlila/5.0 (Linux; Android 7.0; SM-G892A Bulid/NRD90M; wv) AppleWebKit/537.36 (KHTML, like Gecko) Version/4.0 Chrome/60.0.3112.107 Moblie Safari/537.36"
163.5.160.134 - - [06/May/2025:15:13:56 +0200] "GET /sym403.php HTTP/1.1" 404 16 "-" "Mozlila/5.0 (Linux; Android 7.0; SM-G892A Bulid/NRD90M; wv) AppleWebKit/537.36 (KHTML, like Gecko) Version/4.0 Chrome/60.0.3112.107 Moblie Safari/537.36"
163.5.160.134 - - [06/May/2025:15:13:57 +0200] "GET /fw.php HTTP/1.1" 404 16 "-" "Mozlila/5.0 (Linux; Android 7.0; SM-G892A Bulid/NRD90M; wv) AppleWebKit/537.36 (KHTML, like Gecko) Version/4.0 Chrome/60.0.3112.107 Moblie Safari/537.36"
194.233.80.159 - - [06/May/2025:15:13:57 +0200] "GET /assets/sb_admin/scss/utilities/ HTTP/1.1" 404 3913 "-" "Mozilla/5.0 (X11; U; Linux x86_64; en-US; rv:1.9.0.8) Gecko/2009033100 Ubuntu/9.04 (jaunty) Firefox/3.0.8"
54.36.148.175 - - [06/May/2025:15:13:58 +0200] "GET /index.php/Alqalam/citationstylelanguage/get/acs-nano?submissionId=509&publicationId=509 HTTP/1.1" 200 258 "-" "Mozilla/5.0 (compatible; AhrefsBot/7.0; +http://ahrefs.com/robot/)"
163.5.160.134 - - [06/May/2025:15:13:59 +0200] "GET /symlink.php HTTP/1.1" 404 16 "-" "Mozlila/5.0 (Linux; Android 7.0; SM-G892A Bulid/NRD90M; wv) AppleWebKit/537.36 (KHTML, like Gecko) Version/4.0 Chrome/60.0.3112.107 Moblie Safari/537.36"
163.5.160.134 - - [06/May/2025:15:13:59 +0200] "GET /shell.php HTTP/1.1" 404 16 "-" "Mozlila/5.0 (Linux; Android 7.0; SM-G892A Bulid/NRD90M; wv) AppleWebKit/537.36 (KHTML, like Gecko) Version/4.0 Chrome/60.0.3112.107 Moblie Safari/537.36"
163.5.160.134 - - [06/May/2025:15:14:01 +0200] "GET /1.php HTTP/1.1" 404 16 "-" "Mozlila/5.0 (Linux; Android 7.0; SM-G892A Bulid/NRD90M; wv) AppleWebKit/537.36 (KHTML, like Gecko) Version/4.0 Chrome/60.0.3112.107 Moblie Safari/537.36"
194.233.80.159 - - [06/May/2025:15:14:02 +0200] "GET /assets/sb_admin/vendor/bootstrap/js/ HTTP/1.1" 404 3913 "-" "Mozilla/5.0 (X11; U; Linux x86_64; en-US; rv:1.9.0.8) Gecko/2009033100 Ubuntu/9.04 (jaunty) Firefox/3.0.8"
163.5.160.134 - - [06/May/2025:15:14:02 +0200] "GET /data.php HTTP/1.1" 404 16 "-" "Mozlila/5.0 (Linux; Android 7.0; SM-G892A Bulid/NRD90M; wv) AppleWebKit/537.36 (KHTML, like Gecko) Version/4.0 Chrome/60.0.3112.107 Moblie Safari/537.36"
163.5.160.134 - - [06/May/2025:15:14:03 +0200] "GET /wp-blog.php HTTP/1.1" 404 16 "-" "Mozlila/5.0 (Linux; Android 7.0; SM-G892A Bulid/NRD90M; wv) AppleWebKit/537.36 (KHTML, like Gecko) Version/4.0 Chrome/60.0.3112.107 Moblie Safari/537.36"
163.5.160.134 - - [06/May/2025:15:14:05 +0200] "GET /b.php HTTP/1.1" 404 16 "-" "Mozlila/5.0 (Linux; Android 7.0; SM-G892A Bulid/NRD90M; wv) AppleWebKit/537.36 (KHTML, like Gecko) Version/4.0 Chrome/60.0.3112.107 Moblie Safari/537.36"
194.233.80.159 - - [06/May/2025:15:14:07 +0200] "GET /assets/sb_admin/vendor/bootstrap/scss/ HTTP/1.1" 404 3913 "-" "Mozilla/5.0 (X11; U; Linux x86_64; en-US; rv:1.9.0.8) Gecko/2009033100 Ubuntu/9.04 (jaunty) Firefox/3.0.8"
163.5.160.134 - - [06/May/2025:15:14:08 +0200] "GET /c.php HTTP/1.1" 404 16 "-" "Mozlila/5.0 (Linux; Android 7.0; SM-G892A Bulid/NRD90M; wv) AppleWebKit/537.36 (KHTML, like Gecko) Version/4.0 Chrome/60.0.3112.107 Moblie Safari/537.36"
163.5.160.134 - - [06/May/2025:15:14:09 +0200] "GET /shx.php HTTP/1.1" 404 16 "-" "Mozlila/5.0 (Linux; Android 7.0; SM-G892A Bulid/NRD90M; wv) AppleWebKit/537.36 (KHTML, like Gecko) Version/4.0 Chrome/60.0.3112.107 Moblie Safari/537.36"
163.5.160.134 - - [06/May/2025:15:14:10 +0200] "GET /alfa.php HTTP/1.1" 404 16 "-" "Mozlila/5.0 (Linux; Android 7.0; SM-G892A Bulid/NRD90M; wv) AppleWebKit/537.36 (KHTML, like Gecko) Version/4.0 Chrome/60.0.3112.107 Moblie Safari/537.36"
163.5.160.134 - - [06/May/2025:15:14:10 +0200] "GET /a.php HTTP/1.1" 404 16 "-" "Mozlila/5.0 (Linux; Android 7.0; SM-G892A Bulid/NRD90M; wv) AppleWebKit/537.36 (KHTML, like Gecko) Version/4.0 Chrome/60.0.3112.107 Moblie Safari/537.36"
194.233.80.159 - - [06/May/2025:15:14:10 +0200] "GET /assets/sb_admin/vendor/bootstrap/scss/mixins/ HTTP/1.1" 404 3913 "-" "Mozilla/5.0 (X11; U; Linux x86_64; en-US; rv:1.9.0.8) Gecko/2009033100 Ubuntu/9.04 (jaunty) Firefox/3.0.8"
163.5.160.134 - - [06/May/2025:15:14:11 +0200] "GET /old-index.php HTTP/1.1" 404 16 "-" "Mozlila/5.0 (Linux; Android 7.0; SM-G892A Bulid/NRD90M; wv) AppleWebKit/537.36 (KHTML, like Gecko) Version/4.0 Chrome/60.0.3112.107 Moblie Safari/537.36"
163.5.160.134 - - [06/May/2025:15:14:12 +0200] "GET /FoxWSO.php HTTP/1.1" 404 16 "-" "Mozlila/5.0 (Linux; Android 7.0; SM-G892A Bulid/NRD90M; wv) AppleWebKit/537.36 (KHTML, like Gecko) Version/4.0 Chrome/60.0.3112.107 Moblie Safari/537.36"
163.5.160.134 - - [06/May/2025:15:14:13 +0200] "GET /x.php HTTP/1.1" 404 16 "-" "Mozlila/5.0 (Linux; Android 7.0; SM-G892A Bulid/NRD90M; wv) AppleWebKit/537.36 (KHTML, like Gecko) Version/4.0 Chrome/60.0.3112.107 Moblie Safari/537.36"
194.233.80.159 - - [06/May/2025:15:14:14 +0200] "GET /assets/sb_admin/vendor/bootstrap/scss/utilities/ HTTP/1.1" 404 3913 "-" "Mozilla/5.0 (X11; U; Linux x86_64; en-US; rv:1.9.0.8) Gecko/2009033100 Ubuntu/9.04 (jaunty) Firefox/3.0.8"
66.249.64.130 - - [06/May/2025:15:14:14 +0200] "GET /index.php/Alqalam/article/view/64?articlesBySimilarityPage=2 HTTP/1.1" 200 7667 "-" "Mozilla/5.0 (Linux; Android 6.0.1; Nexus 5X Build/MMB29P) AppleWebKit/537.36 (KHTML, like Gecko) Chrome/136.0.7103.59 Mobile Safari/537.36 (compatible; Googlebot/2.1; +http://www.google.com/bot.html)"
163.5.160.134 - - [06/May/2025:15:14:15 +0200] "GET /403.php HTTP/1.1" 404 16 "-" "Mozlila/5.0 (Linux; Android 7.0; SM-G892A Bulid/NRD90M; wv) AppleWebKit/537.36 (KHTML, like Gecko) Version/4.0 Chrome/60.0.3112.107 Moblie Safari/537.36"
66.249.64.132 - - [06/May/2025:15:14:16 +0200] "GET /index.php/Alqalam/article/view/64?articlesBySimilarityPage=6 HTTP/1.1" 200 7582 "-" "Mozilla/5.0 (Linux; Android 6.0.1; Nexus 5X Build/MMB29P) AppleWebKit/537.36 (KHTML, like Gecko) Chrome/136.0.7103.59 Mobile Safari/537.36 (compatible; Googlebot/2.1; +http://www.google.com/bot.html)"
163.5.160.134 - - [06/May/2025:15:14:16 +0200] "GET /mini.php HTTP/1.1" 404 16 "-" "Mozlila/5.0 (Linux; Android 7.0; SM-G892A Bulid/NRD90M; wv) AppleWebKit/537.36 (KHTML, like Gecko) Version/4.0 Chrome/60.0.3112.107 Moblie Safari/537.36"
163.5.160.134 - - [06/May/2025:15:14:16 +0200] "GET /imagesvuln.php HTTP/1.1" 404 16 "-" "Mozlila/5.0 (Linux; Android 7.0; SM-G892A Bulid/NRD90M; wv) AppleWebKit/537.36 (KHTML, like Gecko) Version/4.0 Chrome/60.0.3112.107 Moblie Safari/537.36"
163.5.160.134 - - [06/May/2025:15:14:17 +0200] "GET /edit-form.php HTTP/1.1" 404 16 "-" "Mozlila/5.0 (Linux; Android 7.0; SM-G892A Bulid/NRD90M; wv) AppleWebKit/537.36 (KHTML, like Gecko) Version/4.0 Chrome/60.0.3112.107 Moblie Safari/537.36"
194.233.80.159 - - [06/May/2025:15:14:18 +0200] "GET /assets/sb_admin/vendor/bootstrap/scss/vendor/ HTTP/1.1" 404 3913 "-" "Mozilla/5.0 (X11; U; Linux x86_64; en-US; rv:1.9.0.8) Gecko/2009033100 Ubuntu/9.04 (jaunty) Firefox/3.0.8"
66.249.64.130 - - [06/May/2025:15:14:17 +0200] "GET /index.php/Alqalam/article/view/784?articlesBySimilarityPage=56 HTTP/1.1" 200 7671 "-" "Mozilla/5.0 (Linux; Android 6.0.1; Nexus 5X Build/MMB29P) AppleWebKit/537.36 (KHTML, like Gecko) Chrome/136.0.7103.59 Mobile Safari/537.36 (compatible; Googlebot/2.1; +http://www.google.com/bot.html)"
163.5.160.134 - - [06/May/2025:15:14:19 +0200] "GET /wikindex.php HTTP/1.1" 404 16 "-" "Mozlila/5.0 (Linux; Android 7.0; SM-G892A Bulid/NRD90M; wv) AppleWebKit/537.36 (KHTML, like Gecko) Version/4.0 Chrome/60.0.3112.107 Moblie Safari/537.36"
163.5.160.134 - - [06/May/2025:15:14:19 +0200] "GET /m.php HTTP/1.1" 404 16 "-" "Mozlila/5.0 (Linux; Android 7.0; SM-G892A Bulid/NRD90M; wv) AppleWebKit/537.36 (KHTML, like Gecko) Version/4.0 Chrome/60.0.3112.107 Moblie Safari/537.36"
163.5.160.134 - - [06/May/2025:15:14:20 +0200] "GET /0byte.php HTTP/1.1" 404 16 "-" "Mozlila/5.0 (Linux; Android 7.0; SM-G892A Bulid/NRD90M; wv) AppleWebKit/537.36 (KHTML, like Gecko) Version/4.0 Chrome/60.0.3112.107 Moblie Safari/537.36"
163.5.160.134 - - [06/May/2025:15:14:21 +0200] "GET /xx.php HTTP/1.1" 404 16 "-" "Mozlila/5.0 (Linux; Android 7.0; SM-G892A Bulid/NRD90M; wv) AppleWebKit/537.36 (KHTML, like Gecko) Version/4.0 Chrome/60.0.3112.107 Moblie Safari/537.36"
163.5.160.134 - - [06/May/2025:15:14:22 +0200] "GET /new-index.php HTTP/1.1" 404 16 "-" "Mozlila/5.0 (Linux; Android 7.0; SM-G892A Bulid/NRD90M; wv) AppleWebKit/537.36 (KHTML, like Gecko) Version/4.0 Chrome/60.0.3112.107 Moblie Safari/537.36"
194.233.80.159 - - [06/May/2025:15:14:22 +0200] "GET /assets/sb_admin/vendor/chart.js/ HTTP/1.1" 404 3913 "-" "Mozilla/5.0 (X11; U; Linux x86_64; en-US; rv:1.9.0.8) Gecko/2009033100 Ubuntu/9.04 (jaunty) Firefox/3.0.8"
163.5.160.134 - - [06/May/2025:15:14:23 +0200] "GET /wp.php HTTP/1.1" 404 16 "-" "Mozlila/5.0 (Linux; Android 7.0; SM-G892A Bulid/NRD90M; wv) AppleWebKit/537.36 (KHTML, like Gecko) Version/4.0 Chrome/60.0.3112.107 Moblie Safari/537.36"
52.255.111.115 - - [06/May/2025:15:14:24 +0200] "GET /index.php/Alqalam/article/view/97/96 HTTP/1.1" 302 - "-" "Mozilla/5.0 AppleWebKit/537.36 (KHTML, like Gecko); compatible; ChatGPT-User/1.0; +https://openai.com/bot"
66.249.64.130 - - [06/May/2025:15:14:23 +0200] "GET /index.php/Alqalam/article/view/32?articlesBySimilarityPage=35 HTTP/1.1" 200 6883 "-" "Mozilla/5.0 (Linux; Android 6.0.1; Nexus 5X Build/MMB29P) AppleWebKit/537.36 (KHTML, like Gecko) Chrome/136.0.7103.59 Mobile Safari/537.36 (compatible; GoogleOther)"
52.255.111.115 - - [06/May/2025:15:14:24 +0200] "GET /index.php/Alqalam/article/download/97/96 HTTP/1.1" 200 472089 "-" "Mozilla/5.0 AppleWebKit/537.36 (KHTML, like Gecko); compatible; ChatGPT-User/1.0; +https://openai.com/bot"
163.5.160.134 - - [06/May/2025:15:14:25 +0200] "GET /wp-wso.php HTTP/1.1" 404 16 "-" "Mozlila/5.0 (Linux; Android 7.0; SM-G892A Bulid/NRD90M; wv) AppleWebKit/537.36 (KHTML, like Gecko) Version/4.0 Chrome/60.0.3112.107 Moblie Safari/537.36"
163.5.160.134 - - [06/May/2025:15:14:26 +0200] "GET /qindex.php HTTP/1.1" 404 16 "-" "Mozlila/5.0 (Linux; Android 7.0; SM-G892A Bulid/NRD90M; wv) AppleWebKit/537.36 (KHTML, like Gecko) Version/4.0 Chrome/60.0.3112.107 Moblie Safari/537.36"
194.233.80.159 - - [06/May/2025:15:14:26 +0200] "GET /assets/sb_admin/vendor/datatables/ HTTP/1.1" 404 3913 "-" "Mozilla/5.0 (X11; U; Linux x86_64; en-US; rv:1.9.0.8) Gecko/2009033100 Ubuntu/9.04 (jaunty) Firefox/3.0.8"
163.5.160.134 - - [06/May/2025:15:14:27 +0200] "GET /priv8.php HTTP/1.1" 404 16 "-" "Mozlila/5.0 (Linux; Android 7.0; SM-G892A Bulid/NRD90M; wv) AppleWebKit/537.36 (KHTML, like Gecko) Version/4.0 Chrome/60.0.3112.107 Moblie Safari/537.36"
163.5.160.134 - - [06/May/2025:15:14:28 +0200] "GET /minimo.php HTTP/1.1" 404 16 "-" "Mozlila/5.0 (Linux; Android 7.0; SM-G892A Bulid/NRD90M; wv) AppleWebKit/537.36 (KHTML, like Gecko) Version/4.0 Chrome/60.0.3112.107 Moblie Safari/537.36"
163.5.160.134 - - [06/May/2025:15:14:29 +0200] "GET /xleet.php HTTP/1.1" 404 16 "-" "Mozlila/5.0 (Linux; Android 7.0; SM-G892A Bulid/NRD90M; wv) AppleWebKit/537.36 (KHTML, like Gecko) Version/4.0 Chrome/60.0.3112.107 Moblie Safari/537.36"
194.233.80.159 - - [06/May/2025:15:14:30 +0200] "GET /assets/sb_admin/vendor/fontawesome-free/ HTTP/1.1" 404 3913 "-" "Mozilla/5.0 (X11; U; Linux x86_64; en-US; rv:1.9.0.8) Gecko/2009033100 Ubuntu/9.04 (jaunty) Firefox/3.0.8"
163.5.160.134 - - [06/May/2025:15:14:30 +0200] "GET /V3.php HTTP/1.1" 404 16 "-" "Mozlila/5.0 (Linux; Android 7.0; SM-G892A Bulid/NRD90M; wv) AppleWebKit/537.36 (KHTML, like Gecko) Version/4.0 Chrome/60.0.3112.107 Moblie Safari/537.36"
163.5.160.134 - - [06/May/2025:15:14:31 +0200] "GET /V5.php HTTP/1.1" 404 16 "-" "Mozlila/5.0 (Linux; Android 7.0; SM-G892A Bulid/NRD90M; wv) AppleWebKit/537.36 (KHTML, like Gecko) Version/4.0 Chrome/60.0.3112.107 Moblie Safari/537.36"
163.5.160.134 - - [06/May/2025:15:14:33 +0200] "GET /404.php HTTP/1.1" 404 16 "-" "Mozlila/5.0 (Linux; Android 7.0; SM-G892A Bulid/NRD90M; wv) AppleWebKit/537.36 (KHTML, like Gecko) Version/4.0 Chrome/60.0.3112.107 Moblie Safari/537.36"
66.249.64.130 - - [06/May/2025:15:14:31 +0200] "GET /index.php/Alqalam/article/view/683?articlesBySimilarityPage=8 HTTP/1.1" 200 8526 "-" "Mozilla/5.0 (Linux; Android 6.0.1; Nexus 5X Build/MMB29P) AppleWebKit/537.36 (KHTML, like Gecko) Chrome/136.0.7103.59 Mobile Safari/537.36 (compatible; Googlebot/2.1; +http://www.google.com/bot.html)"
66.249.64.130 - - [06/May/2025:15:14:33 +0200] "GET /public/journals/1/styleSheet.css?d=2024-01-03+17%3A34%3A30 HTTP/1.1" 404 3913 "https://journal.utripoli.edu.ly/index.php/Alqalam/article/view/32?articlesBySimilarityPage=35" "Mozilla/5.0 (Linux; Android 6.0.1; Nexus 5X Build/MMB29P) AppleWebKit/537.36 (KHTML, like Gecko) Chrome/135.0.7049.114 Mobile Safari/537.36 (compatible; Googlebot/2.1; +http://www.google.com/bot.html)"
163.5.160.134 - - [06/May/2025:15:14:33 +0200] "GET /up.php HTTP/1.1" 404 16 "-" "Mozlila/5.0 (Linux; Android 7.0; SM-G892A Bulid/NRD90M; wv) AppleWebKit/537.36 (KHTML, like Gecko) Version/4.0 Chrome/60.0.3112.107 Moblie Safari/537.36"
194.233.80.159 - - [06/May/2025:15:14:34 +0200] "GET /assets/sb_admin/vendor/fontawesome-free/css/ HTTP/1.1" 404 3913 "-" "Mozilla/5.0 (X11; U; Linux x86_64; en-US; rv:1.9.0.8) Gecko/2009033100 Ubuntu/9.04 (jaunty) Firefox/3.0.8"
54.84.147.79 - - [06/May/2025:15:14:33 +0200] "GET /index.php/Alqalam/article/view/824?articlesBySimilarityPage=34 HTTP/1.1" 200 9352 "-" "Mozilla/5.0 AppleWebKit/537.36 (KHTML, like Gecko; compatible; Amazonbot/0.1; +https://developer.amazon.com/support/amazonbot) Chrome/119.0.6045.214 Safari/537.36"
163.5.160.134 - - [06/May/2025:15:14:36 +0200] "GET /www.php HTTP/1.1" 404 16 "-" "Mozlila/5.0 (Linux; Android 7.0; SM-G892A Bulid/NRD90M; wv) AppleWebKit/537.36 (KHTML, like Gecko) Version/4.0 Chrome/60.0.3112.107 Moblie Safari/537.36"
163.5.160.134 - - [06/May/2025:15:14:37 +0200] "GET /100.php HTTP/1.1" 404 16 "-" "Mozlila/5.0 (Linux; Android 7.0; SM-G892A Bulid/NRD90M; wv) AppleWebKit/537.36 (KHTML, like Gecko) Version/4.0 Chrome/60.0.3112.107 Moblie Safari/537.36"
163.5.160.134 - - [06/May/2025:15:14:37 +0200] "GET /777.php HTTP/1.1" 404 16 "-" "Mozlila/5.0 (Linux; Android 7.0; SM-G892A Bulid/NRD90M; wv) AppleWebKit/537.36 (KHTML, like Gecko) Version/4.0 Chrome/60.0.3112.107 Moblie Safari/537.36"
163.5.160.134 - - [06/May/2025:15:14:38 +0200] "GET /defau1t.php HTTP/1.1" 404 16 "-" "Mozlila/5.0 (Linux; Android 7.0; SM-G892A Bulid/NRD90M; wv) AppleWebKit/537.36 (KHTML, like Gecko) Version/4.0 Chrome/60.0.3112.107 Moblie Safari/537.36"
163.5.160.134 - - [06/May/2025:15:14:39 +0200] "GET /f.php HTTP/1.1" 404 16 "-" "Mozlila/5.0 (Linux; Android 7.0; SM-G892A Bulid/NRD90M; wv) AppleWebKit/537.36 (KHTML, like Gecko) Version/4.0 Chrome/60.0.3112.107 Moblie Safari/537.36"
194.233.80.159 - - [06/May/2025:15:14:39 +0200] "GET /assets/sb_admin/vendor/fontawesome-free/js/ HTTP/1.1" 404 3913 "-" "Mozilla/5.0 (X11; U; Linux x86_64; en-US; rv:1.9.0.8) Gecko/2009033100 Ubuntu/9.04 (jaunty) Firefox/3.0.8"
163.5.160.134 - - [06/May/2025:15:14:40 +0200] "GET /xox.php HTTP/1.1" 404 16 "-" "Mozlila/5.0 (Linux; Android 7.0; SM-G892A Bulid/NRD90M; wv) AppleWebKit/537.36 (KHTML, like Gecko) Version/4.0 Chrome/60.0.3112.107 Moblie Safari/537.36"
163.5.160.134 - - [06/May/2025:15:14:41 +0200] "GET /o.php HTTP/1.1" 404 16 "-" "Mozlila/5.0 (Linux; Android 7.0; SM-G892A Bulid/NRD90M; wv) AppleWebKit/537.36 (KHTML, like Gecko) Version/4.0 Chrome/60.0.3112.107 Moblie Safari/537.36"
194.233.80.159 - - [06/May/2025:15:14:42 +0200] "GET /assets/sb_admin/vendor/fontawesome-free/less/ HTTP/1.1" 404 3913 "-" "Mozilla/5.0 (X11; U; Linux x86_64; en-US; rv:1.9.0.8) Gecko/2009033100 Ubuntu/9.04 (jaunty) Firefox/3.0.8"
66.249.70.106 - - [06/May/2025:15:14:43 +0200] "GET /public/journals/1/styleSheet.css?d=2024-01-03+17%3A34%3A30 HTTP/1.1" 404 3913 "https://www.journal.utripoli.edu.ly/index.php/Alqalam/article/view/23?articlesBySimilarityPage=21" "Mozilla/5.0 (Linux; Android 6.0.1; Nexus 5X Build/MMB29P) AppleWebKit/537.36 (KHTML, like Gecko) Chrome/135.0.7049.114 Mobile Safari/537.36 (compatible; Googlebot/2.1; +http://www.google.com/bot.html)"
163.5.160.134 - - [06/May/2025:15:14:43 +0200] "GET /new.php HTTP/1.1" 404 16 "-" "Mozlila/5.0 (Linux; Android 7.0; SM-G892A Bulid/NRD90M; wv) AppleWebKit/537.36 (KHTML, like Gecko) Version/4.0 Chrome/60.0.3112.107 Moblie Safari/537.36"
163.5.160.134 - - [06/May/2025:15:14:45 +0200] "GET /sindex.php HTTP/1.1" 404 16 "-" "Mozlila/5.0 (Linux; Android 7.0; SM-G892A Bulid/NRD90M; wv) AppleWebKit/537.36 (KHTML, like Gecko) Version/4.0 Chrome/60.0.3112.107 Moblie Safari/537.36"
3.222.85.38 - - [06/May/2025:15:14:45 +0200] "GET /index.php/Alqalam/article/view/872/724 HTTP/1.1" 302 - "-" "Mozilla/5.0 AppleWebKit/537.36 (KHTML, like Gecko; compatible; Amazonbot/0.1; +https://developer.amazon.com/support/amazonbot) Chrome/119.0.6045.214 Safari/537.36"
18.209.201.119 - - [06/May/2025:15:14:45 +0200] "GET /index.php/Alqalam/article/download/872/724 HTTP/1.1" 200 548696 "-" "Mozilla/5.0 AppleWebKit/537.36 (KHTML, like Gecko; compatible; Amazonbot/0.1; +https://developer.amazon.com/support/amazonbot) Chrome/119.0.6045.214 Safari/537.36"
163.5.160.134 - - [06/May/2025:15:14:46 +0200] "GET /baindex.php HTTP/1.1" 404 16 "-" "Mozlila/5.0 (Linux; Android 7.0; SM-G892A Bulid/NRD90M; wv) AppleWebKit/537.36 (KHTML, like Gecko) Version/4.0 Chrome/60.0.3112.107 Moblie Safari/537.36"
194.233.80.159 - - [06/May/2025:15:14:47 +0200] "GET /assets/sb_admin/vendor/fontawesome-free/scss/ HTTP/1.1" 404 3913 "-" "Mozilla/5.0 (X11; U; Linux x86_64; en-US; rv:1.9.0.8) Gecko/2009033100 Ubuntu/9.04 (jaunty) Firefox/3.0.8"
163.5.160.134 - - [06/May/2025:15:14:48 +0200] "GET /wi.php HTTP/1.1" 404 16 "-" "Mozlila/5.0 (Linux; Android 7.0; SM-G892A Bulid/NRD90M; wv) AppleWebKit/537.36 (KHTML, like Gecko) Version/4.0 Chrome/60.0.3112.107 Moblie Safari/537.36"
163.5.160.134 - - [06/May/2025:15:14:49 +0200] "GET /mar.php HTTP/1.1" 404 16 "-" "Mozlila/5.0 (Linux; Android 7.0; SM-G892A Bulid/NRD90M; wv) AppleWebKit/537.36 (KHTML, like Gecko) Version/4.0 Chrome/60.0.3112.107 Moblie Safari/537.36"
163.5.160.134 - - [06/May/2025:15:14:49 +0200] "GET /root.php HTTP/1.1" 404 16 "-" "Mozlila/5.0 (Linux; Android 7.0; SM-G892A Bulid/NRD90M; wv) AppleWebKit/537.36 (KHTML, like Gecko) Version/4.0 Chrome/60.0.3112.107 Moblie Safari/537.36"
163.5.160.134 - - [06/May/2025:15:14:50 +0200] "GET /nee.php HTTP/1.1" 404 16 "-" "Mozlila/5.0 (Linux; Android 7.0; SM-G892A Bulid/NRD90M; wv) AppleWebKit/537.36 (KHTML, like Gecko) Version/4.0 Chrome/60.0.3112.107 Moblie Safari/537.36"
184.73.195.18 - - [06/May/2025:15:14:50 +0200] "GET /index.php/Alqalam/article/view/862?articlesBySimilarityPage=12 HTTP/1.1" 200 7970 "-" "Mozilla/5.0 AppleWebKit/537.36 (KHTML, like Gecko; compatible; Amazonbot/0.1; +https://developer.amazon.com/support/amazonbot) Chrome/119.0.6045.214 Safari/537.36"
194.233.80.159 - - [06/May/2025:15:14:51 +0200] "GET /assets/sb_admin/vendor/fontawesome-free/sprites/ HTTP/1.1" 404 3913 "-" "Mozilla/5.0 (X11; U; Linux x86_64; en-US; rv:1.9.0.8) Gecko/2009033100 Ubuntu/9.04 (jaunty) Firefox/3.0.8"
185.191.171.11 - - [06/May/2025:15:14:50 +0200] "GET /index.php/Alqalam/article/view/617?articlesBySimilarityPage=44 HTTP/1.1" 200 9059 "-" "Mozilla/5.0 (compatible; SemrushBot/7~bl; +http://www.semrush.com/bot.html)"
167.235.143.113 - - [06/May/2025:15:14:52 +0200] "HEAD / HTTP/1.1" 302 - "https://journal.utripoli.edu.ly/" "Mozilla/5.0+(compatible; UptimeRobot/2.0; http://www.uptimerobot.com/)"
163.5.160.134 - - [06/May/2025:15:14:52 +0200] "GET /v.php HTTP/1.1" 404 16 "-" "Mozlila/5.0 (Linux; Android 7.0; SM-G892A Bulid/NRD90M; wv) AppleWebKit/537.36 (KHTML, like Gecko) Version/4.0 Chrome/60.0.3112.107 Moblie Safari/537.36"
167.235.143.113 - - [06/May/2025:15:14:52 +0200] "HEAD /index.php/Alqalam HTTP/1.1" 200 - "https://journal.utripoli.edu.ly/" "Mozilla/5.0+(compatible; UptimeRobot/2.0; http://www.uptimerobot.com/)"
163.5.160.134 - - [06/May/2025:15:14:53 +0200] "GET /z.php HTTP/1.1" 404 16 "-" "Mozlila/5.0 (Linux; Android 7.0; SM-G892A Bulid/NRD90M; wv) AppleWebKit/537.36 (KHTML, like Gecko) Version/4.0 Chrome/60.0.3112.107 Moblie Safari/537.36"
163.5.160.134 - - [06/May/2025:15:14:54 +0200] "GET /g.php HTTP/1.1" 404 16 "-" "Mozlila/5.0 (Linux; Android 7.0; SM-G892A Bulid/NRD90M; wv) AppleWebKit/537.36 (KHTML, like Gecko) Version/4.0 Chrome/60.0.3112.107 Moblie Safari/537.36"
194.233.80.159 - - [06/May/2025:15:14:54 +0200] "GET /assets/sb_admin/vendor/fontawesome-free/svgs/brands/ HTTP/1.1" 404 3913 "-" "Mozilla/5.0 (X11; U; Linux x86_64; en-US; rv:1.9.0.8) Gecko/2009033100 Ubuntu/9.04 (jaunty) Firefox/3.0.8"
163.5.160.134 - - [06/May/2025:15:14:54 +0200] "GET /c99.php HTTP/1.1" 404 16 "-" "Mozlila/5.0 (Linux; Android 7.0; SM-G892A Bulid/NRD90M; wv) AppleWebKit/537.36 (KHTML, like Gecko) Version/4.0 Chrome/60.0.3112.107 Moblie Safari/537.36"
163.5.160.134 - - [06/May/2025:15:14:55 +0200] "GET /w.php HTTP/1.1" 404 16 "-" "Mozlila/5.0 (Linux; Android 7.0; SM-G892A Bulid/NRD90M; wv) AppleWebKit/537.36 (KHTML, like Gecko) Version/4.0 Chrome/60.0.3112.107 Moblie Safari/537.36"
163.5.160.134 - - [06/May/2025:15:14:57 +0200] "GET /ws.php HTTP/1.1" 404 16 "-" "Mozlila/5.0 (Linux; Android 7.0; SM-G892A Bulid/NRD90M; wv) AppleWebKit/537.36 (KHTML, like Gecko) Version/4.0 Chrome/60.0.3112.107 Moblie Safari/537.36"
194.233.80.159 - - [06/May/2025:15:14:58 +0200] "GET /assets/sb_admin/vendor/fontawesome-free/svgs/regular/ HTTP/1.1" 404 3913 "-" "Mozilla/5.0 (X11; U; Linux x86_64; en-US; rv:1.9.0.8) Gecko/2009033100 Ubuntu/9.04 (jaunty) Firefox/3.0.8"
163.5.160.134 - - [06/May/2025:15:14:58 +0200] "GET /2.php HTTP/1.1" 404 16 "-" "Mozlila/5.0 (Linux; Android 7.0; SM-G892A Bulid/NRD90M; wv) AppleWebKit/537.36 (KHTML, like Gecko) Version/4.0 Chrome/60.0.3112.107 Moblie Safari/537.36"
163.5.160.134 - - [06/May/2025:15:14:59 +0200] "GET /lol.php HTTP/1.1" 404 16 "-" "Mozlila/5.0 (Linux; Android 7.0; SM-G892A Bulid/NRD90M; wv) AppleWebKit/537.36 (KHTML, like Gecko) Version/4.0 Chrome/60.0.3112.107 Moblie Safari/537.36"
163.5.160.134 - - [06/May/2025:15:15:00 +0200] "GET /87.php HTTP/1.1" 404 16 "-" "Mozlila/5.0 (Linux; Android 7.0; SM-G892A Bulid/NRD90M; wv) AppleWebKit/537.36 (KHTML, like Gecko) Version/4.0 Chrome/60.0.3112.107 Moblie Safari/537.36"
163.5.160.134 - - [06/May/2025:15:15:01 +0200] "GET /7yn.php HTTP/1.1" 404 16 "-" "Mozlila/5.0 (Linux; Android 7.0; SM-G892A Bulid/NRD90M; wv) AppleWebKit/537.36 (KHTML, like Gecko) Version/4.0 Chrome/60.0.3112.107 Moblie Safari/537.36"
163.5.160.134 - - [06/May/2025:15:15:02 +0200] "GET /haxor.php HTTP/1.1" 404 16 "-" "Mozlila/5.0 (Linux; Android 7.0; SM-G892A Bulid/NRD90M; wv) AppleWebKit/537.36 (KHTML, like Gecko) Version/4.0 Chrome/60.0.3112.107 Moblie Safari/537.36"
163.5.160.134 - - [06/May/2025:15:15:03 +0200] "GET /13.php HTTP/1.1" 404 16 "-" "Mozlila/5.0 (Linux; Android 7.0; SM-G892A Bulid/NRD90M; wv) AppleWebKit/537.36 (KHTML, like Gecko) Version/4.0 Chrome/60.0.3112.107 Moblie Safari/537.36"
163.5.160.134 - - [06/May/2025:15:15:03 +0200] "GET /e.php HTTP/1.1" 404 16 "-" "Mozlila/5.0 (Linux; Android 7.0; SM-G892A Bulid/NRD90M; wv) AppleWebKit/537.36 (KHTML, like Gecko) Version/4.0 Chrome/60.0.3112.107 Moblie Safari/537.36"
163.5.160.134 - - [06/May/2025:15:15:04 +0200] "GET /r.php HTTP/1.1" 404 16 "-" "Mozlila/5.0 (Linux; Android 7.0; SM-G892A Bulid/NRD90M; wv) AppleWebKit/537.36 (KHTML, like Gecko) Version/4.0 Chrome/60.0.3112.107 Moblie Safari/537.36"
194.233.80.159 - - [06/May/2025:15:15:05 +0200] "GET /assets/sb_admin/vendor/fontawesome-free/svgs/solid/ HTTP/1.1" 404 3913 "-" "Mozilla/5.0 (X11; U; Linux x86_64; en-US; rv:1.9.0.8) Gecko/2009033100 Ubuntu/9.04 (jaunty) Firefox/3.0.8"
163.5.160.134 - - [06/May/2025:15:15:05 +0200] "GET /t.php HTTP/1.1" 404 16 "-" "Mozlila/5.0 (Linux; Android 7.0; SM-G892A Bulid/NRD90M; wv) AppleWebKit/537.36 (KHTML, like Gecko) Version/4.0 Chrome/60.0.3112.107 Moblie Safari/537.36"
163.5.160.134 - - [06/May/2025:15:15:06 +0200] "GET /y.php HTTP/1.1" 404 16 "-" "Mozlila/5.0 (Linux; Android 7.0; SM-G892A Bulid/NRD90M; wv) AppleWebKit/537.36 (KHTML, like Gecko) Version/4.0 Chrome/60.0.3112.107 Moblie Safari/537.36"
163.5.160.134 - - [06/May/2025:15:15:08 +0200] "GET /u.php HTTP/1.1" 404 16 "-" "Mozlila/5.0 (Linux; Android 7.0; SM-G892A Bulid/NRD90M; wv) AppleWebKit/537.36 (KHTML, like Gecko) Version/4.0 Chrome/60.0.3112.107 Moblie Safari/537.36"
163.5.160.134 - - [06/May/2025:15:15:10 +0200] "GET /i.php HTTP/1.1" 404 16 "-" "Mozlila/5.0 (Linux; Android 7.0; SM-G892A Bulid/NRD90M; wv) AppleWebKit/537.36 (KHTML, like Gecko) Version/4.0 Chrome/60.0.3112.107 Moblie Safari/537.36"
163.5.160.134 - - [06/May/2025:15:15:11 +0200] "GET /p.php HTTP/1.1" 404 16 "-" "Mozlila/5.0 (Linux; Android 7.0; SM-G892A Bulid/NRD90M; wv) AppleWebKit/537.36 (KHTML, like Gecko) Version/4.0 Chrome/60.0.3112.107 Moblie Safari/537.36"
163.5.160.134 - - [06/May/2025:15:15:12 +0200] "GET /q.php HTTP/1.1" 404 16 "-" "Mozlila/5.0 (Linux; Android 7.0; SM-G892A Bulid/NRD90M; wv) AppleWebKit/537.36 (KHTML, like Gecko) Version/4.0 Chrome/60.0.3112.107 Moblie Safari/537.36"
194.233.80.159 - - [06/May/2025:15:15:13 +0200] "GET /assets/sb_admin/vendor/fontawesome-free/webfonts/ HTTP/1.1" 404 3913 "-" "Mozilla/5.0 (X11; U; Linux x86_64; en-US; rv:1.9.0.8) Gecko/2009033100 Ubuntu/9.04 (jaunty) Firefox/3.0.8"
163.5.160.134 - - [06/May/2025:15:15:13 +0200] "GET /s.php HTTP/1.1" 404 16 "-" "Mozlila/5.0 (Linux; Android 7.0; SM-G892A Bulid/NRD90M; wv) AppleWebKit/537.36 (KHTML, like Gecko) Version/4.0 Chrome/60.0.3112.107 Moblie Safari/537.36"
163.5.160.134 - - [06/May/2025:15:15:14 +0200] "GET /d.php HTTP/1.1" 404 16 "-" "Mozlila/5.0 (Linux; Android 7.0; SM-G892A Bulid/NRD90M; wv) AppleWebKit/537.36 (KHTML, like Gecko) Version/4.0 Chrome/60.0.3112.107 Moblie Safari/537.36"
163.5.160.134 - - [06/May/2025:15:15:14 +0200] "GET /h.php HTTP/1.1" 404 16 "-" "Mozlila/5.0 (Linux; Android 7.0; SM-G892A Bulid/NRD90M; wv) AppleWebKit/537.36 (KHTML, like Gecko) Version/4.0 Chrome/60.0.3112.107 Moblie Safari/537.36"
163.5.160.134 - - [06/May/2025:15:15:15 +0200] "GET /j.php HTTP/1.1" 404 16 "-" "Mozlila/5.0 (Linux; Android 7.0; SM-G892A Bulid/NRD90M; wv) AppleWebKit/537.36 (KHTML, like Gecko) Version/4.0 Chrome/60.0.3112.107 Moblie Safari/537.36"
163.5.160.134 - - [06/May/2025:15:15:15 +0200] "GET /k.php HTTP/1.1" 404 16 "-" "Mozlila/5.0 (Linux; Android 7.0; SM-G892A Bulid/NRD90M; wv) AppleWebKit/537.36 (KHTML, like Gecko) Version/4.0 Chrome/60.0.3112.107 Moblie Safari/537.36"
103.131.71.81 - - [06/May/2025:15:12:58 +0200] "GET /index.php/Alqalam/article/download/241/236 HTTP/1.1" 200 829239 "-" "Mozilla/5.0 (compatible; coccocbot-web/1.0; +http://help.coccoc.com/searchengine)"
163.5.160.134 - - [06/May/2025:15:15:16 +0200] "GET /l.php HTTP/1.1" 404 16 "-" "Mozlila/5.0 (Linux; Android 7.0; SM-G892A Bulid/NRD90M; wv) AppleWebKit/537.36 (KHTML, like Gecko) Version/4.0 Chrome/60.0.3112.107 Moblie Safari/537.36"
66.249.64.131 - - [06/May/2025:15:15:14 +0200] "GET /index.php/Alqalam/article/view/332?articlesBySimilarityPage=56 HTTP/1.1" 200 7735 "-" "Mozilla/5.0 (Linux; Android 6.0.1; Nexus 5X Build/MMB29P) AppleWebKit/537.36 (KHTML, like Gecko) Chrome/136.0.7103.59 Mobile Safari/537.36 (compatible; Googlebot/2.1; +http://www.google.com/bot.html)"
194.233.80.159 - - [06/May/2025:15:15:17 +0200] "GET /assets/sb_admin/vendor/jquery-easing/ HTTP/1.1" 404 3913 "-" "Mozilla/5.0 (X11; U; Linux x86_64; en-US; rv:1.9.0.8) Gecko/2009033100 Ubuntu/9.04 (jaunty) Firefox/3.0.8"
163.5.160.134 - - [06/May/2025:15:15:17 +0200] "GET /n.php HTTP/1.1" 404 16 "-" "Mozlila/5.0 (Linux; Android 7.0; SM-G892A Bulid/NRD90M; wv) AppleWebKit/537.36 (KHTML, like Gecko) Version/4.0 Chrome/60.0.3112.107 Moblie Safari/537.36"
163.5.160.134 - - [06/May/2025:15:15:18 +0200] "GET /xindex.php HTTP/1.1" 404 16 "-" "Mozlila/5.0 (Linux; Android 7.0; SM-G892A Bulid/NRD90M; wv) AppleWebKit/537.36 (KHTML, like Gecko) Version/4.0 Chrome/60.0.3112.107 Moblie Safari/537.36"
163.5.160.134 - - [06/May/2025:15:15:18 +0200] "GET /kindex.php HTTP/1.1" 404 16 "-" "Mozlila/5.0 (Linux; Android 7.0; SM-G892A Bulid/NRD90M; wv) AppleWebKit/537.36 (KHTML, like Gecko) Version/4.0 Chrome/60.0.3112.107 Moblie Safari/537.36"
163.5.160.134 - - [06/May/2025:15:15:19 +0200] "GET /FoxWSOv1.php HTTP/1.1" 404 16 "-" "Mozlila/5.0 (Linux; Android 7.0; SM-G892A Bulid/NRD90M; wv) AppleWebKit/537.36 (KHTML, like Gecko) Version/4.0 Chrome/60.0.3112.107 Moblie Safari/537.36"
163.5.160.134 - - [06/May/2025:15:15:20 +0200] "GET /alf.php HTTP/1.1" 404 16 "-" "Mozlila/5.0 (Linux; Android 7.0; SM-G892A Bulid/NRD90M; wv) AppleWebKit/537.36 (KHTML, like Gecko) Version/4.0 Chrome/60.0.3112.107 Moblie Safari/537.36"
18.219.198.219 - - [06/May/2025:15:15:18 +0200] "GET /index.php/Alqalam/article/view/603?articlesBySimilarityPage=17 HTTP/1.1" 200 8813 "-" "Mozilla/5.0 AppleWebKit/537.36 (KHTML, like Gecko; compatible; ClaudeBot/1.0; +claudebot@anthropic.com)"
163.5.160.134 - - [06/May/2025:15:15:21 +0200] "GET /bb.php HTTP/1.1" 404 16 "-" "Mozlila/5.0 (Linux; Android 7.0; SM-G892A Bulid/NRD90M; wv) AppleWebKit/537.36 (KHTML, like Gecko) Version/4.0 Chrome/60.0.3112.107 Moblie Safari/537.36"
194.233.80.159 - - [06/May/2025:15:15:21 +0200] "GET /assets/sb_admin/vendor/jquery/ HTTP/1.1" 404 3913 "-" "Mozilla/5.0 (X11; U; Linux x86_64; en-US; rv:1.9.0.8) Gecko/2009033100 Ubuntu/9.04 (jaunty) Firefox/3.0.8"
163.5.160.134 - - [06/May/2025:15:15:24 +0200] "GET /lf.php HTTP/1.1" 404 16 "-" "Mozlila/5.0 (Linux; Android 7.0; SM-G892A Bulid/NRD90M; wv) AppleWebKit/537.36 (KHTML, like Gecko) Version/4.0 Chrome/60.0.3112.107 Moblie Safari/537.36"
163.5.160.134 - - [06/May/2025:15:15:24 +0200] "GET /WSO.php HTTP/1.1" 404 16 "-" "Mozlila/5.0 (Linux; Android 7.0; SM-G892A Bulid/NRD90M; wv) AppleWebKit/537.36 (KHTML, like Gecko) Version/4.0 Chrome/60.0.3112.107 Moblie Safari/537.36"
163.5.160.134 - - [06/May/2025:15:15:25 +0200] "GET /xxx.php HTTP/1.1" 404 16 "-" "Mozlila/5.0 (Linux; Android 7.0; SM-G892A Bulid/NRD90M; wv) AppleWebKit/537.36 (KHTML, like Gecko) Version/4.0 Chrome/60.0.3112.107 Moblie Safari/537.36"
194.233.80.159 - - [06/May/2025:15:15:26 +0200] "GET /assets/scripts/ HTTP/1.1" 404 3913 "-" "Mozilla/5.0 (X11; U; Linux x86_64; en-US; rv:1.9.0.8) Gecko/2009033100 Ubuntu/9.04 (jaunty) Firefox/3.0.8"
163.5.160.134 - - [06/May/2025:15:15:26 +0200] "GET /hello.php HTTP/1.1" 404 16 "-" "Mozlila/5.0 (Linux; Android 7.0; SM-G892A Bulid/NRD90M; wv) AppleWebKit/537.36 (KHTML, like Gecko) Version/4.0 Chrome/60.0.3112.107 Moblie Safari/537.36"
163.5.160.134 - - [06/May/2025:15:15:27 +0200] "GET /ok.php HTTP/1.1" 404 16 "-" "Mozlila/5.0 (Linux; Android 7.0; SM-G892A Bulid/NRD90M; wv) AppleWebKit/537.36 (KHTML, like Gecko) Version/4.0 Chrome/60.0.3112.107 Moblie Safari/537.36"
194.233.80.159 - - [06/May/2025:15:15:30 +0200] "GET /assets/scripts/charts/area/ HTTP/1.1" 404 3913 "-" "Mozilla/5.0 (X11; U; Linux x86_64; en-US; rv:1.9.0.8) Gecko/2009033100 Ubuntu/9.04 (jaunty) Firefox/3.0.8"
163.5.160.134 - - [06/May/2025:15:15:30 +0200] "GET /if.php HTTP/1.1" 404 16 "-" "Mozlila/5.0 (Linux; Android 7.0; SM-G892A Bulid/NRD90M; wv) AppleWebKit/537.36 (KHTML, like Gecko) Version/4.0 Chrome/60.0.3112.107 Moblie Safari/537.36"
163.5.160.134 - - [06/May/2025:15:15:31 +0200] "GET /kk.php HTTP/1.1" 404 16 "-" "Mozlila/5.0 (Linux; Android 7.0; SM-G892A Bulid/NRD90M; wv) AppleWebKit/537.36 (KHTML, like Gecko) Version/4.0 Chrome/60.0.3112.107 Moblie Safari/537.36"
163.5.160.134 - - [06/May/2025:15:15:32 +0200] "GET /mrjn.php HTTP/1.1" 404 16 "-" "Mozlila/5.0 (Linux; Android 7.0; SM-G892A Bulid/NRD90M; wv) AppleWebKit/537.36 (KHTML, like Gecko) Version/4.0 Chrome/60.0.3112.107 Moblie Safari/537.36"
163.5.160.134 - - [06/May/2025:15:15:33 +0200] "GET /kn.php HTTP/1.1" 404 16 "-" "Mozlila/5.0 (Linux; Android 7.0; SM-G892A Bulid/NRD90M; wv) AppleWebKit/537.36 (KHTML, like Gecko) Version/4.0 Chrome/60.0.3112.107 Moblie Safari/537.36"
163.5.160.134 - - [06/May/2025:15:15:33 +0200] "GET /3301.php HTTP/1.1" 404 16 "-" "Mozlila/5.0 (Linux; Android 7.0; SM-G892A Bulid/NRD90M; wv) AppleWebKit/537.36 (KHTML, like Gecko) Version/4.0 Chrome/60.0.3112.107 Moblie Safari/537.36"
194.233.80.159 - - [06/May/2025:15:15:34 +0200] "GET /assets/scripts/charts/bar/ HTTP/1.1" 404 3913 "-" "Mozilla/5.0 (X11; U; Linux x86_64; en-US; rv:1.9.0.8) Gecko/2009033100 Ubuntu/9.04 (jaunty) Firefox/3.0.8"
66.249.64.131 - - [06/May/2025:15:15:33 +0200] "GET /index.php/Alqalam/article/view/32?articlesBySimilarityPage=35 HTTP/1.1" 200 6883 "-" "Mozilla/5.0 (Linux; Android 6.0.1; Nexus 5X Build/MMB29P) AppleWebKit/537.36 (KHTML, like Gecko) Chrome/136.0.7103.59 Mobile Safari/537.36 (compatible; Googlebot/2.1; +http://www.google.com/bot.html)"
163.5.160.134 - - [06/May/2025:15:15:35 +0200] "GET /leaf.php HTTP/1.1" 404 16 "-" "Mozlila/5.0 (Linux; Android 7.0; SM-G892A Bulid/NRD90M; wv) AppleWebKit/537.36 (KHTML, like Gecko) Version/4.0 Chrome/60.0.3112.107 Moblie Safari/537.36"
163.5.160.134 - - [06/May/2025:15:15:36 +0200] "GET /alex.php HTTP/1.1" 404 16 "-" "Mozlila/5.0 (Linux; Android 7.0; SM-G892A Bulid/NRD90M; wv) AppleWebKit/537.36 (KHTML, like Gecko) Version/4.0 Chrome/60.0.3112.107 Moblie Safari/537.36"
66.249.64.130 - - [06/May/2025:15:15:37 +0200] "GET /public/journals/1/styleSheet.css?d=2024-01-03+17%3A34%3A30 HTTP/1.1" 404 3913 "https://journal.utripoli.edu.ly/index.php/Alqalam/article/view/32?articlesBySimilarityPage=35" "Mozilla/5.0 (Linux; Android 6.0.1; Nexus 5X Build/MMB29P) AppleWebKit/537.36 (KHTML, like Gecko) Chrome/135.0.7049.114 Mobile Safari/537.36 (compatible; Googlebot/2.1; +http://www.google.com/bot.html)"
163.5.160.134 - - [06/May/2025:15:15:37 +0200] "GET /mailer.php HTTP/1.1" 404 16 "-" "Mozlila/5.0 (Linux; Android 7.0; SM-G892A Bulid/NRD90M; wv) AppleWebKit/537.36 (KHTML, like Gecko) Version/4.0 Chrome/60.0.3112.107 Moblie Safari/537.36"
194.233.80.159 - - [06/May/2025:15:15:38 +0200] "GET /assets/scripts/charts/donut/ HTTP/1.1" 404 3913 "-" "Mozilla/5.0 (X11; U; Linux x86_64; en-US; rv:1.9.0.8) Gecko/2009033100 Ubuntu/9.04 (jaunty) Firefox/3.0.8"
163.5.160.134 - - [06/May/2025:15:15:38 +0200] "GET /anone.php HTTP/1.1" 404 16 "-" "Mozlila/5.0 (Linux; Android 7.0; SM-G892A Bulid/NRD90M; wv) AppleWebKit/537.36 (KHTML, like Gecko) Version/4.0 Chrome/60.0.3112.107 Moblie Safari/537.36"
163.5.160.134 - - [06/May/2025:15:15:39 +0200] "GET /wp-configer.php HTTP/1.1" 404 16 "-" "Mozlila/5.0 (Linux; Android 7.0; SM-G892A Bulid/NRD90M; wv) AppleWebKit/537.36 (KHTML, like Gecko) Version/4.0 Chrome/60.0.3112.107 Moblie Safari/537.36"
163.5.160.134 - - [06/May/2025:15:15:41 +0200] "GET /wp-ad.php HTTP/1.1" 404 16 "-" "Mozlila/5.0 (Linux; Android 7.0; SM-G892A Bulid/NRD90M; wv) AppleWebKit/537.36 (KHTML, like Gecko) Version/4.0 Chrome/60.0.3112.107 Moblie Safari/537.36"
163.5.160.134 - - [06/May/2025:15:15:41 +0200] "GET /send.php HTTP/1.1" 404 16 "-" "Mozlila/5.0 (Linux; Android 7.0; SM-G892A Bulid/NRD90M; wv) AppleWebKit/537.36 (KHTML, like Gecko) Version/4.0 Chrome/60.0.3112.107 Moblie Safari/537.36"
194.233.80.159 - - [06/May/2025:15:15:42 +0200] "GET /assets/scripts/charts/radial-progress/ HTTP/1.1" 404 3913 "-" "Mozilla/5.0 (X11; U; Linux x86_64; en-US; rv:1.9.0.8) Gecko/2009033100 Ubuntu/9.04 (jaunty) Firefox/3.0.8"
163.5.160.134 - - [06/May/2025:15:15:43 +0200] "GET /3.php HTTP/1.1" 404 16 "-" "Mozlila/5.0 (Linux; Android 7.0; SM-G892A Bulid/NRD90M; wv) AppleWebKit/537.36 (KHTML, like Gecko) Version/4.0 Chrome/60.0.3112.107 Moblie Safari/537.36"
163.5.160.134 - - [06/May/2025:15:15:44 +0200] "GET /.wp-cache.php HTTP/1.1" 404 16 "-" "Mozlila/5.0 (Linux; Android 7.0; SM-G892A Bulid/NRD90M; wv) AppleWebKit/537.36 (KHTML, like Gecko) Version/4.0 Chrome/60.0.3112.107 Moblie Safari/537.36"
163.5.160.134 - - [06/May/2025:15:15:45 +0200] "GET /sendmail.php HTTP/1.1" 404 16 "-" "Mozlila/5.0 (Linux; Android 7.0; SM-G892A Bulid/NRD90M; wv) AppleWebKit/537.36 (KHTML, like Gecko) Version/4.0 Chrome/60.0.3112.107 Moblie Safari/537.36"
163.5.160.134 - - [06/May/2025:15:15:47 +0200] "GET /rahma.php HTTP/1.1" 404 16 "-" "Mozlila/5.0 (Linux; Android 7.0; SM-G892A Bulid/NRD90M; wv) AppleWebKit/537.36 (KHTML, like Gecko) Version/4.0 Chrome/60.0.3112.107 Moblie Safari/537.36"
163.5.160.134 - - [06/May/2025:15:15:48 +0200] "GET /nasgor.php HTTP/1.1" 404 16 "-" "Mozlila/5.0 (Linux; Android 7.0; SM-G892A Bulid/NRD90M; wv) AppleWebKit/537.36 (KHTML, like Gecko) Version/4.0 Chrome/60.0.3112.107 Moblie Safari/537.36"
194.233.80.159 - - [06/May/2025:15:15:49 +0200] "GET /assets/scripts/custom/ HTTP/1.1" 404 3913 "-" "Mozilla/5.0 (X11; U; Linux x86_64; en-US; rv:1.9.0.8) Gecko/2009033100 Ubuntu/9.04 (jaunty) Firefox/3.0.8"
163.5.160.134 - - [06/May/2025:15:15:49 +0200] "GET /wp-confirm.php HTTP/1.1" 404 16 "-" "Mozlila/5.0 (Linux; Android 7.0; SM-G892A Bulid/NRD90M; wv) AppleWebKit/537.36 (KHTML, like Gecko) Version/4.0 Chrome/60.0.3112.107 Moblie Safari/537.36"
163.5.160.134 - - [06/May/2025:15:15:50 +0200] "GET /alfa123.php HTTP/1.1" 404 16 "-" "Mozlila/5.0 (Linux; Android 7.0; SM-G892A Bulid/NRD90M; wv) AppleWebKit/537.36 (KHTML, like Gecko) Version/4.0 Chrome/60.0.3112.107 Moblie Safari/537.36"
163.5.160.134 - - [06/May/2025:15:15:50 +0200] "GET /upload.php HTTP/1.1" 404 16 "-" "Mozlila/5.0 (Linux; Android 7.0; SM-G892A Bulid/NRD90M; wv) AppleWebKit/537.36 (KHTML, like Gecko) Version/4.0 Chrome/60.0.3112.107 Moblie Safari/537.36"
163.5.160.134 - - [06/May/2025:15:15:51 +0200] "GET /bypass.php HTTP/1.1" 404 16 "-" "Mozlila/5.0 (Linux; Android 7.0; SM-G892A Bulid/NRD90M; wv) AppleWebKit/537.36 (KHTML, like Gecko) Version/4.0 Chrome/60.0.3112.107 Moblie Safari/537.36"
163.5.160.134 - - [06/May/2025:15:15:51 +0200] "GET /wp-one.php HTTP/1.1" 404 16 "-" "Mozlila/5.0 (Linux; Android 7.0; SM-G892A Bulid/NRD90M; wv) AppleWebKit/537.36 (KHTML, like Gecko) Version/4.0 Chrome/60.0.3112.107 Moblie Safari/537.36"
163.5.160.134 - - [06/May/2025:15:15:52 +0200] "GET /alexus.php HTTP/1.1" 404 16 "-" "Mozlila/5.0 (Linux; Android 7.0; SM-G892A Bulid/NRD90M; wv) AppleWebKit/537.36 (KHTML, like Gecko) Version/4.0 Chrome/60.0.3112.107 Moblie Safari/537.36"
163.5.160.134 - - [06/May/2025:15:15:52 +0200] "GET /wso1337.php HTTP/1.1" 404 16 "-" "Mozlila/5.0 (Linux; Android 7.0; SM-G892A Bulid/NRD90M; wv) AppleWebKit/537.36 (KHTML, like Gecko) Version/4.0 Chrome/60.0.3112.107 Moblie Safari/537.36"
163.5.160.134 - - [06/May/2025:15:15:53 +0200] "GET /1337.php HTTP/1.1" 404 16 "-" "Mozlila/5.0 (Linux; Android 7.0; SM-G892A Bulid/NRD90M; wv) AppleWebKit/537.36 (KHTML, like Gecko) Version/4.0 Chrome/60.0.3112.107 Moblie Safari/537.36"
163.5.160.134 - - [06/May/2025:15:15:53 +0200] "GET /blog.php HTTP/1.1" 404 16 "-" "Mozlila/5.0 (Linux; Android 7.0; SM-G892A Bulid/NRD90M; wv) AppleWebKit/537.36 (KHTML, like Gecko) Version/4.0 Chrome/60.0.3112.107 Moblie Safari/537.36"
163.5.160.134 - - [06/May/2025:15:15:55 +0200] "GET /it.php HTTP/1.1" 404 16 "-" "Mozlila/5.0 (Linux; Android 7.0; SM-G892A Bulid/NRD90M; wv) AppleWebKit/537.36 (KHTML, like Gecko) Version/4.0 Chrome/60.0.3112.107 Moblie Safari/537.36"
163.5.160.134 - - [06/May/2025:15:15:55 +0200] "GET /kiss.php HTTP/1.1" 404 16 "-" "Mozlila/5.0 (Linux; Android 7.0; SM-G892A Bulid/NRD90M; wv) AppleWebKit/537.36 (KHTML, like Gecko) Version/4.0 Chrome/60.0.3112.107 Moblie Safari/537.36"
163.5.160.134 - - [06/May/2025:15:15:56 +0200] "GET /0.php HTTP/1.1" 404 16 "-" "Mozlila/5.0 (Linux; Android 7.0; SM-G892A Bulid/NRD90M; wv) AppleWebKit/537.36 (KHTML, like Gecko) Version/4.0 Chrome/60.0.3112.107 Moblie Safari/537.36"
163.5.160.134 - - [06/May/2025:15:15:57 +0200] "GET /wp2.php HTTP/1.1" 404 16 "-" "Mozlila/5.0 (Linux; Android 7.0; SM-G892A Bulid/NRD90M; wv) AppleWebKit/537.36 (KHTML, like Gecko) Version/4.0 Chrome/60.0.3112.107 Moblie Safari/537.36"
163.5.160.134 - - [06/May/2025:15:15:57 +0200] "GET /owl.php HTTP/1.1" 404 16 "-" "Mozlila/5.0 (Linux; Android 7.0; SM-G892A Bulid/NRD90M; wv) AppleWebKit/537.36 (KHTML, like Gecko) Version/4.0 Chrome/60.0.3112.107 Moblie Safari/537.36"
194.233.80.159 - - [06/May/2025:15:15:57 +0200] "GET /assets/scss/ HTTP/1.1" 404 3913 "-" "Mozilla/5.0 (X11; U; Linux x86_64; en-US; rv:1.9.0.8) Gecko/2009033100 Ubuntu/9.04 (jaunty) Firefox/3.0.8"
163.5.160.134 - - [06/May/2025:15:15:58 +0200] "GET /vuln.php HTTP/1.1" 404 16 "-" "Mozlila/5.0 (Linux; Android 7.0; SM-G892A Bulid/NRD90M; wv) AppleWebKit/537.36 (KHTML, like Gecko) Version/4.0 Chrome/60.0.3112.107 Moblie Safari/537.36"
163.5.160.134 - - [06/May/2025:15:15:59 +0200] "GET /ohayo.php HTTP/1.1" 404 16 "-" "Mozlila/5.0 (Linux; Android 7.0; SM-G892A Bulid/NRD90M; wv) AppleWebKit/537.36 (KHTML, like Gecko) Version/4.0 Chrome/60.0.3112.107 Moblie Safari/537.36"
163.5.160.134 - - [06/May/2025:15:16:00 +0200] "GET /wp-admin.php HTTP/1.1" 404 16 "-" "Mozlila/5.0 (Linux; Android 7.0; SM-G892A Bulid/NRD90M; wv) AppleWebKit/537.36 (KHTML, like Gecko) Version/4.0 Chrome/60.0.3112.107 Moblie Safari/537.36"
163.5.160.134 - - [06/May/2025:15:16:01 +0200] "GET /cms.php HTTP/1.1" 404 16 "-" "Mozlila/5.0 (Linux; Android 7.0; SM-G892A Bulid/NRD90M; wv) AppleWebKit/537.36 (KHTML, like Gecko) Version/4.0 Chrome/60.0.3112.107 Moblie Safari/537.36"
163.5.160.134 - - [06/May/2025:15:16:02 +0200] "GET /wp-uploads.php HTTP/1.1" 404 16 "-" "Mozlila/5.0 (Linux; Android 7.0; SM-G892A Bulid/NRD90M; wv) AppleWebKit/537.36 (KHTML, like Gecko) Version/4.0 Chrome/60.0.3112.107 Moblie Safari/537.36"
163.5.160.134 - - [06/May/2025:15:16:02 +0200] "GET /Gel.php HTTP/1.1" 404 16 "-" "Mozlila/5.0 (Linux; Android 7.0; SM-G892A Bulid/NRD90M; wv) AppleWebKit/537.36 (KHTML, like Gecko) Version/4.0 Chrome/60.0.3112.107 Moblie Safari/537.36"
194.233.80.159 - - [06/May/2025:15:16:04 +0200] "GET /assets/scss/bootstrap/ HTTP/1.1" 404 3913 "-" "Mozilla/5.0 (X11; U; Linux x86_64; en-US; rv:1.9.0.8) Gecko/2009033100 Ubuntu/9.04 (jaunty) Firefox/3.0.8"
163.5.160.134 - - [06/May/2025:15:16:04 +0200] "GET /41.php HTTP/1.1" 404 16 "-" "Mozlila/5.0 (Linux; Android 7.0; SM-G892A Bulid/NRD90M; wv) AppleWebKit/537.36 (KHTML, like Gecko) Version/4.0 Chrome/60.0.3112.107 Moblie Safari/537.36"
163.5.160.134 - - [06/May/2025:15:16:05 +0200] "GET /4price.php HTTP/1.1" 404 16 "-" "Mozlila/5.0 (Linux; Android 7.0; SM-G892A Bulid/NRD90M; wv) AppleWebKit/537.36 (KHTML, like Gecko) Version/4.0 Chrome/60.0.3112.107 Moblie Safari/537.36"
163.5.160.134 - - [06/May/2025:15:16:07 +0200] "GET /MARIJUANA.php HTTP/1.1" 404 16 "-" "Mozlila/5.0 (Linux; Android 7.0; SM-G892A Bulid/NRD90M; wv) AppleWebKit/537.36 (KHTML, like Gecko) Version/4.0 Chrome/60.0.3112.107 Moblie Safari/537.36"
163.5.160.134 - - [06/May/2025:15:16:08 +0200] "GET /marijuana.php HTTP/1.1" 404 16 "-" "Mozlila/5.0 (Linux; Android 7.0; SM-G892A Bulid/NRD90M; wv) AppleWebKit/537.36 (KHTML, like Gecko) Version/4.0 Chrome/60.0.3112.107 Moblie Safari/537.36"
194.233.80.159 - - [06/May/2025:15:16:08 +0200] "GET /assets/scss/bootstrap/mixins/ HTTP/1.1" 404 3913 "-" "Mozilla/5.0 (X11; U; Linux x86_64; en-US; rv:1.9.0.8) Gecko/2009033100 Ubuntu/9.04 (jaunty) Firefox/3.0.8"
163.5.160.134 - - [06/May/2025:15:16:09 +0200] "GET /.fk.php HTTP/1.1" 404 16 "-" "Mozlila/5.0 (Linux; Android 7.0; SM-G892A Bulid/NRD90M; wv) AppleWebKit/537.36 (KHTML, like Gecko) Version/4.0 Chrome/60.0.3112.107 Moblie Safari/537.36"
163.5.160.134 - - [06/May/2025:15:16:10 +0200] "GET /XxX.php HTTP/1.1" 404 16 "-" "Mozlila/5.0 (Linux; Android 7.0; SM-G892A Bulid/NRD90M; wv) AppleWebKit/537.36 (KHTML, like Gecko) Version/4.0 Chrome/60.0.3112.107 Moblie Safari/537.36"
163.5.160.134 - - [06/May/2025:15:16:11 +0200] "GET /alexuse.php HTTP/1.1" 404 16 "-" "Mozlila/5.0 (Linux; Android 7.0; SM-G892A Bulid/NRD90M; wv) AppleWebKit/537.36 (KHTML, like Gecko) Version/4.0 Chrome/60.0.3112.107 Moblie Safari/537.36"
163.5.160.134 - - [06/May/2025:15:16:12 +0200] "GET /Sendemail.php HTTP/1.1" 404 16 "-" "Mozlila/5.0 (Linux; Android 7.0; SM-G892A Bulid/NRD90M; wv) AppleWebKit/537.36 (KHTML, like Gecko) Version/4.0 Chrome/60.0.3112.107 Moblie Safari/537.36"
194.233.80.159 - - [06/May/2025:15:16:13 +0200] "GET /assets/scss/bootstrap/utilities/ HTTP/1.1" 404 3913 "-" "Mozilla/5.0 (X11; U; Linux x86_64; en-US; rv:1.9.0.8) Gecko/2009033100 Ubuntu/9.04 (jaunty) Firefox/3.0.8"
163.5.160.134 - - [06/May/2025:15:16:14 +0200] "GET /content.php HTTP/1.1" 404 16 "-" "Mozlila/5.0 (Linux; Android 7.0; SM-G892A Bulid/NRD90M; wv) AppleWebKit/537.36 (KHTML, like Gecko) Version/4.0 Chrome/60.0.3112.107 Moblie Safari/537.36"
163.5.160.134 - - [06/May/2025:15:16:17 +0200] "GET /leafmailer2.8.php HTTP/1.1" 404 16 "-" "Mozlila/5.0 (Linux; Android 7.0; SM-G892A Bulid/NRD90M; wv) AppleWebKit/537.36 (KHTML, like Gecko) Version/4.0 Chrome/60.0.3112.107 Moblie Safari/537.36"
194.233.80.159 - - [06/May/2025:15:16:17 +0200] "GET /assets/scss/bootstrap/vendor/ HTTP/1.1" 404 3913 "-" "Mozilla/5.0 (X11; U; Linux x86_64; en-US; rv:1.9.0.8) Gecko/2009033100 Ubuntu/9.04 (jaunty) Firefox/3.0.8"
163.5.160.134 - - [06/May/2025:15:16:18 +0200] "GET /olu.php HTTP/1.1" 404 16 "-" "Mozlila/5.0 (Linux; Android 7.0; SM-G892A Bulid/NRD90M; wv) AppleWebKit/537.36 (KHTML, like Gecko) Version/4.0 Chrome/60.0.3112.107 Moblie Safari/537.36"
163.5.160.134 - - [06/May/2025:15:16:19 +0200] "GET /alexusmailer%202.0.php HTTP/1.1" 404 16 "-" "Mozlila/5.0 (Linux; Android 7.0; SM-G892A Bulid/NRD90M; wv) AppleWebKit/537.36 (KHTML, like Gecko) Version/4.0 Chrome/60.0.3112.107 Moblie Safari/537.36"
194.233.80.159 - - [06/May/2025:15:16:20 +0200] "GET /assets/scss/config/default/ HTTP/1.1" 404 3913 "-" "Mozilla/5.0 (X11; U; Linux x86_64; en-US; rv:1.9.0.8) Gecko/2009033100 Ubuntu/9.04 (jaunty) Firefox/3.0.8"
163.5.160.134 - - [06/May/2025:15:16:20 +0200] "GET /rss.php HTTP/1.1" 404 16 "-" "Mozlila/5.0 (Linux; Android 7.0; SM-G892A Bulid/NRD90M; wv) AppleWebKit/537.36 (KHTML, like Gecko) Version/4.0 Chrome/60.0.3112.107 Moblie Safari/537.36"
163.5.160.134 - - [06/May/2025:15:16:22 +0200] "GET /alexus-mailer.php HTTP/1.1" 404 16 "-" "Mozlila/5.0 (Linux; Android 7.0; SM-G892A Bulid/NRD90M; wv) AppleWebKit/537.36 (KHTML, like Gecko) Version/4.0 Chrome/60.0.3112.107 Moblie Safari/537.36"
194.233.80.159 - - [06/May/2025:15:16:23 +0200] "GET /assets/scss/custom/components/ HTTP/1.1" 404 3913 "-" "Mozilla/5.0 (X11; U; Linux x86_64; en-US; rv:1.9.0.8) Gecko/2009033100 Ubuntu/9.04 (jaunty) Firefox/3.0.8"
163.5.160.134 - - [06/May/2025:15:16:24 +0200] "GET /wp-file.php HTTP/1.1" 404 16 "-" "Mozlila/5.0 (Linux; Android 7.0; SM-G892A Bulid/NRD90M; wv) AppleWebKit/537.36 (KHTML, like Gecko) Version/4.0 Chrome/60.0.3112.107 Moblie Safari/537.36"
163.5.160.134 - - [06/May/2025:15:16:24 +0200] "GET /wso2.php HTTP/1.1" 404 16 "-" "Mozlila/5.0 (Linux; Android 7.0; SM-G892A Bulid/NRD90M; wv) AppleWebKit/537.36 (KHTML, like Gecko) Version/4.0 Chrome/60.0.3112.107 Moblie Safari/537.36"
163.5.160.134 - - [06/May/2025:15:16:25 +0200] "GET /wso1.php HTTP/1.1" 404 16 "-" "Mozlila/5.0 (Linux; Android 7.0; SM-G892A Bulid/NRD90M; wv) AppleWebKit/537.36 (KHTML, like Gecko) Version/4.0 Chrome/60.0.3112.107 Moblie Safari/537.36"
163.5.160.134 - - [06/May/2025:15:16:26 +0200] "GET /olux.php HTTP/1.1" 404 16 "-" "Mozlila/5.0 (Linux; Android 7.0; SM-G892A Bulid/NRD90M; wv) AppleWebKit/537.36 (KHTML, like Gecko) Version/4.0 Chrome/60.0.3112.107 Moblie Safari/537.36"
163.5.160.134 - - [06/May/2025:15:16:26 +0200] "GET /wp-info.php HTTP/1.1" 404 16 "-" "Mozlila/5.0 (Linux; Android 7.0; SM-G892A Bulid/NRD90M; wv) AppleWebKit/537.36 (KHTML, like Gecko) Version/4.0 Chrome/60.0.3112.107 Moblie Safari/537.36"
163.5.160.134 - - [06/May/2025:15:16:27 +0200] "GET /xl.php HTTP/1.1" 404 16 "-" "Mozlila/5.0 (Linux; Android 7.0; SM-G892A Bulid/NRD90M; wv) AppleWebKit/537.36 (KHTML, like Gecko) Version/4.0 Chrome/60.0.3112.107 Moblie Safari/537.36"
194.233.80.159 - - [06/May/2025:15:16:28 +0200] "GET /assets/scss/custom/pages/ HTTP/1.1" 404 3913 "-" "Mozilla/5.0 (X11; U; Linux x86_64; en-US; rv:1.9.0.8) Gecko/2009033100 Ubuntu/9.04 (jaunty) Firefox/3.0.8"
163.5.160.134 - - [06/May/2025:15:16:28 +0200] "GET /wp-confiig.php HTTP/1.1" 404 16 "-" "Mozlila/5.0 (Linux; Android 7.0; SM-G892A Bulid/NRD90M; wv) AppleWebKit/537.36 (KHTML, like Gecko) Version/4.0 Chrome/60.0.3112.107 Moblie Safari/537.36"
163.5.160.134 - - [06/May/2025:15:16:29 +0200] "GET /file-manager.php HTTP/1.1" 404 16 "-" "Mozlila/5.0 (Linux; Android 7.0; SM-G892A Bulid/NRD90M; wv) AppleWebKit/537.36 (KHTML, like Gecko) Version/4.0 Chrome/60.0.3112.107 Moblie Safari/537.36"
163.5.160.134 - - [06/May/2025:15:16:30 +0200] "GET /uploader.php HTTP/1.1" 404 16 "-" "Mozlila/5.0 (Linux; Android 7.0; SM-G892A Bulid/NRD90M; wv) AppleWebKit/537.36 (KHTML, like Gecko) Version/4.0 Chrome/60.0.3112.107 Moblie Safari/537.36"
163.5.160.134 - - [06/May/2025:15:16:30 +0200] "GET /leafmailer.php HTTP/1.1" 404 16 "-" "Mozlila/5.0 (Linux; Android 7.0; SM-G892A Bulid/NRD90M; wv) AppleWebKit/537.36 (KHTML, like Gecko) Version/4.0 Chrome/60.0.3112.107 Moblie Safari/537.36"
163.5.160.134 - - [06/May/2025:15:16:31 +0200] "GET /ALFA_DATA/alfacgiapi/perl.alfa.php HTTP/1.1" 404 3913 "-" "Mozlila/5.0 (Linux; Android 7.0; SM-G892A Bulid/NRD90M; wv) AppleWebKit/537.36 (KHTML, like Gecko) Version/4.0 Chrome/60.0.3112.107 Moblie Safari/537.36"
194.233.80.159 - - [06/May/2025:15:16:32 +0200] "GET /assets/scss/custom/plugins/ HTTP/1.1" 404 3913 "-" "Mozilla/5.0 (X11; U; Linux x86_64; en-US; rv:1.9.0.8) Gecko/2009033100 Ubuntu/9.04 (jaunty) Firefox/3.0.8"
163.5.160.134 - - [06/May/2025:15:16:32 +0200] "GET /.well-known/ALFA_DATA/alfacgiapi/perl.alfa.php HTTP/1.1" 404 3913 "-" "Mozlila/5.0 (Linux; Android 7.0; SM-G892A Bulid/NRD90M; wv) AppleWebKit/537.36 (KHTML, like Gecko) Version/4.0 Chrome/60.0.3112.107 Moblie Safari/537.36"
