54.36.148.207 - - [06/May/2025:14:47:50 +0200] "GET /index.php/Alqalam/citationstylelanguage/get/apa?submissionId=364&publicationId=364 HTTP/1.1" 200 307 "-" "Mozilla/5.0 (compatible; AhrefsBot/7.0; +http://ahrefs.com/robot/)"
194.233.80.159 - - [06/May/2025:14:47:51 +0200] "GET /assets/js/tinymce-651/plugins/searchreplace/ HTTP/1.1" 404 3913 "-" "Mozilla/5.0 (X11; U; Linux x86_64; en-US; rv:1.9.0.8) Gecko/2009033100 Ubuntu/9.04 (jaunty) Firefox/3.0.8"
44.215.61.66 - - [06/May/2025:14:47:54 +0200] "GET /index.php/Alqalam/article/view/786?articlesBySimilarityPage=24 HTTP/1.1" 200 9221 "-" "Mozilla/5.0 AppleWebKit/537.36 (KHTML, like Gecko; compatible; Amazonbot/0.1; +https://developer.amazon.com/support/amazonbot) Chrome/119.0.6045.214 Safari/537.36"
194.233.80.159 - - [06/May/2025:14:47:56 +0200] "GET /assets/js/tinymce-651/plugins/sotk/ HTTP/1.1" 404 3913 "-" "Mozilla/5.0 (X11; U; Linux x86_64; en-US; rv:1.9.0.8) Gecko/2009033100 Ubuntu/9.04 (jaunty) Firefox/3.0.8"
216.244.66.243 - - [06/May/2025:14:47:59 +0200] "GET /index.php/Alqalam/article/view/158?articlesBySimilarityPage=16 HTTP/1.1" 200 35093 "-" "Mozilla/5.0 (compatible; DotBot/1.2; +https://opensiteexplorer.org/dotbot; help@moz.com)"
194.233.80.159 - - [06/May/2025:14:48:05 +0200] "GET /assets/js/tinymce-651/plugins/spellchecker/ HTTP/1.1" 404 3913 "-" "Mozilla/5.0 (X11; U; Linux x86_64; en-US; rv:1.9.0.8) Gecko/2009033100 Ubuntu/9.04 (jaunty) Firefox/3.0.8"
216.244.66.243 - - [06/May/2025:14:48:06 +0200] "GET /index.php/Alqalam/article/view/315?articlesBySimilarityPage=16 HTTP/1.1" 200 41612 "-" "Mozilla/5.0 (compatible; DotBot/1.2; +https://opensiteexplorer.org/dotbot; help@moz.com)"
194.233.80.159 - - [06/May/2025:14:48:11 +0200] "GET /assets/js/tinymce-651/plugins/tabfocus/ HTTP/1.1" 404 3913 "-" "Mozilla/5.0 (X11; U; Linux x86_64; en-US; rv:1.9.0.8) Gecko/2009033100 Ubuntu/9.04 (jaunty) Firefox/3.0.8"
194.233.80.159 - - [06/May/2025:14:48:15 +0200] "GET /assets/js/tinymce-651/plugins/table/ HTTP/1.1" 404 3913 "-" "Mozilla/5.0 (X11; U; Linux x86_64; en-US; rv:1.9.0.8) Gecko/2009033100 Ubuntu/9.04 (jaunty) Firefox/3.0.8"
68.221.67.167 - - [06/May/2025:14:48:18 +0200] "GET /index.php/Alqalam/article/view/585/464 HTTP/1.1" 302 - "-" "Mozilla/5.0 AppleWebKit/537.36 (KHTML, like Gecko); compatible; ChatGPT-User/1.0; +https://openai.com/bot"
68.221.67.167 - - [06/May/2025:14:48:18 +0200] "GET /index.php/Alqalam/article/download/585/464 HTTP/1.1" 200 487775 "-" "Mozilla/5.0 AppleWebKit/537.36 (KHTML, like Gecko); compatible; ChatGPT-User/1.0; +https://openai.com/bot"
54.36.149.97 - - [06/May/2025:14:48:20 +0200] "GET /index.php/Alqalam/citationstylelanguage/get/chicago-author-date?submissionId=364&publicationId=364 HTTP/1.1" 200 298 "-" "Mozilla/5.0 (compatible; AhrefsBot/7.0; +http://ahrefs.com/robot/)"
194.233.80.159 - - [06/May/2025:14:48:22 +0200] "GET /assets/js/tinymce-651/plugins/template/ HTTP/1.1" 404 3913 "-" "Mozilla/5.0 (X11; U; Linux x86_64; en-US; rv:1.9.0.8) Gecko/2009033100 Ubuntu/9.04 (jaunty) Firefox/3.0.8"
194.233.80.159 - - [06/May/2025:14:48:29 +0200] "GET /assets/js/tinymce-651/plugins/textcolor/ HTTP/1.1" 404 3913 "-" "Mozilla/5.0 (X11; U; Linux x86_64; en-US; rv:1.9.0.8) Gecko/2009033100 Ubuntu/9.04 (jaunty) Firefox/3.0.8"
194.233.80.159 - - [06/May/2025:14:48:35 +0200] "GET /assets/js/tinymce-651/plugins/textpattern/ HTTP/1.1" 404 3913 "-" "Mozilla/5.0 (X11; U; Linux x86_64; en-US; rv:1.9.0.8) Gecko/2009033100 Ubuntu/9.04 (jaunty) Firefox/3.0.8"
194.233.80.159 - - [06/May/2025:14:48:41 +0200] "GET /assets/js/tinymce-651/plugins/toc/ HTTP/1.1" 404 3913 "-" "Mozilla/5.0 (X11; U; Linux x86_64; en-US; rv:1.9.0.8) Gecko/2009033100 Ubuntu/9.04 (jaunty) Firefox/3.0.8"
54.36.148.116 - - [06/May/2025:14:48:45 +0200] "GET /index.php/Alqalam/citationstylelanguage/get/ieee?submissionId=364&publicationId=364 HTTP/1.1" 200 273 "-" "Mozilla/5.0 (compatible; AhrefsBot/7.0; +http://ahrefs.com/robot/)"
194.233.80.159 - - [06/May/2025:14:48:47 +0200] "GET /assets/js/tinymce-651/plugins/visualblocks/ HTTP/1.1" 404 3913 "-" "Mozilla/5.0 (X11; U; Linux x86_64; en-US; rv:1.9.0.8) Gecko/2009033100 Ubuntu/9.04 (jaunty) Firefox/3.0.8"
194.233.80.159 - - [06/May/2025:14:48:55 +0200] "GET /assets/js/tinymce-651/plugins/visualchars/ HTTP/1.1" 404 3913 "-" "Mozilla/5.0 (X11; U; Linux x86_64; en-US; rv:1.9.0.8) Gecko/2009033100 Ubuntu/9.04 (jaunty) Firefox/3.0.8"
194.233.80.159 - - [06/May/2025:14:49:01 +0200] "GET /assets/js/tinymce-651/plugins/wordcount/ HTTP/1.1" 404 3913 "-" "Mozilla/5.0 (X11; U; Linux x86_64; en-US; rv:1.9.0.8) Gecko/2009033100 Ubuntu/9.04 (jaunty) Firefox/3.0.8"
194.233.80.159 - - [06/May/2025:14:49:06 +0200] "GET /assets/js/tinymce-651/skins/content/dark/ HTTP/1.1" 404 3913 "-" "Mozilla/5.0 (X11; U; Linux x86_64; en-US; rv:1.9.0.8) Gecko/2009033100 Ubuntu/9.04 (jaunty) Firefox/3.0.8"
18.97.9.97 - - [06/May/2025:14:49:08 +0200] "GET /robots.txt HTTP/1.1" 200 32 "-" "Mozilla/5.0 AppleWebKit/537.36 (KHTML, like Gecko; compatible; PerplexityBot/1.0; +https://perplexity.ai/perplexitybot)"
194.233.80.159 - - [06/May/2025:14:49:11 +0200] "GET /assets/js/tinymce-651/skins/content/default/ HTTP/1.1" 404 3913 "-" "Mozilla/5.0 (X11; U; Linux x86_64; en-US; rv:1.9.0.8) Gecko/2009033100 Ubuntu/9.04 (jaunty) Firefox/3.0.8"
54.36.148.97 - - [06/May/2025:14:49:12 +0200] "GET /index.php/Alqalam/citationstylelanguage/get/modern-language-association?submissionId=364&publicationId=364 HTTP/1.1" 200 270 "-" "Mozilla/5.0 (compatible; AhrefsBot/7.0; +http://ahrefs.com/robot/)"
18.116.43.130 - - [06/May/2025:14:49:14 +0200] "GET /index.php/Alqalam/article/view/740?articlesBySimilarityPage=16 HTTP/1.1" 200 8853 "-" "Mozilla/5.0 AppleWebKit/537.36 (KHTML, like Gecko; compatible; ClaudeBot/1.0; +claudebot@anthropic.com)"
194.233.80.159 - - [06/May/2025:14:49:17 +0200] "GET /assets/js/tinymce-651/skins/content/document/ HTTP/1.1" 404 3913 "-" "Mozilla/5.0 (X11; U; Linux x86_64; en-US; rv:1.9.0.8) Gecko/2009033100 Ubuntu/9.04 (jaunty) Firefox/3.0.8"
66.249.64.132 - - [06/May/2025:14:49:24 +0200] "GET /index.php/Alqalam/citationstylelanguage/get/acm-sig-proceedings?submissionId=505&publicationId=505 HTTP/1.1" 200 302 "-" "Mozilla/5.0 (Linux; Android 6.0.1; Nexus 5X Build/MMB29P) AppleWebKit/537.36 (KHTML, like Gecko) Chrome/136.0.7103.59 Mobile Safari/537.36 (compatible; Googlebot/2.1; +http://www.google.com/bot.html)"
194.233.80.159 - - [06/May/2025:14:49:24 +0200] "GET /assets/js/tinymce-651/skins/content/tinymce-5-dark/ HTTP/1.1" 404 3913 "-" "Mozilla/5.0 (X11; U; Linux x86_64; en-US; rv:1.9.0.8) Gecko/2009033100 Ubuntu/9.04 (jaunty) Firefox/3.0.8"
194.233.80.159 - - [06/May/2025:14:49:27 +0200] "GET /assets/js/tinymce-651/skins/content/tinymce-5/ HTTP/1.1" 404 3913 "-" "Mozilla/5.0 (X11; U; Linux x86_64; en-US; rv:1.9.0.8) Gecko/2009033100 Ubuntu/9.04 (jaunty) Firefox/3.0.8"
88.99.80.227 - - [06/May/2025:14:49:28 +0200] "HEAD / HTTP/1.1" 302 - "https://journal.utripoli.edu.ly/" "Mozilla/5.0+(compatible; UptimeRobot/2.0; http://www.uptimerobot.com/)"
88.99.80.227 - - [06/May/2025:14:49:28 +0200] "HEAD /index.php/Alqalam HTTP/1.1" 200 - "https://journal.utripoli.edu.ly/" "Mozilla/5.0+(compatible; UptimeRobot/2.0; http://www.uptimerobot.com/)"
194.233.80.159 - - [06/May/2025:14:49:31 +0200] "GET /assets/js/tinymce-651/skins/content/writer/ HTTP/1.1" 404 3913 "-" "Mozilla/5.0 (X11; U; Linux x86_64; en-US; rv:1.9.0.8) Gecko/2009033100 Ubuntu/9.04 (jaunty) Firefox/3.0.8"
85.208.96.206 - - [06/May/2025:14:49:32 +0200] "GET /index.php/Alqalam/article/view/133?articlesBySimilarityPage=8 HTTP/1.1" 200 7503 "-" "Mozilla/5.0 (compatible; SemrushBot/7~bl; +http://www.semrush.com/bot.html)"
2a03:2880:27ff:1:: - - [06/May/2025:14:49:36 +0200] "GET /index.php/Alqalam/article/view/85?articlesBySimilarityPage=11 HTTP/1.1" 200 35755 "-" "meta-externalagent/1.1 (+https://developers.facebook.com/docs/sharing/webmasters/crawler)"
194.233.80.159 - - [06/May/2025:14:49:36 +0200] "GET /assets/js/tinymce-651/skins/ui/oxide-dark/ HTTP/1.1" 404 3913 "-" "Mozilla/5.0 (X11; U; Linux x86_64; en-US; rv:1.9.0.8) Gecko/2009033100 Ubuntu/9.04 (jaunty) Firefox/3.0.8"
2a03:2880:27ff:: - - [06/May/2025:14:49:37 +0200] "GET /public/journals/1/styleSheet.css?d=2024-01-03+17%3A34%3A30 HTTP/1.1" 404 3913 "-" "meta-externalagent/1.1 (+https://developers.facebook.com/docs/sharing/webmasters/crawler)"
2a03:2880:27ff:9:: - - [06/May/2025:14:49:37 +0200] "GET /public/journals/1/cover_issue_4_en_US.png HTTP/1.1" 200 162671 "-" "meta-externalagent/1.1 (+https://developers.facebook.com/docs/sharing/webmasters/crawler)"
194.233.80.159 - - [06/May/2025:14:49:42 +0200] "GET /assets/js/tinymce-651/skins/ui/oxide/ HTTP/1.1" 404 3913 "-" "Mozilla/5.0 (X11; U; Linux x86_64; en-US; rv:1.9.0.8) Gecko/2009033100 Ubuntu/9.04 (jaunty) Firefox/3.0.8"
194.233.80.159 - - [06/May/2025:14:49:48 +0200] "GET /assets/js/tinymce-651/skins/ui/tinymce-5-dark/ HTTP/1.1" 404 3913 "-" "Mozilla/5.0 (X11; U; Linux x86_64; en-US; rv:1.9.0.8) Gecko/2009033100 Ubuntu/9.04 (jaunty) Firefox/3.0.8"
194.233.80.159 - - [06/May/2025:14:49:54 +0200] "GET /assets/js/tinymce-651/skins/ui/tinymce-5/ HTTP/1.1" 404 3913 "-" "Mozilla/5.0 (X11; U; Linux x86_64; en-US; rv:1.9.0.8) Gecko/2009033100 Ubuntu/9.04 (jaunty) Firefox/3.0.8"
54.36.148.160 - - [06/May/2025:14:49:57 +0200] "GET /index.php/Alqalam/citationstylelanguage/get/turabian-fullnote-bibliography?submissionId=364&publicationId=364 HTTP/1.1" 200 323 "-" "Mozilla/5.0 (compatible; AhrefsBot/7.0; +http://ahrefs.com/robot/)"
194.233.80.159 - - [06/May/2025:14:49:58 +0200] "GET /assets/js/tinymce-651/themes/silver/ HTTP/1.1" 404 3913 "-" "Mozilla/5.0 (X11; U; Linux x86_64; en-US; rv:1.9.0.8) Gecko/2009033100 Ubuntu/9.04 (jaunty) Firefox/3.0.8"
194.233.80.159 - - [06/May/2025:14:50:07 +0200] "GET /assets/js/yall/ HTTP/1.1" 404 3913 "-" "Mozilla/5.0 (X11; U; Linux x86_64; en-US; rv:1.9.0.8) Gecko/2009033100 Ubuntu/9.04 (jaunty) Firefox/3.0.8"
52.190.190.26 - - [06/May/2025:14:50:13 +0200] "GET /index.php/Alqalam/article/view/391/314 HTTP/1.1" 302 - "-" "Mozilla/5.0 AppleWebKit/537.36 (KHTML, like Gecko); compatible; ChatGPT-User/1.0; +https://openai.com/bot"
52.190.190.17 - - [06/May/2025:14:50:14 +0200] "GET / HTTP/1.1" 302 - "-" "Mozilla/5.0 AppleWebKit/537.36 (KHTML, like Gecko); compatible; ChatGPT-User/1.0; +https://openai.com/bot"
52.190.190.26 - - [06/May/2025:14:50:13 +0200] "GET /index.php/Alqalam/article/download/391/314 HTTP/1.1" 200 491819 "-" "Mozilla/5.0 AppleWebKit/537.36 (KHTML, like Gecko); compatible; ChatGPT-User/1.0; +https://openai.com/bot"
52.190.190.17 - - [06/May/2025:14:50:14 +0200] "GET /index.php/Alqalam HTTP/1.1" 200 8849 "-" "Mozilla/5.0 AppleWebKit/537.36 (KHTML, like Gecko); compatible; ChatGPT-User/1.0; +https://openai.com/bot"
66.249.64.130 - - [06/May/2025:14:50:27 +0200] "GET /index.php/Alqalam/article/view/816 HTTP/1.1" 200 9081 "-" "Mozilla/5.0 (Linux; Android 6.0.1; Nexus 5X Build/MMB29P) AppleWebKit/537.36 (KHTML, like Gecko) Chrome/136.0.7103.59 Mobile Safari/537.36 (compatible; Googlebot/2.1; +http://www.google.com/bot.html)"
54.36.148.5 - - [06/May/2025:14:50:35 +0200] "GET /index.php/Alqalam/citationstylelanguage/get/vancouver?submissionId=364&publicationId=364 HTTP/1.1" 200 324 "-" "Mozilla/5.0 (compatible; AhrefsBot/7.0; +http://ahrefs.com/robot/)"
194.233.80.159 - - [06/May/2025:14:50:36 +0200] "GET /assets/kelola_file/ HTTP/1.1" 404 3913 "-" "Mozilla/5.0 (X11; U; Linux x86_64; en-US; rv:1.9.0.8) Gecko/2009033100 Ubuntu/9.04 (jaunty) Firefox/3.0.8"
3.143.255.90 - - [06/May/2025:14:50:37 +0200] "GET /index.php/Alqalam/article/view/147?articlesBySimilarityPage=53 HTTP/1.1" 200 7897 "-" "Mozilla/5.0 AppleWebKit/537.36 (KHTML, like Gecko; compatible; ClaudeBot/1.0; +claudebot@anthropic.com)"
41.40.4.255 - - [06/May/2025:14:50:59 +0200] "GET /index.php/Alqalam/article/view/130/133 HTTP/1.1" 302 - "https://www.google.com/" "Mozilla/5.0 (Windows NT 10.0; Win64; x64) AppleWebKit/537.36 (KHTML, like Gecko) Chrome/135.0.0.0 Safari/537.36"
54.36.148.75 - - [06/May/2025:14:51:00 +0200] "GET /index.php/Alqalam/citationstylelanguage/get/harvard-cite-them-right?submissionId=364&publicationId=364 HTTP/1.1" 200 292 "-" "Mozilla/5.0 (compatible; AhrefsBot/7.0; +http://ahrefs.com/robot/)"
41.40.4.255 - - [06/May/2025:14:51:00 +0200] "GET /index.php/Alqalam/article/download/130/133 HTTP/1.1" 200 392334 "https://www.google.com/" "Mozilla/5.0 (Windows NT 10.0; Win64; x64) AppleWebKit/537.36 (KHTML, like Gecko) Chrome/135.0.0.0 Safari/537.36"
85.208.96.205 - - [06/May/2025:14:51:07 +0200] "GET /index.php/Alqalam/article/view/32?articlesBySimilarityPage=6 HTTP/1.1" 200 7804 "-" "Mozilla/5.0 (compatible; SemrushBot/7~bl; +http://www.semrush.com/bot.html)"
194.233.80.159 - - [06/May/2025:14:51:10 +0200] "GET /assets/kelola_file/config/ HTTP/1.1" 404 3913 "-" "Mozilla/5.0 (X11; U; Linux x86_64; en-US; rv:1.9.0.8) Gecko/2009033100 Ubuntu/9.04 (jaunty) Firefox/3.0.8"
66.249.70.108 - - [06/May/2025:14:51:11 +0200] "GET / HTTP/1.1" 302 - "-" "Mozilla/5.0 (compatible; Googlebot/2.1; +http://www.google.com/bot.html)"
66.249.70.106 - - [06/May/2025:14:51:12 +0200] "GET /index.php/Alqalam HTTP/1.1" 200 8874 "-" "Mozilla/5.0 (compatible; Googlebot/2.1; +http://www.google.com/bot.html)"
66.249.70.107 - - [06/May/2025:14:51:15 +0200] "GET /public/journals/1/styleSheet.css?d=2024-01-03+17%3A34%3A30 HTTP/1.1" 404 3913 "https://www.journal.utripoli.edu.ly/index.php/Alqalam" "Mozilla/5.0 AppleWebKit/537.36 (KHTML, like Gecko; compatible; Googlebot/2.1; +http://www.google.com/bot.html) Chrome/135.0.7049.114 Safari/537.36"
66.249.70.107 - - [06/May/2025:14:51:15 +0200] "GET /lib/pkp/lib/vendor/components/jquery/jquery.min.js?v=3.3.0.14 HTTP/1.1" 200 89476 "https://www.journal.utripoli.edu.ly/index.php/Alqalam" "Mozilla/5.0 AppleWebKit/537.36 (KHTML, like Gecko; compatible; Googlebot/2.1; +http://www.google.com/bot.html) Chrome/135.0.7049.114 Safari/537.36"
66.249.70.106 - - [06/May/2025:14:51:17 +0200] "GET /plugins/themes/default/js/lib/bootstrap/util.js?v=3.3.0.14 HTTP/1.1" 200 4193 "https://www.journal.utripoli.edu.ly/index.php/Alqalam" "Mozilla/5.0 AppleWebKit/537.36 (KHTML, like Gecko; compatible; Googlebot/2.1; +http://www.google.com/bot.html) Chrome/135.0.7049.114 Safari/537.36"
194.233.80.159 - - [06/May/2025:14:51:19 +0200] "GET /assets/kelola_file/css/ HTTP/1.1" 404 3913 "-" "Mozilla/5.0 (X11; U; Linux x86_64; en-US; rv:1.9.0.8) Gecko/2009033100 Ubuntu/9.04 (jaunty) Firefox/3.0.8"
66.249.70.107 - - [06/May/2025:14:51:19 +0200] "GET /lib/pkp/lib/vendor/components/jqueryui/jquery-ui.min.js?v=3.3.0.14 HTTP/1.1" 200 253669 "https://www.journal.utripoli.edu.ly/index.php/Alqalam" "Mozilla/5.0 AppleWebKit/537.36 (KHTML, like Gecko; compatible; Googlebot/2.1; +http://www.google.com/bot.html) Chrome/135.0.7049.114 Safari/537.36"
43.159.135.203 - - [06/May/2025:14:51:21 +0200] "GET /index.php/Alqalam/citationstylelanguage/download/bibtex?submissionId=749&publicationId=749 HTTP/1.1" 200 5995 "-" "Mozilla/5.0 (iPhone; CPU iPhone OS 13_2_3 like Mac OS X) AppleWebKit/605.1.15 (KHTML, like Gecko) Version/13.0.3 Mobile/15E148 Safari/604.1"
66.249.70.106 - - [06/May/2025:14:51:21 +0200] "GET /plugins/themes/default/js/main.js?v=3.3.0.14 HTTP/1.1" 200 3160 "https://www.journal.utripoli.edu.ly/index.php/Alqalam" "Mozilla/5.0 AppleWebKit/537.36 (KHTML, like Gecko; compatible; Googlebot/2.1; +http://www.google.com/bot.html) Chrome/135.0.7049.114 Safari/537.36"
66.249.70.106 - - [06/May/2025:14:51:23 +0200] "GET /plugins/themes/default/js/lib/popper/popper.js?v=3.3.0.14 HTTP/1.1" 200 81675 "https://www.journal.utripoli.edu.ly/index.php/Alqalam" "Mozilla/5.0 AppleWebKit/537.36 (KHTML, like Gecko; compatible; Googlebot/2.1; +http://www.google.com/bot.html) Chrome/135.0.7049.114 Safari/537.36"
66.249.70.106 - - [06/May/2025:14:51:25 +0200] "GET /plugins/themes/default/js/lib/bootstrap/dropdown.js?v=3.3.0.14 HTTP/1.1" 200 13932 "https://www.journal.utripoli.edu.ly/index.php/Alqalam" "Mozilla/5.0 AppleWebKit/537.36 (KHTML, like Gecko; compatible; Googlebot/2.1; +http://www.google.com/bot.html) Chrome/135.0.7049.114 Safari/537.36"
194.233.80.159 - - [06/May/2025:14:51:27 +0200] "GET /assets/kelola_file/img/ HTTP/1.1" 404 3913 "-" "Mozilla/5.0 (X11; U; Linux x86_64; en-US; rv:1.9.0.8) Gecko/2009033100 Ubuntu/9.04 (jaunty) Firefox/3.0.8"
66.249.64.132 - - [06/May/2025:14:51:27 +0200] "GET /plugins/themes/default/fonts/noto-serif-v9-vietnamese_latin-ext_latin_greek-ext_greek_cyrillic-ext_cyrillic-700.woff HTTP/1.1" 200 210000 "https://www.journal.utripoli.edu.ly/" "Mozilla/5.0 AppleWebKit/537.36 (KHTML, like Gecko; compatible; Googlebot/2.1; +http://www.google.com/bot.html) Chrome/135.0.7049.114 Safari/537.36"
66.249.64.131 - - [06/May/2025:14:51:29 +0200] "GET /plugins/themes/default/fonts/noto-serif-v9-vietnamese_latin-ext_latin_greek-ext_greek_cyrillic-ext_cyrillic-regular.woff HTTP/1.1" 200 194208 "https://www.journal.utripoli.edu.ly/" "Mozilla/5.0 AppleWebKit/537.36 (KHTML, like Gecko; compatible; Googlebot/2.1; +http://www.google.com/bot.html) Chrome/135.0.7049.114 Safari/537.36"
52.156.77.157 - - [06/May/2025:14:51:30 +0200] "GET /index.php/Alqalam/article/view/706/588 HTTP/1.1" 302 - "-" "Mozilla/5.0 AppleWebKit/537.36 (KHTML, like Gecko); compatible; ChatGPT-User/1.0; +https://openai.com/bot"
52.156.77.157 - - [06/May/2025:14:51:30 +0200] "GET / HTTP/1.1" 302 - "-" "Mozilla/5.0 AppleWebKit/537.36 (KHTML, like Gecko); compatible; ChatGPT-User/1.0; +https://openai.com/bot"
52.156.77.157 - - [06/May/2025:14:51:30 +0200] "GET /index.php/Alqalam HTTP/1.1" 200 8849 "-" "Mozilla/5.0 AppleWebKit/537.36 (KHTML, like Gecko); compatible; ChatGPT-User/1.0; +https://openai.com/bot"
52.156.77.159 - - [06/May/2025:14:51:30 +0200] "GET /index.php/Alqalam/article/download/706/588 HTTP/1.1" 200 313417 "-" "Mozilla/5.0 AppleWebKit/537.36 (KHTML, like Gecko); compatible; ChatGPT-User/1.0; +https://openai.com/bot"
66.249.64.130 - - [06/May/2025:14:51:31 +0200] "GET /plugins/themes/default/fonts/noto-serif-v9-vietnamese_latin-ext_latin_greek-ext_greek_cyrillic-ext_cyrillic-700.ttf HTTP/1.1" 200 348024 "https://www.journal.utripoli.edu.ly/" "Mozilla/5.0 AppleWebKit/537.36 (KHTML, like Gecko; compatible; Googlebot/2.1; +http://www.google.com/bot.html) Chrome/135.0.7049.114 Safari/537.36"
194.233.80.159 - - [06/May/2025:14:51:32 +0200] "GET /assets/kelola_file/img/ico/ HTTP/1.1" 404 3913 "-" "Mozilla/5.0 (X11; U; Linux x86_64; en-US; rv:1.9.0.8) Gecko/2009033100 Ubuntu/9.04 (jaunty) Firefox/3.0.8"
54.36.149.58 - - [06/May/2025:14:51:34 +0200] "GET /index.php/Alqalam/citationstylelanguage/get/associacao-brasileira-de-normas-tecnicas?submissionId=364&publicationId=364 HTTP/1.1" 200 341 "-" "Mozilla/5.0 (compatible; AhrefsBot/7.0; +http://ahrefs.com/robot/)"
85.208.96.198 - - [06/May/2025:14:51:34 +0200] "GET /index.php/Alqalam/article/view/175 HTTP/1.1" 200 8208 "-" "Mozilla/5.0 (compatible; SemrushBot/7~bl; +http://www.semrush.com/bot.html)"
194.233.80.159 - - [06/May/2025:14:51:36 +0200] "GET /assets/kelola_file/img/ico_dark/ HTTP/1.1" 404 3913 "-" "Mozilla/5.0 (X11; U; Linux x86_64; en-US; rv:1.9.0.8) Gecko/2009033100 Ubuntu/9.04 (jaunty) Firefox/3.0.8"
194.233.80.159 - - [06/May/2025:14:51:41 +0200] "GET /assets/kelola_file/include/ HTTP/1.1" 404 3913 "-" "Mozilla/5.0 (X11; U; Linux x86_64; en-US; rv:1.9.0.8) Gecko/2009033100 Ubuntu/9.04 (jaunty) Firefox/3.0.8"
194.233.80.159 - - [06/May/2025:14:51:47 +0200] "GET /assets/kelola_file/js/ HTTP/1.1" 404 3913 "-" "Mozilla/5.0 (X11; U; Linux x86_64; en-US; rv:1.9.0.8) Gecko/2009033100 Ubuntu/9.04 (jaunty) Firefox/3.0.8"
66.249.64.130 - - [06/May/2025:14:51:48 +0200] "GET /index.php/Alqalam/article/view/444 HTTP/1.1" 200 8457 "-" "Mozilla/5.0 (Linux; Android 6.0.1; Nexus 5X Build/MMB29P) AppleWebKit/537.36 (KHTML, like Gecko) Chrome/136.0.7103.59 Mobile Safari/537.36 (compatible; Googlebot/2.1; +http://www.google.com/bot.html)"
194.233.80.159 - - [06/May/2025:14:51:54 +0200] "GET /assets/kelola_file/js/vendor/ HTTP/1.1" 404 3913 "-" "Mozilla/5.0 (X11; U; Linux x86_64; en-US; rv:1.9.0.8) Gecko/2009033100 Ubuntu/9.04 (jaunty) Firefox/3.0.8"
194.233.80.159 - - [06/May/2025:14:51:58 +0200] "GET /assets/kelola_file/lang/ HTTP/1.1" 404 3913 "-" "Mozilla/5.0 (X11; U; Linux x86_64; en-US; rv:1.9.0.8) Gecko/2009033100 Ubuntu/9.04 (jaunty) Firefox/3.0.8"
54.166.104.83 - - [06/May/2025:14:52:02 +0200] "GET /index.php/Alqalam/article/view/850?articlesBySimilarityPage=16 HTTP/1.1" 200 9797 "-" "Mozilla/5.0 AppleWebKit/537.36 (KHTML, like Gecko; compatible; Amazonbot/0.1; +https://developer.amazon.com/support/amazonbot) Chrome/119.0.6045.214 Safari/537.36"
52.156.77.157 - - [06/May/2025:14:52:03 +0200] "GET / HTTP/1.1" 302 - "-" "Mozilla/5.0 AppleWebKit/537.36 (KHTML, like Gecko); compatible; ChatGPT-User/1.0; +https://openai.com/bot"
52.156.77.148 - - [06/May/2025:14:52:03 +0200] "GET /index.php/Alqalam/article/view/706/588 HTTP/1.1" 302 - "-" "Mozilla/5.0 AppleWebKit/537.36 (KHTML, like Gecko); compatible; ChatGPT-User/1.0; +https://openai.com/bot"
194.233.80.159 - - [06/May/2025:14:52:04 +0200] "GET /assets/kelola_file/svg/ HTTP/1.1" 404 3913 "-" "Mozilla/5.0 (X11; U; Linux x86_64; en-US; rv:1.9.0.8) Gecko/2009033100 Ubuntu/9.04 (jaunty) Firefox/3.0.8"
54.36.148.157 - - [06/May/2025:14:52:09 +0200] "GET /index.php/Alqalam/citationstylelanguage/get/apa?submissionId=395&publicationId=395 HTTP/1.1" 200 338 "-" "Mozilla/5.0 (compatible; AhrefsBot/7.0; +http://ahrefs.com/robot/)"
194.233.80.159 - - [06/May/2025:14:52:13 +0200] "GET /assets/lib/print/css/ HTTP/1.1" 404 3913 "-" "Mozilla/5.0 (X11; U; Linux x86_64; en-US; rv:1.9.0.8) Gecko/2009033100 Ubuntu/9.04 (jaunty) Firefox/3.0.8"
66.249.64.131 - - [06/May/2025:14:52:16 +0200] "GET /index.php/Alqalam/article/view/702/584 HTTP/1.1" 302 - "-" "Mozilla/5.0 (Linux; Android 6.0.1; Nexus 5X Build/MMB29P) AppleWebKit/537.36 (KHTML, like Gecko) Chrome/136.0.7103.59 Mobile Safari/537.36 (compatible; Googlebot/2.1; +http://www.google.com/bot.html)"
66.249.64.132 - - [06/May/2025:14:52:16 +0200] "GET /index.php/Alqalam/article/download/702/584 HTTP/1.1" 200 402179 "-" "Mozilla/5.0 (Linux; Android 6.0.1; Nexus 5X Build/MMB29P) AppleWebKit/537.36 (KHTML, like Gecko) Chrome/136.0.7103.59 Mobile Safari/537.36 (compatible; Googlebot/2.1; +http://www.google.com/bot.html)"
194.233.80.159 - - [06/May/2025:14:52:17 +0200] "GET /assets/lib/print/images/ HTTP/1.1" 404 3913 "-" "Mozilla/5.0 (X11; U; Linux x86_64; en-US; rv:1.9.0.8) Gecko/2009033100 Ubuntu/9.04 (jaunty) Firefox/3.0.8"
185.191.171.4 - - [06/May/2025:14:52:21 +0200] "GET /index.php/Alqalam/article/view/226?articlesBySimilarityPage=46 HTTP/1.1" 200 7451 "-" "Mozilla/5.0 (compatible; SemrushBot/7~bl; +http://www.semrush.com/bot.html)"
194.233.80.159 - - [06/May/2025:14:52:25 +0200] "GET /assets/lib/print/js/ HTTP/1.1" 404 3913 "-" "Mozilla/5.0 (X11; U; Linux x86_64; en-US; rv:1.9.0.8) Gecko/2009033100 Ubuntu/9.04 (jaunty) Firefox/3.0.8"
194.233.80.159 - - [06/May/2025:14:52:30 +0200] "GET /assets/libs/bootstrap/dist/css/ HTTP/1.1" 404 3913 "-" "Mozilla/5.0 (X11; U; Linux x86_64; en-US; rv:1.9.0.8) Gecko/2009033100 Ubuntu/9.04 (jaunty) Firefox/3.0.8"
3.138.105.128 - - [06/May/2025:14:52:28 +0200] "GET /index.php/Alqalam/article/view/861?articlesBySimilarityPage=18 HTTP/1.1" 200 8115 "-" "Mozilla/5.0 AppleWebKit/537.36 (KHTML, like Gecko; compatible; ClaudeBot/1.0; +claudebot@anthropic.com)"
54.36.148.121 - - [06/May/2025:14:52:41 +0200] "GET /index.php/Alqalam/citationstylelanguage/get/chicago-author-date?submissionId=395&publicationId=395 HTTP/1.1" 200 328 "-" "Mozilla/5.0 (compatible; AhrefsBot/7.0; +http://ahrefs.com/robot/)"
185.191.171.9 - - [06/May/2025:14:52:42 +0200] "GET /index.php/Alqalam/search/search?query=hepatitis%20hemodialysis%20zintan%20yefren%20libya HTTP/1.1" 200 4355 "-" "Mozilla/5.0 (compatible; SemrushBot/7~bl; +http://www.semrush.com/bot.html)"
194.233.80.159 - - [06/May/2025:14:52:42 +0200] "GET /assets/libs/bootstrap/dist/js/ HTTP/1.1" 404 3913 "-" "Mozilla/5.0 (X11; U; Linux x86_64; en-US; rv:1.9.0.8) Gecko/2009033100 Ubuntu/9.04 (jaunty) Firefox/3.0.8"
194.233.80.159 - - [06/May/2025:14:52:46 +0200] "GET /assets/libs/chart.js/dist/ HTTP/1.1" 404 3913 "-" "Mozilla/5.0 (X11; U; Linux x86_64; en-US; rv:1.9.0.8) Gecko/2009033100 Ubuntu/9.04 (jaunty) Firefox/3.0.8"
194.233.80.159 - - [06/May/2025:14:52:52 +0200] "GET /assets/libs/chartist-plugin-tooltips/dist/ HTTP/1.1" 404 3913 "-" "Mozilla/5.0 (X11; U; Linux x86_64; en-US; rv:1.9.0.8) Gecko/2009033100 Ubuntu/9.04 (jaunty) Firefox/3.0.8"
194.233.80.159 - - [06/May/2025:14:52:58 +0200] "GET /assets/libs/chartist/dist/ HTTP/1.1" 404 3913 "-" "Mozilla/5.0 (X11; U; Linux x86_64; en-US; rv:1.9.0.8) Gecko/2009033100 Ubuntu/9.04 (jaunty) Firefox/3.0.8"
185.191.171.10 - - [06/May/2025:14:53:05 +0200] "GET /index.php/Alqalam/article/view/9?articlesBySimilarityPage=21 HTTP/1.1" 200 7244 "-" "Mozilla/5.0 (compatible; SemrushBot/7~bl; +http://www.semrush.com/bot.html)"
194.233.80.159 - - [06/May/2025:14:53:08 +0200] "GET /assets/libs/datatables.net-bs4/css/ HTTP/1.1" 404 3913 "-" "Mozilla/5.0 (X11; U; Linux x86_64; en-US; rv:1.9.0.8) Gecko/2009033100 Ubuntu/9.04 (jaunty) Firefox/3.0.8"
54.36.149.57 - - [06/May/2025:14:53:15 +0200] "GET /index.php/Alqalam/citationstylelanguage/get/harvard-cite-them-right?submissionId=395&publicationId=395 HTTP/1.1" 200 314 "-" "Mozilla/5.0 (compatible; AhrefsBot/7.0; +http://ahrefs.com/robot/)"
194.233.80.159 - - [06/May/2025:14:53:18 +0200] "GET /assets/libs/datatables.net-bs4/js/ HTTP/1.1" 404 3913 "-" "Mozilla/5.0 (X11; U; Linux x86_64; en-US; rv:1.9.0.8) Gecko/2009033100 Ubuntu/9.04 (jaunty) Firefox/3.0.8"
194.233.80.159 - - [06/May/2025:14:53:25 +0200] "GET /assets/libs/fullcalendar/dist/ HTTP/1.1" 404 3913 "-" "Mozilla/5.0 (X11; U; Linux x86_64; en-US; rv:1.9.0.8) Gecko/2009033100 Ubuntu/9.04 (jaunty) Firefox/3.0.8"
194.233.80.159 - - [06/May/2025:14:53:30 +0200] "GET /assets/libs/fullcalendar/dist/locale/ HTTP/1.1" 404 3913 "-" "Mozilla/5.0 (X11; U; Linux x86_64; en-US; rv:1.9.0.8) Gecko/2009033100 Ubuntu/9.04 (jaunty) Firefox/3.0.8"
194.233.80.159 - - [06/May/2025:14:53:34 +0200] "GET /assets/libs/jquery/dist/ HTTP/1.1" 404 3913 "-" "Mozilla/5.0 (X11; U; Linux x86_64; en-US; rv:1.9.0.8) Gecko/2009033100 Ubuntu/9.04 (jaunty) Firefox/3.0.8"
52.167.144.138 - - [06/May/2025:14:53:38 +0200] "GET /index.php/Alqalam/article/view/137 HTTP/1.1" 200 7329 "-" "Mozilla/5.0 AppleWebKit/537.36 (KHTML, like Gecko; compatible; bingbot/2.0; +http://www.bing.com/bingbot.htm) Chrome/116.0.1938.76 Safari/537.36"
194.233.80.159 - - [06/May/2025:14:53:38 +0200] "GET /assets/libs/moment/ HTTP/1.1" 404 3913 "-" "Mozilla/5.0 (X11; U; Linux x86_64; en-US; rv:1.9.0.8) Gecko/2009033100 Ubuntu/9.04 (jaunty) Firefox/3.0.8"
194.233.80.159 - - [06/May/2025:14:53:43 +0200] "GET /assets/libs/moment/locale/ HTTP/1.1" 404 3913 "-" "Mozilla/5.0 (X11; U; Linux x86_64; en-US; rv:1.9.0.8) Gecko/2009033100 Ubuntu/9.04 (jaunty) Firefox/3.0.8"
194.233.80.159 - - [06/May/2025:14:53:49 +0200] "GET /assets/libs/moment/min/ HTTP/1.1" 404 3913 "-" "Mozilla/5.0 (X11; U; Linux x86_64; en-US; rv:1.9.0.8) Gecko/2009033100 Ubuntu/9.04 (jaunty) Firefox/3.0.8"
54.36.148.246 - - [06/May/2025:14:53:50 +0200] "GET /index.php/Alqalam/citationstylelanguage/get/modern-language-association?submissionId=395&publicationId=395 HTTP/1.1" 200 290 "-" "Mozilla/5.0 (compatible; AhrefsBot/7.0; +http://ahrefs.com/robot/)"
52.15.226.19 - - [06/May/2025:14:53:50 +0200] "GET /index.php/Alqalam/article/view/328?articlesBySimilarityPage=19 HTTP/1.1" 200 7844 "-" "Mozilla/5.0 AppleWebKit/537.36 (KHTML, like Gecko; compatible; ClaudeBot/1.0; +claudebot@anthropic.com)"
194.233.80.159 - - [06/May/2025:14:53:54 +0200] "GET /assets/libs/morris.js/ HTTP/1.1" 404 3913 "-" "Mozilla/5.0 (X11; U; Linux x86_64; en-US; rv:1.9.0.8) Gecko/2009033100 Ubuntu/9.04 (jaunty) Firefox/3.0.8"
194.233.80.159 - - [06/May/2025:14:54:01 +0200] "GET /assets/libs/perfect-scrollbar/dist/ HTTP/1.1" 404 3913 "-" "Mozilla/5.0 (X11; U; Linux x86_64; en-US; rv:1.9.0.8) Gecko/2009033100 Ubuntu/9.04 (jaunty) Firefox/3.0.8"
194.233.80.159 - - [06/May/2025:14:54:09 +0200] "GET /assets/libs/perfect-scrollbar/dist/css/ HTTP/1.1" 404 3913 "-" "Mozilla/5.0 (X11; U; Linux x86_64; en-US; rv:1.9.0.8) Gecko/2009033100 Ubuntu/9.04 (jaunty) Firefox/3.0.8"
194.233.80.159 - - [06/May/2025:14:54:13 +0200] "GET /assets/libs/perfect-scrollbar/dist/js/ HTTP/1.1" 404 3913 "-" "Mozilla/5.0 (X11; U; Linux x86_64; en-US; rv:1.9.0.8) Gecko/2009033100 Ubuntu/9.04 (jaunty) Firefox/3.0.8"
54.36.148.96 - - [06/May/2025:14:54:21 +0200] "GET /index.php/Alqalam/citationstylelanguage/get/turabian-fullnote-bibliography?submissionId=395&publicationId=395 HTTP/1.1" 200 350 "-" "Mozilla/5.0 (compatible; AhrefsBot/7.0; +http://ahrefs.com/robot/)"
194.233.80.159 - - [06/May/2025:14:54:21 +0200] "GET /assets/libs/popper.js/dist/ HTTP/1.1" 404 3913 "-" "Mozilla/5.0 (X11; U; Linux x86_64; en-US; rv:1.9.0.8) Gecko/2009033100 Ubuntu/9.04 (jaunty) Firefox/3.0.8"
66.249.64.132 - - [06/May/2025:14:54:27 +0200] "GET /index.php/Alqalam/article/view/137 HTTP/1.1" 200 7329 "-" "Mozilla/5.0 (Linux; Android 6.0.1; Nexus 5X Build/MMB29P) AppleWebKit/537.36 (KHTML, like Gecko) Chrome/136.0.7103.59 Mobile Safari/537.36 (compatible; Googlebot/2.1; +http://www.google.com/bot.html)"
194.233.80.159 - - [06/May/2025:14:54:28 +0200] "GET /assets/libs/popper.js/dist/esm/ HTTP/1.1" 404 3913 "-" "Mozilla/5.0 (X11; U; Linux x86_64; en-US; rv:1.9.0.8) Gecko/2009033100 Ubuntu/9.04 (jaunty) Firefox/3.0.8"
78.47.173.76 - - [06/May/2025:14:54:33 +0200] "HEAD / HTTP/1.1" 302 - "https://journal.utripoli.edu.ly/" "Mozilla/5.0+(compatible; UptimeRobot/2.0; http://www.uptimerobot.com/)"
78.47.173.76 - - [06/May/2025:14:54:33 +0200] "HEAD /index.php/Alqalam HTTP/1.1" 200 - "https://journal.utripoli.edu.ly/" "Mozilla/5.0+(compatible; UptimeRobot/2.0; http://www.uptimerobot.com/)"
194.233.80.159 - - [06/May/2025:14:54:34 +0200] "GET /assets/libs/popper.js/dist/umd/ HTTP/1.1" 404 3913 "-" "Mozilla/5.0 (X11; U; Linux x86_64; en-US; rv:1.9.0.8) Gecko/2009033100 Ubuntu/9.04 (jaunty) Firefox/3.0.8"
194.233.80.159 - - [06/May/2025:14:54:41 +0200] "GET /assets/libs/raphael/ HTTP/1.1" 404 3913 "-" "Mozilla/5.0 (X11; U; Linux x86_64; en-US; rv:1.9.0.8) Gecko/2009033100 Ubuntu/9.04 (jaunty) Firefox/3.0.8"
66.249.64.130 - - [06/May/2025:14:54:44 +0200] "GET /index.php/Alqalam/article/view/683?articlesBySimilarityPage=21 HTTP/1.1" 200 8629 "-" "Mozilla/5.0 (Linux; Android 6.0.1; Nexus 5X Build/MMB29P) AppleWebKit/537.36 (KHTML, like Gecko) Chrome/136.0.7103.59 Mobile Safari/537.36 (compatible; Googlebot/2.1; +http://www.google.com/bot.html)"
194.233.80.159 - - [06/May/2025:14:54:47 +0200] "GET /assets/libs/raphael/dev/ HTTP/1.1" 404 3913 "-" "Mozilla/5.0 (X11; U; Linux x86_64; en-US; rv:1.9.0.8) Gecko/2009033100 Ubuntu/9.04 (jaunty) Firefox/3.0.8"
54.36.148.223 - - [06/May/2025:14:54:50 +0200] "GET /index.php/Alqalam/citationstylelanguage/get/vancouver?submissionId=395&publicationId=395 HTTP/1.1" 200 358 "-" "Mozilla/5.0 (compatible; AhrefsBot/7.0; +http://ahrefs.com/robot/)"
194.233.80.159 - - [06/May/2025:14:54:51 +0200] "GET /assets/login/css/ HTTP/1.1" 404 3913 "-" "Mozilla/5.0 (X11; U; Linux x86_64; en-US; rv:1.9.0.8) Gecko/2009033100 Ubuntu/9.04 (jaunty) Firefox/3.0.8"
44.220.2.97 - - [06/May/2025:14:54:52 +0200] "GET /index.php/Alqalam/article/view/88?articlesBySimilarityPage=27 HTTP/1.1" 200 6382 "-" "Mozilla/5.0 AppleWebKit/537.36 (KHTML, like Gecko; compatible; Amazonbot/0.1; +https://developer.amazon.com/support/amazonbot) Chrome/119.0.6045.214 Safari/537.36"
66.249.64.130 - - [06/May/2025:14:54:53 +0200] "GET /index.php/Alqalam/article/download/174/173/234 HTTP/1.1" 200 1167590 "-" "Mozilla/5.0 (Linux; Android 6.0.1; Nexus 5X Build/MMB29P) AppleWebKit/537.36 (KHTML, like Gecko) Chrome/136.0.7103.59 Mobile Safari/537.36 (compatible; Googlebot/2.1; +http://www.google.com/bot.html)"
194.233.80.159 - - [06/May/2025:14:54:58 +0200] "GET /assets/login/img/ HTTP/1.1" 404 3913 "-" "Mozilla/5.0 (X11; U; Linux x86_64; en-US; rv:1.9.0.8) Gecko/2009033100 Ubuntu/9.04 (jaunty) Firefox/3.0.8"
85.208.96.201 - - [06/May/2025:14:54:57 +0200] "GET /index.php/Alqalam/article/view/794?articlesBySimilarityPage=31 HTTP/1.1" 200 8618 "-" "Mozilla/5.0 (compatible; SemrushBot/7~bl; +http://www.semrush.com/bot.html)"
66.249.70.107 - - [06/May/2025:14:55:00 +0200] "GET /index.php/Alqalam/citationstylelanguage/get/harvard-cite-them-right?submissionId=333&publicationId=333 HTTP/1.1" 200 284 "-" "Mozilla/5.0 (Linux; Android 6.0.1; Nexus 5X Build/MMB29P) AppleWebKit/537.36 (KHTML, like Gecko) Chrome/136.0.7103.59 Mobile Safari/537.36 (compatible; GoogleOther)"
47.128.123.181 - - [06/May/2025:14:55:09 +0200] "GET /index.php/Alqalam/article/view/851?articlesBySimilarityPage=13 HTTP/1.1" 200 8690 "-" "Mozilla/5.0 (compatible; Bytespider; spider-feedback@bytedance.com) AppleWebKit/537.36 (KHTML, like Gecko) Chrome/70.0.0.0 Safari/537.36"
47.128.123.181 - - [06/May/2025:14:55:10 +0200] "GET /public/journals/1/styleSheet.css?d=2024-01-03+17%3A34%3A30 HTTP/1.1" 404 3913 "https://www.journal.utripoli.edu.ly/index.php/Alqalam/article/view/851?articlesBySimilarityPage=13" "Mozilla/5.0 (compatible; Bytespider; spider-feedback@bytedance.com) AppleWebKit/537.36 (KHTML, like Gecko) Chrome/70.0.0.0 Safari/537.36"
194.233.80.159 - - [06/May/2025:14:55:10 +0200] "GET /assets/login/js/ HTTP/1.1" 404 3913 "-" "Mozilla/5.0 (X11; U; Linux x86_64; en-US; rv:1.9.0.8) Gecko/2009033100 Ubuntu/9.04 (jaunty) Firefox/3.0.8"
194.233.80.159 - - [06/May/2025:14:55:18 +0200] "GET /assets/materil/fonts/ HTTP/1.1" 404 3913 "-" "Mozilla/5.0 (X11; U; Linux x86_64; en-US; rv:1.9.0.8) Gecko/2009033100 Ubuntu/9.04 (jaunty) Firefox/3.0.8"
66.249.64.130 - - [06/May/2025:14:55:25 +0200] "GET /index.php/Alqalam/citationstylelanguage/get/acm-sig-proceedings?submissionId=550&publicationId=550 HTTP/1.1" 200 298 "-" "Mozilla/5.0 (Linux; Android 6.0.1; Nexus 5X Build/MMB29P) AppleWebKit/537.36 (KHTML, like Gecko) Chrome/136.0.7103.59 Mobile Safari/537.36 (compatible; Googlebot/2.1; +http://www.google.com/bot.html)"
194.233.80.159 - - [06/May/2025:14:55:27 +0200] "GET /assets/materil/fonts/roboto/ HTTP/1.1" 404 3913 "-" "Mozilla/5.0 (X11; U; Linux x86_64; en-US; rv:1.9.0.8) Gecko/2009033100 Ubuntu/9.04 (jaunty) Firefox/3.0.8"
194.233.80.159 - - [06/May/2025:14:55:34 +0200] "GET /assets/materil/images/ HTTP/1.1" 404 3913 "-" "Mozilla/5.0 (X11; U; Linux x86_64; en-US; rv:1.9.0.8) Gecko/2009033100 Ubuntu/9.04 (jaunty) Firefox/3.0.8"
51.8.102.179 - - [06/May/2025:14:55:40 +0200] "GET /index.php/Alqalam/article/view/126 HTTP/1.1" 200 6752 "-" "Mozilla/5.0 (Macintosh; Intel Mac OS X 10_15_7) AppleWebKit/537.36 (KHTML, like Gecko) Chrome/131.0.0.0 Safari/537.36; compatible; OAI-SearchBot/1.0; +https://openai.com/searchbot"
194.233.80.159 - - [06/May/2025:14:55:40 +0200] "GET /assets/materil/libs/assets/animate.css/ HTTP/1.1" 404 3913 "-" "Mozilla/5.0 (X11; U; Linux x86_64; en-US; rv:1.9.0.8) Gecko/2009033100 Ubuntu/9.04 (jaunty) Firefox/3.0.8"
51.8.102.16 - - [06/May/2025:14:55:42 +0200] "GET /index.php/Alqalam/article/view/91 HTTP/1.1" 200 7548 "-" "Mozilla/5.0 (Macintosh; Intel Mac OS X 10_15_7) AppleWebKit/537.36 (KHTML, like Gecko) Chrome/131.0.0.0 Safari/537.36; compatible; OAI-SearchBot/1.0; +https://openai.com/searchbot"
3.133.79.185 - - [06/May/2025:14:55:45 +0200] "GET /index.php/Alqalam/article/view/37?articlesBySimilarityPage=19 HTTP/1.1" 200 7258 "-" "Mozilla/5.0 AppleWebKit/537.36 (KHTML, like Gecko; compatible; ClaudeBot/1.0; +claudebot@anthropic.com)"
194.233.80.159 - - [06/May/2025:14:55:47 +0200] "GET /assets/materil/libs/assets/font-awesome/css/ HTTP/1.1" 404 3913 "-" "Mozilla/5.0 (X11; U; Linux x86_64; en-US; rv:1.9.0.8) Gecko/2009033100 Ubuntu/9.04 (jaunty) Firefox/3.0.8"
85.208.96.209 - - [06/May/2025:14:55:50 +0200] "GET /index.php/Alqalam/article/view/774?articlesBySimilarityPage=5 HTTP/1.1" 200 9578 "-" "Mozilla/5.0 (compatible; SemrushBot/7~bl; +http://www.semrush.com/bot.html)"
54.36.148.225 - - [06/May/2025:14:55:54 +0200] "GET /index.php/Alqalam/citationstylelanguage/get/associacao-brasileira-de-normas-tecnicas?submissionId=178&publicationId=178 HTTP/1.1" 200 380 "-" "Mozilla/5.0 (compatible; AhrefsBot/7.0; +http://ahrefs.com/robot/)"
194.233.80.159 - - [06/May/2025:14:55:56 +0200] "GET /assets/materil/libs/assets/font-awesome/fonts/ HTTP/1.1" 404 3913 "-" "Mozilla/5.0 (X11; U; Linux x86_64; en-US; rv:1.9.0.8) Gecko/2009033100 Ubuntu/9.04 (jaunty) Firefox/3.0.8"
194.233.80.159 - - [06/May/2025:14:55:58 +0200] "GET /assets/materil/libs/jquery/bootstrap/dist/css/ HTTP/1.1" 404 3913 "-" "Mozilla/5.0 (X11; U; Linux x86_64; en-US; rv:1.9.0.8) Gecko/2009033100 Ubuntu/9.04 (jaunty) Firefox/3.0.8"
194.233.80.159 - - [06/May/2025:14:56:03 +0200] "GET /assets/materil/libs/jquery/bootstrap/dist/fonts/ HTTP/1.1" 404 3913 "-" "Mozilla/5.0 (X11; U; Linux x86_64; en-US; rv:1.9.0.8) Gecko/2009033100 Ubuntu/9.04 (jaunty) Firefox/3.0.8"
194.233.80.159 - - [06/May/2025:14:56:06 +0200] "GET /assets/materil/libs/jquery/bootstrap/dist/js/ HTTP/1.1" 404 3913 "-" "Mozilla/5.0 (X11; U; Linux x86_64; en-US; rv:1.9.0.8) Gecko/2009033100 Ubuntu/9.04 (jaunty) Firefox/3.0.8"
194.233.80.159 - - [06/May/2025:14:56:11 +0200] "GET /assets/materil/libs/jquery/bower-jvectormap/ HTTP/1.1" 404 3913 "-" "Mozilla/5.0 (X11; U; Linux x86_64; en-US; rv:1.9.0.8) Gecko/2009033100 Ubuntu/9.04 (jaunty) Firefox/3.0.8"
194.233.80.159 - - [06/May/2025:14:56:17 +0200] "GET /assets/materil/libs/jquery/datatables/media/js/ HTTP/1.1" 404 3913 "-" "Mozilla/5.0 (X11; U; Linux x86_64; en-US; rv:1.9.0.8) Gecko/2009033100 Ubuntu/9.04 (jaunty) Firefox/3.0.8"
194.233.80.159 - - [06/May/2025:14:56:23 +0200] "GET /assets/materil/libs/jquery/flot-spline/js/ HTTP/1.1" 404 3913 "-" "Mozilla/5.0 (X11; U; Linux x86_64; en-US; rv:1.9.0.8) Gecko/2009033100 Ubuntu/9.04 (jaunty) Firefox/3.0.8"
185.191.171.12 - - [06/May/2025:14:56:24 +0200] "GET /index.php/Alqalam/article/view/62?articlesBySimilarityPage=18 HTTP/1.1" 200 7477 "-" "Mozilla/5.0 (compatible; SemrushBot/7~bl; +http://www.semrush.com/bot.html)"
194.233.80.159 - - [06/May/2025:14:56:30 +0200] "GET /assets/materil/libs/jquery/flot.orderbars/js/ HTTP/1.1" 404 3913 "-" "Mozilla/5.0 (X11; U; Linux x86_64; en-US; rv:1.9.0.8) Gecko/2009033100 Ubuntu/9.04 (jaunty) Firefox/3.0.8"
100.28.133.214 - - [06/May/2025:14:56:30 +0200] "GET /index.php/Alqalam/article/view/774?articlesBySimilarityPage=42 HTTP/1.1" 200 9357 "-" "Mozilla/5.0 AppleWebKit/537.36 (KHTML, like Gecko; compatible; Amazonbot/0.1; +https://developer.amazon.com/support/amazonbot) Chrome/119.0.6045.214 Safari/537.36"
194.233.80.159 - - [06/May/2025:14:56:34 +0200] "GET /assets/materil/libs/jquery/flot.tooltip/js/ HTTP/1.1" 404 3913 "-" "Mozilla/5.0 (X11; U; Linux x86_64; en-US; rv:1.9.0.8) Gecko/2009033100 Ubuntu/9.04 (jaunty) Firefox/3.0.8"
194.233.80.159 - - [06/May/2025:14:56:38 +0200] "GET /assets/materil/libs/jquery/flot/ HTTP/1.1" 404 3913 "-" "Mozilla/5.0 (X11; U; Linux x86_64; en-US; rv:1.9.0.8) Gecko/2009033100 Ubuntu/9.04 (jaunty) Firefox/3.0.8"
194.233.80.159 - - [06/May/2025:14:56:43 +0200] "GET /assets/materil/libs/jquery/footable/css/ HTTP/1.1" 404 3913 "-" "Mozilla/5.0 (X11; U; Linux x86_64; en-US; rv:1.9.0.8) Gecko/2009033100 Ubuntu/9.04 (jaunty) Firefox/3.0.8"
185.191.171.11 - - [06/May/2025:14:56:46 +0200] "GET /index.php/Alqalam/article/view/719?articlesBySimilarityPage=2 HTTP/1.1" 200 9072 "-" "Mozilla/5.0 (compatible; SemrushBot/7~bl; +http://www.semrush.com/bot.html)"
194.233.80.159 - - [06/May/2025:14:56:48 +0200] "GET /assets/materil/libs/jquery/footable/css/fonts/ HTTP/1.1" 404 3913 "-" "Mozilla/5.0 (X11; U; Linux x86_64; en-US; rv:1.9.0.8) Gecko/2009033100 Ubuntu/9.04 (jaunty) Firefox/3.0.8"
194.233.80.159 - - [06/May/2025:14:56:54 +0200] "GET /assets/materil/libs/jquery/footable/dist/ HTTP/1.1" 404 3913 "-" "Mozilla/5.0 (X11; U; Linux x86_64; en-US; rv:1.9.0.8) Gecko/2009033100 Ubuntu/9.04 (jaunty) Firefox/3.0.8"
47.128.120.142 - - [06/May/2025:14:56:58 +0200] "GET /index.php/Alqalam/article/view/64?articlesBySimilarityPage=46 HTTP/1.1" 200 6433 "-" "Mozilla/5.0 (compatible; Bytespider; spider-feedback@bytedance.com) AppleWebKit/537.36 (KHTML, like Gecko) Chrome/70.0.0.0 Safari/537.36"
47.128.120.142 - - [06/May/2025:14:56:58 +0200] "GET /public/journals/1/styleSheet.css?d=2024-01-03+17%3A34%3A30 HTTP/1.1" 404 3913 "https://www.journal.utripoli.edu.ly/index.php/Alqalam/article/view/64?articlesBySimilarityPage=46" "Mozilla/5.0 (compatible; Bytespider; spider-feedback@bytedance.com) AppleWebKit/537.36 (KHTML, like Gecko) Chrome/70.0.0.0 Safari/537.36"
194.233.80.159 - - [06/May/2025:14:56:59 +0200] "GET /assets/materil/libs/jquery/jquery.easy-pie-chart/ HTTP/1.1" 404 3913 "-" "Mozilla/5.0 (X11; U; Linux x86_64; en-US; rv:1.9.0.8) Gecko/2009033100 Ubuntu/9.04 (jaunty) Firefox/3.0.8"
85.208.96.202 - - [06/May/2025:14:57:02 +0200] "GET /index.php/Alqalam/article/view/29?articlesBySimilarityPage=14 HTTP/1.1" 200 8052 "-" "Mozilla/5.0 (compatible; SemrushBot/7~bl; +http://www.semrush.com/bot.html)"
194.233.80.159 - - [06/May/2025:14:57:03 +0200] "GET /assets/materil/libs/jquery/jquery.easy-pie-chart/dist/ HTTP/1.1" 404 3913 "-" "Mozilla/5.0 (X11; U; Linux x86_64; en-US; rv:1.9.0.8) Gecko/2009033100 Ubuntu/9.04 (jaunty) Firefox/3.0.8"
13.58.242.216 - - [06/May/2025:14:57:04 +0200] "GET /index.php/Alqalam/article/view/716?articlesBySimilarityPage=21 HTTP/1.1" 200 9124 "-" "Mozilla/5.0 AppleWebKit/537.36 (KHTML, like Gecko; compatible; ClaudeBot/1.0; +claudebot@anthropic.com)"
54.36.149.52 - - [06/May/2025:14:57:05 +0200] "GET /index.php/Alqalam/citationstylelanguage/get/chicago-author-date?submissionId=178&publicationId=178 HTTP/1.1" 200 324 "-" "Mozilla/5.0 (compatible; AhrefsBot/7.0; +http://ahrefs.com/robot/)"
194.233.80.159 - - [06/May/2025:14:57:08 +0200] "GET /assets/materil/libs/jquery/jquery.sparkline/ HTTP/1.1" 404 3913 "-" "Mozilla/5.0 (X11; U; Linux x86_64; en-US; rv:1.9.0.8) Gecko/2009033100 Ubuntu/9.04 (jaunty) Firefox/3.0.8"
194.233.80.159 - - [06/May/2025:14:57:12 +0200] "GET /assets/materil/libs/jquery/jquery.sparkline/dist/ HTTP/1.1" 404 3913 "-" "Mozilla/5.0 (X11; U; Linux x86_64; en-US; rv:1.9.0.8) Gecko/2009033100 Ubuntu/9.04 (jaunty) Firefox/3.0.8"
194.233.80.159 - - [06/May/2025:14:57:16 +0200] "GET /assets/materil/libs/jquery/jquery/dist/ HTTP/1.1" 404 3913 "-" "Mozilla/5.0 (X11; U; Linux x86_64; en-US; rv:1.9.0.8) Gecko/2009033100 Ubuntu/9.04 (jaunty) Firefox/3.0.8"
194.233.80.159 - - [06/May/2025:14:57:20 +0200] "GET /assets/materil/libs/jquery/moment/ HTTP/1.1" 404 3913 "-" "Mozilla/5.0 (X11; U; Linux x86_64; en-US; rv:1.9.0.8) Gecko/2009033100 Ubuntu/9.04 (jaunty) Firefox/3.0.8"
194.233.80.159 - - [06/May/2025:14:57:24 +0200] "GET /assets/materil/libs/jquery/plugins/integration/bootstrap/3/ HTTP/1.1" 404 3913 "-" "Mozilla/5.0 (X11; U; Linux x86_64; en-US; rv:1.9.0.8) Gecko/2009033100 Ubuntu/9.04 (jaunty) Firefox/3.0.8"
20.215.214.23 - - [06/May/2025:14:57:27 +0200] "GET / HTTP/1.1" 302 - "-" "Mozilla/5.0 AppleWebKit/537.36 (KHTML, like Gecko); compatible; ChatGPT-User/1.0; +https://openai.com/bot"
194.233.80.159 - - [06/May/2025:14:57:28 +0200] "GET /assets/materil/libs/jquery/plugins/integration/bootstrap/images/ HTTP/1.1" 404 3913 "-" "Mozilla/5.0 (X11; U; Linux x86_64; en-US; rv:1.9.0.8) Gecko/2009033100 Ubuntu/9.04 (jaunty) Firefox/3.0.8"
20.215.214.23 - - [06/May/2025:14:57:29 +0200] "GET /index.php/Alqalam HTTP/1.1" 200 8849 "-" "Mozilla/5.0 AppleWebKit/537.36 (KHTML, like Gecko); compatible; ChatGPT-User/1.0; +https://openai.com/bot"
172.178.140.157 - - [06/May/2025:14:57:29 +0200] "GET /index.php/Alqalam/article/view/765/647 HTTP/1.1" 302 - "-" "Mozilla/5.0 AppleWebKit/537.36 (KHTML, like Gecko); compatible; ChatGPT-User/1.0; +https://openai.com/bot"
172.178.140.157 - - [06/May/2025:14:57:30 +0200] "GET /index.php/Alqalam/article/download/765/647 HTTP/1.1" 200 515283 "-" "Mozilla/5.0 AppleWebKit/537.36 (KHTML, like Gecko); compatible; ChatGPT-User/1.0; +https://openai.com/bot"
194.233.80.159 - - [06/May/2025:14:57:31 +0200] "GET /assets/materil/libs/jquery/screenfull/dist/ HTTP/1.1" 404 3913 "-" "Mozilla/5.0 (X11; U; Linux x86_64; en-US; rv:1.9.0.8) Gecko/2009033100 Ubuntu/9.04 (jaunty) Firefox/3.0.8"
194.233.80.159 - - [06/May/2025:14:57:35 +0200] "GET /assets/materil/libs/jquery/waves/dist/ HTTP/1.1" 404 3913 "-" "Mozilla/5.0 (X11; U; Linux x86_64; en-US; rv:1.9.0.8) Gecko/2009033100 Ubuntu/9.04 (jaunty) Firefox/3.0.8"
194.233.80.159 - - [06/May/2025:14:57:40 +0200] "GET /assets/materil/scripts/ HTTP/1.1" 404 3913 "-" "Mozilla/5.0 (X11; U; Linux x86_64; en-US; rv:1.9.0.8) Gecko/2009033100 Ubuntu/9.04 (jaunty) Firefox/3.0.8"
194.233.80.159 - - [06/May/2025:14:57:44 +0200] "GET /assets/materil/styles/ HTTP/1.1" 404 3913 "-" "Mozilla/5.0 (X11; U; Linux x86_64; en-US; rv:1.9.0.8) Gecko/2009033100 Ubuntu/9.04 (jaunty) Firefox/3.0.8"
194.233.80.159 - - [06/May/2025:14:57:48 +0200] "GET /assets/mp3/ HTTP/1.1" 404 3913 "-" "Mozilla/5.0 (X11; U; Linux x86_64; en-US; rv:1.9.0.8) Gecko/2009033100 Ubuntu/9.04 (jaunty) Firefox/3.0.8"
194.233.80.159 - - [06/May/2025:14:57:52 +0200] "GET /assets/pages/ HTTP/1.1" 404 3913 "-" "Mozilla/5.0 (X11; U; Linux x86_64; en-US; rv:1.9.0.8) Gecko/2009033100 Ubuntu/9.04 (jaunty) Firefox/3.0.8"
66.249.64.131 - - [06/May/2025:14:57:54 +0200] "GET /index.php/Alqalam/article/download/3/6/4 HTTP/1.1" 200 452797 "-" "Mozilla/5.0 (Linux; Android 6.0.1; Nexus 5X Build/MMB29P) AppleWebKit/537.36 (KHTML, like Gecko) Chrome/136.0.7103.59 Mobile Safari/537.36 (compatible; Googlebot/2.1; +http://www.google.com/bot.html)"
66.249.64.132 - - [06/May/2025:14:57:55 +0200] "GET /index.php/Alqalam/article/view/592/486 HTTP/1.1" 302 - "-" "Mozilla/5.0 (Linux; Android 6.0.1; Nexus 5X Build/MMB29P) AppleWebKit/537.36 (KHTML, like Gecko) Chrome/136.0.7103.59 Mobile Safari/537.36 (compatible; Googlebot/2.1; +http://www.google.com/bot.html)"
194.233.80.159 - - [06/May/2025:14:57:55 +0200] "GET /assets/plugins/ HTTP/1.1" 404 3913 "-" "Mozilla/5.0 (X11; U; Linux x86_64; en-US; rv:1.9.0.8) Gecko/2009033100 Ubuntu/9.04 (jaunty) Firefox/3.0.8"
66.249.64.130 - - [06/May/2025:14:57:56 +0200] "GET /index.php/Alqalam/article/download/592/486 HTTP/1.1" 200 368616 "-" "Mozilla/5.0 (Linux; Android 6.0.1; Nexus 5X Build/MMB29P) AppleWebKit/537.36 (KHTML, like Gecko) Chrome/136.0.7103.59 Mobile Safari/537.36 (compatible; Googlebot/2.1; +http://www.google.com/bot.html)"
194.233.80.159 - - [06/May/2025:14:57:58 +0200] "GET /assets/plugins/OrgChart/css/ HTTP/1.1" 404 3913 "-" "Mozilla/5.0 (X11; U; Linux x86_64; en-US; rv:1.9.0.8) Gecko/2009033100 Ubuntu/9.04 (jaunty) Firefox/3.0.8"
194.233.80.159 - - [06/May/2025:14:58:03 +0200] "GET /assets/plugins/OrgChart/js/ HTTP/1.1" 404 3913 "-" "Mozilla/5.0 (X11; U; Linux x86_64; en-US; rv:1.9.0.8) Gecko/2009033100 Ubuntu/9.04 (jaunty) Firefox/3.0.8"
194.233.80.159 - - [06/May/2025:14:58:08 +0200] "GET /assets/plugins/autoNumeric/ HTTP/1.1" 404 3913 "-" "Mozilla/5.0 (X11; U; Linux x86_64; en-US; rv:1.9.0.8) Gecko/2009033100 Ubuntu/9.04 (jaunty) Firefox/3.0.8"
194.233.80.159 - - [06/May/2025:14:58:11 +0200] "GET /assets/plugins/bootstrap-fileupload/ HTTP/1.1" 404 3913 "-" "Mozilla/5.0 (X11; U; Linux x86_64; en-US; rv:1.9.0.8) Gecko/2009033100 Ubuntu/9.04 (jaunty) Firefox/3.0.8"
194.233.80.159 - - [06/May/2025:14:58:16 +0200] "GET /assets/plugins/bootstrap-slider/ HTTP/1.1" 404 3913 "-" "Mozilla/5.0 (X11; U; Linux x86_64; en-US; rv:1.9.0.8) Gecko/2009033100 Ubuntu/9.04 (jaunty) Firefox/3.0.8"
194.233.80.159 - - [06/May/2025:14:58:20 +0200] "GET /assets/plugins/bootstrap-toggle/css/ HTTP/1.1" 404 3913 "-" "Mozilla/5.0 (X11; U; Linux x86_64; en-US; rv:1.9.0.8) Gecko/2009033100 Ubuntu/9.04 (jaunty) Firefox/3.0.8"
194.233.80.159 - - [06/May/2025:14:58:25 +0200] "GET /assets/plugins/bootstrap-toggle/js/ HTTP/1.1" 404 3913 "-" "Mozilla/5.0 (X11; U; Linux x86_64; en-US; rv:1.9.0.8) Gecko/2009033100 Ubuntu/9.04 (jaunty) Firefox/3.0.8"
3.22.66.60 - - [06/May/2025:14:58:27 +0200] "GET /index.php/Alqalam/article/view/328?articlesBySimilarityPage=17 HTTP/1.1" 200 7798 "-" "Mozilla/5.0 AppleWebKit/537.36 (KHTML, like Gecko; compatible; ClaudeBot/1.0; +claudebot@anthropic.com)"
194.233.80.159 - - [06/May/2025:14:58:29 +0200] "GET /assets/plugins/bootstrap-typeahead/ HTTP/1.1" 404 3913 "-" "Mozilla/5.0 (X11; U; Linux x86_64; en-US; rv:1.9.0.8) Gecko/2009033100 Ubuntu/9.04 (jaunty) Firefox/3.0.8"
194.233.80.159 - - [06/May/2025:14:58:33 +0200] "GET /assets/plugins/bootstrap-wysihtml5/ HTTP/1.1" 404 3913 "-" "Mozilla/5.0 (X11; U; Linux x86_64; en-US; rv:1.9.0.8) Gecko/2009033100 Ubuntu/9.04 (jaunty) Firefox/3.0.8"
194.233.80.159 - - [06/May/2025:14:58:37 +0200] "GET /assets/plugins/chartjs/ HTTP/1.1" 404 3913 "-" "Mozilla/5.0 (X11; U; Linux x86_64; en-US; rv:1.9.0.8) Gecko/2009033100 Ubuntu/9.04 (jaunty) Firefox/3.0.8"
194.233.80.159 - - [06/May/2025:14:58:41 +0200] "GET /assets/plugins/ckeditor/ HTTP/1.1" 404 3913 "-" "Mozilla/5.0 (X11; U; Linux x86_64; en-US; rv:1.9.0.8) Gecko/2009033100 Ubuntu/9.04 (jaunty) Firefox/3.0.8"
185.191.171.2 - - [06/May/2025:14:58:43 +0200] "GET /index.php/Alqalam/article/view/1?articlesBySimilarityPage=35 HTTP/1.1" 200 7790 "-" "Mozilla/5.0 (compatible; SemrushBot/7~bl; +http://www.semrush.com/bot.html)"
194.233.80.159 - - [06/May/2025:14:58:47 +0200] "GET /assets/plugins/ckeditor/adapters/ HTTP/1.1" 404 3913 "-" "Mozilla/5.0 (X11; U; Linux x86_64; en-US; rv:1.9.0.8) Gecko/2009033100 Ubuntu/9.04 (jaunty) Firefox/3.0.8"
194.233.80.159 - - [06/May/2025:14:58:51 +0200] "GET /assets/plugins/ckeditor/lang/ HTTP/1.1" 404 3913 "-" "Mozilla/5.0 (X11; U; Linux x86_64; en-US; rv:1.9.0.8) Gecko/2009033100 Ubuntu/9.04 (jaunty) Firefox/3.0.8"
