130.41.187.179 - - [06/May/2025:15:31:48 +0200] "GET /plugins/themes/default/js/lib/popper/popper.js?v=3.3.0.14 HTTP/1.1" 200 81675 "https://journal.utripoli.edu.ly/index.php/Alqalam/article/view/131?articlesBySimilarityPage=5" "Mozilla/5.0 (Windows NT 10.0; Win64; x64) AppleWebKit/537.36 (KHTML, like Gecko) Chrome/135.0.0.0 Safari/537.36"
152.42.225.136 - - [06/May/2025:15:31:48 +0200] "GET /wp-content/plugins/jvwflof/index.php HTTP/1.1" 404 3913 "-" "Mozlila/5.0 (Linux; Android 7.0; SM-G892A Bulid/NRD90M; wv) AppleWebKit/537.36 (KHTML, like Gecko) Version/4.0 Chrome/60.0.3112.107 Moblie Safari/537.36"
130.41.187.179 - - [06/May/2025:15:31:49 +0200] "GET /lib/pkp/styles/fontawesome/fontawesome-webfont.woff2?v=4.7.0 HTTP/1.1" 200 77160 "https://journal.utripoli.edu.ly/lib/pkp/styles/fontawesome/fontawesome.css?v=3.3.0.14" "Mozilla/5.0 (Windows NT 10.0; Win64; x64) AppleWebKit/537.36 (KHTML, like Gecko) Chrome/135.0.0.0 Safari/537.36"
130.41.187.179 - - [06/May/2025:15:31:49 +0200] "GET /public/site/images/admin/blobid0-9158c27dc6489c3248b1e7d631a921ab.png HTTP/1.1" 200 6004 "https://journal.utripoli.edu.ly/index.php/Alqalam/article/view/131?articlesBySimilarityPage=5" "Mozilla/5.0 (Windows NT 10.0; Win64; x64) AppleWebKit/537.36 (KHTML, like Gecko) Chrome/135.0.0.0 Safari/537.36"
130.41.187.179 - - [06/May/2025:15:31:49 +0200] "GET /plugins/themes/default/fonts/noto-serif-v9-vietnamese_latin-ext_latin_greek-ext_greek_cyrillic-ext_cyrillic-regular.woff2 HTTP/1.1" 200 154816 "https://journal.utripoli.edu.ly/index.php/Alqalam/$$$call$$$/page/page/css?name=font" "Mozilla/5.0 (Windows NT 10.0; Win64; x64) AppleWebKit/537.36 (KHTML, like Gecko) Chrome/135.0.0.0 Safari/537.36"
130.41.187.179 - - [06/May/2025:15:31:49 +0200] "GET /plugins/themes/default/fonts/noto-serif-v9-vietnamese_latin-ext_latin_greek-ext_greek_cyrillic-ext_cyrillic-700.woff2 HTTP/1.1" 200 167372 "https://journal.utripoli.edu.ly/index.php/Alqalam/$$$call$$$/page/page/css?name=font" "Mozilla/5.0 (Windows NT 10.0; Win64; x64) AppleWebKit/537.36 (KHTML, like Gecko) Chrome/135.0.0.0 Safari/537.36"
130.41.187.179 - - [06/May/2025:15:31:49 +0200] "GET /public/site/images/admin/images.png HTTP/1.1" 200 5043 "https://journal.utripoli.edu.ly/index.php/Alqalam/article/view/131?articlesBySimilarityPage=5" "Mozilla/5.0 (Windows NT 10.0; Win64; x64) AppleWebKit/537.36 (KHTML, like Gecko) Chrome/135.0.0.0 Safari/537.36"
130.41.187.179 - - [06/May/2025:15:31:49 +0200] "GET /public/site/images/admin/ajol-logo.png HTTP/1.1" 200 21098 "https://journal.utripoli.edu.ly/index.php/Alqalam/article/view/131?articlesBySimilarityPage=5" "Mozilla/5.0 (Windows NT 10.0; Win64; x64) AppleWebKit/537.36 (KHTML, like Gecko) Chrome/135.0.0.0 Safari/537.36"
130.41.187.179 - - [06/May/2025:15:31:49 +0200] "GET /public/site/images/admin/orcid-logo-with-tagline.svg.png HTTP/1.1" 200 25660 "https://journal.utripoli.edu.ly/index.php/Alqalam/article/view/131?articlesBySimilarityPage=5" "Mozilla/5.0 (Windows NT 10.0; Win64; x64) AppleWebKit/537.36 (KHTML, like Gecko) Chrome/135.0.0.0 Safari/537.36"
130.41.187.179 - - [06/May/2025:15:31:49 +0200] "GET /plugins/themes/default/js/lib/bootstrap/util.js?v=3.3.0.14 HTTP/1.1" 200 4193 "https://journal.utripoli.edu.ly/index.php/Alqalam/article/view/131?articlesBySimilarityPage=5" "Mozilla/5.0 (Windows NT 10.0; Win64; x64) AppleWebKit/537.36 (KHTML, like Gecko) Chrome/135.0.0.0 Safari/537.36"
130.41.187.179 - - [06/May/2025:15:31:49 +0200] "GET /plugins/themes/default/js/lib/bootstrap/dropdown.js?v=3.3.0.14 HTTP/1.1" 200 13932 "https://journal.utripoli.edu.ly/index.php/Alqalam/article/view/131?articlesBySimilarityPage=5" "Mozilla/5.0 (Windows NT 10.0; Win64; x64) AppleWebKit/537.36 (KHTML, like Gecko) Chrome/135.0.0.0 Safari/537.36"
130.41.187.179 - - [06/May/2025:15:31:49 +0200] "GET /plugins/themes/default/js/main.js?v=3.3.0.14 HTTP/1.1" 200 3160 "https://journal.utripoli.edu.ly/index.php/Alqalam/article/view/131?articlesBySimilarityPage=5" "Mozilla/5.0 (Windows NT 10.0; Win64; x64) AppleWebKit/537.36 (KHTML, like Gecko) Chrome/135.0.0.0 Safari/537.36"
130.41.187.179 - - [06/May/2025:15:31:49 +0200] "GET /plugins/generic/citationStyleLanguage/js/articleCitation.js?v=3.3.0.14 HTTP/1.1" 200 3070 "https://journal.utripoli.edu.ly/index.php/Alqalam/article/view/131?articlesBySimilarityPage=5" "Mozilla/5.0 (Windows NT 10.0; Win64; x64) AppleWebKit/537.36 (KHTML, like Gecko) Chrome/135.0.0.0 Safari/537.36"
130.41.187.179 - - [06/May/2025:15:31:49 +0200] "GET /public/site/images/admin/blobid0.png HTTP/1.1" 200 3474 "https://journal.utripoli.edu.ly/index.php/Alqalam/article/view/131?articlesBySimilarityPage=5" "Mozilla/5.0 (Windows NT 10.0; Win64; x64) AppleWebKit/537.36 (KHTML, like Gecko) Chrome/135.0.0.0 Safari/537.36"
130.41.187.179 - - [06/May/2025:15:31:49 +0200] "GET /public/site/images/admin/blobid0-db525be3a52385e067c75304370e3cd3.png HTTP/1.1" 200 4348 "https://journal.utripoli.edu.ly/index.php/Alqalam/article/view/131?articlesBySimilarityPage=5" "Mozilla/5.0 (Windows NT 10.0; Win64; x64) AppleWebKit/537.36 (KHTML, like Gecko) Chrome/135.0.0.0 Safari/537.36"
130.41.187.179 - - [06/May/2025:15:31:49 +0200] "GET /templates/images/ojs_brand.png HTTP/1.1" 200 13150 "https://journal.utripoli.edu.ly/index.php/Alqalam/article/view/131?articlesBySimilarityPage=5" "Mozilla/5.0 (Windows NT 10.0; Win64; x64) AppleWebKit/537.36 (KHTML, like Gecko) Chrome/135.0.0.0 Safari/537.36"
130.41.187.179 - - [06/May/2025:15:31:50 +0200] "GET /public/journals/1/favicon_en_US.png HTTP/1.1" 404 3913 "https://journal.utripoli.edu.ly/index.php/Alqalam/article/view/131?articlesBySimilarityPage=5" "Mozilla/5.0 (Windows NT 10.0; Win64; x64) AppleWebKit/537.36 (KHTML, like Gecko) Chrome/135.0.0.0 Safari/537.36"
152.42.225.136 - - [06/May/2025:15:31:50 +0200] "GET /wp-content/plugins/wpforms-lite/src/Admin/Tools/Views/Import.php HTTP/1.1" 404 3913 "-" "Mozlila/5.0 (Linux; Android 7.0; SM-G892A Bulid/NRD90M; wv) AppleWebKit/537.36 (KHTML, like Gecko) Version/4.0 Chrome/60.0.3112.107 Moblie Safari/537.36"
152.42.225.136 - - [06/May/2025:15:31:52 +0200] "GET /wp-admin/js/file.php HTTP/1.1" 404 3913 "-" "Mozlila/5.0 (Linux; Android 7.0; SM-G892A Bulid/NRD90M; wv) AppleWebKit/537.36 (KHTML, like Gecko) Version/4.0 Chrome/60.0.3112.107 Moblie Safari/537.36"
152.42.225.136 - - [06/May/2025:15:31:55 +0200] "GET /wp-includes/blocks/comment-content/index.php HTTP/1.1" 404 3913 "-" "Mozlila/5.0 (Linux; Android 7.0; SM-G892A Bulid/NRD90M; wv) AppleWebKit/537.36 (KHTML, like Gecko) Version/4.0 Chrome/60.0.3112.107 Moblie Safari/537.36"
152.42.225.136 - - [06/May/2025:15:31:57 +0200] "GET /wp-includes/blocks/comments/admin.php HTTP/1.1" 404 3913 "-" "Mozlila/5.0 (Linux; Android 7.0; SM-G892A Bulid/NRD90M; wv) AppleWebKit/537.36 (KHTML, like Gecko) Version/4.0 Chrome/60.0.3112.107 Moblie Safari/537.36"
66.249.64.131 - - [06/May/2025:15:31:57 +0200] "GET /index.php/Alqalam/article/view/370 HTTP/1.1" 200 5824 "-" "Mozilla/5.0 (Linux; Android 6.0.1; Nexus 5X Build/MMB29P) AppleWebKit/537.36 (KHTML, like Gecko) Chrome/136.0.7103.59 Mobile Safari/537.36 (compatible; Googlebot/2.1; +http://www.google.com/bot.html)"
152.42.225.136 - - [06/May/2025:15:31:58 +0200] "GET /wp-includes/blocks/post-template/no.php HTTP/1.1" 404 3913 "-" "Mozlila/5.0 (Linux; Android 7.0; SM-G892A Bulid/NRD90M; wv) AppleWebKit/537.36 (KHTML, like Gecko) Version/4.0 Chrome/60.0.3112.107 Moblie Safari/537.36"
54.36.149.23 - - [06/May/2025:15:31:59 +0200] "GET /index.php/Alqalam/citationstylelanguage/get/turabian-fullnote-bibliography?submissionId=491&publicationId=491 HTTP/1.1" 200 324 "-" "Mozilla/5.0 (compatible; AhrefsBot/7.0; +http://ahrefs.com/robot/)"
152.42.225.136 - - [06/May/2025:15:32:00 +0200] "GET /wp-includes/js/tinymce/goat.php HTTP/1.1" 404 3913 "-" "Mozlila/5.0 (Linux; Android 7.0; SM-G892A Bulid/NRD90M; wv) AppleWebKit/537.36 (KHTML, like Gecko) Version/4.0 Chrome/60.0.3112.107 Moblie Safari/537.36"
152.42.225.136 - - [06/May/2025:15:32:01 +0200] "GET /wp-content/wp-content/plugins/js_composer/include/params/iconpicker/iconpicker.php HTTP/1.1" 404 3913 "-" "Mozlila/5.0 (Linux; Android 7.0; SM-G892A Bulid/NRD90M; wv) AppleWebKit/537.36 (KHTML, like Gecko) Version/4.0 Chrome/60.0.3112.107 Moblie Safari/537.36"
44.206.93.215 - - [06/May/2025:15:32:02 +0200] "GET /index.php/Alqalam/article/view/805?articlesBySimilarityPage=15 HTTP/1.1" 200 8313 "-" "Mozilla/5.0 AppleWebKit/537.36 (KHTML, like Gecko; compatible; Amazonbot/0.1; +https://developer.amazon.com/support/amazonbot) Chrome/119.0.6045.214 Safari/537.36"
152.42.225.136 - - [06/May/2025:15:32:05 +0200] "GET /wp-content/plugins/js_composer/include/params/iconpicker/iconpicker.php HTTP/1.1" 404 3913 "-" "Mozlila/5.0 (Linux; Android 7.0; SM-G892A Bulid/NRD90M; wv) AppleWebKit/537.36 (KHTML, like Gecko) Version/4.0 Chrome/60.0.3112.107 Moblie Safari/537.36"
34.195.248.30 - - [06/May/2025:15:32:05 +0200] "GET /index.php/Alqalam/article/view/660?articlesBySimilarityPage=15 HTTP/1.1" 200 8884 "-" "Mozilla/5.0 AppleWebKit/537.36 (KHTML, like Gecko; compatible; Amazonbot/0.1; +https://developer.amazon.com/support/amazonbot) Chrome/119.0.6045.214 Safari/537.36"
152.42.225.136 - - [06/May/2025:15:32:07 +0200] "GET /wp-content/plugins/wp-file-manager/inc/backup.php HTTP/1.1" 404 3913 "-" "Mozlila/5.0 (Linux; Android 7.0; SM-G892A Bulid/NRD90M; wv) AppleWebKit/537.36 (KHTML, like Gecko) Version/4.0 Chrome/60.0.3112.107 Moblie Safari/537.36"
152.42.225.136 - - [06/May/2025:15:32:10 +0200] "GET /wp-content/plugins/wp-file-manager/inc/contribute.php HTTP/1.1" 404 3913 "-" "Mozlila/5.0 (Linux; Android 7.0; SM-G892A Bulid/NRD90M; wv) AppleWebKit/537.36 (KHTML, like Gecko) Version/4.0 Chrome/60.0.3112.107 Moblie Safari/537.36"
152.42.225.136 - - [06/May/2025:15:32:11 +0200] "GET /wp-content/plugins/wp-file-manager/inc/shortcode_docs.php HTTP/1.1" 404 3913 "-" "Mozlila/5.0 (Linux; Android 7.0; SM-G892A Bulid/NRD90M; wv) AppleWebKit/537.36 (KHTML, like Gecko) Version/4.0 Chrome/60.0.3112.107 Moblie Safari/537.36"
152.42.225.136 - - [06/May/2025:15:32:16 +0200] "GET /wp-content/plugins/wp-file-manager/inc/system_properties.php HTTP/1.1" 404 3913 "-" "Mozlila/5.0 (Linux; Android 7.0; SM-G892A Bulid/NRD90M; wv) AppleWebKit/537.36 (KHTML, like Gecko) Version/4.0 Chrome/60.0.3112.107 Moblie Safari/537.36"
152.42.225.136 - - [06/May/2025:15:32:17 +0200] "GET /wp-content/plugins/wp-file-manager/lib/php/elFinderVolumeFTP.class.php HTTP/1.1" 404 3913 "-" "Mozlila/5.0 (Linux; Android 7.0; SM-G892A Bulid/NRD90M; wv) AppleWebKit/537.36 (KHTML, like Gecko) Version/4.0 Chrome/60.0.3112.107 Moblie Safari/537.36"
152.42.225.136 - - [06/May/2025:15:32:20 +0200] "GET /wp-content/wp-admin/includes/class-wp-filesystem-base.php HTTP/1.1" 404 3913 "-" "Mozlila/5.0 (Linux; Android 7.0; SM-G892A Bulid/NRD90M; wv) AppleWebKit/537.36 (KHTML, like Gecko) Version/4.0 Chrome/60.0.3112.107 Moblie Safari/537.36"
43.153.102.138 - - [06/May/2025:15:32:22 +0200] "GET /index.php/Alqalam/article/view/779 HTTP/1.1" 200 8605 "-" "Mozilla/5.0 (iPhone; CPU iPhone OS 13_2_3 like Mac OS X) AppleWebKit/605.1.15 (KHTML, like Gecko) Version/13.0.3 Mobile/15E148 Safari/604.1"
152.42.225.136 - - [06/May/2025:15:32:23 +0200] "GET /wp-includes/blocks/comment-edit-link/index.php HTTP/1.1" 404 3913 "-" "Mozlila/5.0 (Linux; Android 7.0; SM-G892A Bulid/NRD90M; wv) AppleWebKit/537.36 (KHTML, like Gecko) Version/4.0 Chrome/60.0.3112.107 Moblie Safari/537.36"
66.249.64.132 - - [06/May/2025:15:32:24 +0200] "GET /index.php/Alqalam/article/view/176 HTTP/1.1" 200 5797 "-" "Mozilla/5.0 (Linux; Android 6.0.1; Nexus 5X Build/MMB29P) AppleWebKit/537.36 (KHTML, like Gecko) Chrome/136.0.7103.59 Mobile Safari/537.36 (compatible; Googlebot/2.1; +http://www.google.com/bot.html)"
152.42.225.136 - - [06/May/2025:15:32:26 +0200] "GET /wp-content/plugins/wpvivid-backuprestore/admin/partials/wpvivid-settings-page-display.php HTTP/1.1" 404 3913 "-" "Mozlila/5.0 (Linux; Android 7.0; SM-G892A Bulid/NRD90M; wv) AppleWebKit/537.36 (KHTML, like Gecko) Version/4.0 Chrome/60.0.3112.107 Moblie Safari/537.36"
66.249.64.131 - - [06/May/2025:15:32:26 +0200] "GET /index.php/Alqalam/article/view/741?articlesBySimilarityPage=26 HTTP/1.1" 200 9417 "-" "Mozilla/5.0 (Linux; Android 6.0.1; Nexus 5X Build/MMB29P) AppleWebKit/537.36 (KHTML, like Gecko) Chrome/136.0.7103.59 Mobile Safari/537.36 (compatible; Googlebot/2.1; +http://www.google.com/bot.html)"
152.42.225.136 - - [06/May/2025:15:32:29 +0200] "GET /wp-includes/block-supports/goat.php HTTP/1.1" 404 3913 "-" "Mozlila/5.0 (Linux; Android 7.0; SM-G892A Bulid/NRD90M; wv) AppleWebKit/537.36 (KHTML, like Gecko) Version/4.0 Chrome/60.0.3112.107 Moblie Safari/537.36"
54.36.148.224 - - [06/May/2025:15:32:29 +0200] "GET /index.php/Alqalam/citationstylelanguage/get/vancouver?submissionId=491&publicationId=491 HTTP/1.1" 200 323 "-" "Mozilla/5.0 (compatible; AhrefsBot/7.0; +http://ahrefs.com/robot/)"
152.42.225.136 - - [06/May/2025:15:32:33 +0200] "GET /wp-includes/blocks/site-title/go.php HTTP/1.1" 404 3913 "-" "Mozlila/5.0 (Linux; Android 7.0; SM-G892A Bulid/NRD90M; wv) AppleWebKit/537.36 (KHTML, like Gecko) Version/4.0 Chrome/60.0.3112.107 Moblie Safari/537.36"
152.42.225.136 - - [06/May/2025:15:32:36 +0200] "GET /wp-includes/rest-api/endpoints/goal.php HTTP/1.1" 404 3913 "-" "Mozlila/5.0 (Linux; Android 7.0; SM-G892A Bulid/NRD90M; wv) AppleWebKit/537.36 (KHTML, like Gecko) Version/4.0 Chrome/60.0.3112.107 Moblie Safari/537.36"
66.249.64.130 - - [06/May/2025:15:32:37 +0200] "GET /index.php/Alqalam/article/download/129/129 HTTP/1.1" 200 448141 "-" "Googlebot/2.1 (+http://www.google.com/bot.html)"
152.42.225.136 - - [06/May/2025:15:32:39 +0200] "GET /wp-content/plugins/wp_kamasutra/option.php HTTP/1.1" 404 3913 "-" "Mozlila/5.0 (Linux; Android 7.0; SM-G892A Bulid/NRD90M; wv) AppleWebKit/537.36 (KHTML, like Gecko) Version/4.0 Chrome/60.0.3112.107 Moblie Safari/537.36"
152.42.225.136 - - [06/May/2025:15:32:40 +0200] "GET /wp-content/plugins/suffer/suffer.php HTTP/1.1" 404 3913 "-" "Mozlila/5.0 (Linux; Android 7.0; SM-G892A Bulid/NRD90M; wv) AppleWebKit/537.36 (KHTML, like Gecko) Version/4.0 Chrome/60.0.3112.107 Moblie Safari/537.36"
152.42.225.136 - - [06/May/2025:15:32:41 +0200] "GET /wp-content/plugins/really-simple-ssl/zr/filemanger/206.php HTTP/1.1" 404 3913 "-" "Mozlila/5.0 (Linux; Android 7.0; SM-G892A Bulid/NRD90M; wv) AppleWebKit/537.36 (KHTML, like Gecko) Version/4.0 Chrome/60.0.3112.107 Moblie Safari/537.36"
152.42.225.136 - - [06/May/2025:15:32:43 +0200] "GET /wp-content/plugins/really-simple-ssl/zr/filemanger/upload.php HTTP/1.1" 404 3913 "-" "Mozlila/5.0 (Linux; Android 7.0; SM-G892A Bulid/NRD90M; wv) AppleWebKit/537.36 (KHTML, like Gecko) Version/4.0 Chrome/60.0.3112.107 Moblie Safari/537.36"
152.42.225.136 - - [06/May/2025:15:32:45 +0200] "GET /wp-content/languages/plugins/file-manager-advanced-ru_RU.l10n.php HTTP/1.1" 404 3913 "-" "Mozlila/5.0 (Linux; Android 7.0; SM-G892A Bulid/NRD90M; wv) AppleWebKit/537.36 (KHTML, like Gecko) Version/4.0 Chrome/60.0.3112.107 Moblie Safari/537.36"
185.191.171.16 - - [06/May/2025:15:32:44 +0200] "GET /index.php/Alqalam/article/view/70?articlesBySimilarityPage=30 HTTP/1.1" 200 7489 "-" "Mozilla/5.0 (compatible; SemrushBot/7~bl; +http://www.semrush.com/bot.html)"
18.191.28.129 - - [06/May/2025:15:32:39 +0200] "GET /index.php/Alqalam/article/view/861?articlesBySimilarityPage=66 HTTP/1.1" 200 7745 "-" "Mozilla/5.0 AppleWebKit/537.36 (KHTML, like Gecko; compatible; ClaudeBot/1.0; +claudebot@anthropic.com)"
152.42.225.136 - - [06/May/2025:15:32:46 +0200] "GET /wp-includes/blocks/query-title/index.php HTTP/1.1" 404 3913 "-" "Mozlila/5.0 (Linux; Android 7.0; SM-G892A Bulid/NRD90M; wv) AppleWebKit/537.36 (KHTML, like Gecko) Version/4.0 Chrome/60.0.3112.107 Moblie Safari/537.36"
152.42.225.136 - - [06/May/2025:15:32:48 +0200] "GET /wp-includes/blocks/video/buy.php HTTP/1.1" 404 3913 "-" "Mozlila/5.0 (Linux; Android 7.0; SM-G892A Bulid/NRD90M; wv) AppleWebKit/537.36 (KHTML, like Gecko) Version/4.0 Chrome/60.0.3112.107 Moblie Safari/537.36"
66.249.64.130 - - [06/May/2025:15:32:48 +0200] "GET /index.php/Alqalam/article/view/132/137 HTTP/1.1" 302 - "-" "Googlebot/2.1 (+http://www.google.com/bot.html)"
152.42.225.136 - - [06/May/2025:15:32:49 +0200] "GET /wp-includes/rest-api/search/admin.php HTTP/1.1" 404 3913 "-" "Mozlila/5.0 (Linux; Android 7.0; SM-G892A Bulid/NRD90M; wv) AppleWebKit/537.36 (KHTML, like Gecko) Version/4.0 Chrome/60.0.3112.107 Moblie Safari/537.36"
66.249.64.130 - - [06/May/2025:15:32:49 +0200] "GET /index.php/Alqalam/article/view/164?articlesBySimilarityPage=55 HTTP/1.1" 200 8021 "-" "Mozilla/5.0 (Linux; Android 6.0.1; Nexus 5X Build/MMB29P) AppleWebKit/537.36 (KHTML, like Gecko) Chrome/136.0.7103.59 Mobile Safari/537.36 (compatible; Googlebot/2.1; +http://www.google.com/bot.html)"
66.249.70.107 - - [06/May/2025:15:32:54 +0200] "GET /index.php/Alqalam/article/download/443/353 HTTP/1.1" 200 331839 "-" "Googlebot/2.1 (+http://www.google.com/bot.html)"
152.42.225.136 - - [06/May/2025:15:32:54 +0200] "GET /Ven-C404/dbus-WHM-accesshash.txt404/index.php HTTP/1.1" 404 3913 "-" "Mozlila/5.0 (Linux; Android 7.0; SM-G892A Bulid/NRD90M; wv) AppleWebKit/537.36 (KHTML, like Gecko) Version/4.0 Chrome/60.0.3112.107 Moblie Safari/537.36"
152.42.225.136 - - [06/May/2025:15:32:55 +0200] "GET /Ven-C404/rpcuser-IWPiwp.txt404/fm.php HTTP/1.1" 404 3913 "-" "Mozlila/5.0 (Linux; Android 7.0; SM-G892A Bulid/NRD90M; wv) AppleWebKit/537.36 (KHTML, like Gecko) Version/4.0 Chrome/60.0.3112.107 Moblie Safari/537.36"
152.42.225.136 - - [06/May/2025:15:32:57 +0200] "GET /wp-content/plugins/uwzuxer/fm.php HTTP/1.1" 404 3913 "-" "Mozlila/5.0 (Linux; Android 7.0; SM-G892A Bulid/NRD90M; wv) AppleWebKit/537.36 (KHTML, like Gecko) Version/4.0 Chrome/60.0.3112.107 Moblie Safari/537.36"
54.36.148.46 - - [06/May/2025:15:32:59 +0200] "GET /index.php/Alqalam/citationstylelanguage/get/associacao-brasileira-de-normas-tecnicas?submissionId=395&publicationId=395 HTTP/1.1" 200 377 "-" "Mozilla/5.0 (compatible; AhrefsBot/7.0; +http://ahrefs.com/robot/)"
152.42.225.136 - - [06/May/2025:15:33:00 +0200] "GET /wp-content/AwQ4MckSv7U.php HTTP/1.1" 404 3913 "-" "Mozlila/5.0 (Linux; Android 7.0; SM-G892A Bulid/NRD90M; wv) AppleWebKit/537.36 (KHTML, like Gecko) Version/4.0 Chrome/60.0.3112.107 Moblie Safari/537.36"
152.42.225.136 - - [06/May/2025:15:33:02 +0200] "GET /wp-content/plugins/insert-headers-and-footers/includes/admin/pages/class-wpcode-admin-page-tools.php HTTP/1.1" 404 3913 "-" "Mozlila/5.0 (Linux; Android 7.0; SM-G892A Bulid/NRD90M; wv) AppleWebKit/537.36 (KHTML, like Gecko) Version/4.0 Chrome/60.0.3112.107 Moblie Safari/537.36"
152.42.225.136 - - [06/May/2025:15:33:03 +0200] "GET /images/images/images/cache.php HTTP/1.1" 404 3913 "-" "Mozlila/5.0 (Linux; Android 7.0; SM-G892A Bulid/NRD90M; wv) AppleWebKit/537.36 (KHTML, like Gecko) Version/4.0 Chrome/60.0.3112.107 Moblie Safari/537.36"
152.42.225.136 - - [06/May/2025:15:33:05 +0200] "GET /images/images/cache.php HTTP/1.1" 404 3913 "-" "Mozlila/5.0 (Linux; Android 7.0; SM-G892A Bulid/NRD90M; wv) AppleWebKit/537.36 (KHTML, like Gecko) Version/4.0 Chrome/60.0.3112.107 Moblie Safari/537.36"
66.249.64.131 - - [06/May/2025:15:33:05 +0200] "GET /index.php/Alqalam/article/view/647/538 HTTP/1.1" 302 - "-" "Googlebot/2.1 (+http://www.google.com/bot.html)"
152.42.225.136 - - [06/May/2025:15:33:07 +0200] "GET /vendor/laravel/framework/src/Illuminate/Foundation/Http/xd6o31/index.php HTTP/1.1" 404 3913 "-" "Mozlila/5.0 (Linux; Android 7.0; SM-G892A Bulid/NRD90M; wv) AppleWebKit/537.36 (KHTML, like Gecko) Version/4.0 Chrome/60.0.3112.107 Moblie Safari/537.36"
152.42.225.136 - - [06/May/2025:15:33:09 +0200] "GET /vendor/laracasts/flash/src/src/cache.php HTTP/1.1" 404 3913 "-" "Mozlila/5.0 (Linux; Android 7.0; SM-G892A Bulid/NRD90M; wv) AppleWebKit/537.36 (KHTML, like Gecko) Version/4.0 Chrome/60.0.3112.107 Moblie Safari/537.36"
152.42.225.136 - - [06/May/2025:15:33:10 +0200] "GET /vendor/aws/aws-sdk-php/src/data/iotevents/2018-07-27/2018-07-27/cache.php HTTP/1.1" 404 3913 "-" "Mozlila/5.0 (Linux; Android 7.0; SM-G892A Bulid/NRD90M; wv) AppleWebKit/537.36 (KHTML, like Gecko) Version/4.0 Chrome/60.0.3112.107 Moblie Safari/537.36"
66.249.64.131 - - [06/May/2025:15:33:10 +0200] "GET /index.php/Alqalam/article/download/132/137 HTTP/1.1" 200 378071 "-" "Googlebot/2.1 (+http://www.google.com/bot.html)"
152.42.225.136 - - [06/May/2025:15:33:12 +0200] "GET /msleaf.php HTTP/1.1" 404 16 "-" "Mozlila/5.0 (Linux; Android 7.0; SM-G892A Bulid/NRD90M; wv) AppleWebKit/537.36 (KHTML, like Gecko) Version/4.0 Chrome/60.0.3112.107 Moblie Safari/537.36"
152.42.225.136 - - [06/May/2025:15:33:13 +0200] "GET /database/seeders/seeders/cache.php HTTP/1.1" 404 3913 "-" "Mozlila/5.0 (Linux; Android 7.0; SM-G892A Bulid/NRD90M; wv) AppleWebKit/537.36 (KHTML, like Gecko) Version/4.0 Chrome/60.0.3112.107 Moblie Safari/537.36"
152.42.225.136 - - [06/May/2025:15:33:14 +0200] "GET /database/factories/factories/cache.php HTTP/1.1" 404 3913 "-" "Mozlila/5.0 (Linux; Android 7.0; SM-G892A Bulid/NRD90M; wv) AppleWebKit/537.36 (KHTML, like Gecko) Version/4.0 Chrome/60.0.3112.107 Moblie Safari/537.36"
152.42.225.136 - - [06/May/2025:15:33:16 +0200] "GET /database/factories/factories/factories/cache.php HTTP/1.1" 404 3913 "-" "Mozlila/5.0 (Linux; Android 7.0; SM-G892A Bulid/NRD90M; wv) AppleWebKit/537.36 (KHTML, like Gecko) Version/4.0 Chrome/60.0.3112.107 Moblie Safari/537.36"
66.249.64.130 - - [06/May/2025:15:33:16 +0200] "GET /index.php/Alqalam/article/view/174?articlesBySimilarityPage=14 HTTP/1.1" 200 7284 "-" "Mozilla/5.0 (Linux; Android 6.0.1; Nexus 5X Build/MMB29P) AppleWebKit/537.36 (KHTML, like Gecko) Chrome/136.0.7103.59 Mobile Safari/537.36 (compatible; Googlebot/2.1; +http://www.google.com/bot.html)"
152.42.225.136 - - [06/May/2025:15:33:18 +0200] "GET /update/g.php HTTP/1.1" 404 3913 "-" "Mozlila/5.0 (Linux; Android 7.0; SM-G892A Bulid/NRD90M; wv) AppleWebKit/537.36 (KHTML, like Gecko) Version/4.0 Chrome/60.0.3112.107 Moblie Safari/537.36"
47.128.34.145 - - [06/May/2025:15:33:19 +0200] "GET /index.php/Alqalam/article/view/831?articlesBySimilarityPage=29 HTTP/1.1" 200 8446 "-" "Mozilla/5.0 (compatible; Bytespider; spider-feedback@bytedance.com) AppleWebKit/537.36 (KHTML, like Gecko) Chrome/70.0.0.0 Safari/537.36"
47.128.34.145 - - [06/May/2025:15:33:20 +0200] "GET /public/journals/1/styleSheet.css?d=2024-01-03+17%3A34%3A30 HTTP/1.1" 404 3913 "https://www.journal.utripoli.edu.ly/index.php/Alqalam/article/view/831?articlesBySimilarityPage=29" "Mozilla/5.0 (compatible; Bytespider; spider-feedback@bytedance.com) AppleWebKit/537.36 (KHTML, like Gecko) Chrome/70.0.0.0 Safari/537.36"
152.42.225.136 - - [06/May/2025:15:33:20 +0200] "GET /update/nf.php HTTP/1.1" 404 3913 "-" "Mozlila/5.0 (Linux; Android 7.0; SM-G892A Bulid/NRD90M; wv) AppleWebKit/537.36 (KHTML, like Gecko) Version/4.0 Chrome/60.0.3112.107 Moblie Safari/537.36"
152.42.225.136 - - [06/May/2025:15:33:22 +0200] "GET /lang/vendor/cookieConsent/bg/bg/cache.php HTTP/1.1" 404 3913 "-" "Mozlila/5.0 (Linux; Android 7.0; SM-G892A Bulid/NRD90M; wv) AppleWebKit/537.36 (KHTML, like Gecko) Version/4.0 Chrome/60.0.3112.107 Moblie Safari/537.36"
66.249.64.130 - - [06/May/2025:15:33:21 +0200] "GET /index.php/Alqalam/article/view/174?articlesBySimilarityPage=12 HTTP/1.1" 200 7095 "-" "Mozilla/5.0 (Linux; Android 6.0.1; Nexus 5X Build/MMB29P) AppleWebKit/537.36 (KHTML, like Gecko) Chrome/136.0.7103.59 Mobile Safari/537.36 (compatible; Googlebot/2.1; +http://www.google.com/bot.html)"
152.42.225.136 - - [06/May/2025:15:33:23 +0200] "GET /lang/vendor/cookie-consent/oc/oc/cache.php HTTP/1.1" 404 3913 "-" "Mozlila/5.0 (Linux; Android 7.0; SM-G892A Bulid/NRD90M; wv) AppleWebKit/537.36 (KHTML, like Gecko) Version/4.0 Chrome/60.0.3112.107 Moblie Safari/537.36"
54.36.149.38 - - [06/May/2025:15:33:24 +0200] "GET /index.php/Alqalam/citationstylelanguage/get/chicago-author-date?submissionId=122&publicationId=122 HTTP/1.1" 200 338 "-" "Mozilla/5.0 (compatible; AhrefsBot/7.0; +http://ahrefs.com/robot/)"
152.42.225.136 - - [06/May/2025:15:33:29 +0200] "GET /app/View/Components/Components/cache.php HTTP/1.1" 404 3913 "-" "Mozlila/5.0 (Linux; Android 7.0; SM-G892A Bulid/NRD90M; wv) AppleWebKit/537.36 (KHTML, like Gecko) Version/4.0 Chrome/60.0.3112.107 Moblie Safari/537.36"
152.42.225.136 - - [06/May/2025:15:33:33 +0200] "GET /app/Models/Models/cache.php HTTP/1.1" 404 3913 "-" "Mozlila/5.0 (Linux; Android 7.0; SM-G892A Bulid/NRD90M; wv) AppleWebKit/537.36 (KHTML, like Gecko) Version/4.0 Chrome/60.0.3112.107 Moblie Safari/537.36"
152.42.225.136 - - [06/May/2025:15:33:37 +0200] "GET /app/Mail/Mail/cache.php HTTP/1.1" 404 3913 "-" "Mozlila/5.0 (Linux; Android 7.0; SM-G892A Bulid/NRD90M; wv) AppleWebKit/537.36 (KHTML, like Gecko) Version/4.0 Chrome/60.0.3112.107 Moblie Safari/537.36"
152.42.225.136 - - [06/May/2025:15:33:39 +0200] "GET /app/Http/Requests/Auth/Auth/cache.php HTTP/1.1" 404 3913 "-" "Mozlila/5.0 (Linux; Android 7.0; SM-G892A Bulid/NRD90M; wv) AppleWebKit/537.36 (KHTML, like Gecko) Version/4.0 Chrome/60.0.3112.107 Moblie Safari/537.36"
152.42.225.136 - - [06/May/2025:15:33:41 +0200] "GET /resources/views/vendor/livewire-tables/components/table/th/th/cache.php HTTP/1.1" 404 3913 "-" "Mozlila/5.0 (Linux; Android 7.0; SM-G892A Bulid/NRD90M; wv) AppleWebKit/537.36 (KHTML, like Gecko) Version/4.0 Chrome/60.0.3112.107 Moblie Safari/537.36"
152.42.225.136 - - [06/May/2025:15:33:43 +0200] "GET /resources/views/sadmin/vcards/templates/templates/cache.php HTTP/1.1" 404 3913 "-" "Mozlila/5.0 (Linux; Android 7.0; SM-G892A Bulid/NRD90M; wv) AppleWebKit/537.36 (KHTML, like Gecko) Version/4.0 Chrome/60.0.3112.107 Moblie Safari/537.36"
152.42.225.136 - - [06/May/2025:15:33:44 +0200] "GET /resources/views/settings/features/columns/columns/cache.php HTTP/1.1" 404 3913 "-" "Mozlila/5.0 (Linux; Android 7.0; SM-G892A Bulid/NRD90M; wv) AppleWebKit/537.36 (KHTML, like Gecko) Version/4.0 Chrome/60.0.3112.107 Moblie Safari/537.36"
152.42.225.136 - - [06/May/2025:15:33:46 +0200] "GET /config/infyom/infyom/cache.php HTTP/1.1" 404 3913 "-" "Mozlila/5.0 (Linux; Android 7.0; SM-G892A Bulid/NRD90M; wv) AppleWebKit/537.36 (KHTML, like Gecko) Version/4.0 Chrome/60.0.3112.107 Moblie Safari/537.36"
66.249.64.130 - - [06/May/2025:15:33:47 +0200] "GET /index.php/Alqalam/article/download/647/538 HTTP/1.1" 200 357376 "-" "Googlebot/2.1 (+http://www.google.com/bot.html)"
152.42.225.136 - - [06/May/2025:15:33:48 +0200] "GET /config/infyom/infyom/infyom/infyom/cache.php HTTP/1.1" 404 3913 "-" "Mozlila/5.0 (Linux; Android 7.0; SM-G892A Bulid/NRD90M; wv) AppleWebKit/537.36 (KHTML, like Gecko) Version/4.0 Chrome/60.0.3112.107 Moblie Safari/537.36"
152.42.225.136 - - [06/May/2025:15:33:49 +0200] "GET /mailer.php HTTP/1.1" 404 16 "-" "Mozlila/5.0 (Linux; Android 7.0; SM-G892A Bulid/NRD90M; wv) AppleWebKit/537.36 (KHTML, like Gecko) Version/4.0 Chrome/60.0.3112.107 Moblie Safari/537.36"
152.42.225.136 - - [06/May/2025:15:33:51 +0200] "GET /cgi-bin/cgi-bin/cache.php HTTP/1.1" 404 3913 "-" "Mozlila/5.0 (Linux; Android 7.0; SM-G892A Bulid/NRD90M; wv) AppleWebKit/537.36 (KHTML, like Gecko) Version/4.0 Chrome/60.0.3112.107 Moblie Safari/537.36"
152.42.225.136 - - [06/May/2025:15:33:53 +0200] "GET /cgi-bin/cgi-bin/cgi-bin/cgi-bin/cache.php HTTP/1.1" 404 3913 "-" "Mozlila/5.0 (Linux; Android 7.0; SM-G892A Bulid/NRD90M; wv) AppleWebKit/537.36 (KHTML, like Gecko) Version/4.0 Chrome/60.0.3112.107 Moblie Safari/537.36"
216.244.66.243 - - [06/May/2025:15:33:54 +0200] "GET /index.php/Alqalam/citationstylelanguage/get/associacao-brasileira-de-normas-tecnicas?submissionId=827&publicationId=827 HTTP/1.1" 200 402 "-" "Mozilla/5.0 (compatible; DotBot/1.2; +https://opensiteexplorer.org/dotbot; help@moz.com)"
152.42.225.136 - - [06/May/2025:15:33:54 +0200] "GET /cgi-bin/cgi-bin/cgi-bin/cgi-bin/cgi-bin/cache.php HTTP/1.1" 404 3913 "-" "Mozlila/5.0 (Linux; Android 7.0; SM-G892A Bulid/NRD90M; wv) AppleWebKit/537.36 (KHTML, like Gecko) Version/4.0 Chrome/60.0.3112.107 Moblie Safari/537.36"
54.36.148.132 - - [06/May/2025:15:33:58 +0200] "GET /index.php/Alqalam/article/view/519 HTTP/1.1" 200 7781 "-" "Mozilla/5.0 (compatible; AhrefsBot/7.0; +http://ahrefs.com/robot/)"
152.42.225.136 - - [06/May/2025:15:34:00 +0200] "GET /d38d.php HTTP/1.1" 404 16 "-" "Mozlila/5.0 (Linux; Android 7.0; SM-G892A Bulid/NRD90M; wv) AppleWebKit/537.36 (KHTML, like Gecko) Version/4.0 Chrome/60.0.3112.107 Moblie Safari/537.36"
152.42.225.136 - - [06/May/2025:15:34:01 +0200] "GET /vcards/vcards/vcards/cache.php HTTP/1.1" 404 3913 "-" "Mozlila/5.0 (Linux; Android 7.0; SM-G892A Bulid/NRD90M; wv) AppleWebKit/537.36 (KHTML, like Gecko) Version/4.0 Chrome/60.0.3112.107 Moblie Safari/537.36"
152.42.225.136 - - [06/May/2025:15:34:03 +0200] "GET /routes/routes/routes/cache.php HTTP/1.1" 404 3913 "-" "Mozlila/5.0 (Linux; Android 7.0; SM-G892A Bulid/NRD90M; wv) AppleWebKit/537.36 (KHTML, like Gecko) Version/4.0 Chrome/60.0.3112.107 Moblie Safari/537.36"
152.42.225.136 - - [06/May/2025:15:34:05 +0200] "GET /routes/routes/routes/routes/cache.php HTTP/1.1" 404 3913 "-" "Mozlila/5.0 (Linux; Android 7.0; SM-G892A Bulid/NRD90M; wv) AppleWebKit/537.36 (KHTML, like Gecko) Version/4.0 Chrome/60.0.3112.107 Moblie Safari/537.36"
152.42.225.136 - - [06/May/2025:15:34:07 +0200] "GET /routes/routes/routes/routes/routes/routes/cache.php HTTP/1.1" 404 3913 "-" "Mozlila/5.0 (Linux; Android 7.0; SM-G892A Bulid/NRD90M; wv) AppleWebKit/537.36 (KHTML, like Gecko) Version/4.0 Chrome/60.0.3112.107 Moblie Safari/537.36"
152.42.225.136 - - [06/May/2025:15:34:09 +0200] "GET /tests/Unit/Unit/cache.php HTTP/1.1" 404 3913 "-" "Mozlila/5.0 (Linux; Android 7.0; SM-G892A Bulid/NRD90M; wv) AppleWebKit/537.36 (KHTML, like Gecko) Version/4.0 Chrome/60.0.3112.107 Moblie Safari/537.36"
152.42.225.136 - - [06/May/2025:15:34:10 +0200] "GET /webdb.php HTTP/1.1" 404 16 "-" "Mozlila/5.0 (Linux; Android 7.0; SM-G892A Bulid/NRD90M; wv) AppleWebKit/537.36 (KHTML, like Gecko) Version/4.0 Chrome/60.0.3112.107 Moblie Safari/537.36"
152.42.225.136 - - [06/May/2025:15:34:12 +0200] "GET /storage/debugbar/debugbar/cache.php HTTP/1.1" 404 3913 "-" "Mozlila/5.0 (Linux; Android 7.0; SM-G892A Bulid/NRD90M; wv) AppleWebKit/537.36 (KHTML, like Gecko) Version/4.0 Chrome/60.0.3112.107 Moblie Safari/537.36"
47.128.48.68 - - [06/May/2025:15:34:13 +0200] "GET /index.php/Alqalam/article/view/65?articlesBySimilarityPage=49 HTTP/1.1" 200 6529 "-" "Mozilla/5.0 (compatible; Bytespider; spider-feedback@bytedance.com) AppleWebKit/537.36 (KHTML, like Gecko) Chrome/70.0.0.0 Safari/537.36"
47.128.48.68 - - [06/May/2025:15:34:14 +0200] "GET /public/journals/1/styleSheet.css?d=2024-01-03+17%3A34%3A30 HTTP/1.1" 404 3913 "https://journal.utripoli.edu.ly/index.php/Alqalam/article/view/65?articlesBySimilarityPage=49" "Mozilla/5.0 (compatible; Bytespider; spider-feedback@bytedance.com) AppleWebKit/537.36 (KHTML, like Gecko) Chrome/70.0.0.0 Safari/537.36"
85.208.96.194 - - [06/May/2025:15:34:14 +0200] "GET /index.php/Alqalam/article/view/760?articlesBySimilarityPage=21 HTTP/1.1" 200 8731 "-" "Mozilla/5.0 (compatible; SemrushBot/7~bl; +http://www.semrush.com/bot.html)"
152.42.225.136 - - [06/May/2025:15:34:15 +0200] "GET /storage/framework/cache/data/d1/cf/cf/cache.php HTTP/1.1" 404 3913 "-" "Mozlila/5.0 (Linux; Android 7.0; SM-G892A Bulid/NRD90M; wv) AppleWebKit/537.36 (KHTML, like Gecko) Version/4.0 Chrome/60.0.3112.107 Moblie Safari/537.36"
152.42.225.136 - - [06/May/2025:15:34:17 +0200] "GET /storage/framework/cache/data/d1/d1/cache.php HTTP/1.1" 404 3913 "-" "Mozlila/5.0 (Linux; Android 7.0; SM-G892A Bulid/NRD90M; wv) AppleWebKit/537.36 (KHTML, like Gecko) Version/4.0 Chrome/60.0.3112.107 Moblie Safari/537.36"
152.42.225.136 - - [06/May/2025:15:34:19 +0200] "GET /simple.php HTTP/1.1" 404 16 "-" "Mozlila/5.0 (Linux; Android 7.0; SM-G892A Bulid/NRD90M; wv) AppleWebKit/537.36 (KHTML, like Gecko) Version/4.0 Chrome/60.0.3112.107 Moblie Safari/537.36"
152.42.225.136 - - [06/May/2025:15:34:23 +0200] "GET /css/colors/system.php HTTP/1.1" 404 3913 "-" "Mozlila/5.0 (Linux; Android 7.0; SM-G892A Bulid/NRD90M; wv) AppleWebKit/537.36 (KHTML, like Gecko) Version/4.0 Chrome/60.0.3112.107 Moblie Safari/537.36"
152.42.225.136 - - [06/May/2025:15:34:25 +0200] "GET /includes/class-wp-filesystem-base.php HTTP/1.1" 404 3913 "-" "Mozlila/5.0 (Linux; Android 7.0; SM-G892A Bulid/NRD90M; wv) AppleWebKit/537.36 (KHTML, like Gecko) Version/4.0 Chrome/60.0.3112.107 Moblie Safari/537.36"
152.42.225.136 - - [06/May/2025:15:34:28 +0200] "GET /wp-admin/sc.php HTTP/1.1" 404 3913 "-" "Mozlila/5.0 (Linux; Android 7.0; SM-G892A Bulid/NRD90M; wv) AppleWebKit/537.36 (KHTML, like Gecko) Version/4.0 Chrome/60.0.3112.107 Moblie Safari/537.36"
66.249.70.106 - - [06/May/2025:15:34:28 +0200] "GET /index.php/Alqalam/article/download/463/432 HTTP/1.1" 200 626645 "-" "Googlebot/2.1 (+http://www.google.com/bot.html)"
152.42.225.136 - - [06/May/2025:15:34:31 +0200] "GET /wp-admin/pu.php HTTP/1.1" 404 3913 "-" "Mozlila/5.0 (Linux; Android 7.0; SM-G892A Bulid/NRD90M; wv) AppleWebKit/537.36 (KHTML, like Gecko) Version/4.0 Chrome/60.0.3112.107 Moblie Safari/537.36"
152.42.225.136 - - [06/May/2025:15:34:33 +0200] "GET /.well-known/pu.php HTTP/1.1" 404 16 "-" "Mozlila/5.0 (Linux; Android 7.0; SM-G892A Bulid/NRD90M; wv) AppleWebKit/537.36 (KHTML, like Gecko) Version/4.0 Chrome/60.0.3112.107 Moblie Safari/537.36"
152.42.225.136 - - [06/May/2025:15:34:35 +0200] "GET /wp-xiomi.php HTTP/1.1" 404 16 "-" "Mozlila/5.0 (Linux; Android 7.0; SM-G892A Bulid/NRD90M; wv) AppleWebKit/537.36 (KHTML, like Gecko) Version/4.0 Chrome/60.0.3112.107 Moblie Safari/537.36"
54.36.149.107 - - [06/May/2025:15:34:37 +0200] "GET /index.php/Alqalam/citationstylelanguage/get/acm-sig-proceedings?submissionId=622&publicationId=622 HTTP/1.1" 200 277 "-" "Mozilla/5.0 (compatible; AhrefsBot/7.0; +http://ahrefs.com/robot/)"
152.42.225.136 - - [06/May/2025:15:34:37 +0200] "GET /6ptiQd3ZG7N.php HTTP/1.1" 404 16 "-" "Mozlila/5.0 (Linux; Android 7.0; SM-G892A Bulid/NRD90M; wv) AppleWebKit/537.36 (KHTML, like Gecko) Version/4.0 Chrome/60.0.3112.107 Moblie Safari/537.36"
185.191.171.15 - - [06/May/2025:15:34:39 +0200] "GET /index.php/Alqalam/article/view/148 HTTP/1.1" 200 8506 "-" "Mozilla/5.0 (compatible; SemrushBot/7~bl; +http://www.semrush.com/bot.html)"
152.42.225.136 - - [06/May/2025:15:34:40 +0200] "GET /wp-year.php HTTP/1.1" 404 16 "-" "Mozlila/5.0 (Linux; Android 7.0; SM-G892A Bulid/NRD90M; wv) AppleWebKit/537.36 (KHTML, like Gecko) Version/4.0 Chrome/60.0.3112.107 Moblie Safari/537.36"
152.42.225.136 - - [06/May/2025:15:34:42 +0200] "GET /wp-comm.php HTTP/1.1" 404 16 "-" "Mozlila/5.0 (Linux; Android 7.0; SM-G892A Bulid/NRD90M; wv) AppleWebKit/537.36 (KHTML, like Gecko) Version/4.0 Chrome/60.0.3112.107 Moblie Safari/537.36"
18.220.44.17 - - [06/May/2025:15:34:40 +0200] "GET /index.php/Alqalam/article/view/829?articlesBySimilarityPage=20 HTTP/1.1" 200 9444 "-" "Mozilla/5.0 AppleWebKit/537.36 (KHTML, like Gecko; compatible; ClaudeBot/1.0; +claudebot@anthropic.com)"
152.42.225.136 - - [06/May/2025:15:34:45 +0200] "GET /wp-charlie.php HTTP/1.1" 404 16 "-" "Mozlila/5.0 (Linux; Android 7.0; SM-G892A Bulid/NRD90M; wv) AppleWebKit/537.36 (KHTML, like Gecko) Version/4.0 Chrome/60.0.3112.107 Moblie Safari/537.36"
152.42.225.136 - - [06/May/2025:15:34:47 +0200] "GET /fie.php HTTP/1.1" 404 16 "-" "Mozlila/5.0 (Linux; Android 7.0; SM-G892A Bulid/NRD90M; wv) AppleWebKit/537.36 (KHTML, like Gecko) Version/4.0 Chrome/60.0.3112.107 Moblie Safari/537.36"
152.42.225.136 - - [06/May/2025:15:34:48 +0200] "GET /wp-kwdpo.php HTTP/1.1" 404 16 "-" "Mozlila/5.0 (Linux; Android 7.0; SM-G892A Bulid/NRD90M; wv) AppleWebKit/537.36 (KHTML, like Gecko) Version/4.0 Chrome/60.0.3112.107 Moblie Safari/537.36"
152.42.225.136 - - [06/May/2025:15:34:50 +0200] "GET /class/index.php HTTP/1.1" 404 3913 "-" "Mozlila/5.0 (Linux; Android 7.0; SM-G892A Bulid/NRD90M; wv) AppleWebKit/537.36 (KHTML, like Gecko) Version/4.0 Chrome/60.0.3112.107 Moblie Safari/537.36"
152.42.225.136 - - [06/May/2025:15:34:51 +0200] "GET /wp-zuz.php HTTP/1.1" 404 16 "-" "Mozlila/5.0 (Linux; Android 7.0; SM-G892A Bulid/NRD90M; wv) AppleWebKit/537.36 (KHTML, like Gecko) Version/4.0 Chrome/60.0.3112.107 Moblie Safari/537.36"
152.42.225.136 - - [06/May/2025:15:34:56 +0200] "GET /wp-plup.php HTTP/1.1" 404 16 "-" "Mozlila/5.0 (Linux; Android 7.0; SM-G892A Bulid/NRD90M; wv) AppleWebKit/537.36 (KHTML, like Gecko) Version/4.0 Chrome/60.0.3112.107 Moblie Safari/537.36"
152.42.225.136 - - [06/May/2025:15:34:58 +0200] "GET /wp-urge.php HTTP/1.1" 404 16 "-" "Mozlila/5.0 (Linux; Android 7.0; SM-G892A Bulid/NRD90M; wv) AppleWebKit/537.36 (KHTML, like Gecko) Version/4.0 Chrome/60.0.3112.107 Moblie Safari/537.36"
152.42.225.136 - - [06/May/2025:15:35:00 +0200] "GET /wp-lab.php HTTP/1.1" 404 16 "-" "Mozlila/5.0 (Linux; Android 7.0; SM-G892A Bulid/NRD90M; wv) AppleWebKit/537.36 (KHTML, like Gecko) Version/4.0 Chrome/60.0.3112.107 Moblie Safari/537.36"
152.42.225.136 - - [06/May/2025:15:35:01 +0200] "GET /ORVX-HGyWdR.php HTTP/1.1" 404 16 "-" "Mozlila/5.0 (Linux; Android 7.0; SM-G892A Bulid/NRD90M; wv) AppleWebKit/537.36 (KHTML, like Gecko) Version/4.0 Chrome/60.0.3112.107 Moblie Safari/537.36"
152.42.225.136 - - [06/May/2025:15:35:02 +0200] "GET /admin/index.php HTTP/1.1" 404 3913 "-" "Mozlila/5.0 (Linux; Android 7.0; SM-G892A Bulid/NRD90M; wv) AppleWebKit/537.36 (KHTML, like Gecko) Version/4.0 Chrome/60.0.3112.107 Moblie Safari/537.36"
152.42.225.136 - - [06/May/2025:15:35:04 +0200] "GET /wp-jes.php HTTP/1.1" 404 16 "-" "Mozlila/5.0 (Linux; Android 7.0; SM-G892A Bulid/NRD90M; wv) AppleWebKit/537.36 (KHTML, like Gecko) Version/4.0 Chrome/60.0.3112.107 Moblie Safari/537.36"
152.42.225.136 - - [06/May/2025:15:35:05 +0200] "GET /new.php HTTP/1.1" 404 16 "-" "Mozlila/5.0 (Linux; Android 7.0; SM-G892A Bulid/NRD90M; wv) AppleWebKit/537.36 (KHTML, like Gecko) Version/4.0 Chrome/60.0.3112.107 Moblie Safari/537.36"
152.42.225.136 - - [06/May/2025:15:35:07 +0200] "GET /.well-known/sc.php HTTP/1.1" 404 16 "-" "Mozlila/5.0 (Linux; Android 7.0; SM-G892A Bulid/NRD90M; wv) AppleWebKit/537.36 (KHTML, like Gecko) Version/4.0 Chrome/60.0.3112.107 Moblie Safari/537.36"
47.128.49.217 - - [06/May/2025:15:35:07 +0200] "GET /index.php/Alqalam/article/view/262?articlesBySimilarityPage=55 HTTP/1.1" 200 8466 "-" "Mozilla/5.0 (compatible; Bytespider; spider-feedback@bytedance.com) AppleWebKit/537.36 (KHTML, like Gecko) Chrome/70.0.0.0 Safari/537.36"
47.128.49.217 - - [06/May/2025:15:35:09 +0200] "GET /public/journals/1/styleSheet.css?d=2024-01-03+17%3A34%3A30 HTTP/1.1" 404 3913 "https://www.journal.utripoli.edu.ly/index.php/Alqalam/article/view/262?articlesBySimilarityPage=55" "Mozilla/5.0 (compatible; Bytespider; spider-feedback@bytedance.com) AppleWebKit/537.36 (KHTML, like Gecko) Chrome/70.0.0.0 Safari/537.36"
152.42.225.136 - - [06/May/2025:15:35:10 +0200] "GET /seen/dhl/edit.php HTTP/1.1" 404 3913 "-" "Mozlila/5.0 (Linux; Android 7.0; SM-G892A Bulid/NRD90M; wv) AppleWebKit/537.36 (KHTML, like Gecko) Version/4.0 Chrome/60.0.3112.107 Moblie Safari/537.36"
66.249.64.131 - - [06/May/2025:15:35:10 +0200] "GET /index.php/Alqalam/article/view/174?articlesBySimilarityPage=56 HTTP/1.1" 200 6658 "-" "Mozilla/5.0 (Linux; Android 6.0.1; Nexus 5X Build/MMB29P) AppleWebKit/537.36 (KHTML, like Gecko) Chrome/136.0.7103.59 Mobile Safari/537.36 (compatible; Googlebot/2.1; +http://www.google.com/bot.html)"
159.69.158.189 - - [06/May/2025:15:35:12 +0200] "HEAD / HTTP/1.1" 302 - "https://journal.utripoli.edu.ly/" "Mozilla/5.0+(compatible; UptimeRobot/2.0; http://www.uptimerobot.com/)"
159.69.158.189 - - [06/May/2025:15:35:12 +0200] "HEAD /index.php/Alqalam HTTP/1.1" 200 - "https://journal.utripoli.edu.ly/" "Mozilla/5.0+(compatible; UptimeRobot/2.0; http://www.uptimerobot.com/)"
44.221.180.179 - - [06/May/2025:15:35:10 +0200] "GET /index.php/Alqalam/article/view/803?articlesBySimilarityPage=30 HTTP/1.1" 200 9952 "-" "Mozilla/5.0 AppleWebKit/537.36 (KHTML, like Gecko; compatible; Amazonbot/0.1; +https://developer.amazon.com/support/amazonbot) Chrome/119.0.6045.214 Safari/537.36"
54.36.148.92 - - [06/May/2025:15:35:13 +0200] "GET /index.php/Alqalam/citationstylelanguage/get/apa?submissionId=622&publicationId=622 HTTP/1.1" 200 277 "-" "Mozilla/5.0 (compatible; AhrefsBot/7.0; +http://ahrefs.com/robot/)"
152.42.225.136 - - [06/May/2025:15:35:14 +0200] "GET /admin/fedex-ko-kr/edit.php HTTP/1.1" 404 3913 "-" "Mozlila/5.0 (Linux; Android 7.0; SM-G892A Bulid/NRD90M; wv) AppleWebKit/537.36 (KHTML, like Gecko) Version/4.0 Chrome/60.0.3112.107 Moblie Safari/537.36"
152.42.225.136 - - [06/May/2025:15:35:15 +0200] "GET /wp-includes/css/pu.php HTTP/1.1" 404 3913 "-" "Mozlila/5.0 (Linux; Android 7.0; SM-G892A Bulid/NRD90M; wv) AppleWebKit/537.36 (KHTML, like Gecko) Version/4.0 Chrome/60.0.3112.107 Moblie Safari/537.36"
2a03:2880:f800:2:: - - [06/May/2025:15:35:14 +0200] "GET /index.php/Alqalam/article/view/236?articlesBySimilarityPage=23 HTTP/1.1" 200 39996 "-" "meta-externalagent/1.1 (+https://developers.facebook.com/docs/sharing/webmasters/crawler)"
152.42.225.136 - - [06/May/2025:15:35:17 +0200] "GET /wp-includes/css/sc.php HTTP/1.1" 404 3913 "-" "Mozlila/5.0 (Linux; Android 7.0; SM-G892A Bulid/NRD90M; wv) AppleWebKit/537.36 (KHTML, like Gecko) Version/4.0 Chrome/60.0.3112.107 Moblie Safari/537.36"
152.42.225.136 - - [06/May/2025:15:35:19 +0200] "GET /wp-includes/css/dist/niil.php HTTP/1.1" 404 3913 "-" "Mozlila/5.0 (Linux; Android 7.0; SM-G892A Bulid/NRD90M; wv) AppleWebKit/537.36 (KHTML, like Gecko) Version/4.0 Chrome/60.0.3112.107 Moblie Safari/537.36"
152.42.225.136 - - [06/May/2025:15:35:22 +0200] "GET /wp-includes/css/dist/index.php HTTP/1.1" 404 3913 "-" "Mozlila/5.0 (Linux; Android 7.0; SM-G892A Bulid/NRD90M; wv) AppleWebKit/537.36 (KHTML, like Gecko) Version/4.0 Chrome/60.0.3112.107 Moblie Safari/537.36"
152.42.225.136 - - [06/May/2025:15:35:25 +0200] "GET /wp-includes/SimplePie/Content/Type/zip-blog.php HTTP/1.1" 404 3913 "-" "Mozlila/5.0 (Linux; Android 7.0; SM-G892A Bulid/NRD90M; wv) AppleWebKit/537.36 (KHTML, like Gecko) Version/4.0 Chrome/60.0.3112.107 Moblie Safari/537.36"
152.42.225.136 - - [06/May/2025:15:35:26 +0200] "GET /wp-includes/Requests/src/Utility/tiny.php HTTP/1.1" 404 3913 "-" "Mozlila/5.0 (Linux; Android 7.0; SM-G892A Bulid/NRD90M; wv) AppleWebKit/537.36 (KHTML, like Gecko) Version/4.0 Chrome/60.0.3112.107 Moblie Safari/537.36"
152.42.225.136 - - [06/May/2025:15:35:27 +0200] "GET /wp-includes/blocks/audio/scan.php HTTP/1.1" 404 3913 "-" "Mozlila/5.0 (Linux; Android 7.0; SM-G892A Bulid/NRD90M; wv) AppleWebKit/537.36 (KHTML, like Gecko) Version/4.0 Chrome/60.0.3112.107 Moblie Safari/537.36"
152.42.225.136 - - [06/May/2025:15:35:29 +0200] "GET /wp-admin/user/wordpress.php HTTP/1.1" 404 3913 "-" "Mozlila/5.0 (Linux; Android 7.0; SM-G892A Bulid/NRD90M; wv) AppleWebKit/537.36 (KHTML, like Gecko) Version/4.0 Chrome/60.0.3112.107 Moblie Safari/537.36"
152.42.225.136 - - [06/May/2025:15:35:31 +0200] "GET /wp-admin/js/widgets/index.php HTTP/1.1" 404 3913 "-" "Mozlila/5.0 (Linux; Android 7.0; SM-G892A Bulid/NRD90M; wv) AppleWebKit/537.36 (KHTML, like Gecko) Version/4.0 Chrome/60.0.3112.107 Moblie Safari/537.36"
152.42.225.136 - - [06/May/2025:15:35:32 +0200] "GET /wp-content/plugins/woocommerce-addons/option.php HTTP/1.1" 404 3913 "-" "Mozlila/5.0 (Linux; Android 7.0; SM-G892A Bulid/NRD90M; wv) AppleWebKit/537.36 (KHTML, like Gecko) Version/4.0 Chrome/60.0.3112.107 Moblie Safari/537.36"
152.42.225.136 - - [06/May/2025:15:35:36 +0200] "GET /wp-content/plugins/mgelbtx/wp-actif.php HTTP/1.1" 404 3913 "-" "Mozlila/5.0 (Linux; Android 7.0; SM-G892A Bulid/NRD90M; wv) AppleWebKit/537.36 (KHTML, like Gecko) Version/4.0 Chrome/60.0.3112.107 Moblie Safari/537.36"
152.42.225.136 - - [06/May/2025:15:35:38 +0200] "GET /wp-content/plugins/wpforms-lite/src/Admin/Tools/Views/Import.php HTTP/1.1" 404 3913 "-" "Mozlila/5.0 (Linux; Android 7.0; SM-G892A Bulid/NRD90M; wv) AppleWebKit/537.36 (KHTML, like Gecko) Version/4.0 Chrome/60.0.3112.107 Moblie Safari/537.36"
152.42.225.136 - - [06/May/2025:15:35:40 +0200] "GET /wp-admin/site-editor-edit.php HTTP/1.1" 404 3913 "-" "Mozlila/5.0 (Linux; Android 7.0; SM-G892A Bulid/NRD90M; wv) AppleWebKit/537.36 (KHTML, like Gecko) Version/4.0 Chrome/60.0.3112.107 Moblie Safari/537.36"
152.42.225.136 - - [06/May/2025:15:35:43 +0200] "GET /wp-admin/admin-functions-loop.php HTTP/1.1" 404 3913 "-" "Mozlila/5.0 (Linux; Android 7.0; SM-G892A Bulid/NRD90M; wv) AppleWebKit/537.36 (KHTML, like Gecko) Version/4.0 Chrome/60.0.3112.107 Moblie Safari/537.36"
66.249.70.106 - - [06/May/2025:15:35:45 +0200] "GET /index.php/Alqalam/citationstylelanguage/get/vancouver?submissionId=103&publicationId=103 HTTP/1.1" 200 369 "-" "Mozilla/5.0 (Linux; Android 6.0.1; Nexus 5X Build/MMB29P) AppleWebKit/537.36 (KHTML, like Gecko) Chrome/136.0.7103.59 Mobile Safari/537.36 (compatible; Googlebot/2.1; +http://www.google.com/bot.html)"
152.42.225.136 - - [06/May/2025:15:35:47 +0200] "GET /wp-admin/contribute-call.php HTTP/1.1" 404 3913 "-" "Mozlila/5.0 (Linux; Android 7.0; SM-G892A Bulid/NRD90M; wv) AppleWebKit/537.36 (KHTML, like Gecko) Version/4.0 Chrome/60.0.3112.107 Moblie Safari/537.36"
5.167.103.233 - - [06/May/2025:15:35:48 +0200] "GET /index.php/Alqalam/ HTTP/1.0" 200 44996 "https://journal.utripoli.edu.ly/index.php/Alqalam/" "Mozilla/5.0 (Windows NT 10.0; Win64; x64) AppleWebKit/537.36 (KHTML, like Gecko) Chrome/130.0.0.0 Safari/537.36"
5.167.103.233 - - [06/May/2025:15:35:49 +0200] "GET /index.php/Alqalam/login HTTP/1.0" 200 15301 "https://journal.utripoli.edu.ly/index.php/Alqalam/login" "Mozilla/5.0 (Windows NT 10.0; Win64; x64) AppleWebKit/537.36 (KHTML, like Gecko) Chrome/130.0.0.0 Safari/537.36"
5.167.103.233 - - [06/May/2025:15:35:49 +0200] "POST /index.php/Alqalam/login/signIn HTTP/1.0" 200 15345 "https://journal.utripoli.edu.ly/index.php/Alqalam/login" "Mozilla/5.0 (Windows NT 10.0; Win64; x64) AppleWebKit/537.36 (KHTML, like Gecko) Chrome/130.0.0.0 Safari/537.36"
54.36.148.143 - - [06/May/2025:15:35:49 +0200] "GET /index.php/Alqalam/citationstylelanguage/get/associacao-brasileira-de-normas-tecnicas?submissionId=622&publicationId=622 HTTP/1.1" 200 359 "-" "Mozilla/5.0 (compatible; AhrefsBot/7.0; +http://ahrefs.com/robot/)"
5.167.103.233 - - [06/May/2025:15:35:50 +0200] "GET /index.php/Alqalam/ HTTP/1.0" 200 44996 "https://journal.utripoli.edu.ly/index.php/Alqalam/" "Mozilla/5.0 (Windows NT 10.0; Win64; x64) AppleWebKit/537.36 (KHTML, like Gecko) Chrome/130.0.0.0 Safari/537.36"
5.167.103.233 - - [06/May/2025:15:35:50 +0200] "GET /index.php/Alqalam/index.php HTTP/1.0" 404 754 "https://journal.utripoli.edu.ly/index.php" "Mozilla/5.0 (Windows NT 10.0; Win64; x64) AppleWebKit/537.36 (KHTML, like Gecko) Chrome/130.0.0.0 Safari/537.36"
68.221.67.175 - - [06/May/2025:15:35:50 +0200] "GET /index.php/Alqalam/article/view/618/492 HTTP/1.1" 302 - "-" "Mozilla/5.0 AppleWebKit/537.36 (KHTML, like Gecko); compatible; ChatGPT-User/1.0; +https://openai.com/bot"
68.221.67.175 - - [06/May/2025:15:35:50 +0200] "GET /index.php/Alqalam/article/download/618/492 HTTP/1.1" 200 401476 "-" "Mozilla/5.0 AppleWebKit/537.36 (KHTML, like Gecko); compatible; ChatGPT-User/1.0; +https://openai.com/bot"
5.167.103.233 - - [06/May/2025:15:35:50 +0200] "GET /Alqalam/index.php HTTP/1.0" 404 3913 "https://journal.utripoli.edu.ly/Alqalam/index.php" "Mozilla/5.0 (Windows NT 10.0; Win64; x64) AppleWebKit/537.36 (KHTML, like Gecko) Chrome/130.0.0.0 Safari/537.36"
152.42.225.136 - - [06/May/2025:15:35:50 +0200] "GET /wp-includes/class-wp-block-type-database.php HTTP/1.1" 404 3913 "-" "Mozlila/5.0 (Linux; Android 7.0; SM-G892A Bulid/NRD90M; wv) AppleWebKit/537.36 (KHTML, like Gecko) Version/4.0 Chrome/60.0.3112.107 Moblie Safari/537.36"
5.167.103.233 - - [06/May/2025:15:35:51 +0200] "GET /index.php/Alqalam/index.php HTTP/1.0" 404 754 "https://journal.utripoli.edu.ly/index.php" "Mozilla/5.0 (Windows NT 10.0; Win64; x64) AppleWebKit/537.36 (KHTML, like Gecko) Chrome/130.0.0.0 Safari/537.36"
5.167.103.233 - - [06/May/2025:15:35:51 +0200] "GET /Alqalam/index.php HTTP/1.0" 404 3913 "https://journal.utripoli.edu.ly/Alqalam/index.php" "Mozilla/5.0 (Windows NT 10.0; Win64; x64) AppleWebKit/537.36 (KHTML, like Gecko) Chrome/130.0.0.0 Safari/537.36"
5.167.103.233 - - [06/May/2025:15:35:51 +0200] "GET /index.php/Alqalam/index.php HTTP/1.0" 404 754 "https://journal.utripoli.edu.ly/index.php" "Mozilla/5.0 (Windows NT 10.0; Win64; x64) AppleWebKit/537.36 (KHTML, like Gecko) Chrome/130.0.0.0 Safari/537.36"
5.167.103.233 - - [06/May/2025:15:35:51 +0200] "GET /Alqalam/index.php HTTP/1.0" 404 3913 "https://journal.utripoli.edu.ly/Alqalam/index.php" "Mozilla/5.0 (Windows NT 10.0; Win64; x64) AppleWebKit/537.36 (KHTML, like Gecko) Chrome/130.0.0.0 Safari/537.36"
5.167.103.233 - - [06/May/2025:15:35:52 +0200] "GET /index.php/Alqalam/about/contact HTTP/1.0" 200 14947 "https://journal.utripoli.edu.ly/index.php/Alqalam/about/contact" "Mozilla/5.0 (Windows NT 10.0; Win64; x64) AppleWebKit/537.36 (KHTML, like Gecko) Chrome/130.0.0.0 Safari/537.36"
68.221.67.175 - - [06/May/2025:15:35:52 +0200] "GET / HTTP/1.1" 302 - "-" "Mozilla/5.0 AppleWebKit/537.36 (KHTML, like Gecko); compatible; ChatGPT-User/1.0; +https://openai.com/bot"
5.167.103.233 - - [06/May/2025:15:35:52 +0200] "GET /index.php/Alqalam/about/index.php HTTP/1.0" 404 754 "https://journal.utripoli.edu.ly/index.php" "Mozilla/5.0 (Windows NT 10.0; Win64; x64) AppleWebKit/537.36 (KHTML, like Gecko) Chrome/130.0.0.0 Safari/537.36"
5.167.103.233 - - [06/May/2025:15:35:52 +0200] "GET /Alqalam/about/index.php HTTP/1.0" 404 3913 "https://journal.utripoli.edu.ly/Alqalam/about/index.php" "Mozilla/5.0 (Windows NT 10.0; Win64; x64) AppleWebKit/537.36 (KHTML, like Gecko) Chrome/130.0.0.0 Safari/537.36"
