163.5.160.134 - - [06/May/2025:15:16:32 +0200] "GET /tmp_images/alfacgiapi/perl.alfa.php HTTP/1.1" 404 3913 "-" "Mozlila/5.0 (Linux; Android 7.0; SM-G892A Bulid/NRD90M; wv) AppleWebKit/537.36 (KHTML, like Gecko) Version/4.0 Chrome/60.0.3112.107 Moblie Safari/537.36"
163.5.160.134 - - [06/May/2025:15:16:33 +0200] "GET /wp-admin/alfacgiapi/perl.alfa.php HTTP/1.1" 404 3913 "-" "Mozlila/5.0 (Linux; Android 7.0; SM-G892A Bulid/NRD90M; wv) AppleWebKit/537.36 (KHTML, like Gecko) Version/4.0 Chrome/60.0.3112.107 Moblie Safari/537.36"
163.5.160.134 - - [06/May/2025:15:16:33 +0200] "GET /wp-content/alfacgiapi/perl.alfa.php HTTP/1.1" 404 3913 "-" "Mozlila/5.0 (Linux; Android 7.0; SM-G892A Bulid/NRD90M; wv) AppleWebKit/537.36 (KHTML, like Gecko) Version/4.0 Chrome/60.0.3112.107 Moblie Safari/537.36"
163.5.160.134 - - [06/May/2025:15:16:34 +0200] "GET /wp-includes/alfacgiapi/perl.alfa.php HTTP/1.1" 404 3913 "-" "Mozlila/5.0 (Linux; Android 7.0; SM-G892A Bulid/NRD90M; wv) AppleWebKit/537.36 (KHTML, like Gecko) Version/4.0 Chrome/60.0.3112.107 Moblie Safari/537.36"
163.5.160.134 - - [06/May/2025:15:16:35 +0200] "GET /alfacgiapi/perl.alfa.php HTTP/1.1" 404 3913 "-" "Mozlila/5.0 (Linux; Android 7.0; SM-G892A Bulid/NRD90M; wv) AppleWebKit/537.36 (KHTML, like Gecko) Version/4.0 Chrome/60.0.3112.107 Moblie Safari/537.36"
194.233.80.159 - - [06/May/2025:15:16:36 +0200] "GET /assets/scss/custom/structure/ HTTP/1.1" 404 3913 "-" "Mozilla/5.0 (X11; U; Linux x86_64; en-US; rv:1.9.0.8) Gecko/2009033100 Ubuntu/9.04 (jaunty) Firefox/3.0.8"
163.5.160.134 - - [06/May/2025:15:16:36 +0200] "GET /css/ALFA_DATA/alfacgiapi/perl.alfa.php HTTP/1.1" 404 3913 "-" "Mozlila/5.0 (Linux; Android 7.0; SM-G892A Bulid/NRD90M; wv) AppleWebKit/537.36 (KHTML, like Gecko) Version/4.0 Chrome/60.0.3112.107 Moblie Safari/537.36"
163.5.160.134 - - [06/May/2025:15:16:37 +0200] "GET /files/ALFA_DATA/alfacgiapi/perl.alfa.php HTTP/1.1" 404 3913 "-" "Mozlila/5.0 (Linux; Android 7.0; SM-G892A Bulid/NRD90M; wv) AppleWebKit/537.36 (KHTML, like Gecko) Version/4.0 Chrome/60.0.3112.107 Moblie Safari/537.36"
163.5.160.134 - - [06/May/2025:15:16:38 +0200] "GET /images/ALFA_DATA/alfacgiapi/perl.alfa.php HTTP/1.1" 404 3913 "-" "Mozlila/5.0 (Linux; Android 7.0; SM-G892A Bulid/NRD90M; wv) AppleWebKit/537.36 (KHTML, like Gecko) Version/4.0 Chrome/60.0.3112.107 Moblie Safari/537.36"
163.5.160.134 - - [06/May/2025:15:16:39 +0200] "GET /ALFA_DATA/alfacgiapi/perl.alfa.php HTTP/1.1" 404 3913 "-" "Mozlila/5.0 (Linux; Android 7.0; SM-G892A Bulid/NRD90M; wv) AppleWebKit/537.36 (KHTML, like Gecko) Version/4.0 Chrome/60.0.3112.107 Moblie Safari/537.36"
194.233.80.159 - - [06/May/2025:15:16:39 +0200] "GET /assets/scss/custom/theme-colors/ HTTP/1.1" 404 3913 "-" "Mozilla/5.0 (X11; U; Linux x86_64; en-US; rv:1.9.0.8) Gecko/2009033100 Ubuntu/9.04 (jaunty) Firefox/3.0.8"
163.5.160.134 - - [06/May/2025:15:16:40 +0200] "GET /wp-admin/ALFA_DATA/alfacgiapi/perl.alfa.php HTTP/1.1" 404 3913 "-" "Mozlila/5.0 (Linux; Android 7.0; SM-G892A Bulid/NRD90M; wv) AppleWebKit/537.36 (KHTML, like Gecko) Version/4.0 Chrome/60.0.3112.107 Moblie Safari/537.36"
163.5.160.134 - - [06/May/2025:15:16:40 +0200] "GET /wp-content/ALFA_DATA/alfacgiapi/perl.alfa.php HTTP/1.1" 404 3913 "-" "Mozlila/5.0 (Linux; Android 7.0; SM-G892A Bulid/NRD90M; wv) AppleWebKit/537.36 (KHTML, like Gecko) Version/4.0 Chrome/60.0.3112.107 Moblie Safari/537.36"
163.5.160.134 - - [06/May/2025:15:16:41 +0200] "GET /wp-includes/ALFA_DATA/alfacgiapi/perl.alfa HTTP/1.1" 404 3913 "-" "Mozlila/5.0 (Linux; Android 7.0; SM-G892A Bulid/NRD90M; wv) AppleWebKit/537.36 (KHTML, like Gecko) Version/4.0 Chrome/60.0.3112.107 Moblie Safari/537.36"
163.5.160.134 - - [06/May/2025:15:16:42 +0200] "GET /date.php HTTP/1.1" 404 16 "-" "Mozlila/5.0 (Linux; Android 7.0; SM-G892A Bulid/NRD90M; wv) AppleWebKit/537.36 (KHTML, like Gecko) Version/4.0 Chrome/60.0.3112.107 Moblie Safari/537.36"
194.233.80.159 - - [06/May/2025:15:16:42 +0200] "GET /assets/scss/fonts/ HTTP/1.1" 404 3913 "-" "Mozilla/5.0 (X11; U; Linux x86_64; en-US; rv:1.9.0.8) Gecko/2009033100 Ubuntu/9.04 (jaunty) Firefox/3.0.8"
163.5.160.134 - - [06/May/2025:15:16:43 +0200] "GET /about.php HTTP/1.1" 404 16 "-" "Mozlila/5.0 (Linux; Android 7.0; SM-G892A Bulid/NRD90M; wv) AppleWebKit/537.36 (KHTML, like Gecko) Version/4.0 Chrome/60.0.3112.107 Moblie Safari/537.36"
163.5.160.134 - - [06/May/2025:15:16:44 +0200] "GET /alfaindex.php HTTP/1.1" 404 16 "-" "Mozlila/5.0 (Linux; Android 7.0; SM-G892A Bulid/NRD90M; wv) AppleWebKit/537.36 (KHTML, like Gecko) Version/4.0 Chrome/60.0.3112.107 Moblie Safari/537.36"
163.5.160.134 - - [06/May/2025:15:16:45 +0200] "GET /.alf.php HTTP/1.1" 404 16 "-" "Mozlila/5.0 (Linux; Android 7.0; SM-G892A Bulid/NRD90M; wv) AppleWebKit/537.36 (KHTML, like Gecko) Version/4.0 Chrome/60.0.3112.107 Moblie Safari/537.36"
194.233.80.159 - - [06/May/2025:15:16:45 +0200] "GET /assets/scss/icons/ HTTP/1.1" 404 3913 "-" "Mozilla/5.0 (X11; U; Linux x86_64; en-US; rv:1.9.0.8) Gecko/2009033100 Ubuntu/9.04 (jaunty) Firefox/3.0.8"
163.5.160.134 - - [06/May/2025:15:16:46 +0200] "GET /wp-content/plugins/cekidot/alf.php HTTP/1.1" 404 3913 "-" "Mozlila/5.0 (Linux; Android 7.0; SM-G892A Bulid/NRD90M; wv) AppleWebKit/537.36 (KHTML, like Gecko) Version/4.0 Chrome/60.0.3112.107 Moblie Safari/537.36"
163.5.160.134 - - [06/May/2025:15:16:47 +0200] "GET /wp-content/fw.php HTTP/1.1" 404 3913 "-" "Mozlila/5.0 (Linux; Android 7.0; SM-G892A Bulid/NRD90M; wv) AppleWebKit/537.36 (KHTML, like Gecko) Version/4.0 Chrome/60.0.3112.107 Moblie Safari/537.36"
163.5.160.134 - - [06/May/2025:15:16:48 +0200] "GET /wp-content/alfa.php HTTP/1.1" 404 3913 "-" "Mozlila/5.0 (Linux; Android 7.0; SM-G892A Bulid/NRD90M; wv) AppleWebKit/537.36 (KHTML, like Gecko) Version/4.0 Chrome/60.0.3112.107 Moblie Safari/537.36"
194.233.80.159 - - [06/May/2025:15:16:49 +0200] "GET /assets/select2/ HTTP/1.1" 404 3913 "-" "Mozilla/5.0 (X11; U; Linux x86_64; en-US; rv:1.9.0.8) Gecko/2009033100 Ubuntu/9.04 (jaunty) Firefox/3.0.8"
163.5.160.134 - - [06/May/2025:15:16:50 +0200] "GET /snd.php HTTP/1.1" 404 16 "-" "Mozlila/5.0 (Linux; Android 7.0; SM-G892A Bulid/NRD90M; wv) AppleWebKit/537.36 (KHTML, like Gecko) Version/4.0 Chrome/60.0.3112.107 Moblie Safari/537.36"
85.208.96.203 - - [06/May/2025:15:16:48 +0200] "GET /index.php/Alqalam/article/view/689?articlesBySimilarityPage=31 HTTP/1.1" 200 8954 "-" "Mozilla/5.0 (compatible; SemrushBot/7~bl; +http://www.semrush.com/bot.html)"
163.5.160.134 - - [06/May/2025:15:16:51 +0200] "GET /wp-class.php HTTP/1.1" 404 16 "-" "Mozlila/5.0 (Linux; Android 7.0; SM-G892A Bulid/NRD90M; wv) AppleWebKit/537.36 (KHTML, like Gecko) Version/4.0 Chrome/60.0.3112.107 Moblie Safari/537.36"
163.5.160.134 - - [06/May/2025:15:16:51 +0200] "GET /small.php HTTP/1.1" 404 16 "-" "Mozlila/5.0 (Linux; Android 7.0; SM-G892A Bulid/NRD90M; wv) AppleWebKit/537.36 (KHTML, like Gecko) Version/4.0 Chrome/60.0.3112.107 Moblie Safari/537.36"
194.233.80.159 - - [06/May/2025:15:16:52 +0200] "GET /assets/select2/css/ HTTP/1.1" 404 3913 "-" "Mozilla/5.0 (X11; U; Linux x86_64; en-US; rv:1.9.0.8) Gecko/2009033100 Ubuntu/9.04 (jaunty) Firefox/3.0.8"
163.5.160.134 - - [06/May/2025:15:16:53 +0200] "GET /wp-content/plugins/upspy/index.php HTTP/1.1" 404 3913 "-" "Mozlila/5.0 (Linux; Android 7.0; SM-G892A Bulid/NRD90M; wv) AppleWebKit/537.36 (KHTML, like Gecko) Version/4.0 Chrome/60.0.3112.107 Moblie Safari/537.36"
163.5.160.134 - - [06/May/2025:15:16:54 +0200] "GET /wp-content/plugins/ubh/index.php HTTP/1.1" 404 3913 "-" "Mozlila/5.0 (Linux; Android 7.0; SM-G892A Bulid/NRD90M; wv) AppleWebKit/537.36 (KHTML, like Gecko) Version/4.0 Chrome/60.0.3112.107 Moblie Safari/537.36"
163.5.160.134 - - [06/May/2025:15:16:54 +0200] "GET /wp-content/plugins/vwcleanerplugin/bump.php?cache HTTP/1.1" 404 3913 "-" "Mozlila/5.0 (Linux; Android 7.0; SM-G892A Bulid/NRD90M; wv) AppleWebKit/537.36 (KHTML, like Gecko) Version/4.0 Chrome/60.0.3112.107 Moblie Safari/537.36"
163.5.160.134 - - [06/May/2025:15:16:55 +0200] "GET /wp-content/themes/gaukingo/db.php HTTP/1.1" 404 3913 "-" "Mozlila/5.0 (Linux; Android 7.0; SM-G892A Bulid/NRD90M; wv) AppleWebKit/537.36 (KHTML, like Gecko) Version/4.0 Chrome/60.0.3112.107 Moblie Safari/537.36"
194.233.80.159 - - [06/May/2025:15:16:56 +0200] "GET /assets/select2/js/ HTTP/1.1" 404 3913 "-" "Mozilla/5.0 (X11; U; Linux x86_64; en-US; rv:1.9.0.8) Gecko/2009033100 Ubuntu/9.04 (jaunty) Firefox/3.0.8"
163.5.160.134 - - [06/May/2025:15:16:56 +0200] "GET /wp-content/plugins/three-column-screen-layout/db.php HTTP/1.1" 404 3913 "-" "Mozlila/5.0 (Linux; Android 7.0; SM-G892A Bulid/NRD90M; wv) AppleWebKit/537.36 (KHTML, like Gecko) Version/4.0 Chrome/60.0.3112.107 Moblie Safari/537.36"
163.5.160.134 - - [06/May/2025:15:16:58 +0200] "GET /wp-content/plugins/xichang/x.php?xi HTTP/1.1" 404 3913 "-" "Mozlila/5.0 (Linux; Android 7.0; SM-G892A Bulid/NRD90M; wv) AppleWebKit/537.36 (KHTML, like Gecko) Version/4.0 Chrome/60.0.3112.107 Moblie Safari/537.36"
163.5.160.134 - - [06/May/2025:15:16:59 +0200] "GET /wp-content/plugins/html404/index.html HTTP/1.1" 404 3913 "-" "Mozlila/5.0 (Linux; Android 7.0; SM-G892A Bulid/NRD90M; wv) AppleWebKit/537.36 (KHTML, like Gecko) Version/4.0 Chrome/60.0.3112.107 Moblie Safari/537.36"
163.5.160.134 - - [06/May/2025:15:17:00 +0200] "GET /wp-content/plugins/wp-db-ajax-made/wp-ajax.php HTTP/1.1" 404 3913 "-" "Mozlila/5.0 (Linux; Android 7.0; SM-G892A Bulid/NRD90M; wv) AppleWebKit/537.36 (KHTML, like Gecko) Version/4.0 Chrome/60.0.3112.107 Moblie Safari/537.36"
163.5.160.134 - - [06/May/2025:15:17:01 +0200] "GET /Marvins.php HTTP/1.1" 404 16 "-" "Mozlila/5.0 (Linux; Android 7.0; SM-G892A Bulid/NRD90M; wv) AppleWebKit/537.36 (KHTML, like Gecko) Version/4.0 Chrome/60.0.3112.107 Moblie Safari/537.36"
163.5.160.134 - - [06/May/2025:15:17:01 +0200] "GET /wp-includes/css/modules.php HTTP/1.1" 404 3913 "-" "Mozlila/5.0 (Linux; Android 7.0; SM-G892A Bulid/NRD90M; wv) AppleWebKit/537.36 (KHTML, like Gecko) Version/4.0 Chrome/60.0.3112.107 Moblie Safari/537.36"
163.5.160.134 - - [06/May/2025:15:17:01 +0200] "GET /indoxploit.php HTTP/1.1" 404 16 "-" "Mozlila/5.0 (Linux; Android 7.0; SM-G892A Bulid/NRD90M; wv) AppleWebKit/537.36 (KHTML, like Gecko) Version/4.0 Chrome/60.0.3112.107 Moblie Safari/537.36"
194.233.80.159 - - [06/May/2025:15:17:03 +0200] "GET /assets/select2/js/i18n/ HTTP/1.1" 404 3913 "-" "Mozilla/5.0 (X11; U; Linux x86_64; en-US; rv:1.9.0.8) Gecko/2009033100 Ubuntu/9.04 (jaunty) Firefox/3.0.8"
18.225.235.148 - - [06/May/2025:15:17:03 +0200] "GET /index.php/Alqalam/article/view/136?articlesBySimilarityPage=18 HTTP/1.1" 200 7966 "-" "Mozilla/5.0 AppleWebKit/537.36 (KHTML, like Gecko; compatible; ClaudeBot/1.0; +claudebot@anthropic.com)"
163.5.160.134 - - [06/May/2025:15:17:04 +0200] "GET /wp-content/plugins/css-ready-sel/file.php HTTP/1.1" 404 3913 "-" "Mozlila/5.0 (Linux; Android 7.0; SM-G892A Bulid/NRD90M; wv) AppleWebKit/537.36 (KHTML, like Gecko) Version/4.0 Chrome/60.0.3112.107 Moblie Safari/537.36"
163.5.160.134 - - [06/May/2025:15:17:05 +0200] "GET /wp-content/plugins/css-ready/file.php HTTP/1.1" 404 3913 "-" "Mozlila/5.0 (Linux; Android 7.0; SM-G892A Bulid/NRD90M; wv) AppleWebKit/537.36 (KHTML, like Gecko) Version/4.0 Chrome/60.0.3112.107 Moblie Safari/537.36"
163.5.160.134 - - [06/May/2025:15:17:06 +0200] "GET /wp-content/think.php HTTP/1.1" 404 3913 "-" "Mozlila/5.0 (Linux; Android 7.0; SM-G892A Bulid/NRD90M; wv) AppleWebKit/537.36 (KHTML, like Gecko) Version/4.0 Chrome/60.0.3112.107 Moblie Safari/537.36"
194.233.80.159 - - [06/May/2025:15:17:07 +0200] "GET /assets/styles/ HTTP/1.1" 404 3913 "-" "Mozilla/5.0 (X11; U; Linux x86_64; en-US; rv:1.9.0.8) Gecko/2009033100 Ubuntu/9.04 (jaunty) Firefox/3.0.8"
163.5.160.134 - - [06/May/2025:15:17:08 +0200] "GET /wp-content/plugins/html404/xccc.php HTTP/1.1" 404 3913 "-" "Mozlila/5.0 (Linux; Android 7.0; SM-G892A Bulid/NRD90M; wv) AppleWebKit/537.36 (KHTML, like Gecko) Version/4.0 Chrome/60.0.3112.107 Moblie Safari/537.36"
163.5.160.134 - - [06/May/2025:15:17:08 +0200] "GET /wp-content/plugins/html404/cry.php.pjpeg HTTP/1.1" 404 3913 "-" "Mozlila/5.0 (Linux; Android 7.0; SM-G892A Bulid/NRD90M; wv) AppleWebKit/537.36 (KHTML, like Gecko) Version/4.0 Chrome/60.0.3112.107 Moblie Safari/537.36"
163.5.160.134 - - [06/May/2025:15:17:09 +0200] "GET /wp-content/plugins/real/v.php HTTP/1.1" 404 3913 "-" "Mozlila/5.0 (Linux; Android 7.0; SM-G892A Bulid/NRD90M; wv) AppleWebKit/537.36 (KHTML, like Gecko) Version/4.0 Chrome/60.0.3112.107 Moblie Safari/537.36"
163.5.160.134 - - [06/May/2025:15:17:10 +0200] "GET /wp-content/plugins/html404/wso25.php HTTP/1.1" 404 3913 "-" "Mozlila/5.0 (Linux; Android 7.0; SM-G892A Bulid/NRD90M; wv) AppleWebKit/537.36 (KHTML, like Gecko) Version/4.0 Chrome/60.0.3112.107 Moblie Safari/537.36"
194.233.80.159 - - [06/May/2025:15:17:11 +0200] "GET /assets/styles/apps/ HTTP/1.1" 404 3913 "-" "Mozilla/5.0 (X11; U; Linux x86_64; en-US; rv:1.9.0.8) Gecko/2009033100 Ubuntu/9.04 (jaunty) Firefox/3.0.8"
66.249.64.132 - - [06/May/2025:15:17:10 +0200] "GET /index.php/Alqalam/article/view/332?articlesBySimilarityPage=11 HTTP/1.1" 200 8118 "-" "Mozilla/5.0 (Linux; Android 6.0.1; Nexus 5X Build/MMB29P) AppleWebKit/537.36 (KHTML, like Gecko) Chrome/136.0.7103.59 Mobile Safari/537.36 (compatible; Googlebot/2.1; +http://www.google.com/bot.html)"
191.37.226.133 - - [06/May/2025:15:17:12 +0200] "GET /index.php/Alqalam/article/view/708/596 HTTP/1.1" 302 - "-" "Mozilla/5.0 (Windows NT 10.0; Win64; x64) AppleWebKit/537.36 (KHTML, like Gecko) Gecko/20100101 Firefox/88.0"
163.5.160.134 - - [06/May/2025:15:17:13 +0200] "GET /modules/mod_simplefileuploadv1.3/elements/udd.php HTTP/1.1" 404 3913 "-" "Mozlila/5.0 (Linux; Android 7.0; SM-G892A Bulid/NRD90M; wv) AppleWebKit/537.36 (KHTML, like Gecko) Version/4.0 Chrome/60.0.3112.107 Moblie Safari/537.36"
191.37.226.133 - - [06/May/2025:15:17:13 +0200] "GET /index.php/Alqalam/article/download/708/596 HTTP/1.1" 200 281678 "-" "Mozilla/5.0 (Windows NT 10.0; Win64; x64) AppleWebKit/537.36 (KHTML, like Gecko) Gecko/20100101 Firefox/88.0"
163.5.160.134 - - [06/May/2025:15:17:15 +0200] "GET /libraries/joomla/css.php HTTP/1.1" 404 3913 "-" "Mozlila/5.0 (Linux; Android 7.0; SM-G892A Bulid/NRD90M; wv) AppleWebKit/537.36 (KHTML, like Gecko) Version/4.0 Chrome/60.0.3112.107 Moblie Safari/537.36"
194.233.80.159 - - [06/May/2025:15:17:15 +0200] "GET /assets/styles/apps/crm/ HTTP/1.1" 404 3913 "-" "Mozilla/5.0 (X11; U; Linux x86_64; en-US; rv:1.9.0.8) Gecko/2009033100 Ubuntu/9.04 (jaunty) Firefox/3.0.8"
163.5.160.134 - - [06/May/2025:15:17:16 +0200] "GET /libraries/joomla/jmails.php?u HTTP/1.1" 404 3913 "-" "Mozlila/5.0 (Linux; Android 7.0; SM-G892A Bulid/NRD90M; wv) AppleWebKit/537.36 (KHTML, like Gecko) Version/4.0 Chrome/60.0.3112.107 Moblie Safari/537.36"
163.5.160.134 - - [06/May/2025:15:17:17 +0200] "GET /libraries/joomla/jmail.php?u HTTP/1.1" 404 3913 "-" "Mozlila/5.0 (Linux; Android 7.0; SM-G892A Bulid/NRD90M; wv) AppleWebKit/537.36 (KHTML, like Gecko) Version/4.0 Chrome/60.0.3112.107 Moblie Safari/537.36"
163.5.160.134 - - [06/May/2025:15:17:19 +0200] "GET /images/vuln.php HTTP/1.1" 404 3913 "-" "Mozlila/5.0 (Linux; Android 7.0; SM-G892A Bulid/NRD90M; wv) AppleWebKit/537.36 (KHTML, like Gecko) Version/4.0 Chrome/60.0.3112.107 Moblie Safari/537.36"
163.5.160.134 - - [06/May/2025:15:17:19 +0200] "GET /tmp/vuln.php HTTP/1.1" 404 3913 "-" "Mozlila/5.0 (Linux; Android 7.0; SM-G892A Bulid/NRD90M; wv) AppleWebKit/537.36 (KHTML, like Gecko) Version/4.0 Chrome/60.0.3112.107 Moblie Safari/537.36"
194.233.80.159 - - [06/May/2025:15:17:20 +0200] "GET /assets/styles/apps/projects/ HTTP/1.1" 404 3913 "-" "Mozilla/5.0 (X11; U; Linux x86_64; en-US; rv:1.9.0.8) Gecko/2009033100 Ubuntu/9.04 (jaunty) Firefox/3.0.8"
163.5.160.134 - - [06/May/2025:15:17:20 +0200] "GET /rxr.php?rxr HTTP/1.1" 404 16 "-" "Mozlila/5.0 (Linux; Android 7.0; SM-G892A Bulid/NRD90M; wv) AppleWebKit/537.36 (KHTML, like Gecko) Version/4.0 Chrome/60.0.3112.107 Moblie Safari/537.36"
163.5.160.134 - - [06/May/2025:15:17:21 +0200] "GET /modules/modules/modules.php HTTP/1.1" 404 3913 "-" "Mozlila/5.0 (Linux; Android 7.0; SM-G892A Bulid/NRD90M; wv) AppleWebKit/537.36 (KHTML, like Gecko) Version/4.0 Chrome/60.0.3112.107 Moblie Safari/537.36"
191.37.226.133 - - [06/May/2025:15:17:23 +0200] "GET /index.php/Alqalam/article/view/708 HTTP/1.1" 200 6907 "-" "Mozilla/5.0 (Windows NT 10.0; Win64; x64) AppleWebKit/537.36 (KHTML, like Gecko) Gecko/20100101 Firefox/88.0"
194.233.80.159 - - [06/May/2025:15:17:24 +0200] "GET /assets/styles/config/ HTTP/1.1" 404 3913 "-" "Mozilla/5.0 (X11; U; Linux x86_64; en-US; rv:1.9.0.8) Gecko/2009033100 Ubuntu/9.04 (jaunty) Firefox/3.0.8"
163.5.160.134 - - [06/May/2025:15:17:25 +0200] "GET /error.php HTTP/1.1" 404 16 "-" "Mozlila/5.0 (Linux; Android 7.0; SM-G892A Bulid/NRD90M; wv) AppleWebKit/537.36 (KHTML, like Gecko) Version/4.0 Chrome/60.0.3112.107 Moblie Safari/537.36"
85.208.96.209 - - [06/May/2025:15:17:24 +0200] "GET /index.php/Alqalam/article/view/201?articlesBySimilarityPage=12 HTTP/1.1" 200 7615 "-" "Mozilla/5.0 (compatible; SemrushBot/7~bl; +http://www.semrush.com/bot.html)"
163.5.160.134 - - [06/May/2025:15:17:25 +0200] "GET /wp-content/themes/fitnessbase/404.php?ok HTTP/1.1" 404 3913 "-" "Mozlila/5.0 (Linux; Android 7.0; SM-G892A Bulid/NRD90M; wv) AppleWebKit/537.36 (KHTML, like Gecko) Version/4.0 Chrome/60.0.3112.107 Moblie Safari/537.36"
163.5.160.134 - - [06/May/2025:15:17:27 +0200] "GET /wp-add-admin.php HTTP/1.1" 404 16 "-" "Mozlila/5.0 (Linux; Android 7.0; SM-G892A Bulid/NRD90M; wv) AppleWebKit/537.36 (KHTML, like Gecko) Version/4.0 Chrome/60.0.3112.107 Moblie Safari/537.36"
194.233.80.159 - - [06/May/2025:15:17:27 +0200] "GET /assets/styles/core/ HTTP/1.1" 404 3913 "-" "Mozilla/5.0 (X11; U; Linux x86_64; en-US; rv:1.9.0.8) Gecko/2009033100 Ubuntu/9.04 (jaunty) Firefox/3.0.8"
163.5.160.134 - - [06/May/2025:15:17:28 +0200] "GET /RxR.php HTTP/1.1" 404 16 "-" "Mozlila/5.0 (Linux; Android 7.0; SM-G892A Bulid/NRD90M; wv) AppleWebKit/537.36 (KHTML, like Gecko) Version/4.0 Chrome/60.0.3112.107 Moblie Safari/537.36"
194.233.80.159 - - [06/May/2025:15:17:31 +0200] "GET /assets/styles/dashboard/ HTTP/1.1" 404 3913 "-" "Mozilla/5.0 (X11; U; Linux x86_64; en-US; rv:1.9.0.8) Gecko/2009033100 Ubuntu/9.04 (jaunty) Firefox/3.0.8"
194.233.80.159 - - [06/May/2025:15:17:35 +0200] "GET /assets/styles/form/ HTTP/1.1" 404 3913 "-" "Mozilla/5.0 (X11; U; Linux x86_64; en-US; rv:1.9.0.8) Gecko/2009033100 Ubuntu/9.04 (jaunty) Firefox/3.0.8"
66.249.64.131 - - [06/May/2025:15:17:34 +0200] "GET /index.php/Alqalam/article/view/652?articlesBySimilarityPage=52 HTTP/1.1" 200 8805 "-" "Mozilla/5.0 (Linux; Android 6.0.1; Nexus 5X Build/MMB29P) AppleWebKit/537.36 (KHTML, like Gecko) Chrome/136.0.7103.59 Mobile Safari/537.36 (compatible; Googlebot/2.1; +http://www.google.com/bot.html)"
194.233.80.159 - - [06/May/2025:15:17:38 +0200] "GET /assets/styles/form/steps/ HTTP/1.1" 404 3913 "-" "Mozilla/5.0 (X11; U; Linux x86_64; en-US; rv:1.9.0.8) Gecko/2009033100 Ubuntu/9.04 (jaunty) Firefox/3.0.8"
194.233.80.159 - - [06/May/2025:15:17:42 +0200] "GET /assets/styles/libs/bootstrap-daterange-picker/ HTTP/1.1" 404 3913 "-" "Mozilla/5.0 (X11; U; Linux x86_64; en-US; rv:1.9.0.8) Gecko/2009033100 Ubuntu/9.04 (jaunty) Firefox/3.0.8"
194.233.80.159 - - [06/May/2025:15:17:46 +0200] "GET /assets/styles/libs/bootstrap-markdown-editor/ HTTP/1.1" 404 3913 "-" "Mozilla/5.0 (X11; U; Linux x86_64; en-US; rv:1.9.0.8) Gecko/2009033100 Ubuntu/9.04 (jaunty) Firefox/3.0.8"
66.249.64.130 - - [06/May/2025:15:17:47 +0200] "GET /index.php/Alqalam/article/view/332?articlesBySimilarityPage=12 HTTP/1.1" 200 8001 "-" "Mozilla/5.0 (Linux; Android 6.0.1; Nexus 5X Build/MMB29P) AppleWebKit/537.36 (KHTML, like Gecko) Chrome/136.0.7103.59 Mobile Safari/537.36 (compatible; Googlebot/2.1; +http://www.google.com/bot.html)"
194.233.80.159 - - [06/May/2025:15:17:49 +0200] "GET /assets/styles/libs/bootstrap-notify/ HTTP/1.1" 404 3913 "-" "Mozilla/5.0 (X11; U; Linux x86_64; en-US; rv:1.9.0.8) Gecko/2009033100 Ubuntu/9.04 (jaunty) Firefox/3.0.8"
194.233.80.159 - - [06/May/2025:15:17:53 +0200] "GET /assets/styles/libs/bootstrap-select/ HTTP/1.1" 404 3913 "-" "Mozilla/5.0 (X11; U; Linux x86_64; en-US; rv:1.9.0.8) Gecko/2009033100 Ubuntu/9.04 (jaunty) Firefox/3.0.8"
54.36.148.151 - - [06/May/2025:15:17:53 +0200] "GET /index.php/Alqalam/citationstylelanguage/get/apa?submissionId=509&publicationId=509 HTTP/1.1" 200 287 "-" "Mozilla/5.0 (compatible; AhrefsBot/7.0; +http://ahrefs.com/robot/)"
194.233.80.159 - - [06/May/2025:15:17:57 +0200] "GET /assets/styles/libs/bootstrap-table/ HTTP/1.1" 404 3913 "-" "Mozilla/5.0 (X11; U; Linux x86_64; en-US; rv:1.9.0.8) Gecko/2009033100 Ubuntu/9.04 (jaunty) Firefox/3.0.8"
194.233.80.159 - - [06/May/2025:15:18:01 +0200] "GET /assets/styles/libs/bootstrap-table/img/ HTTP/1.1" 404 3913 "-" "Mozilla/5.0 (X11; U; Linux x86_64; en-US; rv:1.9.0.8) Gecko/2009033100 Ubuntu/9.04 (jaunty) Firefox/3.0.8"
66.249.64.132 - - [06/May/2025:15:18:01 +0200] "GET /index.php/Alqalam/article/view/241 HTTP/1.1" 200 7444 "-" "Mozilla/5.0 (Linux; Android 6.0.1; Nexus 5X Build/MMB29P) AppleWebKit/537.36 (KHTML, like Gecko) Chrome/136.0.7103.59 Mobile Safari/537.36 (compatible; Googlebot/2.1; +http://www.google.com/bot.html)"
194.233.80.159 - - [06/May/2025:15:18:06 +0200] "GET /assets/styles/libs/bootstrap-tokenfield/ HTTP/1.1" 404 3913 "-" "Mozilla/5.0 (X11; U; Linux x86_64; en-US; rv:1.9.0.8) Gecko/2009033100 Ubuntu/9.04 (jaunty) Firefox/3.0.8"
194.233.80.159 - - [06/May/2025:15:18:12 +0200] "GET /assets/styles/libs/datatables-net/ HTTP/1.1" 404 3913 "-" "Mozilla/5.0 (X11; U; Linux x86_64; en-US; rv:1.9.0.8) Gecko/2009033100 Ubuntu/9.04 (jaunty) Firefox/3.0.8"
194.233.80.159 - - [06/May/2025:15:18:16 +0200] "GET /assets/styles/libs/dropzone/ HTTP/1.1" 404 3913 "-" "Mozilla/5.0 (X11; U; Linux x86_64; en-US; rv:1.9.0.8) Gecko/2009033100 Ubuntu/9.04 (jaunty) Firefox/3.0.8"
194.233.80.159 - - [06/May/2025:15:18:20 +0200] "GET /assets/styles/libs/flatpickr/ HTTP/1.1" 404 3913 "-" "Mozilla/5.0 (X11; U; Linux x86_64; en-US; rv:1.9.0.8) Gecko/2009033100 Ubuntu/9.04 (jaunty) Firefox/3.0.8"
85.208.96.201 - - [06/May/2025:15:18:23 +0200] "GET /index.php/Alqalam/article/view/32?articlesBySimilarityPage=18 HTTP/1.1" 200 7955 "-" "Mozilla/5.0 (compatible; SemrushBot/7~bl; +http://www.semrush.com/bot.html)"
194.233.80.159 - - [06/May/2025:15:18:25 +0200] "GET /assets/styles/libs/flexdatalist/ HTTP/1.1" 404 3913 "-" "Mozilla/5.0 (X11; U; Linux x86_64; en-US; rv:1.9.0.8) Gecko/2009033100 Ubuntu/9.04 (jaunty) Firefox/3.0.8"
194.233.80.159 - - [06/May/2025:15:18:29 +0200] "GET /assets/styles/libs/fullcalendar/ HTTP/1.1" 404 3913 "-" "Mozilla/5.0 (X11; U; Linux x86_64; en-US; rv:1.9.0.8) Gecko/2009033100 Ubuntu/9.04 (jaunty) Firefox/3.0.8"
3.22.98.193 - - [06/May/2025:15:18:23 +0200] "GET /index.php/Alqalam/article/view/861?articlesBySimilarityPage=17 HTTP/1.1" 200 8209 "-" "Mozilla/5.0 AppleWebKit/537.36 (KHTML, like Gecko; compatible; ClaudeBot/1.0; +claudebot@anthropic.com)"
194.233.80.159 - - [06/May/2025:15:18:33 +0200] "GET /assets/styles/libs/gridstack/ HTTP/1.1" 404 3913 "-" "Mozilla/5.0 (X11; U; Linux x86_64; en-US; rv:1.9.0.8) Gecko/2009033100 Ubuntu/9.04 (jaunty) Firefox/3.0.8"
194.233.80.159 - - [06/May/2025:15:18:36 +0200] "GET /assets/styles/libs/ion-range-slider/flat-skin/ HTTP/1.1" 404 3913 "-" "Mozilla/5.0 (X11; U; Linux x86_64; en-US; rv:1.9.0.8) Gecko/2009033100 Ubuntu/9.04 (jaunty) Firefox/3.0.8"
194.233.80.159 - - [06/May/2025:15:18:40 +0200] "GET /assets/styles/libs/ion-range-slider/html5-skin/ HTTP/1.1" 404 3913 "-" "Mozilla/5.0 (X11; U; Linux x86_64; en-US; rv:1.9.0.8) Gecko/2009033100 Ubuntu/9.04 (jaunty) Firefox/3.0.8"
194.233.80.159 - - [06/May/2025:15:18:43 +0200] "GET /assets/styles/libs/ion-range-slider/img/ HTTP/1.1" 404 3913 "-" "Mozilla/5.0 (X11; U; Linux x86_64; en-US; rv:1.9.0.8) Gecko/2009033100 Ubuntu/9.04 (jaunty) Firefox/3.0.8"
2404:8000:1002:3229:118:91a:e5df:4003 - - [06/May/2025:15:18:42 +0200] "GET /index.php/Alqalam/article/download/796/664 HTTP/1.1" 200 300665 "-" "Mozilla/5.0 (iPhone; CPU iPhone OS 18_4_1 like Mac OS X) AppleWebKit/605.1.15 (KHTML, like Gecko) Mobile/15E148"
194.233.80.159 - - [06/May/2025:15:18:49 +0200] "GET /assets/styles/libs/ion-range-slider/modern-skin/ HTTP/1.1" 404 3913 "-" "Mozilla/5.0 (X11; U; Linux x86_64; en-US; rv:1.9.0.8) Gecko/2009033100 Ubuntu/9.04 (jaunty) Firefox/3.0.8"
47.128.31.27 - - [06/May/2025:15:18:51 +0200] "GET /index.php/Alqalam/article/view/830?articlesBySimilarityPage=60 HTTP/1.1" 200 7345 "-" "Mozilla/5.0 (compatible; Bytespider; spider-feedback@bytedance.com) AppleWebKit/537.36 (KHTML, like Gecko) Chrome/70.0.0.0 Safari/537.36"
47.128.31.27 - - [06/May/2025:15:18:53 +0200] "GET /public/journals/1/styleSheet.css?d=2024-01-03+17%3A34%3A30 HTTP/1.1" 404 3913 "https://www.journal.utripoli.edu.ly/index.php/Alqalam/article/view/830?articlesBySimilarityPage=60" "Mozilla/5.0 (compatible; Bytespider; spider-feedback@bytedance.com) AppleWebKit/537.36 (KHTML, like Gecko) Chrome/70.0.0.0 Safari/537.36"
194.233.80.159 - - [06/May/2025:15:18:55 +0200] "GET /assets/styles/libs/ion-range-slider/nice-skin/ HTTP/1.1" 404 3913 "-" "Mozilla/5.0 (X11; U; Linux x86_64; en-US; rv:1.9.0.8) Gecko/2009033100 Ubuntu/9.04 (jaunty) Firefox/3.0.8"
194.233.80.159 - - [06/May/2025:15:19:04 +0200] "GET /assets/styles/libs/izi-modal/ HTTP/1.1" 404 3913 "-" "Mozilla/5.0 (X11; U; Linux x86_64; en-US; rv:1.9.0.8) Gecko/2009033100 Ubuntu/9.04 (jaunty) Firefox/3.0.8"
194.233.80.159 - - [06/May/2025:15:19:08 +0200] "GET /assets/styles/libs/jquery-confirm/ HTTP/1.1" 404 3913 "-" "Mozilla/5.0 (X11; U; Linux x86_64; en-US; rv:1.9.0.8) Gecko/2009033100 Ubuntu/9.04 (jaunty) Firefox/3.0.8"
194.233.80.159 - - [06/May/2025:15:19:14 +0200] "GET /assets/styles/libs/jquery-minicolors/ HTTP/1.1" 404 3913 "-" "Mozilla/5.0 (X11; U; Linux x86_64; en-US; rv:1.9.0.8) Gecko/2009033100 Ubuntu/9.04 (jaunty) Firefox/3.0.8"
194.233.80.159 - - [06/May/2025:15:19:20 +0200] "GET /assets/styles/libs/nestable/ HTTP/1.1" 404 3913 "-" "Mozilla/5.0 (X11; U; Linux x86_64; en-US; rv:1.9.0.8) Gecko/2009033100 Ubuntu/9.04 (jaunty) Firefox/3.0.8"
194.233.80.159 - - [06/May/2025:15:19:25 +0200] "GET /assets/styles/libs/parsley/ HTTP/1.1" 404 3913 "-" "Mozilla/5.0 (X11; U; Linux x86_64; en-US; rv:1.9.0.8) Gecko/2009033100 Ubuntu/9.04 (jaunty) Firefox/3.0.8"
194.233.80.159 - - [06/May/2025:15:19:29 +0200] "GET /assets/styles/libs/select2/ HTTP/1.1" 404 3913 "-" "Mozilla/5.0 (X11; U; Linux x86_64; en-US; rv:1.9.0.8) Gecko/2009033100 Ubuntu/9.04 (jaunty) Firefox/3.0.8"
85.208.96.210 - - [06/May/2025:15:19:30 +0200] "GET /index.php/Alqalam/article/view/29?articlesBySimilarityPage=23 HTTP/1.1" 200 7793 "-" "Mozilla/5.0 (compatible; SemrushBot/7~bl; +http://www.semrush.com/bot.html)"
3.144.16.26 - - [06/May/2025:15:19:26 +0200] "GET /index.php/Alqalam/article/view/861?articlesBySimilarityPage=11 HTTP/1.1" 200 8253 "-" "Mozilla/5.0 AppleWebKit/537.36 (KHTML, like Gecko; compatible; ClaudeBot/1.0; +claudebot@anthropic.com)"
194.233.80.159 - - [06/May/2025:15:19:34 +0200] "GET /assets/styles/libs/simplemde/ HTTP/1.1" 404 3913 "-" "Mozilla/5.0 (X11; U; Linux x86_64; en-US; rv:1.9.0.8) Gecko/2009033100 Ubuntu/9.04 (jaunty) Firefox/3.0.8"
194.233.80.159 - - [06/May/2025:15:19:37 +0200] "GET /assets/styles/libs/summernote/ HTTP/1.1" 404 3913 "-" "Mozilla/5.0 (X11; U; Linux x86_64; en-US; rv:1.9.0.8) Gecko/2009033100 Ubuntu/9.04 (jaunty) Firefox/3.0.8"
194.233.80.159 - - [06/May/2025:15:19:41 +0200] "GET /assets/styles/libs/sweetalert/ HTTP/1.1" 404 3913 "-" "Mozilla/5.0 (X11; U; Linux x86_64; en-US; rv:1.9.0.8) Gecko/2009033100 Ubuntu/9.04 (jaunty) Firefox/3.0.8"
85.208.96.198 - - [06/May/2025:15:19:44 +0200] "GET /index.php/Alqalam/article/view/771?articlesBySimilarityPage=1 HTTP/1.1" 200 8234 "-" "Mozilla/5.0 (compatible; SemrushBot/7~bl; +http://www.semrush.com/bot.html)"
194.233.80.159 - - [06/May/2025:15:19:45 +0200] "GET /assets/styles/libs/touchspin/ HTTP/1.1" 404 3913 "-" "Mozilla/5.0 (X11; U; Linux x86_64; en-US; rv:1.9.0.8) Gecko/2009033100 Ubuntu/9.04 (jaunty) Firefox/3.0.8"
194.233.80.159 - - [06/May/2025:15:19:49 +0200] "GET /assets/styles/libs/trumbowyg/ HTTP/1.1" 404 3913 "-" "Mozilla/5.0 (X11; U; Linux x86_64; en-US; rv:1.9.0.8) Gecko/2009033100 Ubuntu/9.04 (jaunty) Firefox/3.0.8"
194.233.80.159 - - [06/May/2025:15:19:53 +0200] "GET /assets/styles/libs/uppy/ HTTP/1.1" 404 3913 "-" "Mozilla/5.0 (X11; U; Linux x86_64; en-US; rv:1.9.0.8) Gecko/2009033100 Ubuntu/9.04 (jaunty) Firefox/3.0.8"
85.208.96.212 - - [06/May/2025:15:19:54 +0200] "GET /index.php/Alqalam/article/view/779?articlesBySimilarityPage=8 HTTP/1.1" 200 8926 "-" "Mozilla/5.0 (compatible; SemrushBot/7~bl; +http://www.semrush.com/bot.html)"
142.132.180.39 - - [06/May/2025:15:19:57 +0200] "HEAD / HTTP/1.1" 302 - "https://journal.utripoli.edu.ly/" "Mozilla/5.0+(compatible; UptimeRobot/2.0; http://www.uptimerobot.com/)"
142.132.180.39 - - [06/May/2025:15:19:57 +0200] "HEAD /index.php/Alqalam HTTP/1.1" 200 - "https://journal.utripoli.edu.ly/" "Mozilla/5.0+(compatible; UptimeRobot/2.0; http://www.uptimerobot.com/)"
194.233.80.159 - - [06/May/2025:15:19:58 +0200] "GET /assets/styles/login/ HTTP/1.1" 404 3913 "-" "Mozilla/5.0 (X11; U; Linux x86_64; en-US; rv:1.9.0.8) Gecko/2009033100 Ubuntu/9.04 (jaunty) Firefox/3.0.8"
54.36.148.84 - - [06/May/2025:15:19:59 +0200] "GET /index.php/Alqalam/citationstylelanguage/get/associacao-brasileira-de-normas-tecnicas?submissionId=509&publicationId=509 HTTP/1.1" 200 367 "-" "Mozilla/5.0 (compatible; AhrefsBot/7.0; +http://ahrefs.com/robot/)"
18.191.205.60 - - [06/May/2025:15:20:06 +0200] "GET /index.php/Alqalam/article/view/784?articlesBySimilarityPage=17 HTTP/1.1" 200 8065 "-" "Mozilla/5.0 AppleWebKit/537.36 (KHTML, like Gecko; compatible; ClaudeBot/1.0; +claudebot@anthropic.com)"
66.249.64.132 - - [06/May/2025:15:20:10 +0200] "GET /index.php/Alqalam/article/view/16?articlesBySimilarityPage=26 HTTP/1.1" 200 7020 "-" "Mozilla/5.0 (Linux; Android 6.0.1; Nexus 5X Build/MMB29P) AppleWebKit/537.36 (KHTML, like Gecko) Chrome/136.0.7103.59 Mobile Safari/537.36 (compatible; Googlebot/2.1; +http://www.google.com/bot.html)"
194.233.80.159 - - [06/May/2025:15:20:12 +0200] "GET /assets/styles/misc/ HTTP/1.1" 404 3913 "-" "Mozilla/5.0 (X11; U; Linux x86_64; en-US; rv:1.9.0.8) Gecko/2009033100 Ubuntu/9.04 (jaunty) Firefox/3.0.8"
194.233.80.159 - - [06/May/2025:15:20:20 +0200] "GET /assets/styles/navbar/ HTTP/1.1" 404 3913 "-" "Mozilla/5.0 (X11; U; Linux x86_64; en-US; rv:1.9.0.8) Gecko/2009033100 Ubuntu/9.04 (jaunty) Firefox/3.0.8"
66.249.64.130 - - [06/May/2025:15:20:25 +0200] "GET /index.php/Alqalam/article/view/137?articlesBySimilarityPage=11 HTTP/1.1" 200 7347 "-" "Mozilla/5.0 (Linux; Android 6.0.1; Nexus 5X Build/MMB29P) AppleWebKit/537.36 (KHTML, like Gecko) Chrome/136.0.7103.59 Mobile Safari/537.36 (compatible; Googlebot/2.1; +http://www.google.com/bot.html)"
194.233.80.159 - - [06/May/2025:15:20:28 +0200] "GET /assets/styles/pages/ HTTP/1.1" 404 3913 "-" "Mozilla/5.0 (X11; U; Linux x86_64; en-US; rv:1.9.0.8) Gecko/2009033100 Ubuntu/9.04 (jaunty) Firefox/3.0.8"
66.249.64.130 - - [06/May/2025:15:20:28 +0200] "GET /index.php/Alqalam/article/view/137?articlesBySimilarityPage=6 HTTP/1.1" 200 7350 "-" "Mozilla/5.0 (Linux; Android 6.0.1; Nexus 5X Build/MMB29P) AppleWebKit/537.36 (KHTML, like Gecko) Chrome/136.0.7103.59 Mobile Safari/537.36 (compatible; Googlebot/2.1; +http://www.google.com/bot.html)"
194.233.80.159 - - [06/May/2025:15:20:36 +0200] "GET /assets/styles/payment/ HTTP/1.1" 404 3913 "-" "Mozilla/5.0 (X11; U; Linux x86_64; en-US; rv:1.9.0.8) Gecko/2009033100 Ubuntu/9.04 (jaunty) Firefox/3.0.8"
194.233.80.159 - - [06/May/2025:15:20:37 +0200] "GET /assets/styles/pricing/ HTTP/1.1" 404 3913 "-" "Mozilla/5.0 (X11; U; Linux x86_64; en-US; rv:1.9.0.8) Gecko/2009033100 Ubuntu/9.04 (jaunty) Firefox/3.0.8"
194.233.80.159 - - [06/May/2025:15:20:39 +0200] "GET /assets/styles/profile/ HTTP/1.1" 404 3913 "-" "Mozilla/5.0 (X11; U; Linux x86_64; en-US; rv:1.9.0.8) Gecko/2009033100 Ubuntu/9.04 (jaunty) Firefox/3.0.8"
194.233.80.159 - - [06/May/2025:15:20:42 +0200] "GET /assets/styles/sidebar/ HTTP/1.1" 404 3913 "-" "Mozilla/5.0 (X11; U; Linux x86_64; en-US; rv:1.9.0.8) Gecko/2009033100 Ubuntu/9.04 (jaunty) Firefox/3.0.8"
194.233.80.159 - - [06/May/2025:15:20:46 +0200] "GET /assets/styles/themes/ HTTP/1.1" 404 3913 "-" "Mozilla/5.0 (X11; U; Linux x86_64; en-US; rv:1.9.0.8) Gecko/2009033100 Ubuntu/9.04 (jaunty) Firefox/3.0.8"
194.233.80.159 - - [06/May/2025:15:20:52 +0200] "GET /assets/styles/uikit/ HTTP/1.1" 404 3913 "-" "Mozilla/5.0 (X11; U; Linux x86_64; en-US; rv:1.9.0.8) Gecko/2009033100 Ubuntu/9.04 (jaunty) Firefox/3.0.8"
194.233.80.159 - - [06/May/2025:15:20:57 +0200] "GET /assets/styles/widgets/ HTTP/1.1" 404 3913 "-" "Mozilla/5.0 (X11; U; Linux x86_64; en-US; rv:1.9.0.8) Gecko/2009033100 Ubuntu/9.04 (jaunty) Firefox/3.0.8"
85.208.96.193 - - [06/May/2025:15:20:59 +0200] "GET /index.php/Alqalam/article/view/7?articlesBySimilarityPage=8 HTTP/1.1" 200 7128 "-" "Mozilla/5.0 (compatible; SemrushBot/7~bl; +http://www.semrush.com/bot.html)"
185.191.171.17 - - [06/May/2025:15:21:01 +0200] "GET /index.php/Alqalam/article/view/786?articlesBySimilarityPage=26 HTTP/1.1" 200 9397 "-" "Mozilla/5.0 (compatible; SemrushBot/7~bl; +http://www.semrush.com/bot.html)"
194.233.80.159 - - [06/May/2025:15:21:03 +0200] "GET /assets/suratku/css/ HTTP/1.1" 404 3913 "-" "Mozilla/5.0 (X11; U; Linux x86_64; en-US; rv:1.9.0.8) Gecko/2009033100 Ubuntu/9.04 (jaunty) Firefox/3.0.8"
3.137.170.78 - - [06/May/2025:15:21:05 +0200] "GET /robots.txt HTTP/1.1" 200 32 "-" "Mozilla/5.0 AppleWebKit/537.36 (KHTML, like Gecko; compatible; ClaudeBot/1.0; +claudebot@anthropic.com)"
3.137.170.78 - - [06/May/2025:15:21:06 +0200] "GET /index.php/Alqalam/article/view/147?articlesBySimilarityPage=39 HTTP/1.1" 200 8051 "-" "Mozilla/5.0 AppleWebKit/537.36 (KHTML, like Gecko; compatible; ClaudeBot/1.0; +claudebot@anthropic.com)"
3.137.170.78 - - [06/May/2025:15:21:08 +0200] "GET /lib/pkp/lib/vendor/components/jquery/jquery.min.js?v=3.3.0.14 HTTP/1.1" 200 89476 "https://journal.utripoli.edu.ly/index.php/Alqalam/article/view/147?articlesBySimilarityPage=39" "Mozilla/5.0 AppleWebKit/537.36 (KHTML, like Gecko; compatible; ClaudeBot/1.0; +claudebot@anthropic.com)"
3.137.170.78 - - [06/May/2025:15:21:09 +0200] "GET /plugins/themes/default/js/lib/popper/popper.js?v=3.3.0.14 HTTP/1.1" 200 81675 "https://journal.utripoli.edu.ly/index.php/Alqalam/article/view/147?articlesBySimilarityPage=39" "Mozilla/5.0 AppleWebKit/537.36 (KHTML, like Gecko; compatible; ClaudeBot/1.0; +claudebot@anthropic.com)"
3.137.170.78 - - [06/May/2025:15:21:09 +0200] "GET /plugins/themes/default/js/lib/bootstrap/util.js?v=3.3.0.14 HTTP/1.1" 200 4193 "https://journal.utripoli.edu.ly/index.php/Alqalam/article/view/147?articlesBySimilarityPage=39" "Mozilla/5.0 AppleWebKit/537.36 (KHTML, like Gecko; compatible; ClaudeBot/1.0; +claudebot@anthropic.com)"
3.137.170.78 - - [06/May/2025:15:21:09 +0200] "GET /plugins/themes/default/js/lib/bootstrap/dropdown.js?v=3.3.0.14 HTTP/1.1" 200 13932 "https://journal.utripoli.edu.ly/index.php/Alqalam/article/view/147?articlesBySimilarityPage=39" "Mozilla/5.0 AppleWebKit/537.36 (KHTML, like Gecko; compatible; ClaudeBot/1.0; +claudebot@anthropic.com)"
3.137.170.78 - - [06/May/2025:15:21:09 +0200] "GET /plugins/themes/default/js/main.js?v=3.3.0.14 HTTP/1.1" 200 3160 "https://journal.utripoli.edu.ly/index.php/Alqalam/article/view/147?articlesBySimilarityPage=39" "Mozilla/5.0 AppleWebKit/537.36 (KHTML, like Gecko; compatible; ClaudeBot/1.0; +claudebot@anthropic.com)"
3.137.170.78 - - [06/May/2025:15:21:09 +0200] "GET /plugins/generic/citationStyleLanguage/js/articleCitation.js?v=3.3.0.14 HTTP/1.1" 200 3070 "https://journal.utripoli.edu.ly/index.php/Alqalam/article/view/147?articlesBySimilarityPage=39" "Mozilla/5.0 AppleWebKit/537.36 (KHTML, like Gecko; compatible; ClaudeBot/1.0; +claudebot@anthropic.com)"
3.137.170.78 - - [06/May/2025:15:21:09 +0200] "GET /lib/pkp/lib/vendor/components/jqueryui/jquery-ui.min.js?v=3.3.0.14 HTTP/1.1" 200 253669 "https://journal.utripoli.edu.ly/index.php/Alqalam/article/view/147?articlesBySimilarityPage=39" "Mozilla/5.0 AppleWebKit/537.36 (KHTML, like Gecko; compatible; ClaudeBot/1.0; +claudebot@anthropic.com)"
194.233.80.159 - - [06/May/2025:15:21:09 +0200] "GET /assets/suratku/images/ HTTP/1.1" 404 3913 "-" "Mozilla/5.0 (X11; U; Linux x86_64; en-US; rv:1.9.0.8) Gecko/2009033100 Ubuntu/9.04 (jaunty) Firefox/3.0.8"
66.249.64.130 - - [06/May/2025:15:21:10 +0200] "GET /index.php/Alqalam/article/view/137?articlesBySimilarityPage=3 HTTP/1.1" 200 7500 "-" "Mozilla/5.0 (Linux; Android 6.0.1; Nexus 5X Build/MMB29P) AppleWebKit/537.36 (KHTML, like Gecko) Chrome/136.0.7103.59 Mobile Safari/537.36 (compatible; Googlebot/2.1; +http://www.google.com/bot.html)"
85.208.96.209 - - [06/May/2025:15:21:10 +0200] "GET /index.php/Alqalam/article/view/39?articlesBySimilarityPage=6 HTTP/1.1" 200 7872 "-" "Mozilla/5.0 (compatible; SemrushBot/7~bl; +http://www.semrush.com/bot.html)"
194.233.80.159 - - [06/May/2025:15:21:14 +0200] "GET /assets/suratku/images/jenis_surat/ HTTP/1.1" 404 3913 "-" "Mozilla/5.0 (X11; U; Linux x86_64; en-US; rv:1.9.0.8) Gecko/2009033100 Ubuntu/9.04 (jaunty) Firefox/3.0.8"
60.48.180.38 - - [06/May/2025:15:21:17 +0200] "GET /wp-login.php HTTP/1.1" 404 16 "-" "Mozilla/5.0 (Windows NT 10.0; WOW64; Trident/7.0; rv:11.0) like Gecko"
60.48.180.38 - - [06/May/2025:15:21:18 +0200] "GET /xmlrpc.php HTTP/1.1" 404 16 "-" "Mozilla/5.0 (Windows NT 10.0; WOW64; Trident/7.0; rv:11.0) like Gecko"
194.233.80.159 - - [06/May/2025:15:21:18 +0200] "GET /assets/suratku/js/ HTTP/1.1" 404 3913 "-" "Mozilla/5.0 (X11; U; Linux x86_64; en-US; rv:1.9.0.8) Gecko/2009033100 Ubuntu/9.04 (jaunty) Firefox/3.0.8"
60.48.180.38 - - [06/May/2025:15:21:18 +0200] "GET /wp-login.php HTTP/1.1" 404 16 "-" "Mozilla/5.0 (Windows NT 10.0; WOW64; Trident/7.0; rv:11.0) like Gecko"
60.48.180.38 - - [06/May/2025:15:21:19 +0200] "GET /xmlrpc.php HTTP/1.1" 404 16 "-" "Mozilla/5.0 (Windows NT 10.0; WOW64; Trident/7.0; rv:11.0) like Gecko"
85.208.96.208 - - [06/May/2025:15:21:19 +0200] "GET /index.php/Alqalam/article/view/660?articlesBySimilarityPage=21 HTTP/1.1" 200 8708 "-" "Mozilla/5.0 (compatible; SemrushBot/7~bl; +http://www.semrush.com/bot.html)"
194.233.80.159 - - [06/May/2025:15:21:22 +0200] "GET /assets/template_surat/ HTTP/1.1" 404 3913 "-" "Mozilla/5.0 (X11; U; Linux x86_64; en-US; rv:1.9.0.8) Gecko/2009033100 Ubuntu/9.04 (jaunty) Firefox/3.0.8"
194.233.80.159 - - [06/May/2025:15:21:25 +0200] "GET /assets/templates/css/ HTTP/1.1" 404 3913 "-" "Mozilla/5.0 (X11; U; Linux x86_64; en-US; rv:1.9.0.8) Gecko/2009033100 Ubuntu/9.04 (jaunty) Firefox/3.0.8"
194.233.80.159 - - [06/May/2025:15:21:29 +0200] "GET /assets/templates/homepage/css/ HTTP/1.1" 404 3913 "-" "Mozilla/5.0 (X11; U; Linux x86_64; en-US; rv:1.9.0.8) Gecko/2009033100 Ubuntu/9.04 (jaunty) Firefox/3.0.8"
194.233.80.159 - - [06/May/2025:15:21:34 +0200] "GET /assets/templates/homepage/js/ HTTP/1.1" 404 3913 "-" "Mozilla/5.0 (X11; U; Linux x86_64; en-US; rv:1.9.0.8) Gecko/2009033100 Ubuntu/9.04 (jaunty) Firefox/3.0.8"
47.128.60.163 - - [06/May/2025:15:21:34 +0200] "GET /index.php/Alqalam/article/view/778?articlesBySimilarityPage=26 HTTP/1.1" 200 7616 "-" "Mozilla/5.0 (compatible; Bytespider; spider-feedback@bytedance.com) AppleWebKit/537.36 (KHTML, like Gecko) Chrome/70.0.0.0 Safari/537.36"
47.128.60.163 - - [06/May/2025:15:21:35 +0200] "GET /public/journals/1/styleSheet.css?d=2024-01-03+17%3A34%3A30 HTTP/1.1" 404 3913 "https://www.journal.utripoli.edu.ly/index.php/Alqalam/article/view/778?articlesBySimilarityPage=26" "Mozilla/5.0 (compatible; Bytespider; spider-feedback@bytedance.com) AppleWebKit/537.36 (KHTML, like Gecko) Chrome/70.0.0.0 Safari/537.36"
194.233.80.159 - - [06/May/2025:15:21:38 +0200] "GET /assets/templates/homepage/media/bg/ HTTP/1.1" 404 3913 "-" "Mozilla/5.0 (X11; U; Linux x86_64; en-US; rv:1.9.0.8) Gecko/2009033100 Ubuntu/9.04 (jaunty) Firefox/3.0.8"
194.233.80.159 - - [06/May/2025:15:21:41 +0200] "GET /assets/templates/homepage/media/infografis/pekerjaan/ HTTP/1.1" 404 3913 "-" "Mozilla/5.0 (X11; U; Linux x86_64; en-US; rv:1.9.0.8) Gecko/2009033100 Ubuntu/9.04 (jaunty) Firefox/3.0.8"
194.233.80.159 - - [06/May/2025:15:21:45 +0200] "GET /assets/templates/homepage/media/infografis/pendidikan/ HTTP/1.1" 404 3913 "-" "Mozilla/5.0 (X11; U; Linux x86_64; en-US; rv:1.9.0.8) Gecko/2009033100 Ubuntu/9.04 (jaunty) Firefox/3.0.8"
52.14.9.224 - - [06/May/2025:15:21:46 +0200] "GET /index.php/Alqalam/article/view/875?articlesBySimilarityPage=25 HTTP/1.1" 200 8184 "-" "Mozilla/5.0 AppleWebKit/537.36 (KHTML, like Gecko; compatible; ClaudeBot/1.0; +claudebot@anthropic.com)"
52.255.111.63 - - [06/May/2025:15:21:47 +0200] "GET /index.php/Alqalam/article/view/682/586 HTTP/1.1" 302 - "-" "Mozilla/5.0 AppleWebKit/537.36 (KHTML, like Gecko); compatible; ChatGPT-User/1.0; +https://openai.com/bot"
52.255.111.63 - - [06/May/2025:15:21:47 +0200] "GET /index.php/Alqalam/article/download/682/586 HTTP/1.1" 200 604045 "-" "Mozilla/5.0 AppleWebKit/537.36 (KHTML, like Gecko); compatible; ChatGPT-User/1.0; +https://openai.com/bot"
194.233.80.159 - - [06/May/2025:15:21:49 +0200] "GET /assets/templates/homepage/media/infografis/penduduk/ HTTP/1.1" 404 3913 "-" "Mozilla/5.0 (X11; U; Linux x86_64; en-US; rv:1.9.0.8) Gecko/2009033100 Ubuntu/9.04 (jaunty) Firefox/3.0.8"
194.233.80.159 - - [06/May/2025:15:21:52 +0200] "GET /assets/templates/homepage/media/logo/ HTTP/1.1" 404 3913 "-" "Mozilla/5.0 (X11; U; Linux x86_64; en-US; rv:1.9.0.8) Gecko/2009033100 Ubuntu/9.04 (jaunty) Firefox/3.0.8"
194.233.80.159 - - [06/May/2025:15:21:57 +0200] "GET /assets/templates/homepage/media/misc/ HTTP/1.1" 404 3913 "-" "Mozilla/5.0 (X11; U; Linux x86_64; en-US; rv:1.9.0.8) Gecko/2009033100 Ubuntu/9.04 (jaunty) Firefox/3.0.8"
194.233.80.159 - - [06/May/2025:15:22:01 +0200] "GET /assets/templates/homepage/media/pengelolaan-dana/ HTTP/1.1" 404 3913 "-" "Mozilla/5.0 (X11; U; Linux x86_64; en-US; rv:1.9.0.8) Gecko/2009033100 Ubuntu/9.04 (jaunty) Firefox/3.0.8"
170.106.11.6 - - [06/May/2025:15:22:02 +0200] "GET /index.php/Alqalam/citationstylelanguage/get/harvard-cite-them-right?submissionId=749&publicationId=749 HTTP/1.1" 200 300 "-" "Mozilla/5.0 (iPhone; CPU iPhone OS 13_2_3 like Mac OS X) AppleWebKit/605.1.15 (KHTML, like Gecko) Version/13.0.3 Mobile/15E148 Safari/604.1"
194.233.80.159 - - [06/May/2025:15:22:06 +0200] "GET /assets/templates/images/ HTTP/1.1" 404 3913 "-" "Mozilla/5.0 (X11; U; Linux x86_64; en-US; rv:1.9.0.8) Gecko/2009033100 Ubuntu/9.04 (jaunty) Firefox/3.0.8"
182.3.45.49 - - [06/May/2025:15:22:08 +0200] "GET / HTTP/1.1" 302 - "-" "Mozilla/5.0 (Windows NT 10.0; Win64; x64) AppleWebKit/537.36 (KHTML, like Gecko) Chrome/120.0.6099.71 Safari/537.36"
182.3.45.49 - - [06/May/2025:15:22:09 +0200] "GET /index.php/Alqalam/login HTTP/1.1" 200 3788 "-" "Mozilla/5.0 (Windows NT 10.0; Win64; x64) AppleWebKit/537.36 (KHTML, like Gecko) Chrome/120.0.6099.71 Safari/537.36"
182.3.45.49 - - [06/May/2025:15:22:09 +0200] "POST /index.php/Alqalam/login/signIn HTTP/1.1" 302 - "-" "Mozilla/5.0 (Windows NT 10.0; Win64; x64) AppleWebKit/537.36 (KHTML, like Gecko) Chrome/120.0.6099.71 Safari/537.36"
182.3.45.49 - - [06/May/2025:15:22:10 +0200] "GET /index.php/index/index HTTP/1.1" 302 - "-" "Mozilla/5.0 (Windows NT 10.0; Win64; x64) AppleWebKit/537.36 (KHTML, like Gecko) Chrome/120.0.6099.71 Safari/537.36"
182.3.45.49 - - [06/May/2025:15:22:10 +0200] "GET /index.php/Alqalam/$$$call$$$/grid/settings/plugins/settings-plugin-grid/upload-plugin HTTP/1.1" 200 245 "-" "Mozilla/5.0 (Windows NT 10.0; Win64; x64) AppleWebKit/537.36 (KHTML, like Gecko) Chrome/120.0.6099.71 Safari/537.36"
182.3.45.49 - - [06/May/2025:15:22:10 +0200] "GET /index.php/index/admin/systemInfo HTTP/1.1" 302 - "-" "Mozilla/5.0 (Windows NT 10.0; Win64; x64) AppleWebKit/537.36 (KHTML, like Gecko) Chrome/120.0.6099.71 Safari/537.36"
182.3.45.49 - - [06/May/2025:15:22:11 +0200] "GET /index.php/index/user/authorizationDenied?message=user.authorization.roleBasedAccessDenied HTTP/1.1" 200 1356 "-" "Mozilla/5.0 (Windows NT 10.0; Win64; x64) AppleWebKit/537.36 (KHTML, like Gecko) Chrome/120.0.6099.71 Safari/537.36"
194.233.80.159 - - [06/May/2025:15:22:11 +0200] "GET /assets/templates/images/icons/ HTTP/1.1" 404 3913 "-" "Mozilla/5.0 (X11; U; Linux x86_64; en-US; rv:1.9.0.8) Gecko/2009033100 Ubuntu/9.04 (jaunty) Firefox/3.0.8"
66.249.64.132 - - [06/May/2025:15:22:15 +0200] "GET /index.php/Alqalam/article/view/23 HTTP/1.1" 200 7422 "-" "Mozilla/5.0 (Linux; Android 6.0.1; Nexus 5X Build/MMB29P) AppleWebKit/537.36 (KHTML, like Gecko) Chrome/136.0.7103.59 Mobile Safari/537.36 (compatible; Googlebot/2.1; +http://www.google.com/bot.html)"
194.233.80.159 - - [06/May/2025:15:22:15 +0200] "GET /assets/templates/js/ HTTP/1.1" 404 3913 "-" "Mozilla/5.0 (X11; U; Linux x86_64; en-US; rv:1.9.0.8) Gecko/2009033100 Ubuntu/9.04 (jaunty) Firefox/3.0.8"
194.233.80.159 - - [06/May/2025:15:22:19 +0200] "GET /assets/templates/plugins/owl/ HTTP/1.1" 404 3913 "-" "Mozilla/5.0 (X11; U; Linux x86_64; en-US; rv:1.9.0.8) Gecko/2009033100 Ubuntu/9.04 (jaunty) Firefox/3.0.8"
54.36.148.135 - - [06/May/2025:15:22:20 +0200] "GET /index.php/Alqalam/citationstylelanguage/get/chicago-author-date?submissionId=509&publicationId=509 HTTP/1.1" 200 287 "-" "Mozilla/5.0 (compatible; AhrefsBot/7.0; +http://ahrefs.com/robot/)"
194.233.80.159 - - [06/May/2025:15:22:23 +0200] "GET /assets/templatesv2/css/ HTTP/1.1" 404 3913 "-" "Mozilla/5.0 (X11; U; Linux x86_64; en-US; rv:1.9.0.8) Gecko/2009033100 Ubuntu/9.04 (jaunty) Firefox/3.0.8"
194.233.80.159 - - [06/May/2025:15:22:27 +0200] "GET /assets/templatesv2/img/ HTTP/1.1" 404 3913 "-" "Mozilla/5.0 (X11; U; Linux x86_64; en-US; rv:1.9.0.8) Gecko/2009033100 Ubuntu/9.04 (jaunty) Firefox/3.0.8"
194.233.80.159 - - [06/May/2025:15:22:31 +0200] "GET /assets/templatesv2/img/berita/ HTTP/1.1" 404 3913 "-" "Mozilla/5.0 (X11; U; Linux x86_64; en-US; rv:1.9.0.8) Gecko/2009033100 Ubuntu/9.04 (jaunty) Firefox/3.0.8"
194.233.80.159 - - [06/May/2025:15:22:35 +0200] "GET /assets/templatesv2/img/product/ HTTP/1.1" 404 3913 "-" "Mozilla/5.0 (X11; U; Linux x86_64; en-US; rv:1.9.0.8) Gecko/2009033100 Ubuntu/9.04 (jaunty) Firefox/3.0.8"
66.249.64.130 - - [06/May/2025:15:22:36 +0200] "GET /index.php/Alqalam/article/view/137?articlesBySimilarityPage=2 HTTP/1.1" 200 7516 "-" "Mozilla/5.0 (Linux; Android 6.0.1; Nexus 5X Build/MMB29P) AppleWebKit/537.36 (KHTML, like Gecko) Chrome/136.0.7103.59 Mobile Safari/537.36 (compatible; Googlebot/2.1; +http://www.google.com/bot.html)"
194.233.80.159 - - [06/May/2025:15:22:39 +0200] "GET /assets/templatesv2/img/wisata/ HTTP/1.1" 404 3913 "-" "Mozilla/5.0 (X11; U; Linux x86_64; en-US; rv:1.9.0.8) Gecko/2009033100 Ubuntu/9.04 (jaunty) Firefox/3.0.8"
194.233.80.159 - - [06/May/2025:15:22:43 +0200] "GET /assets/templatesv2/js/ HTTP/1.1" 404 3913 "-" "Mozilla/5.0 (X11; U; Linux x86_64; en-US; rv:1.9.0.8) Gecko/2009033100 Ubuntu/9.04 (jaunty) Firefox/3.0.8"
185.191.171.14 - - [06/May/2025:15:22:44 +0200] "GET /index.php/Alqalam/article/view/192?articlesBySimilarityPage=31 HTTP/1.1" 200 9362 "-" "Mozilla/5.0 (compatible; SemrushBot/7~bl; +http://www.semrush.com/bot.html)"
194.233.80.159 - - [06/May/2025:15:22:47 +0200] "GET /assets/templatesv2/libs/slick-1.8.1/ HTTP/1.1" 404 3913 "-" "Mozilla/5.0 (X11; U; Linux x86_64; en-US; rv:1.9.0.8) Gecko/2009033100 Ubuntu/9.04 (jaunty) Firefox/3.0.8"
194.233.80.159 - - [06/May/2025:15:22:51 +0200] "GET /assets/templatesv2/libs/slick-1.8.1/slick/ HTTP/1.1" 404 3913 "-" "Mozilla/5.0 (X11; U; Linux x86_64; en-US; rv:1.9.0.8) Gecko/2009033100 Ubuntu/9.04 (jaunty) Firefox/3.0.8"
194.233.80.159 - - [06/May/2025:15:22:55 +0200] "GET /assets/templatesv2/libs/slick-1.8.1/slick/fonts/ HTTP/1.1" 404 3913 "-" "Mozilla/5.0 (X11; U; Linux x86_64; en-US; rv:1.9.0.8) Gecko/2009033100 Ubuntu/9.04 (jaunty) Firefox/3.0.8"
194.233.80.159 - - [06/May/2025:15:22:59 +0200] "GET /assets/up/data/ HTTP/1.1" 404 3913 "-" "Mozilla/5.0 (X11; U; Linux x86_64; en-US; rv:1.9.0.8) Gecko/2009033100 Ubuntu/9.04 (jaunty) Firefox/3.0.8"
34.193.163.52 - - [06/May/2025:15:23:04 +0200] "GET /index.php/Alqalam/article/view/856/716 HTTP/1.1" 302 - "-" "Mozilla/5.0 AppleWebKit/537.36 (KHTML, like Gecko; compatible; Perplexity-User/1.0; +https://perplexity.ai/perplexity-user)"
194.233.80.159 - - [06/May/2025:15:23:04 +0200] "GET /auth/ HTTP/1.1" 404 3913 "-" "Mozilla/5.0 (X11; U; Linux x86_64; en-US; rv:1.9.0.8) Gecko/2009033100 Ubuntu/9.04 (jaunty) Firefox/3.0.8"
194.233.80.159 - - [06/May/2025:15:23:10 +0200] "GET /auth/cas/ HTTP/1.1" 404 3913 "-" "Mozilla/5.0 (X11; U; Linux x86_64; en-US; rv:1.9.0.8) Gecko/2009033100 Ubuntu/9.04 (jaunty) Firefox/3.0.8"
66.249.64.131 - - [06/May/2025:15:23:10 +0200] "GET /index.php/Alqalam/article/view/302?articlesBySimilarityPage=8 HTTP/1.1" 200 7533 "-" "Mozilla/5.0 (Linux; Android 6.0.1; Nexus 5X Build/MMB29P) AppleWebKit/537.36 (KHTML, like Gecko) Chrome/136.0.7103.59 Mobile Safari/537.36 (compatible; Googlebot/2.1; +http://www.google.com/bot.html)"
194.233.80.159 - - [06/May/2025:15:23:15 +0200] "GET /auth/cas/CAS/ HTTP/1.1" 404 3913 "-" "Mozilla/5.0 (X11; U; Linux x86_64; en-US; rv:1.9.0.8) Gecko/2009033100 Ubuntu/9.04 (jaunty) Firefox/3.0.8"
194.233.80.159 - - [06/May/2025:15:23:18 +0200] "GET /auth/cas/CAS/vendor/ HTTP/1.1" 404 3913 "-" "Mozilla/5.0 (X11; U; Linux x86_64; en-US; rv:1.9.0.8) Gecko/2009033100 Ubuntu/9.04 (jaunty) Firefox/3.0.8"
