66.249.64.130 - - [06/May/2025:15:23:21 +0200] "GET /index.php/Alqalam/citationstylelanguage/get/turabian-fullnote-bibliography?submissionId=114&publicationId=114 HTTP/1.1" 200 279 "-" "Mozilla/5.0 (Linux; Android 6.0.1; Nexus 5X Build/MMB29P) AppleWebKit/537.36 (KHTML, like Gecko) Chrome/136.0.7103.59 Mobile Safari/537.36 (compatible; Googlebot/2.1; +http://www.google.com/bot.html)"
194.233.80.159 - - [06/May/2025:15:23:21 +0200] "GET /auth/cas/CAS/vendor/apereo/phpcas/ HTTP/1.1" 404 3913 "-" "Mozilla/5.0 (X11; U; Linux x86_64; en-US; rv:1.9.0.8) Gecko/2009033100 Ubuntu/9.04 (jaunty) Firefox/3.0.8"
194.233.80.159 - - [06/May/2025:15:23:25 +0200] "GET /auth/cas/CAS/vendor/apereo/phpcas/source/ HTTP/1.1" 404 3913 "-" "Mozilla/5.0 (X11; U; Linux x86_64; en-US; rv:1.9.0.8) Gecko/2009033100 Ubuntu/9.04 (jaunty) Firefox/3.0.8"
194.233.80.159 - - [06/May/2025:15:23:29 +0200] "GET /auth/cas/CAS/vendor/apereo/phpcas/source/CAS/ HTTP/1.1" 404 3913 "-" "Mozilla/5.0 (X11; U; Linux x86_64; en-US; rv:1.9.0.8) Gecko/2009033100 Ubuntu/9.04 (jaunty) Firefox/3.0.8"
66.249.64.130 - - [06/May/2025:15:23:33 +0200] "GET /index.php/Alqalam/article/view/302?articlesBySimilarityPage=7 HTTP/1.1" 200 8338 "-" "Mozilla/5.0 (Linux; Android 6.0.1; Nexus 5X Build/MMB29P) AppleWebKit/537.36 (KHTML, like Gecko) Chrome/136.0.7103.59 Mobile Safari/537.36 (compatible; Googlebot/2.1; +http://www.google.com/bot.html)"
202.172.22.216 - - [06/May/2025:15:23:34 +0200] "GET /index.php/index/login/signIn HTTP/1.1" 200 1763 "-" "Mozilla/5.0 Firefox"
194.233.80.159 - - [06/May/2025:15:23:34 +0200] "GET /auth/cas/CAS/vendor/apereo/phpcas/source/CAS/Languages/ HTTP/1.1" 404 3913 "-" "Mozilla/5.0 (X11; U; Linux x86_64; en-US; rv:1.9.0.8) Gecko/2009033100 Ubuntu/9.04 (jaunty) Firefox/3.0.8"
194.233.80.159 - - [06/May/2025:15:23:37 +0200] "GET /auth/cas/CAS/vendor/apereo/phpcas/source/CAS/PGTStorage/ HTTP/1.1" 404 3913 "-" "Mozilla/5.0 (X11; U; Linux x86_64; en-US; rv:1.9.0.8) Gecko/2009033100 Ubuntu/9.04 (jaunty) Firefox/3.0.8"
18.224.72.117 - - [06/May/2025:15:23:37 +0200] "GET /index.php/Alqalam/article/view/769?articlesBySimilarityPage=20 HTTP/1.1" 200 8377 "-" "Mozilla/5.0 AppleWebKit/537.36 (KHTML, like Gecko; compatible; ClaudeBot/1.0; +claudebot@anthropic.com)"
102.164.97.42 - - [06/May/2025:15:23:39 +0200] "GET /public/site/images/admin/images-7ebefdfe542a8ccb6c69ed6034ca26fd.jpg HTTP/1.1" 200 7228 "https://uta.edu.ly/" "Mozilla/5.0 (Linux; Android 10; K) AppleWebKit/537.36 (KHTML, like Gecko) Chrome/135.0.0.0 Mobile Safari/537.36"
102.164.97.42 - - [06/May/2025:15:23:39 +0200] "GET /public/site/images/admin/whatsapp-image-2025-04-23-at-21.02.04-c9d49382.jpg HTTP/1.1" 200 36177 "https://uta.edu.ly/" "Mozilla/5.0 (Linux; Android 10; K) AppleWebKit/537.36 (KHTML, like Gecko) Chrome/135.0.0.0 Mobile Safari/537.36"
194.233.80.159 - - [06/May/2025:15:23:41 +0200] "GET /auth/cas/CAS/vendor/apereo/phpcas/source/CAS/ProxiedService/ HTTP/1.1" 404 3913 "-" "Mozilla/5.0 (X11; U; Linux x86_64; en-US; rv:1.9.0.8) Gecko/2009033100 Ubuntu/9.04 (jaunty) Firefox/3.0.8"
102.164.97.42 - - [06/May/2025:15:23:42 +0200] "GET /public/site/images/admin/ajol-logo.png HTTP/1.1" 200 21098 "https://uta.edu.ly/" "Mozilla/5.0 (Linux; Android 10; K) AppleWebKit/537.36 (KHTML, like Gecko) Chrome/135.0.0.0 Mobile Safari/537.36"
102.164.97.42 - - [06/May/2025:15:23:42 +0200] "GET /public/site/images/admin/blobid0-9158c27dc6489c3248b1e7d631a921ab.png HTTP/1.1" 200 6004 "https://uta.edu.ly/" "Mozilla/5.0 (Linux; Android 10; K) AppleWebKit/537.36 (KHTML, like Gecko) Chrome/135.0.0.0 Mobile Safari/537.36"
102.164.97.42 - - [06/May/2025:15:23:42 +0200] "GET /public/site/images/admin/images.png HTTP/1.1" 200 5043 "https://uta.edu.ly/" "Mozilla/5.0 (Linux; Android 10; K) AppleWebKit/537.36 (KHTML, like Gecko) Chrome/135.0.0.0 Mobile Safari/537.36"
216.244.66.243 - - [06/May/2025:15:23:38 +0200] "GET /index.php/Alqalam/article/view/558?articlesBySimilarityPage=16 HTTP/1.1" 200 45889 "-" "Mozilla/5.0 (compatible; DotBot/1.2; +https://opensiteexplorer.org/dotbot; help@moz.com)"
47.128.111.109 - - [06/May/2025:15:23:42 +0200] "GET /index.php/Alqalam/article/view/832?articlesBySimilarityPage=44 HTTP/1.1" 200 8388 "-" "Mozilla/5.0 (Linux; Android 5.0) AppleWebKit/537.36 (KHTML, like Gecko) Mobile Safari/537.36 (compatible; TikTokSpider; ttspider-feedback@tiktok.com)"
47.128.111.109 - - [06/May/2025:15:23:43 +0200] "GET /lib/pkp/styles/fontawesome/fontawesome.css?v=3.3.0.14 HTTP/1.1" 200 7430 "https://journal.utripoli.edu.ly/index.php/Alqalam/article/view/832?articlesBySimilarityPage=44" "Mozilla/5.0 (Linux; Android 5.0) AppleWebKit/537.36 (KHTML, like Gecko) Mobile Safari/537.36 (compatible; TikTokSpider; ttspider-feedback@tiktok.com)"
47.128.111.109 - - [06/May/2025:15:23:43 +0200] "GET /public/journals/1/styleSheet.css?d=2024-01-03+17%3A34%3A30 HTTP/1.1" 404 3913 "https://journal.utripoli.edu.ly/index.php/Alqalam/article/view/832?articlesBySimilarityPage=44" "Mozilla/5.0 (Linux; Android 5.0) AppleWebKit/537.36 (KHTML, like Gecko) Mobile Safari/537.36 (compatible; TikTokSpider; ttspider-feedback@tiktok.com)"
102.164.97.42 - - [06/May/2025:15:23:43 +0200] "GET /public/site/images/admin/orcid-logo-with-tagline.svg.png HTTP/1.1" 200 25660 "https://uta.edu.ly/" "Mozilla/5.0 (Linux; Android 10; K) AppleWebKit/537.36 (KHTML, like Gecko) Chrome/135.0.0.0 Mobile Safari/537.36"
102.164.97.42 - - [06/May/2025:15:23:43 +0200] "GET /public/site/images/admin/blobid0.png HTTP/1.1" 200 3474 "https://uta.edu.ly/" "Mozilla/5.0 (Linux; Android 10; K) AppleWebKit/537.36 (KHTML, like Gecko) Chrome/135.0.0.0 Mobile Safari/537.36"
102.164.97.42 - - [06/May/2025:15:23:43 +0200] "GET /public/site/images/admin/blobid0-db525be3a52385e067c75304370e3cd3.png HTTP/1.1" 200 4348 "https://uta.edu.ly/" "Mozilla/5.0 (Linux; Android 10; K) AppleWebKit/537.36 (KHTML, like Gecko) Chrome/135.0.0.0 Mobile Safari/537.36"
102.164.97.42 - - [06/May/2025:15:23:41 +0200] "GET /plugins/themes/default/fonts/noto-serif-v9-vietnamese_latin-ext_latin_greek-ext_greek_cyrillic-ext_cyrillic-regular.woff2 HTTP/1.1" 200 154816 "https://uta.edu.ly/" "Mozilla/5.0 (Linux; Android 10; K) AppleWebKit/537.36 (KHTML, like Gecko) Chrome/135.0.0.0 Mobile Safari/537.36"
102.164.97.42 - - [06/May/2025:15:23:40 +0200] "GET /plugins/themes/default/fonts/noto-serif-v9-vietnamese_latin-ext_latin_greek-ext_greek_cyrillic-ext_cyrillic-700.woff2 HTTP/1.1" 200 167372 "https://uta.edu.ly/" "Mozilla/5.0 (Linux; Android 10; K) AppleWebKit/537.36 (KHTML, like Gecko) Chrome/135.0.0.0 Mobile Safari/537.36"
194.233.80.159 - - [06/May/2025:15:23:46 +0200] "GET /auth/cas/CAS/vendor/apereo/phpcas/source/CAS/ProxiedService/Http/ HTTP/1.1" 404 3913 "-" "Mozilla/5.0 (X11; U; Linux x86_64; en-US; rv:1.9.0.8) Gecko/2009033100 Ubuntu/9.04 (jaunty) Firefox/3.0.8"
102.164.97.42 - - [06/May/2025:15:23:43 +0200] "GET /plugins/themes/default/fonts/noto-serif-v9-vietnamese_latin-ext_latin_greek-ext_greek_cyrillic-ext_cyrillic-700.woff HTTP/1.1" 200 210000 "https://uta.edu.ly/" "Mozilla/5.0 (Linux; Android 10; K) AppleWebKit/537.36 (KHTML, like Gecko) Chrome/135.0.0.0 Mobile Safari/537.36"
2a03:2880:32ff:4:: - - [06/May/2025:15:23:49 +0200] "GET /public/journals/1/pageHeaderLogoImage_en_US.png HTTP/1.1" 200 77984 "-" "facebookexternalhit/1.1 (+http://www.facebook.com/externalhit_uatext.php)"
194.233.80.159 - - [06/May/2025:15:23:50 +0200] "GET /auth/cas/CAS/vendor/apereo/phpcas/source/CAS/ProxyChain/ HTTP/1.1" 404 3913 "-" "Mozilla/5.0 (X11; U; Linux x86_64; en-US; rv:1.9.0.8) Gecko/2009033100 Ubuntu/9.04 (jaunty) Firefox/3.0.8"
102.164.97.42 - - [06/May/2025:15:23:46 +0200] "GET /plugins/themes/default/fonts/noto-serif-v9-vietnamese_latin-ext_latin_greek-ext_greek_cyrillic-ext_cyrillic-regular.woff HTTP/1.1" 200 194208 "https://uta.edu.ly/" "Mozilla/5.0 (Linux; Android 10; K) AppleWebKit/537.36 (KHTML, like Gecko) Chrome/135.0.0.0 Mobile Safari/537.36"
102.164.97.42 - - [06/May/2025:15:23:50 +0200] "GET /plugins/themes/default/fonts/noto-serif-v9-vietnamese_latin-ext_latin_greek-ext_greek_cyrillic-ext_cyrillic-700.ttf HTTP/1.1" 200 348024 "https://uta.edu.ly/" "Mozilla/5.0 (Linux; Android 10; K) AppleWebKit/537.36 (KHTML, like Gecko) Chrome/135.0.0.0 Mobile Safari/537.36"
194.233.80.159 - - [06/May/2025:15:23:58 +0200] "GET /auth/cas/CAS/vendor/apereo/phpcas/source/CAS/Request/ HTTP/1.1" 404 3913 "-" "Mozilla/5.0 (X11; U; Linux x86_64; en-US; rv:1.9.0.8) Gecko/2009033100 Ubuntu/9.04 (jaunty) Firefox/3.0.8"
194.233.80.159 - - [06/May/2025:15:24:02 +0200] "GET /auth/cas/CAS/vendor/apereo/phpcas/source/CAS/ServiceBaseUrl/ HTTP/1.1" 404 3913 "-" "Mozilla/5.0 (X11; U; Linux x86_64; en-US; rv:1.9.0.8) Gecko/2009033100 Ubuntu/9.04 (jaunty) Firefox/3.0.8"
102.164.97.42 - - [06/May/2025:15:23:57 +0200] "GET /plugins/themes/default/fonts/noto-serif-v9-vietnamese_latin-ext_latin_greek-ext_greek_cyrillic-ext_cyrillic-regular.ttf HTTP/1.1" 200 329320 "https://uta.edu.ly/" "Mozilla/5.0 (Linux; Android 10; K) AppleWebKit/537.36 (KHTML, like Gecko) Chrome/135.0.0.0 Mobile Safari/537.36"
102.164.97.42 - - [06/May/2025:15:24:10 +0200] "GET /plugins/themes/default/fonts/noto-serif-v9-vietnamese_latin-ext_latin_greek-ext_greek_cyrillic-ext_cyrillic-regular.woff2 HTTP/1.1" 200 154816 "https://uta.edu.ly/" "Mozilla/5.0 (Linux; Android 10; K) AppleWebKit/537.36 (KHTML, like Gecko) Chrome/135.0.0.0 Mobile Safari/537.36"
102.164.97.42 - - [06/May/2025:15:24:10 +0200] "GET /plugins/themes/default/fonts/noto-serif-v9-vietnamese_latin-ext_latin_greek-ext_greek_cyrillic-ext_cyrillic-700.woff2 HTTP/1.1" 200 167372 "https://uta.edu.ly/" "Mozilla/5.0 (Linux; Android 10; K) AppleWebKit/537.36 (KHTML, like Gecko) Chrome/135.0.0.0 Mobile Safari/537.36"
194.233.80.159 - - [06/May/2025:15:24:12 +0200] "GET /auth/cas/CAS/vendor/apereo/phpcas/source/CAS/Session/ HTTP/1.1" 404 3913 "-" "Mozilla/5.0 (X11; U; Linux x86_64; en-US; rv:1.9.0.8) Gecko/2009033100 Ubuntu/9.04 (jaunty) Firefox/3.0.8"
102.164.97.42 - - [06/May/2025:15:24:12 +0200] "GET /plugins/themes/default/fonts/noto-serif-v9-vietnamese_latin-ext_latin_greek-ext_greek_cyrillic-ext_cyrillic-regular.woff HTTP/1.1" 200 194208 "https://uta.edu.ly/" "Mozilla/5.0 (Linux; Android 10; K) AppleWebKit/537.36 (KHTML, like Gecko) Chrome/135.0.0.0 Mobile Safari/537.36"
102.164.97.42 - - [06/May/2025:15:24:12 +0200] "GET /plugins/themes/default/fonts/noto-serif-v9-vietnamese_latin-ext_latin_greek-ext_greek_cyrillic-ext_cyrillic-700.woff HTTP/1.1" 200 210000 "https://uta.edu.ly/" "Mozilla/5.0 (Linux; Android 10; K) AppleWebKit/537.36 (KHTML, like Gecko) Chrome/135.0.0.0 Mobile Safari/537.36"
102.164.97.42 - - [06/May/2025:15:24:13 +0200] "GET /plugins/themes/default/fonts/noto-serif-v9-vietnamese_latin-ext_latin_greek-ext_greek_cyrillic-ext_cyrillic-regular.ttf HTTP/1.1" 200 329320 "https://uta.edu.ly/" "Mozilla/5.0 (Linux; Android 10; K) AppleWebKit/537.36 (KHTML, like Gecko) Chrome/135.0.0.0 Mobile Safari/537.36"
102.164.97.42 - - [06/May/2025:15:24:13 +0200] "GET /plugins/themes/default/fonts/noto-serif-v9-vietnamese_latin-ext_latin_greek-ext_greek_cyrillic-ext_cyrillic-700.ttf HTTP/1.1" 200 348024 "https://uta.edu.ly/" "Mozilla/5.0 (Linux; Android 10; K) AppleWebKit/537.36 (KHTML, like Gecko) Chrome/135.0.0.0 Mobile Safari/537.36"
54.36.149.58 - - [06/May/2025:15:24:18 +0200] "GET /index.php/Alqalam/citationstylelanguage/get/harvard-cite-them-right?submissionId=509&publicationId=509 HTTP/1.1" 200 283 "-" "Mozilla/5.0 (compatible; AhrefsBot/7.0; +http://ahrefs.com/robot/)"
194.233.80.159 - - [06/May/2025:15:24:19 +0200] "GET /auth/cas/CAS/vendor/composer/ HTTP/1.1" 404 3913 "-" "Mozilla/5.0 (X11; U; Linux x86_64; en-US; rv:1.9.0.8) Gecko/2009033100 Ubuntu/9.04 (jaunty) Firefox/3.0.8"
194.233.80.159 - - [06/May/2025:15:24:23 +0200] "GET /auth/cas/CAS/vendor/psr/log/ HTTP/1.1" 404 3913 "-" "Mozilla/5.0 (X11; U; Linux x86_64; en-US; rv:1.9.0.8) Gecko/2009033100 Ubuntu/9.04 (jaunty) Firefox/3.0.8"
194.233.80.159 - - [06/May/2025:15:24:29 +0200] "GET /auth/cas/CAS/vendor/psr/log/Psr/Log/ HTTP/1.1" 404 3913 "-" "Mozilla/5.0 (X11; U; Linux x86_64; en-US; rv:1.9.0.8) Gecko/2009033100 Ubuntu/9.04 (jaunty) Firefox/3.0.8"
194.233.80.159 - - [06/May/2025:15:24:34 +0200] "GET /auth/cas/CAS/vendor/psr/log/Psr/Log/Test/ HTTP/1.1" 404 3913 "-" "Mozilla/5.0 (X11; U; Linux x86_64; en-US; rv:1.9.0.8) Gecko/2009033100 Ubuntu/9.04 (jaunty) Firefox/3.0.8"
194.233.80.159 - - [06/May/2025:15:24:43 +0200] "GET /auth/cas/classes/privacy/ HTTP/1.1" 404 3913 "-" "Mozilla/5.0 (X11; U; Linux x86_64; en-US; rv:1.9.0.8) Gecko/2009033100 Ubuntu/9.04 (jaunty) Firefox/3.0.8"
194.233.80.159 - - [06/May/2025:15:24:55 +0200] "GET /auth/cas/classes/task/ HTTP/1.1" 404 3913 "-" "Mozilla/5.0 (X11; U; Linux x86_64; en-US; rv:1.9.0.8) Gecko/2009033100 Ubuntu/9.04 (jaunty) Firefox/3.0.8"
23.98.142.178 - - [06/May/2025:15:24:56 +0200] "GET /index.php/Alqalam/article/view/837/715 HTTP/1.1" 302 - "-" "Mozilla/5.0 AppleWebKit/537.36 (KHTML, like Gecko); compatible; ChatGPT-User/1.0; +https://openai.com/bot"
23.98.142.178 - - [06/May/2025:15:24:56 +0200] "GET /index.php/Alqalam/article/download/837/715 HTTP/1.1" 200 516497 "-" "Mozilla/5.0 AppleWebKit/537.36 (KHTML, like Gecko); compatible; ChatGPT-User/1.0; +https://openai.com/bot"
78.46.190.63 - - [06/May/2025:15:25:02 +0200] "HEAD / HTTP/1.1" 302 - "https://journal.utripoli.edu.ly/" "Mozilla/5.0+(compatible; UptimeRobot/2.0; http://www.uptimerobot.com/)"
78.46.190.63 - - [06/May/2025:15:25:02 +0200] "HEAD /index.php/Alqalam HTTP/1.1" 200 - "https://journal.utripoli.edu.ly/" "Mozilla/5.0+(compatible; UptimeRobot/2.0; http://www.uptimerobot.com/)"
52.230.164.176 - - [06/May/2025:15:25:03 +0200] "GET / HTTP/1.1" 302 - "-" "Mozilla/5.0 AppleWebKit/537.36 (KHTML, like Gecko); compatible; ChatGPT-User/1.0; +https://openai.com/bot"
52.230.164.176 - - [06/May/2025:15:25:03 +0200] "GET /index.php/Alqalam/article/view/561/465 HTTP/1.1" 302 - "-" "Mozilla/5.0 AppleWebKit/537.36 (KHTML, like Gecko); compatible; ChatGPT-User/1.0; +https://openai.com/bot"
52.230.164.182 - - [06/May/2025:15:25:03 +0200] "GET /index.php/Alqalam HTTP/1.1" 200 8849 "-" "Mozilla/5.0 AppleWebKit/537.36 (KHTML, like Gecko); compatible; ChatGPT-User/1.0; +https://openai.com/bot"
52.230.164.176 - - [06/May/2025:15:25:03 +0200] "GET /index.php/Alqalam/article/download/561/465 HTTP/1.1" 200 452660 "-" "Mozilla/5.0 AppleWebKit/537.36 (KHTML, like Gecko); compatible; ChatGPT-User/1.0; +https://openai.com/bot"
2a03:2880:27ff:: - - [06/May/2025:15:25:05 +0200] "GET /index.php/Alqalam/article/view/127 HTTP/1.1" 200 28945 "-" "meta-externalagent/1.1 (+https://developers.facebook.com/docs/sharing/webmasters/crawler)"
2a03:2880:27ff:5:: - - [06/May/2025:15:25:06 +0200] "GET /public/journals/1/styleSheet.css?d=2024-01-03+17%3A34%3A30 HTTP/1.1" 404 3913 "-" "meta-externalagent/1.1 (+https://developers.facebook.com/docs/sharing/webmasters/crawler)"
2a03:2880:27ff:74:: - - [06/May/2025:15:25:06 +0200] "GET /public/journals/1/cover_issue_1_en_US.png HTTP/1.1" 200 192105 "-" "meta-externalagent/1.1 (+https://developers.facebook.com/docs/sharing/webmasters/crawler)"
18.222.97.243 - - [06/May/2025:15:25:18 +0200] "GET /index.php/Alqalam/article/view/875?articlesBySimilarityPage=14 HTTP/1.1" 200 8179 "-" "Mozilla/5.0 AppleWebKit/537.36 (KHTML, like Gecko; compatible; ClaudeBot/1.0; +claudebot@anthropic.com)"
54.36.148.190 - - [06/May/2025:15:25:20 +0200] "GET /index.php/Alqalam/citationstylelanguage/get/ieee?submissionId=509&publicationId=509 HTTP/1.1" 200 276 "-" "Mozilla/5.0 (compatible; AhrefsBot/7.0; +http://ahrefs.com/robot/)"
185.191.171.9 - - [06/May/2025:15:25:43 +0200] "GET /index.php/Alqalam/article/view/503?articlesBySimilarityPage=19 HTTP/1.1" 200 9296 "-" "Mozilla/5.0 (compatible; SemrushBot/7~bl; +http://www.semrush.com/bot.html)"
66.249.70.107 - - [06/May/2025:15:25:50 +0200] "GET /index.php/Alqalam/article/view/295?articlesBySimilarityPage=60 HTTP/1.1" 200 7378 "-" "Mozilla/5.0 (Linux; Android 6.0.1; Nexus 5X Build/MMB29P) AppleWebKit/537.36 (KHTML, like Gecko) Chrome/136.0.7103.59 Mobile Safari/537.36 (compatible; Googlebot/2.1; +http://www.google.com/bot.html)"
66.249.70.106 - - [06/May/2025:15:25:58 +0200] "GET /plugins/themes/default/js/lib/bootstrap/dropdown.js?v=3.3.0.14 HTTP/1.1" 200 13932 "https://www.journal.utripoli.edu.ly/index.php/Alqalam/article/view/295?articlesBySimilarityPage=60" "Mozilla/5.0 (Linux; Android 6.0.1; Nexus 5X Build/MMB29P) AppleWebKit/537.36 (KHTML, like Gecko) Chrome/135.0.7049.114 Mobile Safari/537.36 (compatible; Googlebot/2.1; +http://www.google.com/bot.html)"
66.249.64.131 - - [06/May/2025:15:26:04 +0200] "GET /index.php/Alqalam/article/view/302?articlesBySimilarityPage=2 HTTP/1.1" 200 8255 "-" "Mozilla/5.0 (Linux; Android 6.0.1; Nexus 5X Build/MMB29P) AppleWebKit/537.36 (KHTML, like Gecko) Chrome/136.0.7103.59 Mobile Safari/537.36 (compatible; Googlebot/2.1; +http://www.google.com/bot.html)"
66.249.64.130 - - [06/May/2025:15:26:18 +0200] "GET /index.php/Alqalam/article/view/202?articlesBySimilarityPage=3 HTTP/1.1" 200 7837 "-" "Mozilla/5.0 (Linux; Android 6.0.1; Nexus 5X Build/MMB29P) AppleWebKit/537.36 (KHTML, like Gecko) Chrome/136.0.7103.59 Mobile Safari/537.36 (compatible; Googlebot/2.1; +http://www.google.com/bot.html)"
54.36.149.13 - - [06/May/2025:15:26:29 +0200] "GET /index.php/Alqalam/citationstylelanguage/get/modern-language-association?submissionId=509&publicationId=509 HTTP/1.1" 200 267 "-" "Mozilla/5.0 (compatible; AhrefsBot/7.0; +http://ahrefs.com/robot/)"
51.8.155.50 - - [06/May/2025:15:26:29 +0200] "GET /robots.txt HTTP/1.1" 200 32 "-" "Mozilla/5.0 AppleWebKit/537.36 (KHTML, like Gecko); compatible; ChatGPT-User/1.0; +https://openai.com/bot"
3.135.206.125 - - [06/May/2025:15:26:49 +0200] "GET /index.php/Alqalam/article/view/155?articlesBySimilarityPage=20 HTTP/1.1" 200 8702 "-" "Mozilla/5.0 AppleWebKit/537.36 (KHTML, like Gecko; compatible; ClaudeBot/1.0; +claudebot@anthropic.com)"
47.128.56.171 - - [06/May/2025:15:26:59 +0200] "GET /index.php/Alqalam/article/view/830?articlesBySimilarityPage=61 HTTP/1.1" 200 7336 "-" "Mozilla/5.0 (compatible; Bytespider; spider-feedback@bytedance.com) AppleWebKit/537.36 (KHTML, like Gecko) Chrome/70.0.0.0 Safari/537.36"
47.128.56.171 - - [06/May/2025:15:27:01 +0200] "GET /public/journals/1/styleSheet.css?d=2024-01-03+17%3A34%3A30 HTTP/1.1" 404 3913 "https://www.journal.utripoli.edu.ly/index.php/Alqalam/article/view/830?articlesBySimilarityPage=61" "Mozilla/5.0 (compatible; Bytespider; spider-feedback@bytedance.com) AppleWebKit/537.36 (KHTML, like Gecko) Chrome/70.0.0.0 Safari/537.36"
66.249.64.130 - - [06/May/2025:15:27:25 +0200] "GET /index.php/Alqalam/article/view/302?articlesBySimilarityPage=3 HTTP/1.1" 200 8191 "-" "Mozilla/5.0 (Linux; Android 6.0.1; Nexus 5X Build/MMB29P) AppleWebKit/537.36 (KHTML, like Gecko) Chrome/136.0.7103.59 Mobile Safari/537.36 (compatible; Googlebot/2.1; +http://www.google.com/bot.html)"
54.36.149.26 - - [06/May/2025:15:27:34 +0200] "GET /index.php/Alqalam/article/view/569 HTTP/1.1" 200 8366 "-" "Mozilla/5.0 (compatible; AhrefsBot/7.0; +http://ahrefs.com/robot/)"
202.8.40.97 - - [06/May/2025:15:27:36 +0200] "GET /public/journals/1/styleSheet.css?d=2024-01-03+17%3A34%3A30 HTTP/1.1" 404 3913 "https://journal.utripoli.edu.ly/index.php/Alqalam/article/view/569" "Mozilla/5.0 (compatible; AhrefsBot/7.0; +http://ahrefs.com/robot/)"
202.8.40.97 - - [06/May/2025:15:27:36 +0200] "GET /lib/pkp/lib/vendor/components/jquery/jquery.min.js?v=3.3.0.14 HTTP/1.1" 200 89476 "https://journal.utripoli.edu.ly/index.php/Alqalam/article/view/569" "Mozilla/5.0 (compatible; AhrefsBot/7.0; +http://ahrefs.com/robot/)"
202.8.40.97 - - [06/May/2025:15:27:36 +0200] "GET /plugins/themes/default/js/main.js?v=3.3.0.14 HTTP/1.1" 200 3160 "https://journal.utripoli.edu.ly/index.php/Alqalam/article/view/569" "Mozilla/5.0 (compatible; AhrefsBot/7.0; +http://ahrefs.com/robot/)"
202.8.40.97 - - [06/May/2025:15:27:36 +0200] "GET /lib/pkp/styles/fontawesome/fontawesome.css?v=3.3.0.14 HTTP/1.1" 200 7430 "https://journal.utripoli.edu.ly/index.php/Alqalam/article/view/569" "Mozilla/5.0 (compatible; AhrefsBot/7.0; +http://ahrefs.com/robot/)"
202.8.40.97 - - [06/May/2025:15:27:36 +0200] "GET /index.php/Alqalam/$$$call$$$/page/page/css?name=font HTTP/1.1" 200 380 "https://journal.utripoli.edu.ly/index.php/Alqalam/article/view/569" "Mozilla/5.0 (compatible; AhrefsBot/7.0; +http://ahrefs.com/robot/)"
202.8.40.97 - - [06/May/2025:15:27:36 +0200] "GET /index.php/Alqalam/$$$call$$$/page/page/css?name=stylesheet HTTP/1.1" 200 10173 "https://journal.utripoli.edu.ly/index.php/Alqalam/article/view/569" "Mozilla/5.0 (compatible; AhrefsBot/7.0; +http://ahrefs.com/robot/)"
202.8.40.97 - - [06/May/2025:15:27:36 +0200] "GET /plugins/themes/default/js/lib/bootstrap/util.js?v=3.3.0.14 HTTP/1.1" 200 4193 "https://journal.utripoli.edu.ly/index.php/Alqalam/article/view/569" "Mozilla/5.0 (compatible; AhrefsBot/7.0; +http://ahrefs.com/robot/)"
202.8.40.97 - - [06/May/2025:15:27:36 +0200] "GET /plugins/themes/default/js/lib/popper/popper.js?v=3.3.0.14 HTTP/1.1" 200 81675 "https://journal.utripoli.edu.ly/index.php/Alqalam/article/view/569" "Mozilla/5.0 (compatible; AhrefsBot/7.0; +http://ahrefs.com/robot/)"
202.8.40.97 - - [06/May/2025:15:27:36 +0200] "GET /plugins/themes/default/js/lib/bootstrap/dropdown.js?v=3.3.0.14 HTTP/1.1" 200 13932 "https://journal.utripoli.edu.ly/index.php/Alqalam/article/view/569" "Mozilla/5.0 (compatible; AhrefsBot/7.0; +http://ahrefs.com/robot/)"
202.8.40.97 - - [06/May/2025:15:27:36 +0200] "GET /lib/pkp/styles/fontawesome/fontawesome-webfont.woff2?v=4.7.0 HTTP/1.1" 200 77160 "https://journal.utripoli.edu.ly/lib/pkp/styles/fontawesome/fontawesome.css?v=3.3.0.14" "Mozilla/5.0 (compatible; AhrefsBot/7.0; +http://ahrefs.com/robot/)"
202.8.40.97 - - [06/May/2025:15:27:36 +0200] "GET /plugins/themes/default/fonts/noto-serif-v9-vietnamese_latin-ext_latin_greek-ext_greek_cyrillic-ext_cyrillic-regular.woff2 HTTP/1.1" 200 154816 "https://journal.utripoli.edu.ly/index.php/Alqalam/$$$call$$$/page/page/css?name=font" "Mozilla/5.0 (compatible; AhrefsBot/7.0; +http://ahrefs.com/robot/)"
202.8.40.97 - - [06/May/2025:15:27:36 +0200] "GET /plugins/themes/default/fonts/noto-serif-v9-vietnamese_latin-ext_latin_greek-ext_greek_cyrillic-ext_cyrillic-700.woff2 HTTP/1.1" 200 167372 "https://journal.utripoli.edu.ly/index.php/Alqalam/$$$call$$$/page/page/css?name=font" "Mozilla/5.0 (compatible; AhrefsBot/7.0; +http://ahrefs.com/robot/)"
202.8.40.97 - - [06/May/2025:15:27:36 +0200] "GET /lib/pkp/lib/vendor/components/jqueryui/jquery-ui.min.js?v=3.3.0.14 HTTP/1.1" 200 253669 "https://journal.utripoli.edu.ly/index.php/Alqalam/article/view/569" "Mozilla/5.0 (compatible; AhrefsBot/7.0; +http://ahrefs.com/robot/)"
105.235.139.102 - - [06/May/2025:15:27:41 +0200] "GET /index.php/Alqalam/article/view/704/616 HTTP/1.1" 302 - "https://www.google.com/" "Mozilla/5.0 (Windows NT 10.0; Win64; x64) AppleWebKit/537.36 (KHTML, like Gecko) Chrome/136.0.0.0 Safari/537.36"
105.235.139.102 - - [06/May/2025:15:27:41 +0200] "GET /index.php/Alqalam/article/download/704/616 HTTP/1.1" 200 454193 "https://www.google.com/" "Mozilla/5.0 (Windows NT 10.0; Win64; x64) AppleWebKit/537.36 (KHTML, like Gecko) Chrome/136.0.0.0 Safari/537.36"
66.249.64.132 - - [06/May/2025:15:28:01 +0200] "GET /index.php/Alqalam/article/view/302?articlesBySimilarityPage=6 HTTP/1.1" 200 8247 "-" "Mozilla/5.0 (Linux; Android 6.0.1; Nexus 5X Build/MMB29P) AppleWebKit/537.36 (KHTML, like Gecko) Chrome/136.0.7103.59 Mobile Safari/537.36 (compatible; Googlebot/2.1; +http://www.google.com/bot.html)"
18.116.42.143 - - [06/May/2025:15:28:13 +0200] "GET /index.php/Alqalam/article/view/29?articlesBySimilarityPage=20 HTTP/1.1" 200 7824 "-" "Mozilla/5.0 AppleWebKit/537.36 (KHTML, like Gecko; compatible; ClaudeBot/1.0; +claudebot@anthropic.com)"
185.191.171.3 - - [06/May/2025:15:28:14 +0200] "GET /index.php/Alqalam/article/view/80?articlesBySimilarityPage=13 HTTP/1.1" 200 7209 "-" "Mozilla/5.0 (compatible; SemrushBot/7~bl; +http://www.semrush.com/bot.html)"
66.249.64.131 - - [06/May/2025:15:28:15 +0200] "GET /index.php/Alqalam/article/view/302?articlesBySimilarityPage=4 HTTP/1.1" 200 8155 "-" "Mozilla/5.0 (Linux; Android 6.0.1; Nexus 5X Build/MMB29P) AppleWebKit/537.36 (KHTML, like Gecko) Chrome/136.0.7103.59 Mobile Safari/537.36 (compatible; Googlebot/2.1; +http://www.google.com/bot.html)"
66.249.64.131 - - [06/May/2025:15:28:18 +0200] "GET /index.php/Alqalam/article/view/302?articlesBySimilarityPage=5 HTTP/1.1" 200 8221 "-" "Mozilla/5.0 (Linux; Android 6.0.1; Nexus 5X Build/MMB29P) AppleWebKit/537.36 (KHTML, like Gecko) Chrome/136.0.7103.59 Mobile Safari/537.36 (compatible; Googlebot/2.1; +http://www.google.com/bot.html)"
66.249.64.130 - - [06/May/2025:15:28:22 +0200] "GET /index.php/Alqalam/article/view/717 HTTP/1.1" 200 8057 "-" "Mozilla/5.0 (Linux; Android 6.0.1; Nexus 5X Build/MMB29P) AppleWebKit/537.36 (KHTML, like Gecko) Chrome/136.0.7103.59 Mobile Safari/537.36 (compatible; Googlebot/2.1; +http://www.google.com/bot.html)"
54.36.148.92 - - [06/May/2025:15:28:32 +0200] "GET /index.php/Alqalam/citationstylelanguage/get/vancouver?submissionId=509&publicationId=509 HTTP/1.1" 200 333 "-" "Mozilla/5.0 (compatible; AhrefsBot/7.0; +http://ahrefs.com/robot/)"
66.249.64.130 - - [06/May/2025:15:28:28 +0200] "GET /index.php/Alqalam/article/view/861?articlesBySimilarityPage=44 HTTP/1.1" 200 7961 "-" "Mozilla/5.0 (Linux; Android 6.0.1; Nexus 5X Build/MMB29P) AppleWebKit/537.36 (KHTML, like Gecko) Chrome/136.0.7103.59 Mobile Safari/537.36 (compatible; GoogleOther)"
66.249.89.67 - - [06/May/2025:15:29:13 +0200] "GET /.well-known/assetlinks.json HTTP/1.1" 404 3913 "-" "Mozilla/5.0 (Windows NT 10.0; Win64; x64)AppleWebKit/537.36 (KHTML, like Gecko) Chrome/91.0.4472.101 Safari/537.36"
182.1.195.217 - - [06/May/2025:15:29:20 +0200] "GET /index.php/Alqalam/article/view/741/625 HTTP/1.1" 302 - "https://www.google.com/url?q=https://journal.utripoli.edu.ly/index.php/Alqalam/article/view/741/625&sa=U&ved=2ahUKEwj6zuLt946NAxXfyqACHbrqK58QFnoECD8QAQ&usg=AOvVaw04C5M6M8J8WD0Qp0Hm06JC" "Mozilla/5.0 (iPad; CPU OS 18_3_2 like Mac OS X) AppleWebKit/605.1.15 (KHTML, like Gecko) GSA/366.0.751101837 Mobile/15E148 Safari/604.1"
182.1.195.217 - - [06/May/2025:15:29:20 +0200] "GET /index.php/Alqalam/article/download/741/625 HTTP/1.1" 200 381606 "https://www.google.com/" "Mozilla/5.0 (iPad; CPU OS 18_3_2 like Mac OS X) AppleWebKit/605.1.15 (KHTML, like Gecko) GSA/366.0.751101837 Mobile/15E148 Safari/604.1"
66.249.64.130 - - [06/May/2025:15:29:33 +0200] "GET /index.php/Alqalam/article/view/63 HTTP/1.1" 200 7494 "-" "Mozilla/5.0 (Linux; Android 6.0.1; Nexus 5X Build/MMB29P) AppleWebKit/537.36 (KHTML, like Gecko) Chrome/136.0.7103.59 Mobile Safari/537.36 (compatible; Googlebot/2.1; +http://www.google.com/bot.html)"
20.215.214.23 - - [06/May/2025:15:29:33 +0200] "GET / HTTP/1.1" 302 - "-" "Mozilla/5.0 AppleWebKit/537.36 (KHTML, like Gecko); compatible; ChatGPT-User/1.0; +https://openai.com/bot"
20.215.214.23 - - [06/May/2025:15:29:33 +0200] "GET /index.php/Alqalam HTTP/1.1" 200 8849 "-" "Mozilla/5.0 AppleWebKit/537.36 (KHTML, like Gecko); compatible; ChatGPT-User/1.0; +https://openai.com/bot"
54.36.148.247 - - [06/May/2025:15:29:34 +0200] "GET /index.php/Alqalam/citationstylelanguage/get/turabian-fullnote-bibliography?submissionId=509&publicationId=509 HTTP/1.1" 200 326 "-" "Mozilla/5.0 (compatible; AhrefsBot/7.0; +http://ahrefs.com/robot/)"
3.16.68.255 - - [06/May/2025:15:29:38 +0200] "GET /index.php/Alqalam/article/view/577?articlesBySimilarityPage=17 HTTP/1.1" 200 8033 "-" "Mozilla/5.0 AppleWebKit/537.36 (KHTML, like Gecko; compatible; ClaudeBot/1.0; +claudebot@anthropic.com)"
52.255.111.124 - - [06/May/2025:15:29:54 +0200] "GET /robots.txt HTTP/1.1" 200 32 "-" "Mozilla/5.0 AppleWebKit/537.36 (KHTML, like Gecko); compatible; ChatGPT-User/1.0; +https://openai.com/bot"
66.249.64.130 - - [06/May/2025:15:29:54 +0200] "GET /public/journals/1/styleSheet.css?d=2024-01-03+17%3A34%3A30 HTTP/1.1" 404 3913 "https://journal.utripoli.edu.ly/index.php/Alqalam/article/view/861?articlesBySimilarityPage=44" "Mozilla/5.0 (Linux; Android 6.0.1; Nexus 5X Build/MMB29P) AppleWebKit/537.36 (KHTML, like Gecko) Chrome/135.0.7049.114 Mobile Safari/537.36 (compatible; Googlebot/2.1; +http://www.google.com/bot.html)"
85.208.96.195 - - [06/May/2025:15:29:58 +0200] "GET /index.php/Alqalam/article/view/117 HTTP/1.1" 200 6538 "-" "Mozilla/5.0 (compatible; SemrushBot/7~bl; +http://www.semrush.com/bot.html)"
54.36.148.235 - - [06/May/2025:15:30:06 +0200] "GET /index.php/Alqalam/citationstylelanguage/get/acm-sig-proceedings?submissionId=496&publicationId=496 HTTP/1.1" 200 273 "-" "Mozilla/5.0 (compatible; AhrefsBot/7.0; +http://ahrefs.com/robot/)"
49.13.24.81 - - [06/May/2025:15:30:07 +0200] "HEAD / HTTP/1.1" 302 - "https://journal.utripoli.edu.ly/" "Mozilla/5.0+(compatible; UptimeRobot/2.0; http://www.uptimerobot.com/)"
49.13.24.81 - - [06/May/2025:15:30:07 +0200] "HEAD /index.php/Alqalam HTTP/1.1" 200 - "https://journal.utripoli.edu.ly/" "Mozilla/5.0+(compatible; UptimeRobot/2.0; http://www.uptimerobot.com/)"
44.205.120.22 - - [06/May/2025:15:30:09 +0200] "GET /index.php/Alqalam/article/view/846?articlesBySimilarityPage=9 HTTP/1.1" 200 8188 "-" "Mozilla/5.0 AppleWebKit/537.36 (KHTML, like Gecko; compatible; Amazonbot/0.1; +https://developer.amazon.com/support/amazonbot) Chrome/119.0.6045.214 Safari/537.36"
152.42.225.136 - - [06/May/2025:15:30:19 +0200] "GET /wp-admin/includes/class-wp-filesystem-base.php HTTP/1.1" 404 3913 "-" "Mozlila/5.0 (Linux; Android 7.0; SM-G892A Bulid/NRD90M; wv) AppleWebKit/537.36 (KHTML, like Gecko) Version/4.0 Chrome/60.0.3112.107 Moblie Safari/537.36"
143.110.226.108 - - [06/May/2025:15:30:20 +0200] "GET / HTTP/1.1" 302 - "-" "Mozilla/5.0 (Windows NT 10.0; Win64; x64) AppleWebKit/537.36 (KHTML, like Gecko) Chrome/120.0.6099.71 Safari/537.36"
143.110.226.108 - - [06/May/2025:15:30:20 +0200] "GET /index.php/Alqalam/login HTTP/1.1" 200 3788 "-" "Mozilla/5.0 (Windows NT 10.0; Win64; x64) AppleWebKit/537.36 (KHTML, like Gecko) Chrome/120.0.6099.71 Safari/537.36"
143.110.226.108 - - [06/May/2025:15:30:20 +0200] "POST /index.php/Alqalam/login/signIn HTTP/1.1" 302 - "-" "Mozilla/5.0 (Windows NT 10.0; Win64; x64) AppleWebKit/537.36 (KHTML, like Gecko) Chrome/120.0.6099.71 Safari/537.36"
143.110.226.108 - - [06/May/2025:15:30:20 +0200] "GET /index.php/index/index HTTP/1.1" 302 - "-" "Mozilla/5.0 (Windows NT 10.0; Win64; x64) AppleWebKit/537.36 (KHTML, like Gecko) Chrome/120.0.6099.71 Safari/537.36"
143.110.226.108 - - [06/May/2025:15:30:20 +0200] "GET /index.php/Alqalam/$$$call$$$/grid/settings/plugins/settings-plugin-grid/upload-plugin HTTP/1.1" 200 245 "-" "Mozilla/5.0 (Windows NT 10.0; Win64; x64) AppleWebKit/537.36 (KHTML, like Gecko) Chrome/120.0.6099.71 Safari/537.36"
143.110.226.108 - - [06/May/2025:15:30:21 +0200] "GET /index.php/index/admin/systemInfo HTTP/1.1" 302 - "-" "Mozilla/5.0 (Windows NT 10.0; Win64; x64) AppleWebKit/537.36 (KHTML, like Gecko) Chrome/120.0.6099.71 Safari/537.36"
143.110.226.108 - - [06/May/2025:15:30:21 +0200] "GET /index.php/index/user/authorizationDenied?message=user.authorization.roleBasedAccessDenied HTTP/1.1" 200 1355 "-" "Mozilla/5.0 (Windows NT 10.0; Win64; x64) AppleWebKit/537.36 (KHTML, like Gecko) Chrome/120.0.6099.71 Safari/537.36"
152.42.225.136 - - [06/May/2025:15:30:21 +0200] "GET /wp-admin/pu.php HTTP/1.1" 404 3913 "-" "Mozlila/5.0 (Linux; Android 7.0; SM-G892A Bulid/NRD90M; wv) AppleWebKit/537.36 (KHTML, like Gecko) Version/4.0 Chrome/60.0.3112.107 Moblie Safari/537.36"
143.110.226.108 - - [06/May/2025:15:30:21 +0200] "GET /index.php/Alqalam/login HTTP/1.1" 302 - "-" "Mozilla/5.0 (Windows NT 10.0; Win64; x64) AppleWebKit/537.36 (KHTML, like Gecko) Chrome/120.0.6099.71 Safari/537.36"
143.110.226.108 - - [06/May/2025:15:30:21 +0200] "GET /index.php/Alqalam/submissions HTTP/1.1" 302 - "-" "Mozilla/5.0 (Windows NT 10.0; Win64; x64) AppleWebKit/537.36 (KHTML, like Gecko) Chrome/120.0.6099.71 Safari/537.36"
143.110.226.108 - - [06/May/2025:15:30:21 +0200] "GET /index.php/Alqalam/user/authorizationDenied?message=user.authorization.roleBasedAccessDenied HTTP/1.1" 200 3413 "-" "Mozilla/5.0 (Windows NT 10.0; Win64; x64) AppleWebKit/537.36 (KHTML, like Gecko) Chrome/120.0.6099.71 Safari/537.36"
152.42.225.136 - - [06/May/2025:15:30:23 +0200] "GET /wp-content/AwQ4MckSv7U.php HTTP/1.1" 404 3913 "-" "Mozlila/5.0 (Linux; Android 7.0; SM-G892A Bulid/NRD90M; wv) AppleWebKit/537.36 (KHTML, like Gecko) Version/4.0 Chrome/60.0.3112.107 Moblie Safari/537.36"
152.42.225.136 - - [06/May/2025:15:30:24 +0200] "GET /wp-content/plugins/elementor/includes/template-library/sources/local.php HTTP/1.1" 404 3913 "-" "Mozlila/5.0 (Linux; Android 7.0; SM-G892A Bulid/NRD90M; wv) AppleWebKit/537.36 (KHTML, like Gecko) Version/4.0 Chrome/60.0.3112.107 Moblie Safari/537.36"
152.42.225.136 - - [06/May/2025:15:30:26 +0200] "GET /wp-content/plugins/insert-headers-and-footers/includes/admin/pages/class-wpcode-admin-page-tools.php HTTP/1.1" 404 3913 "-" "Mozlila/5.0 (Linux; Android 7.0; SM-G892A Bulid/NRD90M; wv) AppleWebKit/537.36 (KHTML, like Gecko) Version/4.0 Chrome/60.0.3112.107 Moblie Safari/537.36"
152.42.225.136 - - [06/May/2025:15:30:28 +0200] "GET /NIo26gAypYV/NIo26gAypYV/NIo26gAypYV/cache.php HTTP/1.1" 404 3913 "-" "Mozlila/5.0 (Linux; Android 7.0; SM-G892A Bulid/NRD90M; wv) AppleWebKit/537.36 (KHTML, like Gecko) Version/4.0 Chrome/60.0.3112.107 Moblie Safari/537.36"
152.42.225.136 - - [06/May/2025:15:30:30 +0200] "GET /qfunctions/qfunctions/qfunctions/qfunctions/cache.php HTTP/1.1" 404 3913 "-" "Mozlila/5.0 (Linux; Android 7.0; SM-G892A Bulid/NRD90M; wv) AppleWebKit/537.36 (KHTML, like Gecko) Version/4.0 Chrome/60.0.3112.107 Moblie Safari/537.36"
152.42.225.136 - - [06/May/2025:15:30:33 +0200] "GET /QsAeImzw3tK/QsAeImzw3tK/QsAeImzw3tK/QsAeImzw3tK/cache.php HTTP/1.1" 404 3913 "-" "Mozlila/5.0 (Linux; Android 7.0; SM-G892A Bulid/NRD90M; wv) AppleWebKit/537.36 (KHTML, like Gecko) Version/4.0 Chrome/60.0.3112.107 Moblie Safari/537.36"
152.42.225.136 - - [06/May/2025:15:30:34 +0200] "GET /wp-admin/images/images/cache.php HTTP/1.1" 404 3913 "-" "Mozlila/5.0 (Linux; Android 7.0; SM-G892A Bulid/NRD90M; wv) AppleWebKit/537.36 (KHTML, like Gecko) Version/4.0 Chrome/60.0.3112.107 Moblie Safari/537.36"
54.36.148.125 - - [06/May/2025:15:30:34 +0200] "GET /index.php/Alqalam/citationstylelanguage/get/acs-nano?submissionId=496&publicationId=496 HTTP/1.1" 200 269 "-" "Mozilla/5.0 (compatible; AhrefsBot/7.0; +http://ahrefs.com/robot/)"
152.42.225.136 - - [06/May/2025:15:30:37 +0200] "GET /wp-admin/privacy.php HTTP/1.1" 404 3913 "-" "Mozlila/5.0 (Linux; Android 7.0; SM-G892A Bulid/NRD90M; wv) AppleWebKit/537.36 (KHTML, like Gecko) Version/4.0 Chrome/60.0.3112.107 Moblie Safari/537.36"
185.191.171.15 - - [06/May/2025:15:30:38 +0200] "GET /index.php/Alqalam/article/view/340 HTTP/1.1" 200 8545 "-" "Mozilla/5.0 (compatible; SemrushBot/7~bl; +http://www.semrush.com/bot.html)"
152.42.225.136 - - [06/May/2025:15:30:39 +0200] "GET /wp-admin/maint/maint/cache.php HTTP/1.1" 404 3913 "-" "Mozlila/5.0 (Linux; Android 7.0; SM-G892A Bulid/NRD90M; wv) AppleWebKit/537.36 (KHTML, like Gecko) Version/4.0 Chrome/60.0.3112.107 Moblie Safari/537.36"
152.42.225.136 - - [06/May/2025:15:30:42 +0200] "GET /wp-admin/orvxmailer.php HTTP/1.1" 404 3913 "-" "Mozlila/5.0 (Linux; Android 7.0; SM-G892A Bulid/NRD90M; wv) AppleWebKit/537.36 (KHTML, like Gecko) Version/4.0 Chrome/60.0.3112.107 Moblie Safari/537.36"
152.42.225.136 - - [06/May/2025:15:30:44 +0200] "GET /wp-admin/css/colors/midnight/midnight/midnight/cache.php HTTP/1.1" 404 3913 "-" "Mozlila/5.0 (Linux; Android 7.0; SM-G892A Bulid/NRD90M; wv) AppleWebKit/537.36 (KHTML, like Gecko) Version/4.0 Chrome/60.0.3112.107 Moblie Safari/537.36"
152.42.225.136 - - [06/May/2025:15:30:46 +0200] "GET /wp-admin/css/colors/light/light/light/cache.php HTTP/1.1" 404 3913 "-" "Mozlila/5.0 (Linux; Android 7.0; SM-G892A Bulid/NRD90M; wv) AppleWebKit/537.36 (KHTML, like Gecko) Version/4.0 Chrome/60.0.3112.107 Moblie Safari/537.36"
66.249.64.130 - - [06/May/2025:15:30:47 +0200] "GET /index.php/Alqalam/article/view/647/538 HTTP/1.1" 302 - "-" "Mozilla/5.0 (Linux; Android 6.0.1; Nexus 5X Build/MMB29P) AppleWebKit/537.36 (KHTML, like Gecko) Chrome/136.0.7103.59 Mobile Safari/537.36 (compatible; Googlebot/2.1; +http://www.google.com/bot.html)"
152.42.225.136 - - [06/May/2025:15:30:48 +0200] "GET /wp-admin/css/colors/colors/cache.php HTTP/1.1" 404 3913 "-" "Mozlila/5.0 (Linux; Android 7.0; SM-G892A Bulid/NRD90M; wv) AppleWebKit/537.36 (KHTML, like Gecko) Version/4.0 Chrome/60.0.3112.107 Moblie Safari/537.36"
66.249.64.132 - - [06/May/2025:15:30:49 +0200] "GET /index.php/Alqalam/article/download/647/538 HTTP/1.1" 200 357376 "-" "Mozilla/5.0 (Linux; Android 6.0.1; Nexus 5X Build/MMB29P) AppleWebKit/537.36 (KHTML, like Gecko) Chrome/136.0.7103.59 Mobile Safari/537.36 (compatible; Googlebot/2.1; +http://www.google.com/bot.html)"
152.42.225.136 - - [06/May/2025:15:30:49 +0200] "GET /orvxmailer.php HTTP/1.1" 404 16 "-" "Mozlila/5.0 (Linux; Android 7.0; SM-G892A Bulid/NRD90M; wv) AppleWebKit/537.36 (KHTML, like Gecko) Version/4.0 Chrome/60.0.3112.107 Moblie Safari/537.36"
152.42.225.136 - - [06/May/2025:15:30:54 +0200] "GET /wp-content/plugins/insert-headers-and-footers/includes/admin/pages/class-wpcode-admin-page-tools.php HTTP/1.1" 404 3913 "-" "Mozlila/5.0 (Linux; Android 7.0; SM-G892A Bulid/NRD90M; wv) AppleWebKit/537.36 (KHTML, like Gecko) Version/4.0 Chrome/60.0.3112.107 Moblie Safari/537.36"
152.42.225.136 - - [06/May/2025:15:30:56 +0200] "GET /wp-content/plugins/bridge-core/modules/core-dashboard/sub-pages/import/demos-list.php HTTP/1.1" 404 3913 "-" "Mozlila/5.0 (Linux; Android 7.0; SM-G892A Bulid/NRD90M; wv) AppleWebKit/537.36 (KHTML, like Gecko) Version/4.0 Chrome/60.0.3112.107 Moblie Safari/537.36"
54.36.148.145 - - [06/May/2025:15:30:57 +0200] "GET /index.php/Alqalam/citationstylelanguage/get/ieee?submissionId=496&publicationId=496 HTTP/1.1" 200 286 "-" "Mozilla/5.0 (compatible; AhrefsBot/7.0; +http://ahrefs.com/robot/)"
152.42.225.136 - - [06/May/2025:15:30:58 +0200] "GET /wp-content/plugins/js_composer/include/params/iconpicker/iconpicker.php HTTP/1.1" 404 3913 "-" "Mozlila/5.0 (Linux; Android 7.0; SM-G892A Bulid/NRD90M; wv) AppleWebKit/537.36 (KHTML, like Gecko) Version/4.0 Chrome/60.0.3112.107 Moblie Safari/537.36"
152.42.225.136 - - [06/May/2025:15:31:01 +0200] "GET /wp-content/themes/bridge/framework/lib/qode.icons/qode.kiko.php HTTP/1.1" 404 3913 "-" "Mozlila/5.0 (Linux; Android 7.0; SM-G892A Bulid/NRD90M; wv) AppleWebKit/537.36 (KHTML, like Gecko) Version/4.0 Chrome/60.0.3112.107 Moblie Safari/537.36"
152.42.225.136 - - [06/May/2025:15:31:02 +0200] "GET /ms-options.php HTTP/1.1" 404 16 "-" "Mozlila/5.0 (Linux; Android 7.0; SM-G892A Bulid/NRD90M; wv) AppleWebKit/537.36 (KHTML, like Gecko) Version/4.0 Chrome/60.0.3112.107 Moblie Safari/537.36"
152.42.225.136 - - [06/May/2025:15:31:05 +0200] "GET /themes_old/bridge/framework/lib/qode.icons/qode.kiko.php HTTP/1.1" 404 3913 "-" "Mozlila/5.0 (Linux; Android 7.0; SM-G892A Bulid/NRD90M; wv) AppleWebKit/537.36 (KHTML, like Gecko) Version/4.0 Chrome/60.0.3112.107 Moblie Safari/537.36"
152.42.225.136 - - [06/May/2025:15:31:09 +0200] "GET /themes_old/bridge/framework/lib/lib/search-api/index.php HTTP/1.1" 404 3913 "-" "Mozlila/5.0 (Linux; Android 7.0; SM-G892A Bulid/NRD90M; wv) AppleWebKit/537.36 (KHTML, like Gecko) Version/4.0 Chrome/60.0.3112.107 Moblie Safari/537.36"
152.42.225.136 - - [06/May/2025:15:31:11 +0200] "GET /wp-admin/includes/class-wp-filesystem-base.php HTTP/1.1" 404 3913 "-" "Mozlila/5.0 (Linux; Android 7.0; SM-G892A Bulid/NRD90M; wv) AppleWebKit/537.36 (KHTML, like Gecko) Version/4.0 Chrome/60.0.3112.107 Moblie Safari/537.36"
152.42.225.136 - - [06/May/2025:15:31:14 +0200] "GET /wp-admin/product.php HTTP/1.1" 404 3913 "-" "Mozlila/5.0 (Linux; Android 7.0; SM-G892A Bulid/NRD90M; wv) AppleWebKit/537.36 (KHTML, like Gecko) Version/4.0 Chrome/60.0.3112.107 Moblie Safari/537.36"
152.42.225.136 - - [06/May/2025:15:31:16 +0200] "GET /admin.php HTTP/1.1" 404 16 "-" "Mozlila/5.0 (Linux; Android 7.0; SM-G892A Bulid/NRD90M; wv) AppleWebKit/537.36 (KHTML, like Gecko) Version/4.0 Chrome/60.0.3112.107 Moblie Safari/537.36"
152.42.225.136 - - [06/May/2025:15:31:17 +0200] "GET /wp-content/plugins/file-manager-advanced/application/library/php/elFinderVolumeFTP.class.php HTTP/1.1" 404 3913 "-" "Mozlila/5.0 (Linux; Android 7.0; SM-G892A Bulid/NRD90M; wv) AppleWebKit/537.36 (KHTML, like Gecko) Version/4.0 Chrome/60.0.3112.107 Moblie Safari/537.36"
152.42.225.136 - - [06/May/2025:15:31:18 +0200] "GET /wp-includes/certificates/index.php HTTP/1.1" 404 3913 "-" "Mozlila/5.0 (Linux; Android 7.0; SM-G892A Bulid/NRD90M; wv) AppleWebKit/537.36 (KHTML, like Gecko) Version/4.0 Chrome/60.0.3112.107 Moblie Safari/537.36"
3.133.100.106 - - [06/May/2025:15:31:18 +0200] "GET /index.php/Alqalam/article/view/236?articlesBySimilarityPage=17 HTTP/1.1" 200 7830 "-" "Mozilla/5.0 AppleWebKit/537.36 (KHTML, like Gecko; compatible; ClaudeBot/1.0; +claudebot@anthropic.com)"
152.42.225.136 - - [06/May/2025:15:31:21 +0200] "GET /wp-admin/includes/class-wp-filesystem-base.php HTTP/1.1" 404 3913 "-" "Mozlila/5.0 (Linux; Android 7.0; SM-G892A Bulid/NRD90M; wv) AppleWebKit/537.36 (KHTML, like Gecko) Version/4.0 Chrome/60.0.3112.107 Moblie Safari/537.36"
40.77.167.36 - - [06/May/2025:15:31:21 +0200] "GET /index.php/Alqalam/article/view/676/561 HTTP/1.1" 302 - "-" "Mozilla/5.0 AppleWebKit/537.36 (KHTML, like Gecko; compatible; bingbot/2.0; +http://www.bing.com/bingbot.htm) Chrome/116.0.1938.76 Safari/537.36"
152.42.225.136 - - [06/May/2025:15:31:22 +0200] "GET /wordpress/wp-includes/pomo/bak.php HTTP/1.1" 404 3913 "-" "Mozlila/5.0 (Linux; Android 7.0; SM-G892A Bulid/NRD90M; wv) AppleWebKit/537.36 (KHTML, like Gecko) Version/4.0 Chrome/60.0.3112.107 Moblie Safari/537.36"
40.77.167.36 - - [06/May/2025:15:31:22 +0200] "GET /index.php/Alqalam/article/download/676/561 HTTP/1.1" 200 318601 "-" "Mozilla/5.0 AppleWebKit/537.36 (KHTML, like Gecko; compatible; bingbot/2.0; +http://www.bing.com/bingbot.htm) Chrome/116.0.1938.76 Safari/537.36"
152.42.225.136 - - [06/May/2025:15:31:24 +0200] "GET /wordpress/wp-admin/includes/class-wp-filesystem-base.php HTTP/1.1" 404 3913 "-" "Mozlila/5.0 (Linux; Android 7.0; SM-G892A Bulid/NRD90M; wv) AppleWebKit/537.36 (KHTML, like Gecko) Version/4.0 Chrome/60.0.3112.107 Moblie Safari/537.36"
54.36.148.106 - - [06/May/2025:15:31:25 +0200] "GET /index.php/Alqalam/citationstylelanguage/get/associacao-brasileira-de-normas-tecnicas?submissionId=491&publicationId=491 HTTP/1.1" 200 372 "-" "Mozilla/5.0 (compatible; AhrefsBot/7.0; +http://ahrefs.com/robot/)"
152.42.225.136 - - [06/May/2025:15:31:28 +0200] "GET /wp-content/plugins/filester/includes/File_manager/lib/php/elFinderVolumeFTP.class.php HTTP/1.1" 404 3913 "-" "Mozlila/5.0 (Linux; Android 7.0; SM-G892A Bulid/NRD90M; wv) AppleWebKit/537.36 (KHTML, like Gecko) Version/4.0 Chrome/60.0.3112.107 Moblie Safari/537.36"
47.128.19.249 - - [06/May/2025:15:31:30 +0200] "GET /index.php/Alqalam/article/view/539 HTTP/1.1" 200 8638 "-" "Mozilla/5.0 (compatible; Bytespider; spider-feedback@bytedance.com) AppleWebKit/537.36 (KHTML, like Gecko) Chrome/70.0.0.0 Safari/537.36"
47.128.19.249 - - [06/May/2025:15:31:31 +0200] "GET /public/journals/1/styleSheet.css?d=2024-01-03+17%3A34%3A30 HTTP/1.1" 404 3913 "https://journal.utripoli.edu.ly/index.php/Alqalam/article/view/539" "Mozilla/5.0 (compatible; Bytespider; spider-feedback@bytedance.com) AppleWebKit/537.36 (KHTML, like Gecko) Chrome/70.0.0.0 Safari/537.36"
152.42.225.136 - - [06/May/2025:15:31:33 +0200] "GET /wp-content/plugins/elementor/includes/template-library/sources/local.php HTTP/1.1" 404 3913 "-" "Mozlila/5.0 (Linux; Android 7.0; SM-G892A Bulid/NRD90M; wv) AppleWebKit/537.36 (KHTML, like Gecko) Version/4.0 Chrome/60.0.3112.107 Moblie Safari/537.36"
152.42.225.136 - - [06/May/2025:15:31:34 +0200] "GET /wp-content/uploads/wc-logs/index.php HTTP/1.1" 404 3913 "-" "Mozlila/5.0 (Linux; Android 7.0; SM-G892A Bulid/NRD90M; wv) AppleWebKit/537.36 (KHTML, like Gecko) Version/4.0 Chrome/60.0.3112.107 Moblie Safari/537.36"
152.42.225.136 - - [06/May/2025:15:31:35 +0200] "GET /wp-includes/blocks/post-terms/fm.php HTTP/1.1" 404 3913 "-" "Mozlila/5.0 (Linux; Android 7.0; SM-G892A Bulid/NRD90M; wv) AppleWebKit/537.36 (KHTML, like Gecko) Version/4.0 Chrome/60.0.3112.107 Moblie Safari/537.36"
152.42.225.136 - - [06/May/2025:15:31:38 +0200] "GET /baithicms/wp-admin/includes/class-wp-filesystem-base.php HTTP/1.1" 404 3913 "-" "Mozlila/5.0 (Linux; Android 7.0; SM-G892A Bulid/NRD90M; wv) AppleWebKit/537.36 (KHTML, like Gecko) Version/4.0 Chrome/60.0.3112.107 Moblie Safari/537.36"
152.42.225.136 - - [06/May/2025:15:31:41 +0200] "GET /wp-includes/blocks/comments-title/index.php HTTP/1.1" 404 3913 "-" "Mozlila/5.0 (Linux; Android 7.0; SM-G892A Bulid/NRD90M; wv) AppleWebKit/537.36 (KHTML, like Gecko) Version/4.0 Chrome/60.0.3112.107 Moblie Safari/537.36"
216.244.66.243 - - [06/May/2025:15:31:42 +0200] "GET /index.php/Alqalam/citationstylelanguage/download/ris?submissionId=833&publicationId=833 HTTP/1.1" 200 2559 "-" "Mozilla/5.0 (compatible; DotBot/1.2; +https://opensiteexplorer.org/dotbot; help@moz.com)"
152.42.225.136 - - [06/May/2025:15:31:44 +0200] "GET /wp-includes/phpMailer/bak.php HTTP/1.1" 404 3913 "-" "Mozlila/5.0 (Linux; Android 7.0; SM-G892A Bulid/NRD90M; wv) AppleWebKit/537.36 (KHTML, like Gecko) Version/4.0 Chrome/60.0.3112.107 Moblie Safari/537.36"
152.42.225.136 - - [06/May/2025:15:31:45 +0200] "GET /wp-includes/js/thickbox/bak.php HTTP/1.1" 404 3913 "-" "Mozlila/5.0 (Linux; Android 7.0; SM-G892A Bulid/NRD90M; wv) AppleWebKit/537.36 (KHTML, like Gecko) Version/4.0 Chrome/60.0.3112.107 Moblie Safari/537.36"
152.42.225.136 - - [06/May/2025:15:31:47 +0200] "GET /wp-content/uploads/2017/index.php HTTP/1.1" 404 3913 "-" "Mozlila/5.0 (Linux; Android 7.0; SM-G892A Bulid/NRD90M; wv) AppleWebKit/537.36 (KHTML, like Gecko) Version/4.0 Chrome/60.0.3112.107 Moblie Safari/537.36"
130.41.187.179 - - [06/May/2025:15:31:48 +0200] "GET /index.php/Alqalam/article/view/131?articlesBySimilarityPage=5 HTTP/1.1" 200 8517 "https://www.google.com/" "Mozilla/5.0 (Windows NT 10.0; Win64; x64) AppleWebKit/537.36 (KHTML, like Gecko) Chrome/135.0.0.0 Safari/537.36"
130.41.187.179 - - [06/May/2025:15:31:48 +0200] "GET /index.php/Alqalam/$$$call$$$/page/page/css?name=stylesheet HTTP/1.1" 200 10173 "https://journal.utripoli.edu.ly/index.php/Alqalam/article/view/131?articlesBySimilarityPage=5" "Mozilla/5.0 (Windows NT 10.0; Win64; x64) AppleWebKit/537.36 (KHTML, like Gecko) Chrome/135.0.0.0 Safari/537.36"
130.41.187.179 - - [06/May/2025:15:31:48 +0200] "GET /index.php/Alqalam/$$$call$$$/page/page/css?name=font HTTP/1.1" 200 380 "https://journal.utripoli.edu.ly/index.php/Alqalam/article/view/131?articlesBySimilarityPage=5" "Mozilla/5.0 (Windows NT 10.0; Win64; x64) AppleWebKit/537.36 (KHTML, like Gecko) Chrome/135.0.0.0 Safari/537.36"
130.41.187.179 - - [06/May/2025:15:31:48 +0200] "GET /lib/pkp/styles/fontawesome/fontawesome.css?v=3.3.0.14 HTTP/1.1" 200 7430 "https://journal.utripoli.edu.ly/index.php/Alqalam/article/view/131?articlesBySimilarityPage=5" "Mozilla/5.0 (Windows NT 10.0; Win64; x64) AppleWebKit/537.36 (KHTML, like Gecko) Chrome/135.0.0.0 Safari/537.36"
130.41.187.179 - - [06/May/2025:15:31:48 +0200] "GET /public/journals/1/styleSheet.css?d=2024-01-03+17%3A34%3A30 HTTP/1.1" 404 3913 "https://journal.utripoli.edu.ly/index.php/Alqalam/article/view/131?articlesBySimilarityPage=5" "Mozilla/5.0 (Windows NT 10.0; Win64; x64) AppleWebKit/537.36 (KHTML, like Gecko) Chrome/135.0.0.0 Safari/537.36"
130.41.187.179 - - [06/May/2025:15:31:48 +0200] "GET /public/site/images/admin/images-7ebefdfe542a8ccb6c69ed6034ca26fd.jpg HTTP/1.1" 200 7228 "https://journal.utripoli.edu.ly/index.php/Alqalam/article/view/131?articlesBySimilarityPage=5" "Mozilla/5.0 (Windows NT 10.0; Win64; x64) AppleWebKit/537.36 (KHTML, like Gecko) Chrome/135.0.0.0 Safari/537.36"
130.41.187.179 - - [06/May/2025:15:31:48 +0200] "GET /lib/pkp/lib/vendor/components/jquery/jquery.min.js?v=3.3.0.14 HTTP/1.1" 200 89476 "https://journal.utripoli.edu.ly/index.php/Alqalam/article/view/131?articlesBySimilarityPage=5" "Mozilla/5.0 (Windows NT 10.0; Win64; x64) AppleWebKit/537.36 (KHTML, like Gecko) Chrome/135.0.0.0 Safari/537.36"
130.41.187.179 - - [06/May/2025:15:31:48 +0200] "GET /public/journals/1/pageHeaderLogoImage_en_US.png HTTP/1.1" 200 77984 "https://journal.utripoli.edu.ly/index.php/Alqalam/article/view/131?articlesBySimilarityPage=5" "Mozilla/5.0 (Windows NT 10.0; Win64; x64) AppleWebKit/537.36 (KHTML, like Gecko) Chrome/135.0.0.0 Safari/537.36"
130.41.187.179 - - [06/May/2025:15:31:48 +0200] "GET /public/site/images/admin/whatsapp-image-2025-04-23-at-21.02.04-c9d49382.jpg HTTP/1.1" 200 36177 "https://journal.utripoli.edu.ly/index.php/Alqalam/article/view/131?articlesBySimilarityPage=5" "Mozilla/5.0 (Windows NT 10.0; Win64; x64) AppleWebKit/537.36 (KHTML, like Gecko) Chrome/135.0.0.0 Safari/537.36"
130.41.187.179 - - [06/May/2025:15:31:48 +0200] "GET /public/journals/1/cover_issue_1_en_US.png HTTP/1.1" 200 192105 "https://journal.utripoli.edu.ly/index.php/Alqalam/article/view/131?articlesBySimilarityPage=5" "Mozilla/5.0 (Windows NT 10.0; Win64; x64) AppleWebKit/537.36 (KHTML, like Gecko) Chrome/135.0.0.0 Safari/537.36"
130.41.187.179 - - [06/May/2025:15:31:48 +0200] "GET /lib/pkp/lib/vendor/components/jqueryui/jquery-ui.min.js?v=3.3.0.14 HTTP/1.1" 200 253669 "https://journal.utripoli.edu.ly/index.php/Alqalam/article/view/131?articlesBySimilarityPage=5" "Mozilla/5.0 (Windows NT 10.0; Win64; x64) AppleWebKit/537.36 (KHTML, like Gecko) Chrome/135.0.0.0 Safari/537.36"
