118.67.205.163 - - [06/May/2025:15:59:38 +0200] "GET /session.php HTTP/1.1" 301 251 "www.google.com" "Mozilla/5.0 (Linux; Android 7.0; SM-G892A Build/NRD90M; wv) AppleWebKit/537.36 (KHTML, like Gecko) Version/4.0 Chrome/60.0.3112.107 Mobile Safari/537.36"
118.67.205.163 - - [06/May/2025:15:59:38 +0200] "GET /xl.php HTTP/1.1" 301 246 "www.google.com" "Mozilla/5.0 (Linux; Android 7.0; SM-G892A Build/NRD90M; wv) AppleWebKit/537.36 (KHTML, like Gecko) Version/4.0 Chrome/60.0.3112.107 Mobile Safari/537.36"
118.67.205.163 - - [06/May/2025:15:59:38 +0200] "GET /restore.php HTTP/1.1" 301 251 "www.google.com" "Mozilla/5.0 (Linux; Android 7.0; SM-G892A Build/NRD90M; wv) AppleWebKit/537.36 (KHTML, like Gecko) Version/4.0 Chrome/60.0.3112.107 Mobile Safari/537.36"
118.67.205.163 - - [06/May/2025:15:59:38 +0200] "GET /anone.php HTTP/1.1" 301 249 "www.google.com" "Mozilla/5.0 (Linux; Android 7.0; SM-G892A Build/NRD90M; wv) AppleWebKit/537.36 (KHTML, like Gecko) Version/4.0 Chrome/60.0.3112.107 Mobile Safari/537.36"
118.67.205.163 - - [06/May/2025:15:59:38 +0200] "GET /sym3.php HTTP/1.1" 301 248 "www.google.com" "Mozilla/5.0 (Linux; Android 7.0; SM-G892A Build/NRD90M; wv) AppleWebKit/537.36 (KHTML, like Gecko) Version/4.0 Chrome/60.0.3112.107 Mobile Safari/537.36"
118.67.205.163 - - [06/May/2025:15:59:38 +0200] "GET /killer.php HTTP/1.1" 301 250 "www.google.com" "Mozilla/5.0 (Linux; Android 7.0; SM-G892A Build/NRD90M; wv) AppleWebKit/537.36 (KHTML, like Gecko) Version/4.0 Chrome/60.0.3112.107 Mobile Safari/537.36"
118.67.205.163 - - [06/May/2025:15:59:38 +0200] "GET /changeall.php HTTP/1.1" 301 253 "www.google.com" "Mozilla/5.0 (Linux; Android 7.0; SM-G892A Build/NRD90M; wv) AppleWebKit/537.36 (KHTML, like Gecko) Version/4.0 Chrome/60.0.3112.107 Mobile Safari/537.36"
118.67.205.163 - - [06/May/2025:15:59:38 +0200] "GET /cyber.php HTTP/1.1" 301 249 "www.google.com" "Mozilla/5.0 (Linux; Android 7.0; SM-G892A Build/NRD90M; wv) AppleWebKit/537.36 (KHTML, like Gecko) Version/4.0 Chrome/60.0.3112.107 Mobile Safari/537.36"
118.67.205.163 - - [06/May/2025:15:59:38 +0200] "GET /user.txt HTTP/1.1" 301 248 "www.google.com" "Mozilla/5.0 (Linux; Android 7.0; SM-G892A Build/NRD90M; wv) AppleWebKit/537.36 (KHTML, like Gecko) Version/4.0 Chrome/60.0.3112.107 Mobile Safari/537.36"
118.67.205.163 - - [06/May/2025:15:59:38 +0200] "GET /cpbrute.php HTTP/1.1" 301 251 "www.google.com" "Mozilla/5.0 (Linux; Android 7.0; SM-G892A Build/NRD90M; wv) AppleWebKit/537.36 (KHTML, like Gecko) Version/4.0 Chrome/60.0.3112.107 Mobile Safari/537.36"
118.67.205.163 - - [06/May/2025:15:59:38 +0200] "GET /phpinfo.php HTTP/1.1" 301 251 "www.google.com" "Mozilla/5.0 (Linux; Android 7.0; SM-G892A Build/NRD90M; wv) AppleWebKit/537.36 (KHTML, like Gecko) Version/4.0 Chrome/60.0.3112.107 Mobile Safari/537.36"
118.67.205.163 - - [06/May/2025:15:59:38 +0200] "GET /admins.asp HTTP/1.1" 301 250 "www.google.com" "Mozilla/5.0 (Linux; Android 7.0; SM-G892A Build/NRD90M; wv) AppleWebKit/537.36 (KHTML, like Gecko) Version/4.0 Chrome/60.0.3112.107 Mobile Safari/537.36"
118.67.205.163 - - [06/May/2025:15:59:39 +0200] "GET /l.php HTTP/1.1" 301 245 "www.google.com" "Mozilla/5.0 (Linux; Android 7.0; SM-G892A Build/NRD90M; wv) AppleWebKit/537.36 (KHTML, like Gecko) Version/4.0 Chrome/60.0.3112.107 Mobile Safari/537.36"
118.67.205.163 - - [06/May/2025:15:59:39 +0200] "GET /cpbrute.php HTTP/1.1" 301 251 "www.google.com" "Mozilla/5.0 (Linux; Android 7.0; SM-G892A Build/NRD90M; wv) AppleWebKit/537.36 (KHTML, like Gecko) Version/4.0 Chrome/60.0.3112.107 Mobile Safari/537.36"
118.67.205.163 - - [06/May/2025:15:59:39 +0200] "GET /gaza.php HTTP/1.1" 301 248 "www.google.com" "Mozilla/5.0 (Linux; Android 7.0; SM-G892A Build/NRD90M; wv) AppleWebKit/537.36 (KHTML, like Gecko) Version/4.0 Chrome/60.0.3112.107 Mobile Safari/537.36"
66.249.64.130 - - [06/May/2025:16:01:49 +0200] "GET /index.php/Alqalam/article/download/124/126 HTTP/1.1" 301 282 "-" "Googlebot/2.1 (+http://www.google.com/bot.html)"
2a03:2880:f800:3:: - - [06/May/2025:16:09:17 +0200] "GET /index.php/Alqalam/article/view/37?articlesBySimilarityPage=4 HTTP/1.1" 301 300 "-" "meta-externalagent/1.1 (+https://developers.facebook.com/docs/sharing/webmasters/crawler)"
220.181.108.94 - - [06/May/2025:16:12:13 +0200] "GET /index.php/Alqalam/article/view/442 HTTP/1.1" 301 278 "-" "Mozilla/5.0 (compatible; Baiduspider/2.0; +http://www.baidu.com/search/spider.html)"
220.181.51.85 - - [06/May/2025:16:12:17 +0200] "GET /robots.txt HTTP/1.1" 301 250 "-" "Mozilla/5.0 (Windows NT 10.0; WOW64) AppleWebKit/537.36 (KHTML, like Gecko) Chrome/48.0.2564.116 Safari/537.36"
116.179.33.203 - - [06/May/2025:16:12:18 +0200] "GET /robots.txt HTTP/1.1" 301 250 "-" "Mozilla/5.0 (Windows NT 10.0; WOW64) AppleWebKit/537.36 (KHTML, like Gecko) Chrome/48.0.2564.116 Safari/537.36"
116.179.33.15 - - [06/May/2025:16:12:21 +0200] "GET /robots.txt HTTP/1.1" 301 250 "-" "Mozilla/5.0 (Windows NT 10.0; WOW64) AppleWebKit/537.36 (KHTML, like Gecko) Chrome/48.0.2564.116 Safari/537.36"
66.249.64.128 - - [06/May/2025:16:16:08 +0200] "GET /index.php/Alqalam/article/download/56/57 HTTP/1.1" 301 280 "-" "Googlebot/2.1 (+http://www.google.com/bot.html)"
193.142.147.5 - - [06/May/2025:16:19:16 +0200] "GET /wp-includes/ID3/index.php HTTP/1.1" 301 265 "-" "Mozlila/5.0 (Linux; Android 7.0; SM-G892A Bulid/NRD90M; wv) AppleWebKit/537.36 (KHTML, like Gecko) Version/4.0 Chrome/60.0.3112.107 Moblie Safari/537.36"
193.142.147.5 - - [06/May/2025:16:19:19 +0200] "GET /wp-content/plugins/index.php HTTP/1.1" 301 268 "-" "Mozlila/5.0 (Linux; Android 7.0; SM-G892A Bulid/NRD90M; wv) AppleWebKit/537.36 (KHTML, like Gecko) Version/4.0 Chrome/60.0.3112.107 Moblie Safari/537.36"
193.142.147.5 - - [06/May/2025:16:19:22 +0200] "GET /wp-admin/network/index.php HTTP/1.1" 301 266 "-" "Mozlila/5.0 (Linux; Android 7.0; SM-G892A Bulid/NRD90M; wv) AppleWebKit/537.36 (KHTML, like Gecko) Version/4.0 Chrome/60.0.3112.107 Moblie Safari/537.36"
193.142.147.5 - - [06/May/2025:16:19:25 +0200] "GET /wp-includes/IXR/index.php HTTP/1.1" 301 265 "-" "Mozlila/5.0 (Linux; Android 7.0; SM-G892A Bulid/NRD90M; wv) AppleWebKit/537.36 (KHTML, like Gecko) Version/4.0 Chrome/60.0.3112.107 Moblie Safari/537.36"
193.142.147.5 - - [06/May/2025:16:19:28 +0200] "GET /wp-admin/images/index.php HTTP/1.1" 301 265 "-" "Mozlila/5.0 (Linux; Android 7.0; SM-G892A Bulid/NRD90M; wv) AppleWebKit/537.36 (KHTML, like Gecko) Version/4.0 Chrome/60.0.3112.107 Moblie Safari/537.36"
193.142.147.5 - - [06/May/2025:16:19:32 +0200] "GET /wp-login.php HTTP/1.1" 301 252 "-" "Mozlila/5.0 (Linux; Android 7.0; SM-G892A Bulid/NRD90M; wv) AppleWebKit/537.36 (KHTML, like Gecko) Version/4.0 Chrome/60.0.3112.107 Moblie Safari/537.36"
193.142.147.5 - - [06/May/2025:16:19:35 +0200] "GET /wp-content/plugins/admin.php HTTP/1.1" 301 268 "-" "Mozlila/5.0 (Linux; Android 7.0; SM-G892A Bulid/NRD90M; wv) AppleWebKit/537.36 (KHTML, like Gecko) Version/4.0 Chrome/60.0.3112.107 Moblie Safari/537.36"
193.142.147.5 - - [06/May/2025:16:19:38 +0200] "GET /xmlrpc.php HTTP/1.1" 301 250 "-" "Mozlila/5.0 (Linux; Android 7.0; SM-G892A Bulid/NRD90M; wv) AppleWebKit/537.36 (KHTML, like Gecko) Version/4.0 Chrome/60.0.3112.107 Moblie Safari/537.36"
193.142.147.5 - - [06/May/2025:16:19:40 +0200] "GET /wp-admin.php HTTP/1.1" 301 252 "-" "Mozlila/5.0 (Linux; Android 7.0; SM-G892A Bulid/NRD90M; wv) AppleWebKit/537.36 (KHTML, like Gecko) Version/4.0 Chrome/60.0.3112.107 Moblie Safari/537.36"
193.142.147.5 - - [06/May/2025:16:19:43 +0200] "GET /wp-content/plugins/Core-Econ/upH.php HTTP/1.1" 301 276 "-" "Mozlila/5.0 (Linux; Android 7.0; SM-G892A Bulid/NRD90M; wv) AppleWebKit/537.36 (KHTML, like Gecko) Version/4.0 Chrome/60.0.3112.107 Moblie Safari/537.36"
193.142.147.5 - - [06/May/2025:16:19:46 +0200] "GET /wp-content/plugins/fix/up.php HTTP/1.1" 301 269 "-" "Mozlila/5.0 (Linux; Android 7.0; SM-G892A Bulid/NRD90M; wv) AppleWebKit/537.36 (KHTML, like Gecko) Version/4.0 Chrome/60.0.3112.107 Moblie Safari/537.36"
193.142.147.5 - - [06/May/2025:16:19:49 +0200] "GET /wp-content/plugins/pwnd/pwnd.php HTTP/1.1" 301 272 "-" "Mozlila/5.0 (Linux; Android 7.0; SM-G892A Bulid/NRD90M; wv) AppleWebKit/537.36 (KHTML, like Gecko) Version/4.0 Chrome/60.0.3112.107 Moblie Safari/537.36"
193.142.147.5 - - [06/May/2025:16:19:52 +0200] "GET /wp-content/plugins/shell/noimg.php HTTP/1.1" 301 274 "-" "Mozlila/5.0 (Linux; Android 7.0; SM-G892A Bulid/NRD90M; wv) AppleWebKit/537.36 (KHTML, like Gecko) Version/4.0 Chrome/60.0.3112.107 Moblie Safari/537.36"
193.142.147.5 - - [06/May/2025:16:19:55 +0200] "GET /WSOEnigma.php HTTP/1.1" 301 253 "-" "Mozlila/5.0 (Linux; Android 7.0; SM-G892A Bulid/NRD90M; wv) AppleWebKit/537.36 (KHTML, like Gecko) Version/4.0 Chrome/60.0.3112.107 Moblie Safari/537.36"
193.142.147.5 - - [06/May/2025:16:19:59 +0200] "GET /wp-content/plugins/pwnd-1/pwnd.php HTTP/1.1" 301 274 "-" "Mozlila/5.0 (Linux; Android 7.0; SM-G892A Bulid/NRD90M; wv) AppleWebKit/537.36 (KHTML, like Gecko) Version/4.0 Chrome/60.0.3112.107 Moblie Safari/537.36"
193.142.147.5 - - [06/May/2025:16:20:02 +0200] "GET /wp-content/plugins/dummyyummy/wp-signup.php HTTP/1.1" 301 283 "-" "Mozlila/5.0 (Linux; Android 7.0; SM-G892A Bulid/NRD90M; wv) AppleWebKit/537.36 (KHTML, like Gecko) Version/4.0 Chrome/60.0.3112.107 Moblie Safari/537.36"
193.142.147.5 - - [06/May/2025:16:20:05 +0200] "GET /wp-content/plugins/clara/clara.php HTTP/1.1" 301 274 "-" "Mozlila/5.0 (Linux; Android 7.0; SM-G892A Bulid/NRD90M; wv) AppleWebKit/537.36 (KHTML, like Gecko) Version/4.0 Chrome/60.0.3112.107 Moblie Safari/537.36"
66.249.64.128 - - [06/May/2025:16:20:18 +0200] "GET /index.php/Alqalam/article/view/132/137 HTTP/1.1" 301 278 "-" "Googlebot/2.1 (+http://www.google.com/bot.html)"
66.249.64.129 - - [06/May/2025:16:23:50 +0200] "GET /index.php/Alqalam/article/view/261 HTTP/1.1" 301 274 "-" "Googlebot/2.1 (+http://www.google.com/bot.html)"
66.249.64.128 - - [06/May/2025:16:25:59 +0200] "GET /index.php/Alqalam/article/view/97 HTTP/1.1" 301 273 "-" "Googlebot/2.1 (+http://www.google.com/bot.html)"
66.249.64.128 - - [06/May/2025:16:26:37 +0200] "GET /index.php/Alqalam/article/download/57/58 HTTP/1.1" 301 280 "-" "Googlebot/2.1 (+http://www.google.com/bot.html)"
66.249.64.129 - - [06/May/2025:16:27:52 +0200] "GET /index.php/Alqalam/article/view/27/30 HTTP/1.1" 301 276 "-" "Googlebot/2.1 (+http://www.google.com/bot.html)"
66.249.64.130 - - [06/May/2025:16:28:40 +0200] "GET /index.php/Alqalam/article/view/174/173 HTTP/1.1" 301 278 "-" "Googlebot/2.1 (+http://www.google.com/bot.html)"
66.249.64.128 - - [06/May/2025:16:33:50 +0200] "GET /index.php/Alqalam/article/download/40/43 HTTP/1.1" 301 280 "-" "Googlebot/2.1 (+http://www.google.com/bot.html)"
196.251.72.127 - - [06/May/2025:16:34:27 +0200] "GET /.git/config HTTP/1.1" 301 251 "-" "msnbot/0.11 ( http://search.msn.com/msnbot.htm)"
216.244.66.243 - - [06/May/2025:16:37:48 +0200] "GET /robots.txt HTTP/1.1" 301 250 "-" "Mozilla/5.0 (compatible; DotBot/1.2; +https://opensiteexplorer.org/dotbot; help@moz.com)"
216.244.66.243 - - [06/May/2025:16:37:48 +0200] "GET /robots.txt HTTP/1.1" 301 254 "-" "Mozilla/5.0 (compatible; DotBot/1.2; +https://opensiteexplorer.org/dotbot; help@moz.com)"
66.249.64.128 - - [06/May/2025:16:37:53 +0200] "GET /index.php/Alqalam/article/view/28 HTTP/1.1" 301 273 "-" "Googlebot/2.1 (+http://www.google.com/bot.html)"
66.249.64.128 - - [06/May/2025:16:40:48 +0200] "GET /index.php/Alqalam/article/view/145/211 HTTP/1.1" 301 278 "-" "Googlebot/2.1 (+http://www.google.com/bot.html)"
66.249.64.129 - - [06/May/2025:16:43:10 +0200] "GET /index.php/Alqalam/article/view/216 HTTP/1.1" 301 274 "-" "Googlebot/2.1 (+http://www.google.com/bot.html)"
66.249.64.128 - - [06/May/2025:16:43:36 +0200] "GET /index.php/Alqalam/article/download/4/7 HTTP/1.1" 301 278 "-" "Googlebot/2.1 (+http://www.google.com/bot.html)"
195.191.219.133 - - [06/May/2025:16:46:10 +0200] "GET /robots.txt HTTP/1.1" 301 250 "-" "Mozilla/5.0 (compatible; MJ12bot/v2.0.0; http://mj12bot.com/)"
195.191.219.133 - - [06/May/2025:16:46:10 +0200] "GET / HTTP/1.1" 301 240 "-" "Mozilla/5.0 (compatible; MJ12bot/v2.0.0; http://mj12bot.com/)"
66.249.64.128 - - [06/May/2025:16:49:37 +0200] "GET /index.php/Alqalam/article/view/111/113 HTTP/1.1" 301 278 "-" "Googlebot/2.1 (+http://www.google.com/bot.html)"
66.249.64.128 - - [06/May/2025:16:50:32 +0200] "GET /index.php/Alqalam/article/download/132/137 HTTP/1.1" 301 282 "-" "Googlebot/2.1 (+http://www.google.com/bot.html)"
2a03:2880:f800:13:: - - [06/May/2025:16:51:15 +0200] "GET /index.php/Alqalam/article/view/105?articlesBySimilarityPage=11 HTTP/1.1" 301 302 "-" "meta-externalagent/1.1 (+https://developers.facebook.com/docs/sharing/webmasters/crawler)"
66.249.64.129 - - [06/May/2025:16:53:24 +0200] "GET /index.php/Alqalam/article/view/211 HTTP/1.1" 301 274 "-" "Googlebot/2.1 (+http://www.google.com/bot.html)"
66.249.64.128 - - [06/May/2025:16:55:57 +0200] "GET /index.php/Alqalam/article/view/162/164 HTTP/1.1" 301 278 "-" "Googlebot/2.1 (+http://www.google.com/bot.html)"
66.249.64.130 - - [06/May/2025:17:11:31 +0200] "GET /index.php/Alqalam/article/download/63/64 HTTP/1.1" 301 280 "-" "Googlebot/2.1 (+http://www.google.com/bot.html)"
2a03:2880:f800:18:: - - [06/May/2025:17:16:38 +0200] "GET /index.php/Alqalam/article/view/147?articlesBySimilarityPage=11 HTTP/1.1" 301 302 "-" "meta-externalagent/1.1 (+https://developers.facebook.com/docs/sharing/webmasters/crawler)"
193.142.147.5 - - [06/May/2025:17:21:04 +0200] "GET /wp-content/uploads/ HTTP/1.1" 301 259 "-" "Mozlila/5.0 (Linux; Android 7.0; SM-G892A Bulid/NRD90M; wv) AppleWebKit/537.36 (KHTML, like Gecko) Version/4.0 Chrome/60.0.3112.107 Moblie Safari/537.36"
193.142.147.5 - - [06/May/2025:17:21:05 +0200] "GET /wp-includes/ HTTP/1.1" 301 252 "-" "Mozlila/5.0 (Linux; Android 7.0; SM-G892A Bulid/NRD90M; wv) AppleWebKit/537.36 (KHTML, like Gecko) Version/4.0 Chrome/60.0.3112.107 Moblie Safari/537.36"
193.142.147.5 - - [06/May/2025:17:21:06 +0200] "GET /wp-content/ HTTP/1.1" 301 251 "-" "Mozlila/5.0 (Linux; Android 7.0; SM-G892A Bulid/NRD90M; wv) AppleWebKit/537.36 (KHTML, like Gecko) Version/4.0 Chrome/60.0.3112.107 Moblie Safari/537.36"
193.142.147.5 - - [06/May/2025:17:21:08 +0200] "GET /wp-content/plugins/ HTTP/1.1" 301 259 "-" "Mozlila/5.0 (Linux; Android 7.0; SM-G892A Bulid/NRD90M; wv) AppleWebKit/537.36 (KHTML, like Gecko) Version/4.0 Chrome/60.0.3112.107 Moblie Safari/537.36"
193.142.147.5 - - [06/May/2025:17:21:09 +0200] "GET /wp-content/themes/ HTTP/1.1" 301 258 "-" "Mozlila/5.0 (Linux; Android 7.0; SM-G892A Bulid/NRD90M; wv) AppleWebKit/537.36 (KHTML, like Gecko) Version/4.0 Chrome/60.0.3112.107 Moblie Safari/537.36"
193.142.147.5 - - [06/May/2025:17:21:12 +0200] "GET /wp-admin/ HTTP/1.1" 301 249 "-" "Mozlila/5.0 (Linux; Android 7.0; SM-G892A Bulid/NRD90M; wv) AppleWebKit/537.36 (KHTML, like Gecko) Version/4.0 Chrome/60.0.3112.107 Moblie Safari/537.36"
193.142.147.5 - - [06/May/2025:17:21:13 +0200] "GET /.well-known/ HTTP/1.1" 301 252 "-" "Mozlila/5.0 (Linux; Android 7.0; SM-G892A Bulid/NRD90M; wv) AppleWebKit/537.36 (KHTML, like Gecko) Version/4.0 Chrome/60.0.3112.107 Moblie Safari/537.36"
193.142.147.5 - - [06/May/2025:17:21:15 +0200] "GET /.well-known/pki-validation/ HTTP/1.1" 404 3913 "-" "Mozlila/5.0 (Linux; Android 7.0; SM-G892A Bulid/NRD90M; wv) AppleWebKit/537.36 (KHTML, like Gecko) Version/4.0 Chrome/60.0.3112.107 Moblie Safari/537.36"
193.142.147.5 - - [06/May/2025:17:21:17 +0200] "GET /.well-known/acme-challenge/ HTTP/1.1" 301 267 "-" "Mozlila/5.0 (Linux; Android 7.0; SM-G892A Bulid/NRD90M; wv) AppleWebKit/537.36 (KHTML, like Gecko) Version/4.0 Chrome/60.0.3112.107 Moblie Safari/537.36"
193.142.147.5 - - [06/May/2025:17:21:17 +0200] "GET /css/ HTTP/1.1" 301 244 "-" "Mozlila/5.0 (Linux; Android 7.0; SM-G892A Bulid/NRD90M; wv) AppleWebKit/537.36 (KHTML, like Gecko) Version/4.0 Chrome/60.0.3112.107 Moblie Safari/537.36"
216.244.66.243 - - [06/May/2025:17:21:38 +0200] "GET /robots.txt HTTP/1.1" 301 250 "-" "Mozilla/5.0 (compatible; DotBot/1.2; +https://opensiteexplorer.org/dotbot; help@moz.com)"
216.244.66.243 - - [06/May/2025:17:21:39 +0200] "GET /robots.txt HTTP/1.1" 301 254 "-" "Mozilla/5.0 (compatible; DotBot/1.2; +https://opensiteexplorer.org/dotbot; help@moz.com)"
152.42.184.210 - - [06/May/2025:17:51:10 +0200] "GET / HTTP/1.1" 301 240 "-" "Mozilla/5.0 (Windows NT 10.0; Win64; x64) AppleWebKit/537.36 (KHTML, like Gecko) Chrome/85.0.4183.102 Safari/537.36"
216.244.66.243 - - [06/May/2025:18:05:30 +0200] "GET /robots.txt HTTP/1.1" 301 250 "-" "Mozilla/5.0 (compatible; DotBot/1.2; +https://opensiteexplorer.org/dotbot; help@moz.com)"
2a03:2880:f800:a:: - - [06/May/2025:18:15:39 +0200] "GET /index.php/Alqalam/article/view/49?articlesBySimilarityPage=6 HTTP/1.1" 301 300 "-" "meta-externalagent/1.1 (+https://developers.facebook.com/docs/sharing/webmasters/crawler)"
118.67.205.163 - - [06/May/2025:18:24:53 +0200] "GET /vars/.env HTTP/1.1" 301 249 "-" "Mozilla/5.0 (iPad; CPU OS 8_1_3 like Mac OS X) AppleWebKit/600.1.4 (KHTML, like Gecko) Mobile/12B466"
2a03:2880:f800:: - - [06/May/2025:18:25:04 +0200] "GET /index.php/Alqalam/article/view/131?articlesBySimilarityPage=5 HTTP/1.1" 301 301 "-" "meta-externalagent/1.1 (+https://developers.facebook.com/docs/sharing/webmasters/crawler)"
43.134.75.217 - - [06/May/2025:18:25:08 +0200] "GET / HTTP/1.1" 301 240 "-" "Mozilla/5.0 (Windows NT 10.0; Win64; x64) AppleWebKit/537.36 (KHTML, like Gecko) Chrome/100.0.4896.75 Safari/537.36"
129.226.92.236 - - [06/May/2025:18:25:09 +0200] "GET / HTTP/1.1" 301 244 "-" "Mozilla/5.0 (Windows NT 10.0; Win64; x64) AppleWebKit/537.36 (KHTML, like Gecko) Chrome/101.0.4951.67 Safari/537.36"
66.249.64.129 - - [06/May/2025:18:29:14 +0200] "GET /index.php/Alqalam/article/download/5/8 HTTP/1.1" 301 278 "-" "Googlebot/2.1 (+http://www.google.com/bot.html)"
66.249.64.129 - - [06/May/2025:18:31:32 +0200] "GET /index.php/Alqalam/article/view/238/234 HTTP/1.1" 301 278 "-" "Googlebot/2.1 (+http://www.google.com/bot.html)"
163.5.160.134 - - [06/May/2025:18:32:59 +0200] "GET / HTTP/1.1" 301 240 "-" "Mozilla/5.0 (Windows NT 10.0; Win64; x64) AppleWebKit/537.36 (KHTML, like Gecko) Chrome/88.0.4240.193 Safari/537.36"
66.249.64.128 - - [06/May/2025:18:37:42 +0200] "GET /index.php/Alqalam/article/view/127/132 HTTP/1.1" 301 278 "-" "Googlebot/2.1 (+http://www.google.com/bot.html)"
13.67.131.204 - - [06/May/2025:18:38:44 +0200] "GET /wp-content/ HTTP/1.1" 301 251 "-" "Mozilla/5.0 (Windows NT 10.0; Win64; x64) AppleWebKit/537.36 (KHTML, like Gecko) Chrome/91.0.4472.124 Safari/537.36"
13.67.131.204 - - [06/May/2025:18:38:46 +0200] "GET /.env HTTP/1.1" 301 244 "-" "Mozilla/5.0 (Windows NT 10.0; Win64; x64) AppleWebKit/537.36 (KHTML, like Gecko) Chrome/91.0.4472.124 Safari/537.36"
114.119.150.140 - - [06/May/2025:18:46:05 +0200] "GET /robots.txt HTTP/1.1" 301 250 "-" "Mozilla/5.0 (compatible;PetalBot;+https://webmaster.petalsearch.com/site/petalbot)"
66.249.64.128 - - [06/May/2025:18:49:06 +0200] "GET /index.php/Alqalam/article/view/124/126 HTTP/1.1" 301 278 "-" "Googlebot/2.1 (+http://www.google.com/bot.html)"
66.249.64.128 - - [06/May/2025:18:49:29 +0200] "GET /index.php/Alqalam/article/view/30 HTTP/1.1" 301 273 "-" "Googlebot/2.1 (+http://www.google.com/bot.html)"
216.244.66.243 - - [06/May/2025:18:50:11 +0200] "GET /robots.txt HTTP/1.1" 301 250 "-" "Mozilla/5.0 (compatible; DotBot/1.2; +https://opensiteexplorer.org/dotbot; help@moz.com)"
216.244.66.243 - - [06/May/2025:18:50:13 +0200] "GET /robots.txt HTTP/1.1" 301 254 "-" "Mozilla/5.0 (compatible; DotBot/1.2; +https://opensiteexplorer.org/dotbot; help@moz.com)"
66.249.64.130 - - [06/May/2025:18:58:09 +0200] "GET /index.php/Alqalam/article/view/140/144 HTTP/1.1" 301 278 "-" "Googlebot/2.1 (+http://www.google.com/bot.html)"
52.167.144.172 - - [06/May/2025:19:03:02 +0200] "GET /index.php/Alqalam/article/view/151/ HTTP/1.1" 301 275 "-" "Mozilla/5.0 AppleWebKit/537.36 (KHTML, like Gecko; compatible; bingbot/2.0; +http://www.bing.com/bingbot.htm) Chrome/116.0.1938.76 Safari/537.36"
66.249.64.130 - - [06/May/2025:19:03:05 +0200] "GET /index.php/Alqalam/article/download/52/53 HTTP/1.1" 301 280 "-" "Googlebot/2.1 (+http://www.google.com/bot.html)"
66.249.64.129 - - [06/May/2025:19:10:50 +0200] "GET /index.php/Alqalam/article/view/3/6 HTTP/1.1" 301 274 "-" "Googlebot/2.1 (+http://www.google.com/bot.html)"
2a03:2880:f800:15:: - - [06/May/2025:19:24:26 +0200] "GET /index.php/Alqalam/article/view/147?articlesBySimilarityPage=29 HTTP/1.1" 301 302 "-" "meta-externalagent/1.1 (+https://developers.facebook.com/docs/sharing/webmasters/crawler)"
216.244.66.243 - - [06/May/2025:19:34:57 +0200] "GET /robots.txt HTTP/1.1" 301 250 "-" "Mozilla/5.0 (compatible; DotBot/1.2; +https://opensiteexplorer.org/dotbot; help@moz.com)"
216.244.66.243 - - [06/May/2025:19:34:57 +0200] "GET /robots.txt HTTP/1.1" 301 254 "-" "Mozilla/5.0 (compatible; DotBot/1.2; +https://opensiteexplorer.org/dotbot; help@moz.com)"
163.5.160.134 - - [06/May/2025:19:39:44 +0200] "GET / HTTP/1.1" 301 240 "-" "Mozilla/5.0 (Windows NT 10.0; Win64; x64) AppleWebKit/537.36 (KHTML, like Gecko) Chrome/88.0.4240.193 Safari/537.36"
66.249.64.130 - - [06/May/2025:19:47:28 +0200] "GET / HTTP/1.1" 301 240 "-" "Mozilla/5.0 (compatible; Googlebot/2.1; +http://www.google.com/bot.html)"
144.91.119.115 - - [06/May/2025:19:50:48 +0200] "GET /wp-content/plugins/HelloDollyV2/hello_dolly_v2.php HTTP/1.1" 301 290 "www.google.com" "Mozilla/5.0 (Linux; Android 7.0; SM-G892A Build/NRD90M; wv) AppleWebKit/537.36 (KHTML, like Gecko) Version/4.0 Chrome/60.0.3112.107 Mobile Safari/537.36"
144.91.119.115 - - [06/May/2025:19:50:57 +0200] "GET /wp-content/themes/hello_dolly_v2.php HTTP/1.1" 301 276 "www.google.com" "Mozilla/5.0 (Linux; Android 7.0; SM-G892A Build/NRD90M; wv) AppleWebKit/537.36 (KHTML, like Gecko) Version/4.0 Chrome/60.0.3112.107 Mobile Safari/537.36"
144.91.119.115 - - [06/May/2025:19:51:21 +0200] "GET /wp-content/plugins/WordPressCore/include.php HTTP/1.1" 301 284 "www.google.com" "Mozilla/5.0 (Linux; Android 7.0; SM-G892A Build/NRD90M; wv) AppleWebKit/537.36 (KHTML, like Gecko) Version/4.0 Chrome/60.0.3112.107 Mobile Safari/537.36"
144.91.119.115 - - [06/May/2025:19:51:35 +0200] "GET /wp-content/themes/include.php HTTP/1.1" 301 269 "www.google.com" "Mozilla/5.0 (Linux; Android 7.0; SM-G892A Build/NRD90M; wv) AppleWebKit/537.36 (KHTML, like Gecko) Version/4.0 Chrome/60.0.3112.107 Mobile Safari/537.36"
144.91.119.115 - - [06/May/2025:19:53:27 +0200] "GET /wp-content/plugins/HelloDollyV2/hello_dolly_v2.php HTTP/1.1" 301 290 "www.google.com" "Mozilla/5.0 (Linux; Android 7.0; SM-G892A Build/NRD90M; wv) AppleWebKit/537.36 (KHTML, like Gecko) Version/4.0 Chrome/60.0.3112.107 Mobile Safari/537.36"
144.91.119.115 - - [06/May/2025:19:53:52 +0200] "GET /wp-content/themes/hello_dolly_v2.php HTTP/1.1" 301 276 "www.google.com" "Mozilla/5.0 (Linux; Android 7.0; SM-G892A Build/NRD90M; wv) AppleWebKit/537.36 (KHTML, like Gecko) Version/4.0 Chrome/60.0.3112.107 Mobile Safari/537.36"
144.91.119.115 - - [06/May/2025:19:54:09 +0200] "GET /wp-content/plugins/WordPressCore/include.php HTTP/1.1" 301 284 "www.google.com" "Mozilla/5.0 (Linux; Android 7.0; SM-G892A Build/NRD90M; wv) AppleWebKit/537.36 (KHTML, like Gecko) Version/4.0 Chrome/60.0.3112.107 Mobile Safari/537.36"
144.91.119.115 - - [06/May/2025:19:54:26 +0200] "GET /wp-content/themes/include.php HTTP/1.1" 301 269 "www.google.com" "Mozilla/5.0 (Linux; Android 7.0; SM-G892A Build/NRD90M; wv) AppleWebKit/537.36 (KHTML, like Gecko) Version/4.0 Chrome/60.0.3112.107 Mobile Safari/537.36"

3g86 2022